[INFO] cloning repository https://github.com/UaQuetzalcoatl/rustaman
[INFO] running `Command { std: "git" "-c" "credential.helper=" "-c" "credential.helper=/workspace/cargo-home/bin/git-credential-null" "clone" "--bare" "https://github.com/UaQuetzalcoatl/rustaman" "/workspace/cache/git-repos/https%3A%2F%2Fgithub.com%2FUaQuetzalcoatl%2Frustaman", kill_on_drop: false }`
[INFO] [stderr] Cloning into bare repository '/workspace/cache/git-repos/https%3A%2F%2Fgithub.com%2FUaQuetzalcoatl%2Frustaman'...
[INFO] running `Command { std: "git" "rev-parse" "HEAD", kill_on_drop: false }`
[INFO] [stdout] 360410c4afe5f958193b9fbc5d12d925dde9e686
[INFO] documenting UaQuetzalcoatl/rustaman against 1.75.0 for beta-1.76-rustdoc-1
[INFO] running `Command { std: "git" "clone" "/workspace/cache/git-repos/https%3A%2F%2Fgithub.com%2FUaQuetzalcoatl%2Frustaman" "/workspace/builds/worker-4-tc1/source", kill_on_drop: false }`
[INFO] [stderr] Cloning into '/workspace/builds/worker-4-tc1/source'...
[INFO] [stderr] done.
[INFO] validating manifest of git repo https://github.com/UaQuetzalcoatl/rustaman on toolchain 1.75.0
[INFO] running `Command { std: CARGO_HOME="/workspace/cargo-home" RUSTUP_HOME="/workspace/rustup-home" "/workspace/cargo-home/bin/cargo" "+1.75.0" "metadata" "--manifest-path" "Cargo.toml" "--no-deps", kill_on_drop: false }`
[INFO] started tweaking git repo https://github.com/UaQuetzalcoatl/rustaman
[INFO] finished tweaking git repo https://github.com/UaQuetzalcoatl/rustaman
[INFO] tweaked toml for git repo https://github.com/UaQuetzalcoatl/rustaman written to /workspace/builds/worker-4-tc1/source/Cargo.toml
[INFO] crate git repo https://github.com/UaQuetzalcoatl/rustaman already has a lockfile, it will not be regenerated
[INFO] running `Command { std: CARGO_HOME="/workspace/cargo-home" RUSTUP_HOME="/workspace/rustup-home" "/workspace/cargo-home/bin/cargo" "+1.75.0" "fetch" "--manifest-path" "Cargo.toml", kill_on_drop: false }`
[INFO] [stderr]  Downloading crates ...
[INFO] [stderr]   Downloaded pnacl-build-helper v1.4.10
[INFO] [stderr]   Downloaded pkg-config v0.3.8
[INFO] [stderr]   Downloaded time v0.1.35
[INFO] [stderr]   Downloaded num_cpus v1.1.0
[INFO] [stderr]   Downloaded httparse v1.2.0
[INFO] [stderr]   Downloaded rustc-serialize v0.3.21
[INFO] [stderr]   Downloaded url v1.2.3
[INFO] [stderr]   Downloaded libc v0.2.17
[INFO] [stderr]   Downloaded hyper v0.9.12
[INFO] [stderr]   Downloaded unicode-normalization v0.1.2
[INFO] [stderr]   Downloaded unicode-bidi v0.2.3
[INFO] [stderr]   Downloaded gcc v0.3.38
[INFO] running `Command { std: "docker" "create" "-v" "/var/lib/crater-agent-workspace/builds/worker-4-tc1/target:/opt/rustwide/target:rw,Z" "-v" "/var/lib/crater-agent-workspace/builds/worker-4-tc1/source:/opt/rustwide/workdir:ro,Z" "-v" "/var/lib/crater-agent-workspace/cargo-home:/opt/rustwide/cargo-home:ro,Z" "-v" "/var/lib/crater-agent-workspace/rustup-home:/opt/rustwide/rustup-home:ro,Z" "-e" "SOURCE_DIR=/opt/rustwide/workdir" "-e" "CARGO_TARGET_DIR=/opt/rustwide/target" "-e" "CARGO_HOME=/opt/rustwide/cargo-home" "-e" "RUSTUP_HOME=/opt/rustwide/rustup-home" "-w" "/opt/rustwide/workdir" "-m" "1610612736" "--user" "0:0" "--network" "none" "ghcr.io/rust-lang/crates-build-env/linux@sha256:2788e3201cd34a07e3172128adcd8b3090168a8e3bcc40d7c032b9dda1df7d1c" "/opt/rustwide/cargo-home/bin/cargo" "+1.75.0" "metadata" "--no-deps" "--format-version=1", kill_on_drop: false }`
[INFO] [stdout] ad127a776f2a8cd612d93d554ace97f85a020b7194487e1a9ae923be9b8d909d
[INFO] running `Command { std: "docker" "start" "-a" "ad127a776f2a8cd612d93d554ace97f85a020b7194487e1a9ae923be9b8d909d", kill_on_drop: false }`
[INFO] running `Command { std: "docker" "inspect" "ad127a776f2a8cd612d93d554ace97f85a020b7194487e1a9ae923be9b8d909d", kill_on_drop: false }`
[INFO] running `Command { std: "docker" "rm" "-f" "ad127a776f2a8cd612d93d554ace97f85a020b7194487e1a9ae923be9b8d909d", kill_on_drop: false }`
[INFO] [stdout] ad127a776f2a8cd612d93d554ace97f85a020b7194487e1a9ae923be9b8d909d
[INFO] running `Command { std: "docker" "create" "-v" "/var/lib/crater-agent-workspace/builds/worker-4-tc1/target:/opt/rustwide/target:rw,Z" "-v" "/var/lib/crater-agent-workspace/builds/worker-4-tc1/source:/opt/rustwide/workdir:ro,Z" "-v" "/var/lib/crater-agent-workspace/cargo-home:/opt/rustwide/cargo-home:ro,Z" "-v" "/var/lib/crater-agent-workspace/rustup-home:/opt/rustwide/rustup-home:ro,Z" "-e" "SOURCE_DIR=/opt/rustwide/workdir" "-e" "CARGO_TARGET_DIR=/opt/rustwide/target" "-e" "CARGO_INCREMENTAL=0" "-e" "RUST_BACKTRACE=full" "-e" "RUSTFLAGS=--cap-lints=warn" "-e" "RUSTDOCFLAGS=--cap-lints=warn" "-e" "CARGO_HOME=/opt/rustwide/cargo-home" "-e" "RUSTUP_HOME=/opt/rustwide/rustup-home" "-w" "/opt/rustwide/workdir" "-m" "1610612736" "--user" "0:0" "--network" "none" "ghcr.io/rust-lang/crates-build-env/linux@sha256:2788e3201cd34a07e3172128adcd8b3090168a8e3bcc40d7c032b9dda1df7d1c" "/opt/rustwide/cargo-home/bin/cargo" "+1.75.0" "doc" "--frozen" "--no-deps" "--document-private-items" "--message-format=json", kill_on_drop: false }`
[INFO] [stdout] 3e3bd5ed197f09408a269f03ab082a819e40d693b2bb81f3c65eda346082609e
[INFO] running `Command { std: "docker" "start" "-a" "3e3bd5ed197f09408a269f03ab082a819e40d693b2bb81f3c65eda346082609e", kill_on_drop: false }`
[INFO] [stderr]    Compiling pkg-config v0.3.8
[INFO] [stderr]    Compiling gcc v0.3.38
[INFO] [stderr]     Checking libc v0.2.17
[INFO] [stderr]    Compiling winapi-build v0.1.1
[INFO] [stderr]     Checking matches v0.1.4
[INFO] [stderr]     Checking log v0.3.6
[INFO] [stderr]     Checking bitflags v0.7.0
[INFO] [stderr]     Checking unicode-normalization v0.1.2
[INFO] [stderr]     Checking lazy_static v0.2.2
[INFO] [stderr]     Checking winapi v0.2.8
[INFO] [stderr]     Checking rustc-serialize v0.3.21
[INFO] [stderr]     Checking traitobject v0.0.1
[INFO] [stderr]     Checking language-tags v0.2.2
[INFO] [stderr]     Checking httparse v1.2.0
[INFO] [stderr]     Checking typeable v0.1.2
[INFO] [stderr]    Compiling unicase v1.4.0
[INFO] [stderr]     Checking unicode-bidi v0.2.3
[INFO] [stderr]     Checking hpack v0.2.0
[INFO] [stderr]     Checking mime v0.2.2
[INFO] [stderr]    Compiling kernel32-sys v0.2.2
[INFO] [stderr]     Checking num_cpus v1.1.0
[INFO] [stderr]    Compiling openssl-sys v0.7.17
[INFO] [stderr]     Checking solicit v0.4.4
[INFO] [stderr]    Compiling openssl-sys-extras v0.7.14
[INFO] [stderr]    Compiling openssl v0.7.14
[INFO] [stderr]     Checking time v0.1.35
[INFO] [stderr]     Checking idna v0.1.0
[INFO] [stderr] The following warnings were emitted during compilation:
[INFO] [stderr] 
[INFO] [stderr] warning: openssl-sys-extras@0.7.14: src/openssl_shim.c: In function 'HMAC_Init_ex_shim':
[INFO] [stderr] warning: openssl-sys-extras@0.7.14: src/openssl_shim.c:42:5: warning: 'HMAC_Init_ex' is deprecated: Since OpenSSL 3.0 [-Wdeprecated-declarations]
[INFO] [stderr] warning: openssl-sys-extras@0.7.14:    42 |     return HMAC_Init_ex(ctx, key, key_len, md, impl);
[INFO] [stderr] warning: openssl-sys-extras@0.7.14:       |     ^~~~~~
[INFO] [stderr] warning: openssl-sys-extras@0.7.14: In file included from src/openssl_shim.c:1:
[INFO] [stderr] warning: openssl-sys-extras@0.7.14: /usr/include/openssl/hmac.h:43:27: note: declared here
[INFO] [stderr] warning: openssl-sys-extras@0.7.14:    43 | OSSL_DEPRECATEDIN_3_0 int HMAC_Init_ex(HMAC_CTX *ctx, const void *key, int len,
[INFO] [stderr] warning: openssl-sys-extras@0.7.14:       |                           ^~~~~~~~~~~~
[INFO] [stderr] warning: openssl-sys-extras@0.7.14: src/openssl_shim.c: In function 'HMAC_Update_shim':
[INFO] [stderr] warning: openssl-sys-extras@0.7.14: src/openssl_shim.c:46:5: warning: 'HMAC_Update' is deprecated: Since OpenSSL 3.0 [-Wdeprecated-declarations]
[INFO] [stderr] warning: openssl-sys-extras@0.7.14:    46 |     return HMAC_Update(ctx, data, len);
[INFO] [stderr] warning: openssl-sys-extras@0.7.14:       |     ^~~~~~
[INFO] [stderr] warning: openssl-sys-extras@0.7.14: In file included from src/openssl_shim.c:1:
[INFO] [stderr] warning: openssl-sys-extras@0.7.14: /usr/include/openssl/hmac.h:45:27: note: declared here
[INFO] [stderr] warning: openssl-sys-extras@0.7.14:    45 | OSSL_DEPRECATEDIN_3_0 int HMAC_Update(HMAC_CTX *ctx, const unsigned char *data,
[INFO] [stderr] warning: openssl-sys-extras@0.7.14:       |                           ^~~~~~~~~~~
[INFO] [stderr] warning: openssl-sys-extras@0.7.14: src/openssl_shim.c: In function 'HMAC_Final_shim':
[INFO] [stderr] warning: openssl-sys-extras@0.7.14: src/openssl_shim.c:50:5: warning: 'HMAC_Final' is deprecated: Since OpenSSL 3.0 [-Wdeprecated-declarations]
[INFO] [stderr] warning: openssl-sys-extras@0.7.14:    50 |     return HMAC_Final(ctx, md, len);
[INFO] [stderr] warning: openssl-sys-extras@0.7.14:       |     ^~~~~~
[INFO] [stderr] warning: openssl-sys-extras@0.7.14: In file included from src/openssl_shim.c:1:
[INFO] [stderr] warning: openssl-sys-extras@0.7.14: /usr/include/openssl/hmac.h:47:27: note: declared here
[INFO] [stderr] warning: openssl-sys-extras@0.7.14:    47 | OSSL_DEPRECATEDIN_3_0 int HMAC_Final(HMAC_CTX *ctx, unsigned char *md,
[INFO] [stderr] warning: openssl-sys-extras@0.7.14:       |                           ^~~~~~~~~~
[INFO] [stderr] warning: openssl-sys-extras@0.7.14: src/openssl_shim.c: In function 'DH_new_from_params':
[INFO] [stderr] warning: openssl-sys-extras@0.7.14: src/openssl_shim.c:129:5: warning: 'DH_new' is deprecated: Since OpenSSL 3.0 [-Wdeprecated-declarations]
[INFO] [stderr] warning: openssl-sys-extras@0.7.14:   129 |     if ((dh = DH_new()) == NULL) {
[INFO] [stderr] warning: openssl-sys-extras@0.7.14:       |     ^~
[INFO] [stderr] warning: openssl-sys-extras@0.7.14: In file included from /usr/include/openssl/dsa.h:51,
[INFO] [stderr] warning: openssl-sys-extras@0.7.14:                  from /usr/include/openssl/x509.h:37,
[INFO] [stderr] warning: openssl-sys-extras@0.7.14:                  from /usr/include/openssl/ssl.h:31,
[INFO] [stderr] warning: openssl-sys-extras@0.7.14:                  from src/openssl_shim.c:2:
[INFO] [stderr] warning: openssl-sys-extras@0.7.14: /usr/include/openssl/dh.h:203:27: note: declared here
[INFO] [stderr] warning: openssl-sys-extras@0.7.14:   203 | OSSL_DEPRECATEDIN_3_0 DH *DH_new(void);
[INFO] [stderr] warning: openssl-sys-extras@0.7.14:       |                           ^~~~~~
[INFO] [stderr] warning: openssl-sys-extras@0.7.14: src/openssl_shim.c:132:7: error: invalid use of incomplete typedef 'DH' {aka 'struct dh_st'}
[INFO] [stderr] warning: openssl-sys-extras@0.7.14:   132 |     dh->p = p;
[INFO] [stderr] warning: openssl-sys-extras@0.7.14:       |       ^~
[INFO] [stderr] warning: openssl-sys-extras@0.7.14: src/openssl_shim.c:133:7: error: invalid use of incomplete typedef 'DH' {aka 'struct dh_st'}
[INFO] [stderr] warning: openssl-sys-extras@0.7.14:   133 |     dh->g = g;
[INFO] [stderr] warning: openssl-sys-extras@0.7.14:       |       ^~
[INFO] [stderr] warning: openssl-sys-extras@0.7.14: src/openssl_shim.c:134:7: error: invalid use of incomplete typedef 'DH' {aka 'struct dh_st'}
[INFO] [stderr] warning: openssl-sys-extras@0.7.14:   134 |     dh->q = q;
[INFO] [stderr] warning: openssl-sys-extras@0.7.14:       |       ^~
[INFO] [stderr] warning: openssl-sys-extras@0.7.14: src/openssl_shim.c: In function 'X509_get_extensions_shim':
[INFO] [stderr] warning: openssl-sys-extras@0.7.14: src/openssl_shim.c:143:13: error: invalid use of incomplete typedef 'X509' {aka 'struct x509_st'}
[INFO] [stderr] warning: openssl-sys-extras@0.7.14:   143 |     return x->cert_info ? x->cert_info->extensions : NULL;
[INFO] [stderr] warning: openssl-sys-extras@0.7.14:       |             ^~
[INFO] [stderr] warning: openssl-sys-extras@0.7.14: src/openssl_shim.c:143:28: error: invalid use of incomplete typedef 'X509' {aka 'struct x509_st'}
[INFO] [stderr] warning: openssl-sys-extras@0.7.14:   143 |     return x->cert_info ? x->cert_info->extensions : NULL;
[INFO] [stderr] warning: openssl-sys-extras@0.7.14:       |                            ^~
[INFO] [stderr] 
[INFO] [stderr] error: failed to run custom build command for `openssl-sys-extras v0.7.14`
[INFO] [stderr] note: To improve backtraces for build dependencies, set the CARGO_PROFILE_DEV_BUILD_OVERRIDE_DEBUG=true environment variable to enable debug information generation.
[INFO] [stderr] 
[INFO] [stderr] Caused by:
[INFO] [stderr]   process didn't exit successfully: `/opt/rustwide/target/debug/build/openssl-sys-extras-467bfffec84e1e1d/build-script-build` (exit status: 101)
[INFO] [stderr]   --- stdout
[INFO] [stderr]   TARGET = Some("x86_64-unknown-linux-gnu")
[INFO] [stderr]   OPT_LEVEL = Some("0")
[INFO] [stderr]   PROFILE = Some("debug")
[INFO] [stderr]   TARGET = Some("x86_64-unknown-linux-gnu")
[INFO] [stderr]   debug=true opt-level=0
[INFO] [stderr]   HOST = Some("x86_64-unknown-linux-gnu")
[INFO] [stderr]   TARGET = Some("x86_64-unknown-linux-gnu")
[INFO] [stderr]   TARGET = Some("x86_64-unknown-linux-gnu")
[INFO] [stderr]   HOST = Some("x86_64-unknown-linux-gnu")
[INFO] [stderr]   CC_x86_64-unknown-linux-gnu = None
[INFO] [stderr]   CC_x86_64_unknown_linux_gnu = None
[INFO] [stderr]   HOST_CC = None
[INFO] [stderr]   CC = None
[INFO] [stderr]   HOST = Some("x86_64-unknown-linux-gnu")
[INFO] [stderr]   TARGET = Some("x86_64-unknown-linux-gnu")
[INFO] [stderr]   HOST = Some("x86_64-unknown-linux-gnu")
[INFO] [stderr]   CFLAGS_x86_64-unknown-linux-gnu = None
[INFO] [stderr]   CFLAGS_x86_64_unknown_linux_gnu = None
[INFO] [stderr]   HOST_CFLAGS = None
[INFO] [stderr]   CFLAGS = None
[INFO] [stderr]   running: "cc" "-O0" "-ffunction-sections" "-fdata-sections" "-g" "-m64" "-fPIC" "-o" "/opt/rustwide/target/debug/build/openssl-sys-extras-ed76b1dcf3c39db0/out/src/openssl_shim.o" "-c" "src/openssl_shim.c"
[INFO] [stderr]   cargo:warning=src/openssl_shim.c: In function 'HMAC_Init_ex_shim':
[INFO] [stderr]   cargo:warning=src/openssl_shim.c:42:5: warning: 'HMAC_Init_ex' is deprecated: Since OpenSSL 3.0 [-Wdeprecated-declarations]
[INFO] [stderr]   cargo:warning=   42 |     return HMAC_Init_ex(ctx, key, key_len, md, impl);
[INFO] [stderr]   cargo:warning=      |     ^~~~~~
[INFO] [stderr]   cargo:warning=In file included from src/openssl_shim.c:1:
[INFO] [stderr]   cargo:warning=/usr/include/openssl/hmac.h:43:27: note: declared here
[INFO] [stderr]   cargo:warning=   43 | OSSL_DEPRECATEDIN_3_0 int HMAC_Init_ex(HMAC_CTX *ctx, const void *key, int len,
[INFO] [stderr]   cargo:warning=      |                           ^~~~~~~~~~~~
[INFO] [stderr]   cargo:warning=src/openssl_shim.c: In function 'HMAC_Update_shim':
[INFO] [stderr]   cargo:warning=src/openssl_shim.c:46:5: warning: 'HMAC_Update' is deprecated: Since OpenSSL 3.0 [-Wdeprecated-declarations]
[INFO] [stderr]   cargo:warning=   46 |     return HMAC_Update(ctx, data, len);
[INFO] [stderr]   cargo:warning=      |     ^~~~~~
[INFO] [stderr]   cargo:warning=In file included from src/openssl_shim.c:1:
[INFO] [stderr]   cargo:warning=/usr/include/openssl/hmac.h:45:27: note: declared here
[INFO] [stderr]   cargo:warning=   45 | OSSL_DEPRECATEDIN_3_0 int HMAC_Update(HMAC_CTX *ctx, const unsigned char *data,
[INFO] [stderr]   cargo:warning=      |                           ^~~~~~~~~~~
[INFO] [stderr]   cargo:warning=src/openssl_shim.c: In function 'HMAC_Final_shim':
[INFO] [stderr]   cargo:warning=src/openssl_shim.c:50:5: warning: 'HMAC_Final' is deprecated: Since OpenSSL 3.0 [-Wdeprecated-declarations]
[INFO] [stderr]   cargo:warning=   50 |     return HMAC_Final(ctx, md, len);
[INFO] [stderr]   cargo:warning=      |     ^~~~~~
[INFO] [stderr]   cargo:warning=In file included from src/openssl_shim.c:1:
[INFO] [stderr]   cargo:warning=/usr/include/openssl/hmac.h:47:27: note: declared here
[INFO] [stderr]   cargo:warning=   47 | OSSL_DEPRECATEDIN_3_0 int HMAC_Final(HMAC_CTX *ctx, unsigned char *md,
[INFO] [stderr]   cargo:warning=      |                           ^~~~~~~~~~
[INFO] [stderr]   cargo:warning=src/openssl_shim.c: In function 'DH_new_from_params':
[INFO] [stderr]   cargo:warning=src/openssl_shim.c:129:5: warning: 'DH_new' is deprecated: Since OpenSSL 3.0 [-Wdeprecated-declarations]
[INFO] [stderr]   cargo:warning=  129 |     if ((dh = DH_new()) == NULL) {
[INFO] [stderr]   cargo:warning=      |     ^~
[INFO] [stderr]   cargo:warning=In file included from /usr/include/openssl/dsa.h:51,
[INFO] [stderr]   cargo:warning=                 from /usr/include/openssl/x509.h:37,
[INFO] [stderr]   cargo:warning=                 from /usr/include/openssl/ssl.h:31,
[INFO] [stderr]   cargo:warning=                 from src/openssl_shim.c:2:
[INFO] [stderr]   cargo:warning=/usr/include/openssl/dh.h:203:27: note: declared here
[INFO] [stderr]   cargo:warning=  203 | OSSL_DEPRECATEDIN_3_0 DH *DH_new(void);
[INFO] [stderr]   cargo:warning=      |                           ^~~~~~
[INFO] [stderr]   cargo:warning=src/openssl_shim.c:132:7: error: invalid use of incomplete typedef 'DH' {aka 'struct dh_st'}
[INFO] [stderr]   cargo:warning=  132 |     dh->p = p;
[INFO] [stderr]   cargo:warning=      |       ^~
[INFO] [stderr]   cargo:warning=src/openssl_shim.c:133:7: error: invalid use of incomplete typedef 'DH' {aka 'struct dh_st'}
[INFO] [stderr]   cargo:warning=  133 |     dh->g = g;
[INFO] [stderr]   cargo:warning=      |       ^~
[INFO] [stderr]   cargo:warning=src/openssl_shim.c:134:7: error: invalid use of incomplete typedef 'DH' {aka 'struct dh_st'}
[INFO] [stderr]   cargo:warning=  134 |     dh->q = q;
[INFO] [stderr]   cargo:warning=      |       ^~
[INFO] [stderr]   cargo:warning=src/openssl_shim.c: In function 'X509_get_extensions_shim':
[INFO] [stderr]   cargo:warning=src/openssl_shim.c:143:13: error: invalid use of incomplete typedef 'X509' {aka 'struct x509_st'}
[INFO] [stderr]   cargo:warning=  143 |     return x->cert_info ? x->cert_info->extensions : NULL;
[INFO] [stderr]   cargo:warning=      |             ^~
[INFO] [stderr]   cargo:warning=src/openssl_shim.c:143:28: error: invalid use of incomplete typedef 'X509' {aka 'struct x509_st'}
[INFO] [stderr]   cargo:warning=  143 |     return x->cert_info ? x->cert_info->extensions : NULL;
[INFO] [stderr]   cargo:warning=      |                            ^~
[INFO] [stderr]   ExitStatus(unix_wait_status(256))
[INFO] [stderr] 
[INFO] [stderr] 
[INFO] [stderr]   command did not execute successfully, got: exit status: 1
[INFO] [stderr] 
[INFO] [stderr] 
[INFO] [stderr] 
[INFO] [stderr]   --- stderr
[INFO] [stderr]   thread 'main' panicked at /opt/rustwide/cargo-home/registry/src/index.crates.io-6f17d22bba15001f/gcc-0.3.38/src/lib.rs:958:5:
[INFO] [stderr]   explicit panic
[INFO] [stderr]   stack backtrace:
[INFO] [stderr]      0:     0x5583c2d402dc - std::backtrace_rs::backtrace::libunwind::trace::ha637c64ce894333a
[INFO] [stderr]                                  at /rustc/82e1608dfa6e0b5569232559e3d385fea5a93112/library/std/src/../../backtrace/src/backtrace/libunwind.rs:104:5
[INFO] [stderr]      1:     0x5583c2d402dc - std::backtrace_rs::backtrace::trace_unsynchronized::h47f62dea28e0c88d
[INFO] [stderr]                                  at /rustc/82e1608dfa6e0b5569232559e3d385fea5a93112/library/std/src/../../backtrace/src/backtrace/mod.rs:66:5
[INFO] [stderr]      2:     0x5583c2d402dc - std::sys_common::backtrace::_print_fmt::h9eef0abe20ede486
[INFO] [stderr]                                  at /rustc/82e1608dfa6e0b5569232559e3d385fea5a93112/library/std/src/sys_common/backtrace.rs:67:5
[INFO] [stderr]      3:     0x5583c2d402dc - <std::sys_common::backtrace::_print::DisplayBacktrace as core::fmt::Display>::fmt::hed7f999df88cc644
[INFO] [stderr]                                  at /rustc/82e1608dfa6e0b5569232559e3d385fea5a93112/library/std/src/sys_common/backtrace.rs:44:22
[INFO] [stderr]      4:     0x5583c2d656e0 - core::fmt::rt::Argument::fmt::h1539a9308b8d058d
[INFO] [stderr]                                  at /rustc/82e1608dfa6e0b5569232559e3d385fea5a93112/library/core/src/fmt/rt.rs:142:9
[INFO] [stderr]      5:     0x5583c2d656e0 - core::fmt::write::h3a39390d8560d9c9
[INFO] [stderr]                                  at /rustc/82e1608dfa6e0b5569232559e3d385fea5a93112/library/core/src/fmt/mod.rs:1120:17
[INFO] [stderr]      6:     0x5583c2d3d87f - std::io::Write::write_fmt::h5fc9997dfe05f882
[INFO] [stderr]                                  at /rustc/82e1608dfa6e0b5569232559e3d385fea5a93112/library/std/src/io/mod.rs:1762:15
[INFO] [stderr]      7:     0x5583c2d400c4 - std::sys_common::backtrace::_print::h894006fb5c6f3d45
[INFO] [stderr]                                  at /rustc/82e1608dfa6e0b5569232559e3d385fea5a93112/library/std/src/sys_common/backtrace.rs:47:5
[INFO] [stderr]      8:     0x5583c2d400c4 - std::sys_common::backtrace::print::h23a2d212c6fff936
[INFO] [stderr]                                  at /rustc/82e1608dfa6e0b5569232559e3d385fea5a93112/library/std/src/sys_common/backtrace.rs:34:9
[INFO] [stderr]      9:     0x5583c2d417e7 - std::panicking::default_hook::{{closure}}::h8a1d2ee00185001a
[INFO] [stderr]     10:     0x5583c2d4154f - std::panicking::default_hook::h6038f2eba384e475
[INFO] [stderr]                                  at /rustc/82e1608dfa6e0b5569232559e3d385fea5a93112/library/std/src/panicking.rs:292:9
[INFO] [stderr]     11:     0x5583c2d41c68 - std::panicking::rust_panic_with_hook::h2b5517d590cab22e
[INFO] [stderr]                                  at /rustc/82e1608dfa6e0b5569232559e3d385fea5a93112/library/std/src/panicking.rs:779:13
[INFO] [stderr]     12:     0x5583c2d188ee - std::panicking::begin_panic::{{closure}}::h54c93cedcc82b57e
[INFO] [stderr]     13:     0x5583c2d17dba - std::sys_common::backtrace::__rust_end_short_backtrace::hb0acc4eed41375f3
[INFO] [stderr]     14:     0x5583c2d1886b - std::panicking::begin_panic::h54536117063452d1
[INFO] [stderr]     15:     0x5583c2d12326 - gcc::fail::h53b5c23d856ac4ee
[INFO] [stderr]     16:     0x5583c2d11e9d - gcc::run::hfa1b35dc5c882eb8
[INFO] [stderr]     17:     0x5583c2d09cbe - gcc::Config::compile_object::hb30ff4cdbade155e
[INFO] [stderr]     18:     0x5583c2d09586 - gcc::Config::compile_objects::h23674d1c1bf8f53e
[INFO] [stderr]     19:     0x5583c2d088b2 - gcc::Config::compile::h1b89f756167237f9
[INFO] [stderr]     20:     0x5583c2cfe1d9 - build_script_build::main::h803bfd7a2cd8dfc8
[INFO] [stderr]     21:     0x5583c2cfd733 - core::ops::function::FnOnce::call_once::h5717162dd2ab2c8b
[INFO] [stderr]     22:     0x5583c2cfcfe6 - std::sys_common::backtrace::__rust_begin_short_backtrace::h7f33a28ae123e6a7
[INFO] [stderr]     23:     0x5583c2cfd419 - std::rt::lang_start::{{closure}}::h318f04d3055b31c8
[INFO] [stderr]     24:     0x5583c2d39cb7 - core::ops::function::impls::<impl core::ops::function::FnOnce<A> for &F>::call_once::hd95060ecd5e1ca24
[INFO] [stderr]                                  at /rustc/82e1608dfa6e0b5569232559e3d385fea5a93112/library/core/src/ops/function.rs:284:13
[INFO] [stderr]     25:     0x5583c2d39cb7 - std::panicking::try::do_call::h6e8cf51db32a6e4b
[INFO] [stderr]                                  at /rustc/82e1608dfa6e0b5569232559e3d385fea5a93112/library/std/src/panicking.rs:552:40
[INFO] [stderr]     26:     0x5583c2d39cb7 - std::panicking::try::h3a52eefe24fe3c29
[INFO] [stderr]                                  at /rustc/82e1608dfa6e0b5569232559e3d385fea5a93112/library/std/src/panicking.rs:516:19
[INFO] [stderr]     27:     0x5583c2d39cb7 - std::panic::catch_unwind::h24c28c23c02c3841
[INFO] [stderr]                                  at /rustc/82e1608dfa6e0b5569232559e3d385fea5a93112/library/std/src/panic.rs:142:14
[INFO] [stderr]     28:     0x5583c2d39cb7 - std::rt::lang_start_internal::{{closure}}::h705d3c9cbc06ef47
[INFO] [stderr]                                  at /rustc/82e1608dfa6e0b5569232559e3d385fea5a93112/library/std/src/rt.rs:148:48
[INFO] [stderr]     29:     0x5583c2d39cb7 - std::panicking::try::do_call::ha21f52ba13158470
[INFO] [stderr]                                  at /rustc/82e1608dfa6e0b5569232559e3d385fea5a93112/library/std/src/panicking.rs:552:40
[INFO] [stderr]     30:     0x5583c2d39cb7 - std::panicking::try::h5581346bf6aeb1f8
[INFO] [stderr]                                  at /rustc/82e1608dfa6e0b5569232559e3d385fea5a93112/library/std/src/panicking.rs:516:19
[INFO] [stderr]     31:     0x5583c2d39cb7 - std::panic::catch_unwind::h7919645a6b72e25b
[INFO] [stderr]                                  at /rustc/82e1608dfa6e0b5569232559e3d385fea5a93112/library/std/src/panic.rs:142:14
[INFO] [stderr]     32:     0x5583c2d39cb7 - std::rt::lang_start_internal::h12de51168669836e
[INFO] [stderr]                                  at /rustc/82e1608dfa6e0b5569232559e3d385fea5a93112/library/std/src/rt.rs:148:20
[INFO] [stderr]     33:     0x5583c2cfd3f7 - std::rt::lang_start::hf468c8b911fb2a10
[INFO] [stderr]     34:     0x5583c2cff785 - main
[INFO] [stderr]     35:     0x7fdbb8f35d90 - <unknown>
[INFO] [stderr]     36:     0x7fdbb8f35e40 - __libc_start_main
[INFO] [stderr]     37:     0x5583c2cfcd45 - _start
[INFO] [stderr]     38:                0x0 - <unknown>
[INFO] [stderr] warning: build failed, waiting for other jobs to finish...
[INFO] [stderr] The following warnings were emitted during compilation:
[INFO] [stderr] 
[INFO] [stderr] warning: openssl@0.7.14: src/c_helpers.c: In function 'rust_SSL_clone':
[INFO] [stderr] warning: openssl@0.7.14: src/c_helpers.c:4:5: warning: implicit declaration of function 'CRYPTO_add' [-Wimplicit-function-declaration]
[INFO] [stderr] warning: openssl@0.7.14:     4 |     CRYPTO_add(&ssl->references, 1, CRYPTO_LOCK_SSL);
[INFO] [stderr] warning: openssl@0.7.14:       |     ^~~~~~~~~~
[INFO] [stderr] warning: openssl@0.7.14: src/c_helpers.c:4:20: error: invalid use of incomplete typedef 'SSL' {aka 'struct ssl_st'}
[INFO] [stderr] warning: openssl@0.7.14:     4 |     CRYPTO_add(&ssl->references, 1, CRYPTO_LOCK_SSL);
[INFO] [stderr] warning: openssl@0.7.14:       |                    ^~
[INFO] [stderr] warning: openssl@0.7.14: src/c_helpers.c:4:37: error: 'CRYPTO_LOCK_SSL' undeclared (first use in this function); did you mean 'CRYPTO_LOCK'?
[INFO] [stderr] warning: openssl@0.7.14:     4 |     CRYPTO_add(&ssl->references, 1, CRYPTO_LOCK_SSL);
[INFO] [stderr] warning: openssl@0.7.14:       |                                     ^~~~~~~~~~~~~~~
[INFO] [stderr] warning: openssl@0.7.14:       |                                     CRYPTO_LOCK
[INFO] [stderr] warning: openssl@0.7.14: src/c_helpers.c:4:37: note: each undeclared identifier is reported only once for each function it appears in
[INFO] [stderr] warning: openssl@0.7.14: src/c_helpers.c: In function 'rust_SSL_CTX_clone':
[INFO] [stderr] warning: openssl@0.7.14: src/c_helpers.c:8:20: error: invalid use of incomplete typedef 'SSL_CTX' {aka 'struct ssl_ctx_st'}
[INFO] [stderr] warning: openssl@0.7.14:     8 |     CRYPTO_add(&ctx->references,1,CRYPTO_LOCK_SSL_CTX);
[INFO] [stderr] warning: openssl@0.7.14:       |                    ^~
[INFO] [stderr] warning: openssl@0.7.14: src/c_helpers.c:8:35: error: 'CRYPTO_LOCK_SSL_CTX' undeclared (first use in this function); did you mean 'CRYPTO_EX_INDEX_SSL_CTX'?
[INFO] [stderr] warning: openssl@0.7.14:     8 |     CRYPTO_add(&ctx->references,1,CRYPTO_LOCK_SSL_CTX);
[INFO] [stderr] warning: openssl@0.7.14:       |                                   ^~~~~~~~~~~~~~~~~~~
[INFO] [stderr] warning: openssl@0.7.14:       |                                   CRYPTO_EX_INDEX_SSL_CTX
[INFO] [stderr] warning: openssl@0.7.14: src/c_helpers.c: In function 'rust_X509_clone':
[INFO] [stderr] warning: openssl@0.7.14: src/c_helpers.c:12:21: error: invalid use of incomplete typedef 'X509' {aka 'struct x509_st'}
[INFO] [stderr] warning: openssl@0.7.14:    12 |     CRYPTO_add(&x509->references,1,CRYPTO_LOCK_X509);
[INFO] [stderr] warning: openssl@0.7.14:       |                     ^~
[INFO] [stderr] warning: openssl@0.7.14: src/c_helpers.c:12:36: error: 'CRYPTO_LOCK_X509' undeclared (first use in this function); did you mean 'CRYPTO_LOCK'?
[INFO] [stderr] warning: openssl@0.7.14:    12 |     CRYPTO_add(&x509->references,1,CRYPTO_LOCK_X509);
[INFO] [stderr] warning: openssl@0.7.14:       |                                    ^~~~~~~~~~~~~~~~
[INFO] [stderr] warning: openssl@0.7.14:       |                                    CRYPTO_LOCK
[INFO] [stderr] 
[INFO] [stderr] error: failed to run custom build command for `openssl v0.7.14`
[INFO] [stderr] note: To improve backtraces for build dependencies, set the CARGO_PROFILE_DEV_BUILD_OVERRIDE_DEBUG=true environment variable to enable debug information generation.
[INFO] [stderr] 
[INFO] [stderr] Caused by:
[INFO] [stderr]   process didn't exit successfully: `/opt/rustwide/target/debug/build/openssl-003aff982d6efffd/build-script-build` (exit status: 101)
[INFO] [stderr]   --- stdout
[INFO] [stderr]   TARGET = Some("x86_64-unknown-linux-gnu")
[INFO] [stderr]   OPT_LEVEL = Some("0")
[INFO] [stderr]   PROFILE = Some("debug")
[INFO] [stderr]   TARGET = Some("x86_64-unknown-linux-gnu")
[INFO] [stderr]   debug=true opt-level=0
[INFO] [stderr]   HOST = Some("x86_64-unknown-linux-gnu")
[INFO] [stderr]   TARGET = Some("x86_64-unknown-linux-gnu")
[INFO] [stderr]   TARGET = Some("x86_64-unknown-linux-gnu")
[INFO] [stderr]   HOST = Some("x86_64-unknown-linux-gnu")
[INFO] [stderr]   CC_x86_64-unknown-linux-gnu = None
[INFO] [stderr]   CC_x86_64_unknown_linux_gnu = None
[INFO] [stderr]   HOST_CC = None
[INFO] [stderr]   CC = None
[INFO] [stderr]   HOST = Some("x86_64-unknown-linux-gnu")
[INFO] [stderr]   TARGET = Some("x86_64-unknown-linux-gnu")
[INFO] [stderr]   HOST = Some("x86_64-unknown-linux-gnu")
[INFO] [stderr]   CFLAGS_x86_64-unknown-linux-gnu = None
[INFO] [stderr]   CFLAGS_x86_64_unknown_linux_gnu = None
[INFO] [stderr]   HOST_CFLAGS = None
[INFO] [stderr]   CFLAGS = None
[INFO] [stderr]   running: "cc" "-O0" "-ffunction-sections" "-fdata-sections" "-g" "-m64" "-fPIC" "-o" "/opt/rustwide/target/debug/build/openssl-03f9dd4c2b7c5ccf/out/src/c_helpers.o" "-c" "src/c_helpers.c"
[INFO] [stderr]   cargo:warning=src/c_helpers.c: In function 'rust_SSL_clone':
[INFO] [stderr]   cargo:warning=src/c_helpers.c:4:5: warning: implicit declaration of function 'CRYPTO_add' [-Wimplicit-function-declaration]
[INFO] [stderr]   cargo:warning=    4 |     CRYPTO_add(&ssl->references, 1, CRYPTO_LOCK_SSL);
[INFO] [stderr]   cargo:warning=      |     ^~~~~~~~~~
[INFO] [stderr]   cargo:warning=src/c_helpers.c:4:20: error: invalid use of incomplete typedef 'SSL' {aka 'struct ssl_st'}
[INFO] [stderr]   cargo:warning=    4 |     CRYPTO_add(&ssl->references, 1, CRYPTO_LOCK_SSL);
[INFO] [stderr]   cargo:warning=      |                    ^~
[INFO] [stderr]   cargo:warning=src/c_helpers.c:4:37: error: 'CRYPTO_LOCK_SSL' undeclared (first use in this function); did you mean 'CRYPTO_LOCK'?
[INFO] [stderr]   cargo:warning=    4 |     CRYPTO_add(&ssl->references, 1, CRYPTO_LOCK_SSL);
[INFO] [stderr]   cargo:warning=      |                                     ^~~~~~~~~~~~~~~
[INFO] [stderr]   cargo:warning=      |                                     CRYPTO_LOCK
[INFO] [stderr]   cargo:warning=src/c_helpers.c:4:37: note: each undeclared identifier is reported only once for each function it appears in
[INFO] [stderr]   cargo:warning=src/c_helpers.c: In function 'rust_SSL_CTX_clone':
[INFO] [stderr]   cargo:warning=src/c_helpers.c:8:20: error: invalid use of incomplete typedef 'SSL_CTX' {aka 'struct ssl_ctx_st'}
[INFO] [stderr]   cargo:warning=    8 |     CRYPTO_add(&ctx->references,1,CRYPTO_LOCK_SSL_CTX);
[INFO] [stderr]   cargo:warning=      |                    ^~
[INFO] [stderr]   cargo:warning=src/c_helpers.c:8:35: error: 'CRYPTO_LOCK_SSL_CTX' undeclared (first use in this function); did you mean 'CRYPTO_EX_INDEX_SSL_CTX'?
[INFO] [stderr]   cargo:warning=    8 |     CRYPTO_add(&ctx->references,1,CRYPTO_LOCK_SSL_CTX);
[INFO] [stderr]   cargo:warning=      |                                   ^~~~~~~~~~~~~~~~~~~
[INFO] [stderr]   cargo:warning=      |                                   CRYPTO_EX_INDEX_SSL_CTX
[INFO] [stderr]   cargo:warning=src/c_helpers.c: In function 'rust_X509_clone':
[INFO] [stderr]   cargo:warning=src/c_helpers.c:12:21: error: invalid use of incomplete typedef 'X509' {aka 'struct x509_st'}
[INFO] [stderr]   cargo:warning=   12 |     CRYPTO_add(&x509->references,1,CRYPTO_LOCK_X509);
[INFO] [stderr]   cargo:warning=      |                     ^~
[INFO] [stderr]   cargo:warning=src/c_helpers.c:12:36: error: 'CRYPTO_LOCK_X509' undeclared (first use in this function); did you mean 'CRYPTO_LOCK'?
[INFO] [stderr]   cargo:warning=   12 |     CRYPTO_add(&x509->references,1,CRYPTO_LOCK_X509);
[INFO] [stderr]   cargo:warning=      |                                    ^~~~~~~~~~~~~~~~
[INFO] [stderr]   cargo:warning=      |                                    CRYPTO_LOCK
[INFO] [stderr]   ExitStatus(unix_wait_status(256))
[INFO] [stderr] 
[INFO] [stderr] 
[INFO] [stderr]   command did not execute successfully, got: exit status: 1
[INFO] [stderr] 
[INFO] [stderr] 
[INFO] [stderr] 
[INFO] [stderr]   --- stderr
[INFO] [stderr]   thread 'main' panicked at /opt/rustwide/cargo-home/registry/src/index.crates.io-6f17d22bba15001f/gcc-0.3.38/src/lib.rs:958:5:
[INFO] [stderr]   explicit panic
[INFO] [stderr]   stack backtrace:
[INFO] [stderr]      0:     0x563d10805d9c - std::backtrace_rs::backtrace::libunwind::trace::ha637c64ce894333a
[INFO] [stderr]                                  at /rustc/82e1608dfa6e0b5569232559e3d385fea5a93112/library/std/src/../../backtrace/src/backtrace/libunwind.rs:104:5
[INFO] [stderr]      1:     0x563d10805d9c - std::backtrace_rs::backtrace::trace_unsynchronized::h47f62dea28e0c88d
[INFO] [stderr]                                  at /rustc/82e1608dfa6e0b5569232559e3d385fea5a93112/library/std/src/../../backtrace/src/backtrace/mod.rs:66:5
[INFO] [stderr]      2:     0x563d10805d9c - std::sys_common::backtrace::_print_fmt::h9eef0abe20ede486
[INFO] [stderr]                                  at /rustc/82e1608dfa6e0b5569232559e3d385fea5a93112/library/std/src/sys_common/backtrace.rs:67:5
[INFO] [stderr]      3:     0x563d10805d9c - <std::sys_common::backtrace::_print::DisplayBacktrace as core::fmt::Display>::fmt::hed7f999df88cc644
[INFO] [stderr]                                  at /rustc/82e1608dfa6e0b5569232559e3d385fea5a93112/library/std/src/sys_common/backtrace.rs:44:22
[INFO] [stderr]      4:     0x563d1082b1a0 - core::fmt::rt::Argument::fmt::h1539a9308b8d058d
[INFO] [stderr]                                  at /rustc/82e1608dfa6e0b5569232559e3d385fea5a93112/library/core/src/fmt/rt.rs:142:9
[INFO] [stderr]      5:     0x563d1082b1a0 - core::fmt::write::h3a39390d8560d9c9
[INFO] [stderr]                                  at /rustc/82e1608dfa6e0b5569232559e3d385fea5a93112/library/core/src/fmt/mod.rs:1120:17
[INFO] [stderr]      6:     0x563d1080336f - std::io::Write::write_fmt::h5fc9997dfe05f882
[INFO] [stderr]                                  at /rustc/82e1608dfa6e0b5569232559e3d385fea5a93112/library/std/src/io/mod.rs:1762:15
[INFO] [stderr]      7:     0x563d10805b84 - std::sys_common::backtrace::_print::h894006fb5c6f3d45
[INFO] [stderr]                                  at /rustc/82e1608dfa6e0b5569232559e3d385fea5a93112/library/std/src/sys_common/backtrace.rs:47:5
[INFO] [stderr]      8:     0x563d10805b84 - std::sys_common::backtrace::print::h23a2d212c6fff936
[INFO] [stderr]                                  at /rustc/82e1608dfa6e0b5569232559e3d385fea5a93112/library/std/src/sys_common/backtrace.rs:34:9
[INFO] [stderr]      9:     0x563d108072a7 - std::panicking::default_hook::{{closure}}::h8a1d2ee00185001a
[INFO] [stderr]     10:     0x563d1080700f - std::panicking::default_hook::h6038f2eba384e475
[INFO] [stderr]                                  at /rustc/82e1608dfa6e0b5569232559e3d385fea5a93112/library/std/src/panicking.rs:292:9
[INFO] [stderr]     11:     0x563d10807728 - std::panicking::rust_panic_with_hook::h2b5517d590cab22e
[INFO] [stderr]                                  at /rustc/82e1608dfa6e0b5569232559e3d385fea5a93112/library/std/src/panicking.rs:779:13
[INFO] [stderr]     12:     0x563d107de50e - std::panicking::begin_panic::{{closure}}::h54c93cedcc82b57e
[INFO] [stderr]     13:     0x563d107dd9da - std::sys_common::backtrace::__rust_end_short_backtrace::hb0acc4eed41375f3
[INFO] [stderr]     14:     0x563d107de48b - std::panicking::begin_panic::h54536117063452d1
[INFO] [stderr]     15:     0x563d107d7f46 - gcc::fail::h53b5c23d856ac4ee
[INFO] [stderr]     16:     0x563d107d7abd - gcc::run::hfa1b35dc5c882eb8
[INFO] [stderr]     17:     0x563d107cf8de - gcc::Config::compile_object::hb30ff4cdbade155e
[INFO] [stderr]     18:     0x563d107cf1a6 - gcc::Config::compile_objects::h23674d1c1bf8f53e
[INFO] [stderr]     19:     0x563d107ce4d2 - gcc::Config::compile::h1b89f756167237f9
[INFO] [stderr]     20:     0x563d107c536c - build_script_build::main::h8e6a405245062ef7
[INFO] [stderr]     21:     0x563d107c5003 - core::ops::function::FnOnce::call_once::hcfde051b2a043e35
[INFO] [stderr]     22:     0x563d107c4ec6 - std::sys_common::backtrace::__rust_begin_short_backtrace::h665e23c2976f64b2
[INFO] [stderr]     23:     0x563d107c4f19 - std::rt::lang_start::{{closure}}::h0172ba6c6ca6ad46
[INFO] [stderr]     24:     0x563d107ff8d7 - core::ops::function::impls::<impl core::ops::function::FnOnce<A> for &F>::call_once::hd95060ecd5e1ca24
[INFO] [stderr]                                  at /rustc/82e1608dfa6e0b5569232559e3d385fea5a93112/library/core/src/ops/function.rs:284:13
[INFO] [stderr]     25:     0x563d107ff8d7 - std::panicking::try::do_call::h6e8cf51db32a6e4b
[INFO] [stderr]                                  at /rustc/82e1608dfa6e0b5569232559e3d385fea5a93112/library/std/src/panicking.rs:552:40
[INFO] [stderr]     26:     0x563d107ff8d7 - std::panicking::try::h3a52eefe24fe3c29
[INFO] [stderr]                                  at /rustc/82e1608dfa6e0b5569232559e3d385fea5a93112/library/std/src/panicking.rs:516:19
[INFO] [stderr]     27:     0x563d107ff8d7 - std::panic::catch_unwind::h24c28c23c02c3841
[INFO] [stderr]                                  at /rustc/82e1608dfa6e0b5569232559e3d385fea5a93112/library/std/src/panic.rs:142:14
[INFO] [stderr]     28:     0x563d107ff8d7 - std::rt::lang_start_internal::{{closure}}::h705d3c9cbc06ef47
[INFO] [stderr]                                  at /rustc/82e1608dfa6e0b5569232559e3d385fea5a93112/library/std/src/rt.rs:148:48
[INFO] [stderr]     29:     0x563d107ff8d7 - std::panicking::try::do_call::ha21f52ba13158470
[INFO] [stderr]                                  at /rustc/82e1608dfa6e0b5569232559e3d385fea5a93112/library/std/src/panicking.rs:552:40
[INFO] [stderr]     30:     0x563d107ff8d7 - std::panicking::try::h5581346bf6aeb1f8
[INFO] [stderr]                                  at /rustc/82e1608dfa6e0b5569232559e3d385fea5a93112/library/std/src/panicking.rs:516:19
[INFO] [stderr]     31:     0x563d107ff8d7 - std::panic::catch_unwind::h7919645a6b72e25b
[INFO] [stderr]                                  at /rustc/82e1608dfa6e0b5569232559e3d385fea5a93112/library/std/src/panic.rs:142:14
[INFO] [stderr]     32:     0x563d107ff8d7 - std::rt::lang_start_internal::h12de51168669836e
[INFO] [stderr]                                  at /rustc/82e1608dfa6e0b5569232559e3d385fea5a93112/library/std/src/rt.rs:148:20
[INFO] [stderr]     33:     0x563d107c4ef7 - std::rt::lang_start::hbf9af56ef96d18ca
[INFO] [stderr]     34:     0x563d107c53a5 - main
[INFO] [stderr]     35:     0x7f18a521ed90 - <unknown>
[INFO] [stderr]     36:     0x7f18a521ee40 - __libc_start_main
[INFO] [stderr]     37:     0x563d107c4d45 - _start
[INFO] [stderr]     38:                0x0 - <unknown>
[INFO] running `Command { std: "docker" "inspect" "3e3bd5ed197f09408a269f03ab082a819e40d693b2bb81f3c65eda346082609e", kill_on_drop: false }`
[INFO] running `Command { std: "docker" "rm" "-f" "3e3bd5ed197f09408a269f03ab082a819e40d693b2bb81f3c65eda346082609e", kill_on_drop: false }`
[INFO] [stdout] 3e3bd5ed197f09408a269f03ab082a819e40d693b2bb81f3c65eda346082609e
[INFO] documenting UaQuetzalcoatl/rustaman against beta-2023-12-22 for beta-1.76-rustdoc-1
[INFO] running `Command { std: "git" "clone" "/workspace/cache/git-repos/https%3A%2F%2Fgithub.com%2FUaQuetzalcoatl%2Frustaman" "/workspace/builds/worker-4-tc2/source", kill_on_drop: false }`
[INFO] [stderr] Cloning into '/workspace/builds/worker-4-tc2/source'...
[INFO] [stderr] done.
[INFO] validating manifest of git repo https://github.com/UaQuetzalcoatl/rustaman on toolchain beta-2023-12-22
[INFO] running `Command { std: CARGO_HOME="/workspace/cargo-home" RUSTUP_HOME="/workspace/rustup-home" "/workspace/cargo-home/bin/cargo" "+beta-2023-12-22" "metadata" "--manifest-path" "Cargo.toml" "--no-deps", kill_on_drop: false }`
[INFO] started tweaking git repo https://github.com/UaQuetzalcoatl/rustaman
[INFO] finished tweaking git repo https://github.com/UaQuetzalcoatl/rustaman
[INFO] tweaked toml for git repo https://github.com/UaQuetzalcoatl/rustaman written to /workspace/builds/worker-4-tc2/source/Cargo.toml
[INFO] crate git repo https://github.com/UaQuetzalcoatl/rustaman already has a lockfile, it will not be regenerated
[INFO] running `Command { std: CARGO_HOME="/workspace/cargo-home" RUSTUP_HOME="/workspace/rustup-home" "/workspace/cargo-home/bin/cargo" "+beta-2023-12-22" "fetch" "--manifest-path" "Cargo.toml", kill_on_drop: false }`
[INFO] running `Command { std: "docker" "create" "-v" "/var/lib/crater-agent-workspace/builds/worker-4-tc2/target:/opt/rustwide/target:rw,Z" "-v" "/var/lib/crater-agent-workspace/builds/worker-4-tc2/source:/opt/rustwide/workdir:ro,Z" "-v" "/var/lib/crater-agent-workspace/cargo-home:/opt/rustwide/cargo-home:ro,Z" "-v" "/var/lib/crater-agent-workspace/rustup-home:/opt/rustwide/rustup-home:ro,Z" "-e" "SOURCE_DIR=/opt/rustwide/workdir" "-e" "CARGO_TARGET_DIR=/opt/rustwide/target" "-e" "CARGO_HOME=/opt/rustwide/cargo-home" "-e" "RUSTUP_HOME=/opt/rustwide/rustup-home" "-w" "/opt/rustwide/workdir" "-m" "1610612736" "--user" "0:0" "--network" "none" "ghcr.io/rust-lang/crates-build-env/linux@sha256:2788e3201cd34a07e3172128adcd8b3090168a8e3bcc40d7c032b9dda1df7d1c" "/opt/rustwide/cargo-home/bin/cargo" "+beta-2023-12-22" "metadata" "--no-deps" "--format-version=1", kill_on_drop: false }`
[INFO] [stdout] ffadb7133012e17872a3d38dd9d5a5cf744ce0c8efdea04c129f9314bf7982ee
[INFO] running `Command { std: "docker" "start" "-a" "ffadb7133012e17872a3d38dd9d5a5cf744ce0c8efdea04c129f9314bf7982ee", kill_on_drop: false }`
[INFO] running `Command { std: "docker" "inspect" "ffadb7133012e17872a3d38dd9d5a5cf744ce0c8efdea04c129f9314bf7982ee", kill_on_drop: false }`
[INFO] running `Command { std: "docker" "rm" "-f" "ffadb7133012e17872a3d38dd9d5a5cf744ce0c8efdea04c129f9314bf7982ee", kill_on_drop: false }`
[INFO] [stdout] ffadb7133012e17872a3d38dd9d5a5cf744ce0c8efdea04c129f9314bf7982ee
[INFO] running `Command { std: "docker" "create" "-v" "/var/lib/crater-agent-workspace/builds/worker-4-tc2/target:/opt/rustwide/target:rw,Z" "-v" "/var/lib/crater-agent-workspace/builds/worker-4-tc2/source:/opt/rustwide/workdir:ro,Z" "-v" "/var/lib/crater-agent-workspace/cargo-home:/opt/rustwide/cargo-home:ro,Z" "-v" "/var/lib/crater-agent-workspace/rustup-home:/opt/rustwide/rustup-home:ro,Z" "-e" "SOURCE_DIR=/opt/rustwide/workdir" "-e" "CARGO_TARGET_DIR=/opt/rustwide/target" "-e" "CARGO_INCREMENTAL=0" "-e" "RUST_BACKTRACE=full" "-e" "RUSTFLAGS=--cap-lints=warn" "-e" "RUSTDOCFLAGS=--cap-lints=warn" "-e" "CARGO_HOME=/opt/rustwide/cargo-home" "-e" "RUSTUP_HOME=/opt/rustwide/rustup-home" "-w" "/opt/rustwide/workdir" "-m" "1610612736" "--user" "0:0" "--network" "none" "ghcr.io/rust-lang/crates-build-env/linux@sha256:2788e3201cd34a07e3172128adcd8b3090168a8e3bcc40d7c032b9dda1df7d1c" "/opt/rustwide/cargo-home/bin/cargo" "+beta-2023-12-22" "doc" "--frozen" "--no-deps" "--document-private-items" "--message-format=json", kill_on_drop: false }`
[INFO] [stdout] bdbf95d2b9300a5e67e9208bef4b2afca34280d477699f4ec7a40e37a075bdc3
[INFO] running `Command { std: "docker" "start" "-a" "bdbf95d2b9300a5e67e9208bef4b2afca34280d477699f4ec7a40e37a075bdc3", kill_on_drop: false }`
[INFO] [stderr]    Compiling pkg-config v0.3.8
[INFO] [stderr]    Compiling gcc v0.3.38
[INFO] [stderr]     Checking libc v0.2.17
[INFO] [stderr]    Compiling winapi-build v0.1.1
[INFO] [stderr]     Checking matches v0.1.4
[INFO] [stderr]     Checking winapi v0.2.8
[INFO] [stderr]     Checking bitflags v0.7.0
[INFO] [stderr]     Checking unicode-normalization v0.1.2
[INFO] [stderr]     Checking lazy_static v0.2.2
[INFO] [stderr]     Checking log v0.3.6
[INFO] [stderr]     Checking rustc-serialize v0.3.21
[INFO] [stderr]     Checking typeable v0.1.2
[INFO] [stderr]     Checking language-tags v0.2.2
[INFO] [stderr]     Checking traitobject v0.0.1
[INFO] [stderr]     Checking httparse v1.2.0
[INFO] [stderr]    Compiling unicase v1.4.0
[INFO] [stderr]     Checking unicode-bidi v0.2.3
[INFO] [stderr]    Compiling kernel32-sys v0.2.2
[INFO] [stderr]     Checking hpack v0.2.0
[INFO] [stderr]     Checking mime v0.2.2
[INFO] [stderr]     Checking num_cpus v1.1.0
[INFO] [stderr]    Compiling openssl-sys v0.7.17
[INFO] [stderr]     Checking solicit v0.4.4
[INFO] [stdout] error[E0310]: the parameter type `T` may not live long enough
[INFO] [stdout]     --> /opt/rustwide/cargo-home/registry/src/index.crates.io-6f17d22bba15001f/rustc-serialize-0.3.21/src/serialize.rs:1155:5
[INFO] [stdout]      |
[INFO] [stdout] 1155 |     fn decode<D: Decoder>(d: &mut D) -> Result<Cow<'static, T>, D::Error> {
[INFO] [stdout]      |     ^^^^^^^^^^^^^^^^^^^^^^^^^^^^^^^^^^^^^^^^^^^^^^^^^^^^^^^^^^^^^^^^^^^^^
[INFO] [stdout]      |     |
[INFO] [stdout]      |     the parameter type `T` must be valid for the static lifetime...
[INFO] [stdout]      |     ...so that the type `T` will meet its required lifetime bounds...
[INFO] [stdout]      |
[INFO] [stdout] note: ...that is required by this bound
[INFO] [stdout]     --> /rustc/0e09125c6c3c2fd70d7de961bcf0e51575235fad/library/alloc/src/borrow.rs:180:30
[INFO] [stdout] help: consider adding an explicit lifetime bound
[INFO] [stdout]      |
[INFO] [stdout] 1151 | impl<'a, T: ?Sized + 'static> Decodable for Cow<'a, T>
[INFO] [stdout]      |                    +++++++++
[INFO] [stdout] 
[INFO] [stdout] 
[INFO] [stderr]     Checking time v0.1.35
[INFO] [stderr]    Compiling openssl-sys-extras v0.7.14
[INFO] [stderr]    Compiling openssl v0.7.14
[INFO] [stderr]     Checking idna v0.1.0
[INFO] [stderr] The following warnings were emitted during compilation:
[INFO] [stderr] 
[INFO] [stderr] warning: openssl-sys-extras@0.7.14: src/openssl_shim.c: In function 'HMAC_Init_ex_shim':
[INFO] [stderr] warning: openssl-sys-extras@0.7.14: src/openssl_shim.c:42:5: warning: 'HMAC_Init_ex' is deprecated: Since OpenSSL 3.0 [-Wdeprecated-declarations]
[INFO] [stderr] warning: openssl-sys-extras@0.7.14:    42 |     return HMAC_Init_ex(ctx, key, key_len, md, impl);
[INFO] [stderr] warning: openssl-sys-extras@0.7.14:       |     ^~~~~~
[INFO] [stderr] warning: openssl-sys-extras@0.7.14: In file included from src/openssl_shim.c:1:
[INFO] [stderr] warning: openssl-sys-extras@0.7.14: /usr/include/openssl/hmac.h:43:27: note: declared here
[INFO] [stderr] warning: openssl-sys-extras@0.7.14:    43 | OSSL_DEPRECATEDIN_3_0 int HMAC_Init_ex(HMAC_CTX *ctx, const void *key, int len,
[INFO] [stderr] warning: openssl-sys-extras@0.7.14:       |                           ^~~~~~~~~~~~
[INFO] [stderr] warning: openssl-sys-extras@0.7.14: src/openssl_shim.c: In function 'HMAC_Update_shim':
[INFO] [stderr] warning: openssl-sys-extras@0.7.14: src/openssl_shim.c:46:5: warning: 'HMAC_Update' is deprecated: Since OpenSSL 3.0 [-Wdeprecated-declarations]
[INFO] [stderr] warning: openssl-sys-extras@0.7.14:    46 |     return HMAC_Update(ctx, data, len);
[INFO] [stderr] warning: openssl-sys-extras@0.7.14:       |     ^~~~~~
[INFO] [stderr] warning: openssl-sys-extras@0.7.14: In file included from src/openssl_shim.c:1:
[INFO] [stderr] warning: openssl-sys-extras@0.7.14: /usr/include/openssl/hmac.h:45:27: note: declared here
[INFO] [stderr] warning: openssl-sys-extras@0.7.14:    45 | OSSL_DEPRECATEDIN_3_0 int HMAC_Update(HMAC_CTX *ctx, const unsigned char *data,
[INFO] [stderr] warning: openssl-sys-extras@0.7.14:       |                           ^~~~~~~~~~~
[INFO] [stderr] warning: openssl-sys-extras@0.7.14: src/openssl_shim.c: In function 'HMAC_Final_shim':
[INFO] [stderr] warning: openssl-sys-extras@0.7.14: src/openssl_shim.c:50:5: warning: 'HMAC_Final' is deprecated: Since OpenSSL 3.0 [-Wdeprecated-declarations]
[INFO] [stderr] warning: openssl-sys-extras@0.7.14:    50 |     return HMAC_Final(ctx, md, len);
[INFO] [stderr] warning: openssl-sys-extras@0.7.14:       |     ^~~~~~
[INFO] [stderr] warning: openssl-sys-extras@0.7.14: In file included from src/openssl_shim.c:1:
[INFO] [stderr] warning: openssl-sys-extras@0.7.14: /usr/include/openssl/hmac.h:47:27: note: declared here
[INFO] [stderr] warning: openssl-sys-extras@0.7.14:    47 | OSSL_DEPRECATEDIN_3_0 int HMAC_Final(HMAC_CTX *ctx, unsigned char *md,
[INFO] [stderr] warning: openssl-sys-extras@0.7.14:       |                           ^~~~~~~~~~
[INFO] [stderr] warning: openssl-sys-extras@0.7.14: src/openssl_shim.c: In function 'DH_new_from_params':
[INFO] [stderr] warning: openssl-sys-extras@0.7.14: src/openssl_shim.c:129:5: warning: 'DH_new' is deprecated: Since OpenSSL 3.0 [-Wdeprecated-declarations]
[INFO] [stderr] warning: openssl-sys-extras@0.7.14:   129 |     if ((dh = DH_new()) == NULL) {
[INFO] [stderr] warning: openssl-sys-extras@0.7.14:       |     ^~
[INFO] [stderr] warning: openssl-sys-extras@0.7.14: In file included from /usr/include/openssl/dsa.h:51,
[INFO] [stderr] warning: openssl-sys-extras@0.7.14:                  from /usr/include/openssl/x509.h:37,
[INFO] [stderr] warning: openssl-sys-extras@0.7.14:                  from /usr/include/openssl/ssl.h:31,
[INFO] [stderr] warning: openssl-sys-extras@0.7.14:                  from src/openssl_shim.c:2:
[INFO] [stderr] warning: openssl-sys-extras@0.7.14: /usr/include/openssl/dh.h:203:27: note: declared here
[INFO] [stderr] warning: openssl-sys-extras@0.7.14:   203 | OSSL_DEPRECATEDIN_3_0 DH *DH_new(void);
[INFO] [stderr] warning: openssl-sys-extras@0.7.14:       |                           ^~~~~~
[INFO] [stderr] warning: openssl-sys-extras@0.7.14: src/openssl_shim.c:132:7: error: invalid use of incomplete typedef 'DH' {aka 'struct dh_st'}
[INFO] [stderr] warning: openssl-sys-extras@0.7.14:   132 |     dh->p = p;
[INFO] [stderr] warning: openssl-sys-extras@0.7.14:       |       ^~
[INFO] [stderr] warning: openssl-sys-extras@0.7.14: src/openssl_shim.c:133:7: error: invalid use of incomplete typedef 'DH' {aka 'struct dh_st'}
[INFO] [stderr] warning: openssl-sys-extras@0.7.14:   133 |     dh->g = g;
[INFO] [stderr] warning: openssl-sys-extras@0.7.14:       |       ^~
[INFO] [stderr] warning: openssl-sys-extras@0.7.14: src/openssl_shim.c:134:7: error: invalid use of incomplete typedef 'DH' {aka 'struct dh_st'}
[INFO] [stderr] warning: openssl-sys-extras@0.7.14:   134 |     dh->q = q;
[INFO] [stderr] warning: openssl-sys-extras@0.7.14:       |       ^~
[INFO] [stderr] warning: openssl-sys-extras@0.7.14: src/openssl_shim.c: In function 'X509_get_extensions_shim':
[INFO] [stderr] warning: openssl-sys-extras@0.7.14: src/openssl_shim.c:143:13: error: invalid use of incomplete typedef 'X509' {aka 'struct x509_st'}
[INFO] [stderr] warning: openssl-sys-extras@0.7.14:   143 |     return x->cert_info ? x->cert_info->extensions : NULL;
[INFO] [stderr] warning: openssl-sys-extras@0.7.14:       |             ^~
[INFO] [stderr] warning: openssl-sys-extras@0.7.14: src/openssl_shim.c:143:28: error: invalid use of incomplete typedef 'X509' {aka 'struct x509_st'}
[INFO] [stderr] warning: openssl-sys-extras@0.7.14:   143 |     return x->cert_info ? x->cert_info->extensions : NULL;
[INFO] [stderr] warning: openssl-sys-extras@0.7.14:       |                            ^~
[INFO] [stderr] 
[INFO] [stderr] error: failed to run custom build command for `openssl-sys-extras v0.7.14`
[INFO] [stderr] note: To improve backtraces for build dependencies, set the CARGO_PROFILE_DEV_BUILD_OVERRIDE_DEBUG=true environment variable to enable debug information generation.
[INFO] [stderr] 
[INFO] [stderr] Caused by:
[INFO] [stderr]   process didn't exit successfully: `/opt/rustwide/target/debug/build/openssl-sys-extras-7a8ae9221d985886/build-script-build` (exit status: 101)
[INFO] [stderr]   --- stdout
[INFO] [stderr]   TARGET = Some("x86_64-unknown-linux-gnu")
[INFO] [stderr]   OPT_LEVEL = Some("0")
[INFO] [stderr]   PROFILE = Some("debug")
[INFO] [stderr]   TARGET = Some("x86_64-unknown-linux-gnu")
[INFO] [stderr]   debug=true opt-level=0
[INFO] [stderr]   HOST = Some("x86_64-unknown-linux-gnu")
[INFO] [stderr]   TARGET = Some("x86_64-unknown-linux-gnu")
[INFO] [stderr]   TARGET = Some("x86_64-unknown-linux-gnu")
[INFO] [stderr]   HOST = Some("x86_64-unknown-linux-gnu")
[INFO] [stderr]   CC_x86_64-unknown-linux-gnu = None
[INFO] [stderr]   CC_x86_64_unknown_linux_gnu = None
[INFO] [stderr]   HOST_CC = None
[INFO] [stderr]   CC = None
[INFO] [stderr]   HOST = Some("x86_64-unknown-linux-gnu")
[INFO] [stderr]   TARGET = Some("x86_64-unknown-linux-gnu")
[INFO] [stderr]   HOST = Some("x86_64-unknown-linux-gnu")
[INFO] [stderr]   CFLAGS_x86_64-unknown-linux-gnu = None
[INFO] [stderr]   CFLAGS_x86_64_unknown_linux_gnu = None
[INFO] [stderr]   HOST_CFLAGS = None
[INFO] [stderr]   CFLAGS = None
[INFO] [stderr]   running: "cc" "-O0" "-ffunction-sections" "-fdata-sections" "-g" "-m64" "-fPIC" "-o" "/opt/rustwide/target/debug/build/openssl-sys-extras-c8a38cf8bf0c417d/out/src/openssl_shim.o" "-c" "src/openssl_shim.c"
[INFO] [stderr]   cargo:warning=src/openssl_shim.c: In function 'HMAC_Init_ex_shim':
[INFO] [stderr]   cargo:warning=src/openssl_shim.c:42:5: warning: 'HMAC_Init_ex' is deprecated: Since OpenSSL 3.0 [-Wdeprecated-declarations]
[INFO] [stderr]   cargo:warning=   42 |     return HMAC_Init_ex(ctx, key, key_len, md, impl);
[INFO] [stderr]   cargo:warning=      |     ^~~~~~
[INFO] [stderr]   cargo:warning=In file included from src/openssl_shim.c:1:
[INFO] [stderr]   cargo:warning=/usr/include/openssl/hmac.h:43:27: note: declared here
[INFO] [stderr]   cargo:warning=   43 | OSSL_DEPRECATEDIN_3_0 int HMAC_Init_ex(HMAC_CTX *ctx, const void *key, int len,
[INFO] [stderr]   cargo:warning=      |                           ^~~~~~~~~~~~
[INFO] [stderr]   cargo:warning=src/openssl_shim.c: In function 'HMAC_Update_shim':
[INFO] [stderr]   cargo:warning=src/openssl_shim.c:46:5: warning: 'HMAC_Update' is deprecated: Since OpenSSL 3.0 [-Wdeprecated-declarations]
[INFO] [stderr]   cargo:warning=   46 |     return HMAC_Update(ctx, data, len);
[INFO] [stderr]   cargo:warning=      |     ^~~~~~
[INFO] [stderr]   cargo:warning=In file included from src/openssl_shim.c:1:
[INFO] [stderr]   cargo:warning=/usr/include/openssl/hmac.h:45:27: note: declared here
[INFO] [stderr]   cargo:warning=   45 | OSSL_DEPRECATEDIN_3_0 int HMAC_Update(HMAC_CTX *ctx, const unsigned char *data,
[INFO] [stderr]   cargo:warning=      |                           ^~~~~~~~~~~
[INFO] [stderr]   cargo:warning=src/openssl_shim.c: In function 'HMAC_Final_shim':
[INFO] [stderr]   cargo:warning=src/openssl_shim.c:50:5: warning: 'HMAC_Final' is deprecated: Since OpenSSL 3.0 [-Wdeprecated-declarations]
[INFO] [stderr]   cargo:warning=   50 |     return HMAC_Final(ctx, md, len);
[INFO] [stderr]   cargo:warning=      |     ^~~~~~
[INFO] [stderr]   cargo:warning=In file included from src/openssl_shim.c:1:
[INFO] [stderr]   cargo:warning=/usr/include/openssl/hmac.h:47:27: note: declared here
[INFO] [stderr]   cargo:warning=   47 | OSSL_DEPRECATEDIN_3_0 int HMAC_Final(HMAC_CTX *ctx, unsigned char *md,
[INFO] [stderr]   cargo:warning=      |                           ^~~~~~~~~~
[INFO] [stderr]   cargo:warning=src/openssl_shim.c: In function 'DH_new_from_params':
[INFO] [stderr]   cargo:warning=src/openssl_shim.c:129:5: warning: 'DH_new' is deprecated: Since OpenSSL 3.0 [-Wdeprecated-declarations]
[INFO] [stderr]   cargo:warning=  129 |     if ((dh = DH_new()) == NULL) {
[INFO] [stderr]   cargo:warning=      |     ^~
[INFO] [stderr]   cargo:warning=In file included from /usr/include/openssl/dsa.h:51,
[INFO] [stderr]   cargo:warning=                 from /usr/include/openssl/x509.h:37,
[INFO] [stderr]   cargo:warning=                 from /usr/include/openssl/ssl.h:31,
[INFO] [stderr]   cargo:warning=                 from src/openssl_shim.c:2:
[INFO] [stderr]   cargo:warning=/usr/include/openssl/dh.h:203:27: note: declared here
[INFO] [stderr]   cargo:warning=  203 | OSSL_DEPRECATEDIN_3_0 DH *DH_new(void);
[INFO] [stderr]   cargo:warning=      |                           ^~~~~~
[INFO] [stderr]   cargo:warning=src/openssl_shim.c:132:7: error: invalid use of incomplete typedef 'DH' {aka 'struct dh_st'}
[INFO] [stderr]   cargo:warning=  132 |     dh->p = p;
[INFO] [stderr]   cargo:warning=      |       ^~
[INFO] [stderr]   cargo:warning=src/openssl_shim.c:133:7: error: invalid use of incomplete typedef 'DH' {aka 'struct dh_st'}
[INFO] [stderr]   cargo:warning=  133 |     dh->g = g;
[INFO] [stderr]   cargo:warning=      |       ^~
[INFO] [stderr]   cargo:warning=src/openssl_shim.c:134:7: error: invalid use of incomplete typedef 'DH' {aka 'struct dh_st'}
[INFO] [stderr]   cargo:warning=  134 |     dh->q = q;
[INFO] [stderr]   cargo:warning=      |       ^~
[INFO] [stderr]   cargo:warning=src/openssl_shim.c: In function 'X509_get_extensions_shim':
[INFO] [stderr]   cargo:warning=src/openssl_shim.c:143:13: error: invalid use of incomplete typedef 'X509' {aka 'struct x509_st'}
[INFO] [stderr]   cargo:warning=  143 |     return x->cert_info ? x->cert_info->extensions : NULL;
[INFO] [stderr]   cargo:warning=      |             ^~
[INFO] [stderr]   cargo:warning=src/openssl_shim.c:143:28: error: invalid use of incomplete typedef 'X509' {aka 'struct x509_st'}
[INFO] [stderr]   cargo:warning=  143 |     return x->cert_info ? x->cert_info->extensions : NULL;
[INFO] [stderr]   cargo:warning=      |                            ^~
[INFO] [stderr]   ExitStatus(unix_wait_status(256))
[INFO] [stderr] 
[INFO] [stderr] 
[INFO] [stderr]   command did not execute successfully, got: exit status: 1
[INFO] [stderr] 
[INFO] [stderr] 
[INFO] [stderr] 
[INFO] [stderr]   --- stderr
[INFO] [stderr]   thread 'main' panicked at /opt/rustwide/cargo-home/registry/src/index.crates.io-6f17d22bba15001f/gcc-0.3.38/src/lib.rs:958:5:
[INFO] [stderr]   explicit panic
[INFO] [stderr]   stack backtrace:
[INFO] [stderr]      0:     0x558a336dda36 - std::backtrace_rs::backtrace::libunwind::trace::h261606ad26a499c1
[INFO] [stderr]                                  at /rustc/0e09125c6c3c2fd70d7de961bcf0e51575235fad/library/std/src/../../backtrace/src/backtrace/libunwind.rs:104:5
[INFO] [stderr]      1:     0x558a336dda36 - std::backtrace_rs::backtrace::trace_unsynchronized::hd183f0625477fb28
[INFO] [stderr]                                  at /rustc/0e09125c6c3c2fd70d7de961bcf0e51575235fad/library/std/src/../../backtrace/src/backtrace/mod.rs:66:5
[INFO] [stderr]      2:     0x558a336dda36 - std::sys_common::backtrace::_print_fmt::hd7f8fef21b4eda67
[INFO] [stderr]                                  at /rustc/0e09125c6c3c2fd70d7de961bcf0e51575235fad/library/std/src/sys_common/backtrace.rs:68:5
[INFO] [stderr]      3:     0x558a336dda36 - <std::sys_common::backtrace::_print::DisplayBacktrace as core::fmt::Display>::fmt::h623d9b51f2f453f1
[INFO] [stderr]                                  at /rustc/0e09125c6c3c2fd70d7de961bcf0e51575235fad/library/std/src/sys_common/backtrace.rs:44:22
[INFO] [stderr]      4:     0x558a33702180 - core::fmt::rt::Argument::fmt::h9f417ac76a86f368
[INFO] [stderr]                                  at /rustc/0e09125c6c3c2fd70d7de961bcf0e51575235fad/library/core/src/fmt/rt.rs:142:9
[INFO] [stderr]      5:     0x558a33702180 - core::fmt::write::hc9b6faf4ac2aeff7
[INFO] [stderr]                                  at /rustc/0e09125c6c3c2fd70d7de961bcf0e51575235fad/library/core/src/fmt/mod.rs:1120:17
[INFO] [stderr]      6:     0x558a336db0ef - std::io::Write::write_fmt::hfead1eee52c2e65e
[INFO] [stderr]                                  at /rustc/0e09125c6c3c2fd70d7de961bcf0e51575235fad/library/std/src/io/mod.rs:1810:15
[INFO] [stderr]      7:     0x558a336dd814 - std::sys_common::backtrace::_print::hd5d66399c7df88a2
[INFO] [stderr]                                  at /rustc/0e09125c6c3c2fd70d7de961bcf0e51575235fad/library/std/src/sys_common/backtrace.rs:47:5
[INFO] [stderr]      8:     0x558a336dd814 - std::sys_common::backtrace::print::he81ed2da642d37e5
[INFO] [stderr]                                  at /rustc/0e09125c6c3c2fd70d7de961bcf0e51575235fad/library/std/src/sys_common/backtrace.rs:34:9
[INFO] [stderr]      9:     0x558a336def87 - std::panicking::default_hook::{{closure}}::h85773f4fa117163d
[INFO] [stderr]     10:     0x558a336dece9 - std::panicking::default_hook::h6a1694a91d09b278
[INFO] [stderr]                                  at /rustc/0e09125c6c3c2fd70d7de961bcf0e51575235fad/library/std/src/panicking.rs:292:9
[INFO] [stderr]     11:     0x558a336df418 - std::panicking::rust_panic_with_hook::h0a7ad96e90f7145b
[INFO] [stderr]                                  at /rustc/0e09125c6c3c2fd70d7de961bcf0e51575235fad/library/std/src/panicking.rs:779:13
[INFO] [stderr]     12:     0x558a3369d9ee - std::panicking::begin_panic::{{closure}}::h538745d619e3f12f
[INFO] [stderr]     13:     0x558a336b501a - std::sys_common::backtrace::__rust_end_short_backtrace::h3587171348fa9ca2
[INFO] [stderr]     14:     0x558a3369d96b - std::panicking::begin_panic::he6ad934a323ac366
[INFO] [stderr]     15:     0x558a336af776 - gcc::fail::hf78a9c63630378c3
[INFO] [stderr]     16:     0x558a336af2ef - gcc::run::h767db57e12abf62f
[INFO] [stderr]     17:     0x558a336a7137 - gcc::Config::compile_object::ha03589bccb088548
[INFO] [stderr]     18:     0x558a336a6a06 - gcc::Config::compile_objects::hf21b57c01e7786a6
[INFO] [stderr]     19:     0x558a336a5d2c - gcc::Config::compile::h5d908a9bb6e4f2f4
[INFO] [stderr]     20:     0x558a3369b25b - build_script_build::main::he5089f5632ec2fe1
[INFO] [stderr]     21:     0x558a3369a763 - core::ops::function::FnOnce::call_once::h2452254e134b9423
[INFO] [stderr]     22:     0x558a3369a016 - std::sys_common::backtrace::__rust_begin_short_backtrace::h04ccfc6b950950ee
[INFO] [stderr]     23:     0x558a3369a449 - std::rt::lang_start::{{closure}}::h258f78ca808f7076
[INFO] [stderr]     24:     0x558a336d72a1 - core::ops::function::impls::<impl core::ops::function::FnOnce<A> for &F>::call_once::h4eb4c5e1620f29b0
[INFO] [stderr]                                  at /rustc/0e09125c6c3c2fd70d7de961bcf0e51575235fad/library/core/src/ops/function.rs:284:13
[INFO] [stderr]     25:     0x558a336d72a1 - std::panicking::try::do_call::h73fd26535faffcdf
[INFO] [stderr]                                  at /rustc/0e09125c6c3c2fd70d7de961bcf0e51575235fad/library/std/src/panicking.rs:552:40
[INFO] [stderr]     26:     0x558a336d72a1 - std::panicking::try::h77ff1d98f0fb9f39
[INFO] [stderr]                                  at /rustc/0e09125c6c3c2fd70d7de961bcf0e51575235fad/library/std/src/panicking.rs:516:19
[INFO] [stderr]     27:     0x558a336d72a1 - std::panic::catch_unwind::hab3caf2448b95e37
[INFO] [stderr]                                  at /rustc/0e09125c6c3c2fd70d7de961bcf0e51575235fad/library/std/src/panic.rs:142:14
[INFO] [stderr]     28:     0x558a336d72a1 - std::rt::lang_start_internal::{{closure}}::h8086711f9c783f78
[INFO] [stderr]                                  at /rustc/0e09125c6c3c2fd70d7de961bcf0e51575235fad/library/std/src/rt.rs:148:48
[INFO] [stderr]     29:     0x558a336d72a1 - std::panicking::try::do_call::hf920d4dc291cd6ca
[INFO] [stderr]                                  at /rustc/0e09125c6c3c2fd70d7de961bcf0e51575235fad/library/std/src/panicking.rs:552:40
[INFO] [stderr]     30:     0x558a336d72a1 - std::panicking::try::h2b806ccc0a85db74
[INFO] [stderr]                                  at /rustc/0e09125c6c3c2fd70d7de961bcf0e51575235fad/library/std/src/panicking.rs:516:19
[INFO] [stderr]     31:     0x558a336d72a1 - std::panic::catch_unwind::h038489539c507df2
[INFO] [stderr]                                  at /rustc/0e09125c6c3c2fd70d7de961bcf0e51575235fad/library/std/src/panic.rs:142:14
[INFO] [stderr]     32:     0x558a336d72a1 - std::rt::lang_start_internal::h28503b88912e8a5c
[INFO] [stderr]                                  at /rustc/0e09125c6c3c2fd70d7de961bcf0e51575235fad/library/std/src/rt.rs:148:20
[INFO] [stderr]     33:     0x558a3369a427 - std::rt::lang_start::h996b217a8a0834de
[INFO] [stderr]     34:     0x558a3369c805 - main
[INFO] [stderr]     35:     0x7ffafab59d90 - <unknown>
[INFO] [stderr]     36:     0x7ffafab59e40 - __libc_start_main
[INFO] [stderr]     37:     0x558a33699d75 - _start
[INFO] [stderr]     38:                0x0 - <unknown>
[INFO] [stderr] warning: build failed, waiting for other jobs to finish...
[INFO] [stderr] The following warnings were emitted during compilation:
[INFO] [stderr] 
[INFO] [stderr] warning: openssl@0.7.14: src/c_helpers.c: In function 'rust_SSL_clone':
[INFO] [stderr] warning: openssl@0.7.14: src/c_helpers.c:4:5: warning: implicit declaration of function 'CRYPTO_add' [-Wimplicit-function-declaration]
[INFO] [stderr] warning: openssl@0.7.14:     4 |     CRYPTO_add(&ssl->references, 1, CRYPTO_LOCK_SSL);
[INFO] [stderr] warning: openssl@0.7.14:       |     ^~~~~~~~~~
[INFO] [stderr] warning: openssl@0.7.14: src/c_helpers.c:4:20: error: invalid use of incomplete typedef 'SSL' {aka 'struct ssl_st'}
[INFO] [stderr] warning: openssl@0.7.14:     4 |     CRYPTO_add(&ssl->references, 1, CRYPTO_LOCK_SSL);
[INFO] [stderr] warning: openssl@0.7.14:       |                    ^~
[INFO] [stderr] warning: openssl@0.7.14: src/c_helpers.c:4:37: error: 'CRYPTO_LOCK_SSL' undeclared (first use in this function); did you mean 'CRYPTO_LOCK'?
[INFO] [stderr] warning: openssl@0.7.14:     4 |     CRYPTO_add(&ssl->references, 1, CRYPTO_LOCK_SSL);
[INFO] [stderr] warning: openssl@0.7.14:       |                                     ^~~~~~~~~~~~~~~
[INFO] [stderr] warning: openssl@0.7.14:       |                                     CRYPTO_LOCK
[INFO] [stderr] warning: openssl@0.7.14: src/c_helpers.c:4:37: note: each undeclared identifier is reported only once for each function it appears in
[INFO] [stderr] warning: openssl@0.7.14: src/c_helpers.c: In function 'rust_SSL_CTX_clone':
[INFO] [stderr] warning: openssl@0.7.14: src/c_helpers.c:8:20: error: invalid use of incomplete typedef 'SSL_CTX' {aka 'struct ssl_ctx_st'}
[INFO] [stderr] warning: openssl@0.7.14:     8 |     CRYPTO_add(&ctx->references,1,CRYPTO_LOCK_SSL_CTX);
[INFO] [stderr] warning: openssl@0.7.14:       |                    ^~
[INFO] [stderr] warning: openssl@0.7.14: src/c_helpers.c:8:35: error: 'CRYPTO_LOCK_SSL_CTX' undeclared (first use in this function); did you mean 'CRYPTO_EX_INDEX_SSL_CTX'?
[INFO] [stderr] warning: openssl@0.7.14:     8 |     CRYPTO_add(&ctx->references,1,CRYPTO_LOCK_SSL_CTX);
[INFO] [stderr] warning: openssl@0.7.14:       |                                   ^~~~~~~~~~~~~~~~~~~
[INFO] [stderr] warning: openssl@0.7.14:       |                                   CRYPTO_EX_INDEX_SSL_CTX
[INFO] [stderr] warning: openssl@0.7.14: src/c_helpers.c: In function 'rust_X509_clone':
[INFO] [stderr] warning: openssl@0.7.14: src/c_helpers.c:12:21: error: invalid use of incomplete typedef 'X509' {aka 'struct x509_st'}
[INFO] [stderr] warning: openssl@0.7.14:    12 |     CRYPTO_add(&x509->references,1,CRYPTO_LOCK_X509);
[INFO] [stderr] warning: openssl@0.7.14:       |                     ^~
[INFO] [stderr] warning: openssl@0.7.14: src/c_helpers.c:12:36: error: 'CRYPTO_LOCK_X509' undeclared (first use in this function); did you mean 'CRYPTO_LOCK'?
[INFO] [stderr] warning: openssl@0.7.14:    12 |     CRYPTO_add(&x509->references,1,CRYPTO_LOCK_X509);
[INFO] [stderr] warning: openssl@0.7.14:       |                                    ^~~~~~~~~~~~~~~~
[INFO] [stderr] warning: openssl@0.7.14:       |                                    CRYPTO_LOCK
[INFO] [stderr] 
[INFO] [stderr] error: failed to run custom build command for `openssl v0.7.14`
[INFO] [stderr] note: To improve backtraces for build dependencies, set the CARGO_PROFILE_DEV_BUILD_OVERRIDE_DEBUG=true environment variable to enable debug information generation.
[INFO] [stderr] 
[INFO] [stderr] Caused by:
[INFO] [stderr]   process didn't exit successfully: `/opt/rustwide/target/debug/build/openssl-9919a66b6c8b2562/build-script-build` (exit status: 101)
[INFO] [stderr]   --- stdout
[INFO] [stderr]   TARGET = Some("x86_64-unknown-linux-gnu")
[INFO] [stderr]   OPT_LEVEL = Some("0")
[INFO] [stderr]   PROFILE = Some("debug")
[INFO] [stderr]   TARGET = Some("x86_64-unknown-linux-gnu")
[INFO] [stderr]   debug=true opt-level=0
[INFO] [stderr]   HOST = Some("x86_64-unknown-linux-gnu")
[INFO] [stderr]   TARGET = Some("x86_64-unknown-linux-gnu")
[INFO] [stderr]   TARGET = Some("x86_64-unknown-linux-gnu")
[INFO] [stderr]   HOST = Some("x86_64-unknown-linux-gnu")
[INFO] [stderr]   CC_x86_64-unknown-linux-gnu = None
[INFO] [stderr]   CC_x86_64_unknown_linux_gnu = None
[INFO] [stderr]   HOST_CC = None
[INFO] [stderr]   CC = None
[INFO] [stderr]   HOST = Some("x86_64-unknown-linux-gnu")
[INFO] [stderr]   TARGET = Some("x86_64-unknown-linux-gnu")
[INFO] [stderr]   HOST = Some("x86_64-unknown-linux-gnu")
[INFO] [stderr]   CFLAGS_x86_64-unknown-linux-gnu = None
[INFO] [stderr]   CFLAGS_x86_64_unknown_linux_gnu = None
[INFO] [stderr]   HOST_CFLAGS = None
[INFO] [stderr]   CFLAGS = None
[INFO] [stderr]   running: "cc" "-O0" "-ffunction-sections" "-fdata-sections" "-g" "-m64" "-fPIC" "-o" "/opt/rustwide/target/debug/build/openssl-6d681247ee1894b0/out/src/c_helpers.o" "-c" "src/c_helpers.c"
[INFO] [stderr]   cargo:warning=src/c_helpers.c: In function 'rust_SSL_clone':
[INFO] [stderr]   cargo:warning=src/c_helpers.c:4:5: warning: implicit declaration of function 'CRYPTO_add' [-Wimplicit-function-declaration]
[INFO] [stderr]   cargo:warning=    4 |     CRYPTO_add(&ssl->references, 1, CRYPTO_LOCK_SSL);
[INFO] [stderr]   cargo:warning=      |     ^~~~~~~~~~
[INFO] [stderr]   cargo:warning=src/c_helpers.c:4:20: error: invalid use of incomplete typedef 'SSL' {aka 'struct ssl_st'}
[INFO] [stderr]   cargo:warning=    4 |     CRYPTO_add(&ssl->references, 1, CRYPTO_LOCK_SSL);
[INFO] [stderr]   cargo:warning=      |                    ^~
[INFO] [stderr]   cargo:warning=src/c_helpers.c:4:37: error: 'CRYPTO_LOCK_SSL' undeclared (first use in this function); did you mean 'CRYPTO_LOCK'?
[INFO] [stderr]   cargo:warning=    4 |     CRYPTO_add(&ssl->references, 1, CRYPTO_LOCK_SSL);
[INFO] [stderr]   cargo:warning=      |                                     ^~~~~~~~~~~~~~~
[INFO] [stderr]   cargo:warning=      |                                     CRYPTO_LOCK
[INFO] [stderr]   cargo:warning=src/c_helpers.c:4:37: note: each undeclared identifier is reported only once for each function it appears in
[INFO] [stderr]   cargo:warning=src/c_helpers.c: In function 'rust_SSL_CTX_clone':
[INFO] [stderr]   cargo:warning=src/c_helpers.c:8:20: error: invalid use of incomplete typedef 'SSL_CTX' {aka 'struct ssl_ctx_st'}
[INFO] [stderr]   cargo:warning=    8 |     CRYPTO_add(&ctx->references,1,CRYPTO_LOCK_SSL_CTX);
[INFO] [stderr]   cargo:warning=      |                    ^~
[INFO] [stderr]   cargo:warning=src/c_helpers.c:8:35: error: 'CRYPTO_LOCK_SSL_CTX' undeclared (first use in this function); did you mean 'CRYPTO_EX_INDEX_SSL_CTX'?
[INFO] [stderr]   cargo:warning=    8 |     CRYPTO_add(&ctx->references,1,CRYPTO_LOCK_SSL_CTX);
[INFO] [stderr]   cargo:warning=      |                                   ^~~~~~~~~~~~~~~~~~~
[INFO] [stderr]   cargo:warning=      |                                   CRYPTO_EX_INDEX_SSL_CTX
[INFO] [stderr]   cargo:warning=src/c_helpers.c: In function 'rust_X509_clone':
[INFO] [stderr]   cargo:warning=src/c_helpers.c:12:21: error: invalid use of incomplete typedef 'X509' {aka 'struct x509_st'}
[INFO] [stderr]   cargo:warning=   12 |     CRYPTO_add(&x509->references,1,CRYPTO_LOCK_X509);
[INFO] [stderr]   cargo:warning=      |                     ^~
[INFO] [stderr]   cargo:warning=src/c_helpers.c:12:36: error: 'CRYPTO_LOCK_X509' undeclared (first use in this function); did you mean 'CRYPTO_LOCK'?
[INFO] [stderr]   cargo:warning=   12 |     CRYPTO_add(&x509->references,1,CRYPTO_LOCK_X509);
[INFO] [stderr]   cargo:warning=      |                                    ^~~~~~~~~~~~~~~~
[INFO] [stderr]   cargo:warning=      |                                    CRYPTO_LOCK
[INFO] [stderr]   ExitStatus(unix_wait_status(256))
[INFO] [stderr] 
[INFO] [stderr] 
[INFO] [stderr]   command did not execute successfully, got: exit status: 1
[INFO] [stderr] 
[INFO] [stderr] 
[INFO] [stderr] 
[INFO] [stderr]   --- stderr
[INFO] [stderr]   thread 'main' panicked at /opt/rustwide/cargo-home/registry/src/index.crates.io-6f17d22bba15001f/gcc-0.3.38/src/lib.rs:958:5:
[INFO] [stderr]   explicit panic
[INFO] [stderr]   stack backtrace:
[INFO] [stderr]      0:     0x5562046474e6 - std::backtrace_rs::backtrace::libunwind::trace::h261606ad26a499c1
[INFO] [stderr]                                  at /rustc/0e09125c6c3c2fd70d7de961bcf0e51575235fad/library/std/src/../../backtrace/src/backtrace/libunwind.rs:104:5
[INFO] [stderr]      1:     0x5562046474e6 - std::backtrace_rs::backtrace::trace_unsynchronized::hd183f0625477fb28
[INFO] [stderr]                                  at /rustc/0e09125c6c3c2fd70d7de961bcf0e51575235fad/library/std/src/../../backtrace/src/backtrace/mod.rs:66:5
[INFO] [stderr]      2:     0x5562046474e6 - std::sys_common::backtrace::_print_fmt::hd7f8fef21b4eda67
[INFO] [stderr]                                  at /rustc/0e09125c6c3c2fd70d7de961bcf0e51575235fad/library/std/src/sys_common/backtrace.rs:68:5
[INFO] [stderr]      3:     0x5562046474e6 - <std::sys_common::backtrace::_print::DisplayBacktrace as core::fmt::Display>::fmt::h623d9b51f2f453f1
[INFO] [stderr]                                  at /rustc/0e09125c6c3c2fd70d7de961bcf0e51575235fad/library/std/src/sys_common/backtrace.rs:44:22
[INFO] [stderr]      4:     0x55620466bc30 - core::fmt::rt::Argument::fmt::h9f417ac76a86f368
[INFO] [stderr]                                  at /rustc/0e09125c6c3c2fd70d7de961bcf0e51575235fad/library/core/src/fmt/rt.rs:142:9
[INFO] [stderr]      5:     0x55620466bc30 - core::fmt::write::hc9b6faf4ac2aeff7
[INFO] [stderr]                                  at /rustc/0e09125c6c3c2fd70d7de961bcf0e51575235fad/library/core/src/fmt/mod.rs:1120:17
[INFO] [stderr]      6:     0x556204644bbf - std::io::Write::write_fmt::hfead1eee52c2e65e
[INFO] [stderr]                                  at /rustc/0e09125c6c3c2fd70d7de961bcf0e51575235fad/library/std/src/io/mod.rs:1810:15
[INFO] [stderr]      7:     0x5562046472c4 - std::sys_common::backtrace::_print::hd5d66399c7df88a2
[INFO] [stderr]                                  at /rustc/0e09125c6c3c2fd70d7de961bcf0e51575235fad/library/std/src/sys_common/backtrace.rs:47:5
[INFO] [stderr]      8:     0x5562046472c4 - std::sys_common::backtrace::print::he81ed2da642d37e5
[INFO] [stderr]                                  at /rustc/0e09125c6c3c2fd70d7de961bcf0e51575235fad/library/std/src/sys_common/backtrace.rs:34:9
[INFO] [stderr]      9:     0x556204648a37 - std::panicking::default_hook::{{closure}}::h85773f4fa117163d
[INFO] [stderr]     10:     0x556204648799 - std::panicking::default_hook::h6a1694a91d09b278
[INFO] [stderr]                                  at /rustc/0e09125c6c3c2fd70d7de961bcf0e51575235fad/library/std/src/panicking.rs:292:9
[INFO] [stderr]     11:     0x556204648ec8 - std::panicking::rust_panic_with_hook::h0a7ad96e90f7145b
[INFO] [stderr]                                  at /rustc/0e09125c6c3c2fd70d7de961bcf0e51575235fad/library/std/src/panicking.rs:779:13
[INFO] [stderr]     12:     0x5562046075ee - std::panicking::begin_panic::{{closure}}::h538745d619e3f12f
[INFO] [stderr]     13:     0x55620461ec1a - std::sys_common::backtrace::__rust_end_short_backtrace::h3587171348fa9ca2
[INFO] [stderr]     14:     0x55620460756b - std::panicking::begin_panic::he6ad934a323ac366
[INFO] [stderr]     15:     0x556204619376 - gcc::fail::hf78a9c63630378c3
[INFO] [stderr]     16:     0x556204618eef - gcc::run::h767db57e12abf62f
[INFO] [stderr]     17:     0x556204610d37 - gcc::Config::compile_object::ha03589bccb088548
[INFO] [stderr]     18:     0x556204610606 - gcc::Config::compile_objects::hf21b57c01e7786a6
[INFO] [stderr]     19:     0x55620460f92c - gcc::Config::compile::h5d908a9bb6e4f2f4
[INFO] [stderr]     20:     0x5562046063ce - build_script_build::main::h278c284a11dce1ee
[INFO] [stderr]     21:     0x556204606033 - core::ops::function::FnOnce::call_once::h99515094e71da669
[INFO] [stderr]     22:     0x556204605ef6 - std::sys_common::backtrace::__rust_begin_short_backtrace::h6164068f852343f3
[INFO] [stderr]     23:     0x556204605f49 - std::rt::lang_start::{{closure}}::he1f3e5246d486ce4
[INFO] [stderr]     24:     0x556204640ea1 - core::ops::function::impls::<impl core::ops::function::FnOnce<A> for &F>::call_once::h4eb4c5e1620f29b0
[INFO] [stderr]                                  at /rustc/0e09125c6c3c2fd70d7de961bcf0e51575235fad/library/core/src/ops/function.rs:284:13
[INFO] [stderr]     25:     0x556204640ea1 - std::panicking::try::do_call::h73fd26535faffcdf
[INFO] [stderr]                                  at /rustc/0e09125c6c3c2fd70d7de961bcf0e51575235fad/library/std/src/panicking.rs:552:40
[INFO] [stderr]     26:     0x556204640ea1 - std::panicking::try::h77ff1d98f0fb9f39
[INFO] [stderr]                                  at /rustc/0e09125c6c3c2fd70d7de961bcf0e51575235fad/library/std/src/panicking.rs:516:19
[INFO] [stderr]     27:     0x556204640ea1 - std::panic::catch_unwind::hab3caf2448b95e37
[INFO] [stderr]                                  at /rustc/0e09125c6c3c2fd70d7de961bcf0e51575235fad/library/std/src/panic.rs:142:14
[INFO] [stderr]     28:     0x556204640ea1 - std::rt::lang_start_internal::{{closure}}::h8086711f9c783f78
[INFO] [stderr]                                  at /rustc/0e09125c6c3c2fd70d7de961bcf0e51575235fad/library/std/src/rt.rs:148:48
[INFO] [stderr]     29:     0x556204640ea1 - std::panicking::try::do_call::hf920d4dc291cd6ca
[INFO] [stderr]                                  at /rustc/0e09125c6c3c2fd70d7de961bcf0e51575235fad/library/std/src/panicking.rs:552:40
[INFO] [stderr]     30:     0x556204640ea1 - std::panicking::try::h2b806ccc0a85db74
[INFO] [stderr]                                  at /rustc/0e09125c6c3c2fd70d7de961bcf0e51575235fad/library/std/src/panicking.rs:516:19
[INFO] [stderr]     31:     0x556204640ea1 - std::panic::catch_unwind::h038489539c507df2
[INFO] [stderr]                                  at /rustc/0e09125c6c3c2fd70d7de961bcf0e51575235fad/library/std/src/panic.rs:142:14
[INFO] [stderr]     32:     0x556204640ea1 - std::rt::lang_start_internal::h28503b88912e8a5c
[INFO] [stderr]                                  at /rustc/0e09125c6c3c2fd70d7de961bcf0e51575235fad/library/std/src/rt.rs:148:20
[INFO] [stderr]     33:     0x556204605f27 - std::rt::lang_start::h35efaea4857c8bc9
[INFO] [stderr]     34:     0x556204606405 - main
[INFO] [stderr]     35:     0x7f21034c8d90 - <unknown>
[INFO] [stderr]     36:     0x7f21034c8e40 - __libc_start_main
[INFO] [stderr]     37:     0x556204605d75 - _start
[INFO] [stderr]     38:                0x0 - <unknown>
[INFO] [stdout] error: aborting due to 1 previous error
[INFO] [stdout] 
[INFO] [stdout] 
[INFO] [stdout] For more information about this error, try `rustc --explain E0310`.
[INFO] [stdout] 
[INFO] [stderr] error: could not compile `rustc-serialize` (lib) due to 2 previous errors
[INFO] running `Command { std: "docker" "inspect" "bdbf95d2b9300a5e67e9208bef4b2afca34280d477699f4ec7a40e37a075bdc3", kill_on_drop: false }`
[INFO] running `Command { std: "docker" "rm" "-f" "bdbf95d2b9300a5e67e9208bef4b2afca34280d477699f4ec7a40e37a075bdc3", kill_on_drop: false }`
[INFO] [stdout] bdbf95d2b9300a5e67e9208bef4b2afca34280d477699f4ec7a40e37a075bdc3
