[INFO] cloning repository https://github.com/Txuritan/ao3fti
[INFO] running `Command { std: "git" "-c" "credential.helper=" "-c" "credential.helper=/workspace/cargo-home/bin/git-credential-null" "clone" "--bare" "https://github.com/Txuritan/ao3fti" "/workspace/cache/git-repos/https%3A%2F%2Fgithub.com%2FTxuritan%2Fao3fti", kill_on_drop: false }`
[INFO] [stderr] Cloning into bare repository '/workspace/cache/git-repos/https%3A%2F%2Fgithub.com%2FTxuritan%2Fao3fti'...
[INFO] running `Command { std: "git" "rev-parse" "HEAD", kill_on_drop: false }`
[INFO] [stdout] 19749ff33c233f45c1445edbd7455a21de26c318
[INFO] documenting Txuritan/ao3fti against 1.75.0 for beta-1.76-rustdoc-1
[INFO] running `Command { std: "git" "clone" "/workspace/cache/git-repos/https%3A%2F%2Fgithub.com%2FTxuritan%2Fao3fti" "/workspace/builds/worker-2-tc1/source", kill_on_drop: false }`
[INFO] [stderr] Cloning into '/workspace/builds/worker-2-tc1/source'...
[INFO] [stderr] done.
[INFO] validating manifest of git repo https://github.com/Txuritan/ao3fti on toolchain 1.75.0
[INFO] running `Command { std: CARGO_HOME="/workspace/cargo-home" RUSTUP_HOME="/workspace/rustup-home" "/workspace/cargo-home/bin/cargo" "+1.75.0" "metadata" "--manifest-path" "Cargo.toml" "--no-deps", kill_on_drop: false }`
[INFO] started tweaking git repo https://github.com/Txuritan/ao3fti
[INFO] finished tweaking git repo https://github.com/Txuritan/ao3fti
[INFO] tweaked toml for git repo https://github.com/Txuritan/ao3fti written to /workspace/builds/worker-2-tc1/source/Cargo.toml
[INFO] crate git repo https://github.com/Txuritan/ao3fti already has a lockfile, it will not be regenerated
[INFO] running `Command { std: CARGO_HOME="/workspace/cargo-home" RUSTUP_HOME="/workspace/rustup-home" "/workspace/cargo-home/bin/cargo" "+1.75.0" "fetch" "--manifest-path" "Cargo.toml", kill_on_drop: false }`
[INFO] [stderr] warning: virtual workspace defaulting to `resolver = "1"` despite one or more workspace members being on edition 2021 which implies `resolver = "2"`
[INFO] [stderr] note: to keep the current resolver, specify `workspace.resolver = "1"` in the workspace root's manifest
[INFO] [stderr] note: to use the edition 2021 resolver, specify `workspace.resolver = "2"` in the workspace root's manifest
[INFO] [stderr] note: for more details see https://doc.rust-lang.org/cargo/reference/resolver.html#resolver-versions
[INFO] [stderr]     Updating crates.io index
[INFO] [stderr]  Downloading crates ...
[INFO] [stderr]   Downloaded serde_plain v1.0.0
[INFO] [stderr]   Downloaded config-derive v0.7.0
[INFO] [stderr]   Downloaded tantivy-common v0.3.0
[INFO] [stderr]   Downloaded oneshot v0.1.3
[INFO] [stderr]   Downloaded tantivy-bitpacker v0.2.0
[INFO] [stderr]   Downloaded ownedbytes v0.3.0
[INFO] [stderr]   Downloaded twelf v0.7.0
[INFO] [stderr]   Downloaded tantivy-query-grammar v0.18.0
[INFO] [stderr]   Downloaded markup5ever_arcdom v0.1.2
[INFO] [stderr]   Downloaded fastfield_codecs v0.2.0
[INFO] [stderr]   Downloaded lz4_flex v0.9.3
[INFO] [stderr]   Downloaded tantivy v0.18.0
[INFO] [stderr]   Downloaded tracing-tree v0.2.1
[INFO] running `Command { std: "docker" "create" "-v" "/var/lib/crater-agent-workspace/builds/worker-2-tc1/target:/opt/rustwide/target:rw,Z" "-v" "/var/lib/crater-agent-workspace/builds/worker-2-tc1/source:/opt/rustwide/workdir:ro,Z" "-v" "/var/lib/crater-agent-workspace/cargo-home:/opt/rustwide/cargo-home:ro,Z" "-v" "/var/lib/crater-agent-workspace/rustup-home:/opt/rustwide/rustup-home:ro,Z" "-e" "SOURCE_DIR=/opt/rustwide/workdir" "-e" "CARGO_TARGET_DIR=/opt/rustwide/target" "-e" "CARGO_HOME=/opt/rustwide/cargo-home" "-e" "RUSTUP_HOME=/opt/rustwide/rustup-home" "-w" "/opt/rustwide/workdir" "-m" "1610612736" "--user" "0:0" "--network" "none" "ghcr.io/rust-lang/crates-build-env/linux@sha256:2788e3201cd34a07e3172128adcd8b3090168a8e3bcc40d7c032b9dda1df7d1c" "/opt/rustwide/cargo-home/bin/cargo" "+1.75.0" "metadata" "--no-deps" "--format-version=1", kill_on_drop: false }`
[INFO] [stdout] 67f68b06461635bdc1e0648992f2189c6e72badccfe3bae38e5f3f1e8a70e40b
[INFO] running `Command { std: "docker" "start" "-a" "67f68b06461635bdc1e0648992f2189c6e72badccfe3bae38e5f3f1e8a70e40b", kill_on_drop: false }`
[INFO] running `Command { std: "docker" "inspect" "67f68b06461635bdc1e0648992f2189c6e72badccfe3bae38e5f3f1e8a70e40b", kill_on_drop: false }`
[INFO] running `Command { std: "docker" "rm" "-f" "67f68b06461635bdc1e0648992f2189c6e72badccfe3bae38e5f3f1e8a70e40b", kill_on_drop: false }`
[INFO] [stdout] 67f68b06461635bdc1e0648992f2189c6e72badccfe3bae38e5f3f1e8a70e40b
[INFO] running `Command { std: "docker" "create" "-v" "/var/lib/crater-agent-workspace/builds/worker-2-tc1/target:/opt/rustwide/target:rw,Z" "-v" "/var/lib/crater-agent-workspace/builds/worker-2-tc1/source:/opt/rustwide/workdir:ro,Z" "-v" "/var/lib/crater-agent-workspace/cargo-home:/opt/rustwide/cargo-home:ro,Z" "-v" "/var/lib/crater-agent-workspace/rustup-home:/opt/rustwide/rustup-home:ro,Z" "-e" "SOURCE_DIR=/opt/rustwide/workdir" "-e" "CARGO_TARGET_DIR=/opt/rustwide/target" "-e" "CARGO_INCREMENTAL=0" "-e" "RUST_BACKTRACE=full" "-e" "RUSTFLAGS=--cap-lints=warn" "-e" "RUSTDOCFLAGS=--cap-lints=warn" "-e" "CARGO_HOME=/opt/rustwide/cargo-home" "-e" "RUSTUP_HOME=/opt/rustwide/rustup-home" "-w" "/opt/rustwide/workdir" "-m" "1610612736" "--user" "0:0" "--network" "none" "ghcr.io/rust-lang/crates-build-env/linux@sha256:2788e3201cd34a07e3172128adcd8b3090168a8e3bcc40d7c032b9dda1df7d1c" "/opt/rustwide/cargo-home/bin/cargo" "+1.75.0" "doc" "--frozen" "--no-deps" "--document-private-items" "--message-format=json", kill_on_drop: false }`
[INFO] [stdout] 2cb523ea407292cd33682ca9e6c17cb7d98ef139161540facadb322eb31d7144
[INFO] running `Command { std: "docker" "start" "-a" "2cb523ea407292cd33682ca9e6c17cb7d98ef139161540facadb322eb31d7144", kill_on_drop: false }`
[INFO] [stderr] warning: virtual workspace defaulting to `resolver = "1"` despite one or more workspace members being on edition 2021 which implies `resolver = "2"`
[INFO] [stderr] note: to keep the current resolver, specify `workspace.resolver = "1"` in the workspace root's manifest
[INFO] [stderr] note: to use the edition 2021 resolver, specify `workspace.resolver = "2"` in the workspace root's manifest
[INFO] [stderr] note: for more details see https://doc.rust-lang.org/cargo/reference/resolver.html#resolver-versions
[INFO] [stderr]    Compiling libc v0.2.126
[INFO] [stderr]    Compiling proc-macro2 v1.0.42
[INFO] [stderr]    Compiling quote v1.0.20
[INFO] [stderr]    Compiling unicode-ident v1.0.2
[INFO] [stderr]    Compiling syn v1.0.98
[INFO] [stderr]     Checking once_cell v1.13.0
[INFO] [stderr]    Compiling cc v1.0.73
[INFO] [stderr]    Compiling futures-core v0.3.21
[INFO] [stderr]    Compiling parking_lot_core v0.9.3
[INFO] [stderr]     Checking smallvec v1.9.0
[INFO] [stderr]    Compiling lock_api v0.4.7
[INFO] [stderr]    Compiling serde_derive v1.0.140
[INFO] [stderr]    Compiling serde v1.0.140
[INFO] [stderr]    Compiling pkg-config v0.3.25
[INFO] [stderr]    Compiling tokio v1.20.1
[INFO] [stderr]    Compiling crossbeam-utils v0.8.11
[INFO] [stderr]     Checking bytes v1.2.0
[INFO] [stderr]     Checking itoa v1.0.2
[INFO] [stderr]     Checking tracing-core v0.1.28
[INFO] [stderr]    Compiling futures-task v0.3.21
[INFO] [stderr]    Compiling futures-channel v0.3.21
[INFO] [stderr]     Checking futures-io v0.3.21
[INFO] [stderr]    Compiling generic-array v0.14.5
[INFO] [stderr]    Compiling futures-util v0.3.21
[INFO] [stderr]     Checking regex-syntax v0.6.27
[INFO] [stderr]    Compiling scopeguard v1.1.0
[INFO] [stderr]     Checking futures-sink v0.3.21
[INFO] [stderr]     Checking matches v0.1.9
[INFO] [stderr]    Compiling parking_lot_core v0.8.5
[INFO] [stderr]    Compiling unicode-segmentation v1.9.0
[INFO] [stderr]    Compiling rustls v0.20.6
[INFO] [stderr]     Checking form_urlencoded v1.0.1
[INFO] [stderr]     Checking unicode-normalization v0.1.21
[INFO] [stderr]     Checking http v0.2.8
[INFO] [stderr]    Compiling untrusted v0.7.1
[INFO] [stderr]    Compiling spin v0.5.2
[INFO] [stderr]     Checking tracing-log v0.1.3
[INFO] [stderr]     Checking thread_local v1.1.4
[INFO] [stderr]    Compiling heck v0.4.0
[INFO] [stderr]    Compiling log v0.4.17
[INFO] [stderr]     Checking instant v0.1.12
[INFO] [stderr]     Checking getrandom v0.2.7
[INFO] [stderr]     Checking num_cpus v1.13.1
[INFO] [stderr]     Checking socket2 v0.4.4
[INFO] [stderr]     Checking signal-hook-registry v1.4.0
[INFO] [stderr]     Checking mio v0.8.4
[INFO] [stderr]     Checking event-listener v2.5.3
[INFO] [stderr]    Compiling serde_json v1.0.82
[INFO] [stderr]     Checking ryu v1.0.10
[INFO] [stderr]    Compiling proc-macro-error-attr v1.0.4
[INFO] [stderr]    Compiling typenum v1.15.0
[INFO] [stderr]     Checking base64 v0.13.0
[INFO] [stderr]     Checking ahash v0.7.6
[INFO] [stderr]     Checking idna v0.2.3
[INFO] [stderr]     Checking parking_lot v0.12.1
[INFO] [stderr]     Checking rand_core v0.6.3
[INFO] [stderr]     Checking ppv-lite86 v0.2.16
[INFO] [stderr]     Checking either v1.7.0
[INFO] [stderr]    Compiling ring v0.16.20
[INFO] [stderr]    Compiling libnghttp2-sys v0.1.7+1.45.0
[INFO] [stderr]    Compiling openssl-sys v0.9.75
[INFO] [stderr]    Compiling libz-sys v1.1.8
[INFO] [stderr]    Compiling curl-sys v0.4.56+curl-7.83.1
[INFO] [stderr]     Checking fastrand v1.8.0
[INFO] [stderr]     Checking hashbrown v0.12.3
[INFO] [stderr]     Checking cache-padded v1.2.0
[INFO] [stderr]    Compiling libsqlite3-sys v0.24.2
[INFO] [stderr]     Checking concurrent-queue v1.2.4
[INFO] [stderr]    Compiling tinyvec v1.6.0
[INFO] [stderr]    Compiling backtrace v0.3.66
[INFO] [stderr]     Checking url v2.2.2
[INFO] [stderr]    Compiling nom v7.1.1
[INFO] [stderr]     Checking indexmap v1.9.1
[INFO] [stderr]     Checking rand_chacha v0.3.1
[INFO] [stderr]     Checking atty v0.2.14
[INFO] [stderr]     Checking crossbeam-channel v0.5.6
[INFO] [stderr]    Compiling num-traits v0.2.15
[INFO] [stderr]     Checking regex v1.6.0
[INFO] [stderr]     Checking regex-automata v0.1.10
[INFO] [stderr]    Compiling async-trait v0.1.56
[INFO] [stderr]    Compiling eyre v0.6.8
[INFO] [stderr]    Compiling curl v0.4.44
[INFO] [stderr]     Checking gimli v0.26.2
[INFO] [stderr]     Checking os_str_bytes v6.2.0
[INFO] [stderr]    Compiling crossbeam-queue v0.3.6
[INFO] [stderr]     Checking miniz_oxide v0.5.3
[INFO] [stderr]     Checking clap_lex v0.2.4
[INFO] [stderr]     Checking rand v0.8.5
[INFO] [stderr]     Checking async-channel v1.6.1
[INFO] [stderr]     Checking itertools v0.10.3
[INFO] [stderr]     Checking matchers v0.1.0
[INFO] [stderr]     Checking object v0.29.0
[INFO] [stderr]    Compiling crossbeam-epoch v0.9.10
[INFO] [stderr]     Checking textwrap v0.15.0
[INFO] [stderr]     Checking parking v2.0.0
[INFO] [stderr]     Checking owo-colors v3.4.0
[INFO] [stderr]     Checking indenter v0.3.3
[INFO] [stderr]     Checking openssl-probe v0.1.5
[INFO] [stderr]     Checking rustc-demangle v0.1.21
[INFO] [stderr]     Checking waker-fn v1.1.0
[INFO] [stderr]    Compiling isahc v1.7.2
[INFO] [stderr]     Checking termcolor v1.1.3
[INFO] [stderr]    Compiling siphasher v0.3.10
[INFO] [stderr]    Compiling unicode-bidi v0.3.8
[INFO] [stderr]     Checking strsim v0.10.0
[INFO] [stderr]    Compiling phf_shared v0.10.0
[INFO] [stderr]     Checking futures-lite v1.12.0
[INFO] [stderr]     Checking sluice v0.5.5
[INFO] [stderr]    Compiling crypto-common v0.1.6
[INFO] [stderr]    Compiling block-buffer v0.10.2
[INFO] [stderr]     Checking polling v2.2.0
[INFO] [stderr]    Compiling slab v0.4.7
[INFO] [stderr]    Compiling rayon-core v1.9.3
[INFO] [stderr]    Compiling pin-utils v0.1.0
[INFO] [stderr]     Checking castaway v0.1.2
[INFO] [stderr]    Compiling digest v0.10.3
[INFO] [stderr]    Compiling parking_lot v0.11.2
[INFO] [stderr]     Checking addr2line v0.17.0
[INFO] [stderr]    Compiling phf_generator v0.10.0
[INFO] [stderr]    Compiling spin v0.9.4
[INFO] [stderr]     Checking stable_deref_trait v1.2.0
[INFO] [stderr]    Compiling cpufeatures v0.2.2
[INFO] [stderr]    Compiling unicode_categories v0.1.1
[INFO] [stderr]    Compiling crc-catalog v2.1.0
[INFO] [stderr]    Compiling paste v1.0.7
[INFO] [stderr]    Compiling crunchy v0.2.2
[INFO] [stderr]    Compiling crc v3.0.0
[INFO] [stderr]    Compiling hashlink v0.8.0
[INFO] [stderr]    Compiling sha2 v0.10.2
[INFO] [stderr]    Compiling rustls-pemfile v1.0.0
[INFO] [stderr]     Checking ownedbytes v0.3.0
[INFO] [stderr]    Compiling webpki v0.22.0
[INFO] [stderr]    Compiling sct v0.7.0
[INFO] [stderr]     Checking crossbeam-deque v0.8.2
[INFO] [stderr]    Compiling futures-intrusive v0.4.0
[INFO] [stderr]    Compiling stringprep v0.1.2
[INFO] [stderr]    Compiling atoi v1.0.0
[INFO] [stderr]    Compiling rayon v1.5.3
[INFO] [stderr]    Compiling sqlformat v0.1.8
[INFO] [stderr]     Checking new_debug_unreachable v1.0.4
[INFO] [stderr]    Compiling webpki-roots v0.22.4
[INFO] [stderr]    Compiling bitflags v1.3.2
[INFO] [stderr]    Compiling hex v0.4.3
[INFO] [stderr]     Checking tantivy-common v0.3.0
[INFO] [stderr]    Compiling proc-macro-error v1.0.4
[INFO] [stderr]    Compiling phf_codegen v0.10.0
[INFO] [stderr]    Compiling string_cache_codegen v0.5.2
[INFO] [stderr]     Checking combine v4.6.4
[INFO] [stderr]     Checking tantivy-bitpacker v0.2.0
[INFO] [stderr]     Checking num_threads v0.1.6
[INFO] [stderr]     Checking diff v0.1.13
[INFO] [stderr]     Checking mac v0.1.1
[INFO] [stderr]     Checking utf8-ranges v1.0.5
[INFO] [stderr]    Compiling dotenv v0.15.0
[INFO] [stderr]     Checking regex-syntax v0.4.2
[INFO] [stderr]     Checking remove_dir_all v0.5.3
[INFO] [stderr]     Checking pretty_assertions v1.2.1
[INFO] [stderr]     Checking futf v0.1.5
[INFO] [stderr]     Checking fastfield_codecs v0.2.0
[INFO] [stderr]     Checking tempfile v3.3.0
[INFO] [stderr]     Checking bitpacking v0.8.4
[INFO] [stderr]     Checking fail v0.5.0
[INFO] [stderr]    Compiling markup5ever v0.11.0
[INFO] [stderr]     Checking lru v0.7.8
[INFO] [stderr]     Checking murmurhash32 v0.2.0
[INFO] [stderr]     Checking measure_time v0.8.2
[INFO] [stderr]     Checking fs2 v0.4.3
[INFO] [stderr]     Checking memmap2 v0.5.5
[INFO] [stderr]     Checking fastdivide v0.4.0
[INFO] [stderr]     Checking census v0.4.0
[INFO] [stderr]     Checking levenshtein_automata v0.2.1
[INFO] [stderr]     Checking htmlescape v0.3.1
[INFO] [stderr]     Checking precomputed-hash v0.1.1
[INFO] [stderr]     Checking utf-8 v0.7.6
[INFO] [stderr]     Checking oneshot v0.1.3
[INFO] [stderr]     Checking lz4_flex v0.9.3
[INFO] [stderr]     Checking phf v0.10.1
[INFO] [stderr]     Checking http-body v0.4.5
[INFO] [stderr]     Checking tendril v0.4.3
[INFO] [stderr]     Checking tower-service v0.3.2
[INFO] [stderr]     Checking tantivy-fst v0.3.0
[INFO] [stderr]    Compiling httparse v1.7.1
[INFO] [stderr]     Checking try-lock v0.2.3
[INFO] [stderr]    Compiling humansize v1.1.1
[INFO] [stderr]     Checking tower-layer v0.3.1
[INFO] [stderr]     Checking want v0.3.0
[INFO] [stderr]     Checking http-range-header v0.3.0
[INFO] [stderr]     Checking matchit v0.5.0
[INFO] [stderr]     Checking sync_wrapper v0.1.1
[INFO] [stderr]    Compiling tokio-macros v1.8.0
[INFO] [stderr]    Compiling pin-project-internal v1.0.11
[INFO] [stderr]    Compiling tracing-attributes v0.1.22
[INFO] [stderr]    Compiling futures-macro v0.3.21
[INFO] [stderr]    Compiling thiserror-impl v1.0.31
[INFO] [stderr]    Compiling clap_derive v3.2.15
[INFO] [stderr]    Compiling config-derive v0.7.0
[INFO] [stderr]    Compiling html5ever v0.26.0
[INFO] [stderr]     Checking tracing v0.1.35
[INFO] [stderr]     Checking pin-project v1.0.11
[INFO] [stderr]     Checking flume v0.10.14
[INFO] [stderr]     Checking tracing-subscriber v0.3.15
[INFO] [stderr]     Checking thiserror v1.0.31
[INFO] [stderr]     Checking tracing-futures v0.2.5
[INFO] [stderr] The following warnings were emitted during compilation:
[INFO] [stderr] 
[INFO] [stderr] warning: libsqlite3-sys@0.24.2: cc: fatal error: Killed signal terminated program cc1
[INFO] [stderr] warning: libsqlite3-sys@0.24.2: compilation terminated.
[INFO] [stderr] 
[INFO] [stderr] error: failed to run custom build command for `libsqlite3-sys v0.24.2`
[INFO] [stderr] note: To improve backtraces for build dependencies, set the CARGO_PROFILE_DEV_BUILD_OVERRIDE_DEBUG=true environment variable to enable debug information generation.
[INFO] [stderr] 
[INFO] [stderr] Caused by:
[INFO] [stderr]   process didn't exit successfully: `/opt/rustwide/target/debug/build/libsqlite3-sys-141473535dd48e16/build-script-build` (exit status: 1)
[INFO] [stderr]   --- stdout
[INFO] [stderr]   cargo:rerun-if-changed=sqlite3/sqlite3.c
[INFO] [stderr]   cargo:rerun-if-changed=sqlite3/wasm32-wasi-vfs.c
[INFO] [stderr]   cargo:rerun-if-env-changed=SQLITE_MAX_VARIABLE_NUMBER
[INFO] [stderr]   cargo:rerun-if-env-changed=SQLITE_MAX_EXPR_DEPTH
[INFO] [stderr]   cargo:rerun-if-env-changed=LIBSQLITE3_FLAGS
[INFO] [stderr]   TARGET = Some("x86_64-unknown-linux-gnu")
[INFO] [stderr]   OPT_LEVEL = Some("0")
[INFO] [stderr]   HOST = Some("x86_64-unknown-linux-gnu")
[INFO] [stderr]   CC_x86_64-unknown-linux-gnu = None
[INFO] [stderr]   CC_x86_64_unknown_linux_gnu = None
[INFO] [stderr]   HOST_CC = None
[INFO] [stderr]   CC = None
[INFO] [stderr]   CFLAGS_x86_64-unknown-linux-gnu = None
[INFO] [stderr]   CFLAGS_x86_64_unknown_linux_gnu = None
[INFO] [stderr]   HOST_CFLAGS = None
[INFO] [stderr]   CFLAGS = None
[INFO] [stderr]   CRATE_CC_NO_DEFAULTS = None
[INFO] [stderr]   DEBUG = Some("true")
[INFO] [stderr]   CARGO_CFG_TARGET_FEATURE = Some("fxsr,sse,sse2")
[INFO] [stderr]   running: "cc" "-O0" "-ffunction-sections" "-fdata-sections" "-fPIC" "-g" "-fno-omit-frame-pointer" "-m64" "-DSQLITE_CORE" "-DSQLITE_DEFAULT_FOREIGN_KEYS=1" "-DSQLITE_ENABLE_API_ARMOR" "-DSQLITE_ENABLE_COLUMN_METADATA" "-DSQLITE_ENABLE_DBSTAT_VTAB" "-DSQLITE_ENABLE_FTS3" "-DSQLITE_ENABLE_FTS3_PARENTHESIS" "-DSQLITE_ENABLE_FTS5" "-DSQLITE_ENABLE_JSON1" "-DSQLITE_ENABLE_LOAD_EXTENSION=1" "-DSQLITE_ENABLE_MEMORY_MANAGEMENT" "-DSQLITE_ENABLE_RTREE" "-DSQLITE_ENABLE_STAT2" "-DSQLITE_ENABLE_STAT4" "-DSQLITE_SOUNDEX" "-DSQLITE_THREADSAFE=1" "-DSQLITE_USE_URI" "-DHAVE_USLEEP=1" "-D_POSIX_THREAD_SAFE_FUNCTIONS" "-DHAVE_ISNAN" "-DHAVE_LOCALTIME_R" "-DSQLITE_ENABLE_UNLOCK_NOTIFY" "-o" "/opt/rustwide/target/debug/build/libsqlite3-sys-e55bdde417f887b5/out/sqlite3/sqlite3.o" "-c" "sqlite3/sqlite3.c"
[INFO] [stderr]   cargo:warning=cc: fatal error: Killed signal terminated program cc1
[INFO] [stderr]   cargo:warning=compilation terminated.
[INFO] [stderr]   exit status: 1
[INFO] [stderr] 
[INFO] [stderr]   --- stderr
[INFO] [stderr] 
[INFO] [stderr] 
[INFO] [stderr]   error occurred: Command "cc" "-O0" "-ffunction-sections" "-fdata-sections" "-fPIC" "-g" "-fno-omit-frame-pointer" "-m64" "-DSQLITE_CORE" "-DSQLITE_DEFAULT_FOREIGN_KEYS=1" "-DSQLITE_ENABLE_API_ARMOR" "-DSQLITE_ENABLE_COLUMN_METADATA" "-DSQLITE_ENABLE_DBSTAT_VTAB" "-DSQLITE_ENABLE_FTS3" "-DSQLITE_ENABLE_FTS3_PARENTHESIS" "-DSQLITE_ENABLE_FTS5" "-DSQLITE_ENABLE_JSON1" "-DSQLITE_ENABLE_LOAD_EXTENSION=1" "-DSQLITE_ENABLE_MEMORY_MANAGEMENT" "-DSQLITE_ENABLE_RTREE" "-DSQLITE_ENABLE_STAT2" "-DSQLITE_ENABLE_STAT4" "-DSQLITE_SOUNDEX" "-DSQLITE_THREADSAFE=1" "-DSQLITE_USE_URI" "-DHAVE_USLEEP=1" "-D_POSIX_THREAD_SAFE_FUNCTIONS" "-DHAVE_ISNAN" "-DHAVE_LOCALTIME_R" "-DSQLITE_ENABLE_UNLOCK_NOTIFY" "-o" "/opt/rustwide/target/debug/build/libsqlite3-sys-e55bdde417f887b5/out/sqlite3/sqlite3.o" "-c" "sqlite3/sqlite3.c" with args "cc" did not execute successfully (status code exit status: 1).
[INFO] [stderr] 
[INFO] [stderr] 
[INFO] [stderr] warning: build failed, waiting for other jobs to finish...
[INFO] running `Command { std: "docker" "inspect" "2cb523ea407292cd33682ca9e6c17cb7d98ef139161540facadb322eb31d7144", kill_on_drop: false }`
[INFO] running `Command { std: "docker" "rm" "-f" "2cb523ea407292cd33682ca9e6c17cb7d98ef139161540facadb322eb31d7144", kill_on_drop: false }`
[INFO] [stdout] 2cb523ea407292cd33682ca9e6c17cb7d98ef139161540facadb322eb31d7144
[INFO] documenting Txuritan/ao3fti against beta-2023-12-22 for beta-1.76-rustdoc-1
[INFO] running `Command { std: "git" "clone" "/workspace/cache/git-repos/https%3A%2F%2Fgithub.com%2FTxuritan%2Fao3fti" "/workspace/builds/worker-2-tc2/source", kill_on_drop: false }`
[INFO] [stderr] Cloning into '/workspace/builds/worker-2-tc2/source'...
[INFO] [stderr] done.
[INFO] validating manifest of git repo https://github.com/Txuritan/ao3fti on toolchain beta-2023-12-22
[INFO] running `Command { std: CARGO_HOME="/workspace/cargo-home" RUSTUP_HOME="/workspace/rustup-home" "/workspace/cargo-home/bin/cargo" "+beta-2023-12-22" "metadata" "--manifest-path" "Cargo.toml" "--no-deps", kill_on_drop: false }`
[INFO] started tweaking git repo https://github.com/Txuritan/ao3fti
[INFO] finished tweaking git repo https://github.com/Txuritan/ao3fti
[INFO] tweaked toml for git repo https://github.com/Txuritan/ao3fti written to /workspace/builds/worker-2-tc2/source/Cargo.toml
[INFO] crate git repo https://github.com/Txuritan/ao3fti already has a lockfile, it will not be regenerated
[INFO] running `Command { std: CARGO_HOME="/workspace/cargo-home" RUSTUP_HOME="/workspace/rustup-home" "/workspace/cargo-home/bin/cargo" "+beta-2023-12-22" "fetch" "--manifest-path" "Cargo.toml", kill_on_drop: false }`
[INFO] [stderr] warning: virtual workspace defaulting to `resolver = "1"` despite one or more workspace members being on edition 2021 which implies `resolver = "2"`
[INFO] [stderr] note: to keep the current resolver, specify `workspace.resolver = "1"` in the workspace root's manifest
[INFO] [stderr] note: to use the edition 2021 resolver, specify `workspace.resolver = "2"` in the workspace root's manifest
[INFO] [stderr] note: for more details see https://doc.rust-lang.org/cargo/reference/resolver.html#resolver-versions
[INFO] running `Command { std: "docker" "create" "-v" "/var/lib/crater-agent-workspace/builds/worker-2-tc2/target:/opt/rustwide/target:rw,Z" "-v" "/var/lib/crater-agent-workspace/builds/worker-2-tc2/source:/opt/rustwide/workdir:ro,Z" "-v" "/var/lib/crater-agent-workspace/cargo-home:/opt/rustwide/cargo-home:ro,Z" "-v" "/var/lib/crater-agent-workspace/rustup-home:/opt/rustwide/rustup-home:ro,Z" "-e" "SOURCE_DIR=/opt/rustwide/workdir" "-e" "CARGO_TARGET_DIR=/opt/rustwide/target" "-e" "CARGO_HOME=/opt/rustwide/cargo-home" "-e" "RUSTUP_HOME=/opt/rustwide/rustup-home" "-w" "/opt/rustwide/workdir" "-m" "1610612736" "--user" "0:0" "--network" "none" "ghcr.io/rust-lang/crates-build-env/linux@sha256:2788e3201cd34a07e3172128adcd8b3090168a8e3bcc40d7c032b9dda1df7d1c" "/opt/rustwide/cargo-home/bin/cargo" "+beta-2023-12-22" "metadata" "--no-deps" "--format-version=1", kill_on_drop: false }`
[INFO] [stdout] ad7aeaaa391f080fdc4f96263cb45a4cacfa5dadf8c96e1dfa11a2b2cbd91180
[INFO] running `Command { std: "docker" "start" "-a" "ad7aeaaa391f080fdc4f96263cb45a4cacfa5dadf8c96e1dfa11a2b2cbd91180", kill_on_drop: false }`
[INFO] running `Command { std: "docker" "inspect" "ad7aeaaa391f080fdc4f96263cb45a4cacfa5dadf8c96e1dfa11a2b2cbd91180", kill_on_drop: false }`
[INFO] running `Command { std: "docker" "rm" "-f" "ad7aeaaa391f080fdc4f96263cb45a4cacfa5dadf8c96e1dfa11a2b2cbd91180", kill_on_drop: false }`
[INFO] [stdout] ad7aeaaa391f080fdc4f96263cb45a4cacfa5dadf8c96e1dfa11a2b2cbd91180
[INFO] running `Command { std: "docker" "create" "-v" "/var/lib/crater-agent-workspace/builds/worker-2-tc2/target:/opt/rustwide/target:rw,Z" "-v" "/var/lib/crater-agent-workspace/builds/worker-2-tc2/source:/opt/rustwide/workdir:ro,Z" "-v" "/var/lib/crater-agent-workspace/cargo-home:/opt/rustwide/cargo-home:ro,Z" "-v" "/var/lib/crater-agent-workspace/rustup-home:/opt/rustwide/rustup-home:ro,Z" "-e" "SOURCE_DIR=/opt/rustwide/workdir" "-e" "CARGO_TARGET_DIR=/opt/rustwide/target" "-e" "CARGO_INCREMENTAL=0" "-e" "RUST_BACKTRACE=full" "-e" "RUSTFLAGS=--cap-lints=warn" "-e" "RUSTDOCFLAGS=--cap-lints=warn" "-e" "CARGO_HOME=/opt/rustwide/cargo-home" "-e" "RUSTUP_HOME=/opt/rustwide/rustup-home" "-w" "/opt/rustwide/workdir" "-m" "1610612736" "--user" "0:0" "--network" "none" "ghcr.io/rust-lang/crates-build-env/linux@sha256:2788e3201cd34a07e3172128adcd8b3090168a8e3bcc40d7c032b9dda1df7d1c" "/opt/rustwide/cargo-home/bin/cargo" "+beta-2023-12-22" "doc" "--frozen" "--no-deps" "--document-private-items" "--message-format=json", kill_on_drop: false }`
[INFO] [stdout] a97501e6041cd8d83a03017f4184d2b700703b1b36f6f6429322e3902a429851
[INFO] running `Command { std: "docker" "start" "-a" "a97501e6041cd8d83a03017f4184d2b700703b1b36f6f6429322e3902a429851", kill_on_drop: false }`
[INFO] [stderr] warning: virtual workspace defaulting to `resolver = "1"` despite one or more workspace members being on edition 2021 which implies `resolver = "2"`
[INFO] [stderr] note: to keep the current resolver, specify `workspace.resolver = "1"` in the workspace root's manifest
[INFO] [stderr] note: to use the edition 2021 resolver, specify `workspace.resolver = "2"` in the workspace root's manifest
[INFO] [stderr] note: for more details see https://doc.rust-lang.org/cargo/reference/resolver.html#resolver-versions
[INFO] [stderr]    Compiling libc v0.2.126
[INFO] [stderr]    Compiling proc-macro2 v1.0.42
[INFO] [stderr]    Compiling quote v1.0.20
[INFO] [stderr]    Compiling unicode-ident v1.0.2
[INFO] [stderr]    Compiling syn v1.0.98
[INFO] [stderr]     Checking once_cell v1.13.0
[INFO] [stderr]    Compiling cc v1.0.73
[INFO] [stderr]    Compiling futures-core v0.3.21
[INFO] [stderr]     Checking smallvec v1.9.0
[INFO] [stderr]    Compiling lock_api v0.4.7
[INFO] [stderr]    Compiling parking_lot_core v0.9.3
[INFO] [stderr]    Compiling serde_derive v1.0.140
[INFO] [stderr]    Compiling serde v1.0.140
[INFO] [stderr]    Compiling pkg-config v0.3.25
[INFO] [stderr]    Compiling tokio v1.20.1
[INFO] [stderr]    Compiling crossbeam-utils v0.8.11
[INFO] [stderr]     Checking bytes v1.2.0
[INFO] [stderr]     Checking itoa v1.0.2
[INFO] [stderr]     Checking tracing-core v0.1.28
[INFO] [stderr]    Compiling futures-task v0.3.21
[INFO] [stderr]    Compiling futures-channel v0.3.21
[INFO] [stderr]     Checking futures-io v0.3.21
[INFO] [stderr]    Compiling generic-array v0.14.5
[INFO] [stderr]    Compiling futures-util v0.3.21
[INFO] [stderr]     Checking regex-syntax v0.6.27
[INFO] [stderr]     Checking futures-sink v0.3.21
[INFO] [stderr]    Compiling scopeguard v1.1.0
[INFO] [stderr]     Checking matches v0.1.9
[INFO] [stderr]    Compiling rustls v0.20.6
[INFO] [stderr]    Compiling unicode-segmentation v1.9.0
[INFO] [stderr]    Compiling parking_lot_core v0.8.5
[INFO] [stderr]     Checking unicode-normalization v0.1.21
[INFO] [stderr]     Checking form_urlencoded v1.0.1
[INFO] [stderr]     Checking http v0.2.8
[INFO] [stderr]    Compiling untrusted v0.7.1
[INFO] [stderr]    Compiling spin v0.5.2
[INFO] [stderr]     Checking tracing-log v0.1.3
[INFO] [stderr]     Checking thread_local v1.1.4
[INFO] [stderr]    Compiling log v0.4.17
[INFO] [stderr]     Checking instant v0.1.12
[INFO] [stderr]     Checking ryu v1.0.10
[INFO] [stderr]     Checking event-listener v2.5.3
[INFO] [stderr]    Compiling serde_json v1.0.82
[INFO] [stderr]    Compiling heck v0.4.0
[INFO] [stderr]    Compiling typenum v1.15.0
[INFO] [stderr]    Compiling percent-encoding v2.1.0
[INFO] [stderr]     Checking cache-padded v1.2.0
[INFO] [stderr]     Checking base64 v0.13.0
[INFO] [stderr]     Checking either v1.7.0
[INFO] [stderr]     Checking ppv-lite86 v0.2.16
[INFO] [stderr]     Checking fastrand v1.8.0
[INFO] [stderr]     Checking getrandom v0.2.7
[INFO] [stderr]     Checking num_cpus v1.13.1
[INFO] [stderr]     Checking socket2 v0.4.4
[INFO] [stderr]     Checking signal-hook-registry v1.4.0
[INFO] [stderr]     Checking mio v0.8.4
[INFO] [stderr]     Checking ahash v0.7.6
[INFO] [stderr]    Compiling ring v0.16.20
[INFO] [stderr]     Checking parking_lot v0.12.1
[INFO] [stderr]    Compiling libz-sys v1.1.8
[INFO] [stderr]    Compiling libnghttp2-sys v0.1.7+1.45.0
[INFO] [stderr]    Compiling openssl-sys v0.9.75
[INFO] [stderr]    Compiling curl-sys v0.4.56+curl-7.83.1
[INFO] [stderr]    Compiling proc-macro-error-attr v1.0.4
[INFO] [stderr]     Checking rand_core v0.6.3
[INFO] [stderr]     Checking idna v0.2.3
[INFO] [stderr]     Checking hashbrown v0.12.3
[INFO] [stderr]    Compiling tinyvec v1.6.0
[INFO] [stderr]     Checking rand_chacha v0.3.1
[INFO] [stderr]    Compiling libsqlite3-sys v0.24.2
[INFO] [stderr]    Compiling backtrace v0.3.66
[INFO] [stderr]     Checking url v2.2.2
[INFO] [stderr]     Checking indexmap v1.9.1
[INFO] [stderr]     Checking atty v0.2.14
[INFO] [stderr]     Checking concurrent-queue v1.2.4
[INFO] [stderr]    Compiling nom v7.1.1
[INFO] [stderr]     Checking regex v1.6.0
[INFO] [stderr]     Checking regex-automata v0.1.10
[INFO] [stderr]     Checking crossbeam-channel v0.5.6
[INFO] [stderr]    Compiling num-traits v0.2.15
[INFO] [stderr]    Compiling crossbeam-queue v0.3.6
[INFO] [stderr]    Compiling async-trait v0.1.56
[INFO] [stderr]     Checking os_str_bytes v6.2.0
[INFO] [stderr]     Checking gimli v0.26.2
[INFO] [stderr]    Compiling curl v0.4.44
[INFO] [stderr]    Compiling eyre v0.6.8
[INFO] [stderr]     Checking clap_lex v0.2.4
[INFO] [stderr]     Checking miniz_oxide v0.5.3
[INFO] [stderr]     Checking async-channel v1.6.1
[INFO] [stderr]     Checking rand v0.8.5
[INFO] [stderr]     Checking matchers v0.1.0
[INFO] [stderr]     Checking itertools v0.10.3
[INFO] [stderr]     Checking object v0.29.0
[INFO] [stderr]    Compiling crossbeam-epoch v0.9.10
[INFO] [stderr]     Checking owo-colors v3.4.0
[INFO] [stderr]     Checking openssl-probe v0.1.5
[INFO] [stderr]     Checking textwrap v0.15.0
[INFO] [stderr]    Compiling unicode-bidi v0.3.8
[INFO] [stderr]     Checking indenter v0.3.3
[INFO] [stderr]    Compiling siphasher v0.3.10
[INFO] [stderr]    Compiling isahc v1.7.2
[INFO] [stderr]     Checking termcolor v1.1.3
[INFO] [stderr]     Checking parking v2.0.0
[INFO] [stderr]     Checking rustc-demangle v0.1.21
[INFO] [stderr]     Checking waker-fn v1.1.0
[INFO] [stderr]     Checking strsim v0.10.0
[INFO] [stderr]    Compiling phf_shared v0.10.0
[INFO] [stderr]     Checking futures-lite v1.12.0
[INFO] [stderr]     Checking sluice v0.5.5
[INFO] [stderr]    Compiling crypto-common v0.1.6
[INFO] [stderr]    Compiling block-buffer v0.10.2
[INFO] [stderr]     Checking polling v2.2.0
[INFO] [stderr]    Compiling slab v0.4.7
[INFO] [stderr]    Compiling pin-utils v0.1.0
[INFO] [stderr]     Checking castaway v0.1.2
[INFO] [stderr]    Compiling rayon-core v1.9.3
[INFO] [stderr]    Compiling digest v0.10.3
[INFO] [stderr]    Compiling parking_lot v0.11.2
[INFO] [stderr]    Compiling spin v0.9.4
[INFO] [stderr]    Compiling paste v1.0.7
[INFO] [stderr]    Compiling crc-catalog v2.1.0
[INFO] [stderr]    Compiling phf_generator v0.10.0
[INFO] [stderr]    Compiling unicode_categories v0.1.1
[INFO] [stderr]     Checking stable_deref_trait v1.2.0
[INFO] [stderr]    Compiling cpufeatures v0.2.2
[INFO] [stderr]    Compiling crunchy v0.2.2
[INFO] [stderr]    Compiling sha2 v0.10.2
[INFO] [stderr]     Checking ownedbytes v0.3.0
[INFO] [stderr]     Checking addr2line v0.17.0
[INFO] [stderr]    Compiling rustls-pemfile v1.0.0
[INFO] [stderr]    Compiling crc v3.0.0
[INFO] [stderr]     Checking crossbeam-deque v0.8.2
[INFO] [stderr]    Compiling futures-intrusive v0.4.0
[INFO] [stderr]    Compiling hashlink v0.8.0
[INFO] [stderr]    Compiling stringprep v0.1.2
[INFO] [stderr]    Compiling atoi v1.0.0
[INFO] [stderr]    Compiling rayon v1.5.3
[INFO] [stderr]     Checking new_debug_unreachable v1.0.4
[INFO] [stderr]    Compiling bitflags v1.3.2
[INFO] [stderr]     Checking webpki v0.22.0
[INFO] [stderr]     Checking sct v0.7.0
[INFO] [stderr]    Compiling hex v0.4.3
[INFO] [stderr]     Checking webpki-roots v0.22.4
[INFO] [stderr]    Compiling sqlformat v0.1.8
[INFO] [stderr]     Checking tantivy-common v0.3.0
[INFO] [stderr]    Compiling proc-macro-error v1.0.4
[INFO] [stderr]    Compiling string_cache_codegen v0.5.2
[INFO] [stderr]    Compiling phf_codegen v0.10.0
[INFO] [stderr]     Checking combine v4.6.4
[INFO] [stderr]     Checking regex-syntax v0.4.2
[INFO] [stderr]     Checking mac v0.1.1
[INFO] [stderr]     Checking diff v0.1.13
[INFO] [stderr]     Checking tantivy-bitpacker v0.2.0
[INFO] [stderr]     Checking remove_dir_all v0.5.3
[INFO] [stderr]    Compiling dotenv v0.15.0
[INFO] [stderr]     Checking utf8-ranges v1.0.5
[INFO] [stderr]     Checking num_threads v0.1.6
[INFO] [stderr]     Checking tempfile v3.3.0
[INFO] [stderr]     Checking fastfield_codecs v0.2.0
[INFO] [stderr]     Checking pretty_assertions v1.2.1
[INFO] [stderr]     Checking futf v0.1.5
[INFO] [stderr]    Compiling markup5ever v0.11.0
[INFO] [stderr]     Checking bitpacking v0.8.4
[INFO] [stderr]     Checking fail v0.5.0
[INFO] [stderr]     Checking lru v0.7.8
[INFO] [stderr]     Checking fs2 v0.4.3
[INFO] [stderr]     Checking memmap2 v0.5.5
[INFO] [stderr]     Checking murmurhash32 v0.2.0
[INFO] [stderr]     Checking measure_time v0.8.2
[INFO] [stderr]     Checking utf-8 v0.7.6
[INFO] [stderr]     Checking census v0.4.0
[INFO] [stderr]     Checking htmlescape v0.3.1
[INFO] [stderr]     Checking fastdivide v0.4.0
[INFO] [stderr]     Checking precomputed-hash v0.1.1
[INFO] [stderr]     Checking levenshtein_automata v0.2.1
[INFO] [stderr]     Checking lz4_flex v0.9.3
[INFO] [stderr]     Checking oneshot v0.1.3
[INFO] [stderr]     Checking tendril v0.4.3
[INFO] [stderr]     Checking phf v0.10.1
[INFO] [stderr]     Checking tantivy-fst v0.3.0
[INFO] [stderr]     Checking http-body v0.4.5
[INFO] [stderr]    Compiling httparse v1.7.1
[INFO] [stderr]     Checking tower-service v0.3.2
[INFO] [stderr]     Checking tower-layer v0.3.1
[INFO] [stderr]     Checking try-lock v0.2.3
[INFO] [stderr]    Compiling humansize v1.1.1
[INFO] [stderr]     Checking want v0.3.0
[INFO] [stderr]     Checking http-range-header v0.3.0
[INFO] [stderr]     Checking matchit v0.5.0
[INFO] [stderr]     Checking sync_wrapper v0.1.1
[INFO] [stderr]    Compiling tokio-macros v1.8.0
[INFO] [stderr]    Compiling pin-project-internal v1.0.11
[INFO] [stderr]    Compiling tracing-attributes v0.1.22
[INFO] [stderr]    Compiling futures-macro v0.3.21
[INFO] [stderr]    Compiling thiserror-impl v1.0.31
[INFO] [stderr]    Compiling clap_derive v3.2.15
[INFO] [stderr]    Compiling config-derive v0.7.0
[INFO] [stderr]    Compiling html5ever v0.26.0
[INFO] [stderr] The following warnings were emitted during compilation:
[INFO] [stderr] 
[INFO] [stderr] warning: libsqlite3-sys@0.24.2: cc: fatal error: Killed signal terminated program cc1
[INFO] [stderr] warning: libsqlite3-sys@0.24.2: compilation terminated.
[INFO] [stderr] 
[INFO] [stderr] error: failed to run custom build command for `libsqlite3-sys v0.24.2`
[INFO] [stderr] note: To improve backtraces for build dependencies, set the CARGO_PROFILE_DEV_BUILD_OVERRIDE_DEBUG=true environment variable to enable debug information generation.
[INFO] [stderr] 
[INFO] [stderr] Caused by:
[INFO] [stderr]   process didn't exit successfully: `/opt/rustwide/target/debug/build/libsqlite3-sys-15ad3404aa043fea/build-script-build` (exit status: 1)
[INFO] [stderr]   --- stdout
[INFO] [stderr]   cargo:rerun-if-changed=sqlite3/sqlite3.c
[INFO] [stderr]   cargo:rerun-if-changed=sqlite3/wasm32-wasi-vfs.c
[INFO] [stderr]   cargo:rerun-if-env-changed=SQLITE_MAX_VARIABLE_NUMBER
[INFO] [stderr]   cargo:rerun-if-env-changed=SQLITE_MAX_EXPR_DEPTH
[INFO] [stderr]   cargo:rerun-if-env-changed=LIBSQLITE3_FLAGS
[INFO] [stderr]   TARGET = Some("x86_64-unknown-linux-gnu")
[INFO] [stderr]   OPT_LEVEL = Some("0")
[INFO] [stderr]   HOST = Some("x86_64-unknown-linux-gnu")
[INFO] [stderr]   CC_x86_64-unknown-linux-gnu = None
[INFO] [stderr]   CC_x86_64_unknown_linux_gnu = None
[INFO] [stderr]   HOST_CC = None
[INFO] [stderr]   CC = None
[INFO] [stderr]   CFLAGS_x86_64-unknown-linux-gnu = None
[INFO] [stderr]   CFLAGS_x86_64_unknown_linux_gnu = None
[INFO] [stderr]   HOST_CFLAGS = None
[INFO] [stderr]   CFLAGS = None
[INFO] [stderr]   CRATE_CC_NO_DEFAULTS = None
[INFO] [stderr]   DEBUG = Some("true")
[INFO] [stderr]   CARGO_CFG_TARGET_FEATURE = Some("fxsr,sse,sse2")
[INFO] [stderr]   running: "cc" "-O0" "-ffunction-sections" "-fdata-sections" "-fPIC" "-g" "-fno-omit-frame-pointer" "-m64" "-DSQLITE_CORE" "-DSQLITE_DEFAULT_FOREIGN_KEYS=1" "-DSQLITE_ENABLE_API_ARMOR" "-DSQLITE_ENABLE_COLUMN_METADATA" "-DSQLITE_ENABLE_DBSTAT_VTAB" "-DSQLITE_ENABLE_FTS3" "-DSQLITE_ENABLE_FTS3_PARENTHESIS" "-DSQLITE_ENABLE_FTS5" "-DSQLITE_ENABLE_JSON1" "-DSQLITE_ENABLE_LOAD_EXTENSION=1" "-DSQLITE_ENABLE_MEMORY_MANAGEMENT" "-DSQLITE_ENABLE_RTREE" "-DSQLITE_ENABLE_STAT2" "-DSQLITE_ENABLE_STAT4" "-DSQLITE_SOUNDEX" "-DSQLITE_THREADSAFE=1" "-DSQLITE_USE_URI" "-DHAVE_USLEEP=1" "-D_POSIX_THREAD_SAFE_FUNCTIONS" "-DHAVE_ISNAN" "-DHAVE_LOCALTIME_R" "-DSQLITE_ENABLE_UNLOCK_NOTIFY" "-o" "/opt/rustwide/target/debug/build/libsqlite3-sys-3aab02fb7db0522a/out/sqlite3/sqlite3.o" "-c" "sqlite3/sqlite3.c"
[INFO] [stderr]   cargo:warning=cc: fatal error: Killed signal terminated program cc1
[INFO] [stderr]   cargo:warning=compilation terminated.
[INFO] [stderr]   exit status: 1
[INFO] [stderr] 
[INFO] [stderr]   --- stderr
[INFO] [stderr] 
[INFO] [stderr] 
[INFO] [stderr]   error occurred: Command "cc" "-O0" "-ffunction-sections" "-fdata-sections" "-fPIC" "-g" "-fno-omit-frame-pointer" "-m64" "-DSQLITE_CORE" "-DSQLITE_DEFAULT_FOREIGN_KEYS=1" "-DSQLITE_ENABLE_API_ARMOR" "-DSQLITE_ENABLE_COLUMN_METADATA" "-DSQLITE_ENABLE_DBSTAT_VTAB" "-DSQLITE_ENABLE_FTS3" "-DSQLITE_ENABLE_FTS3_PARENTHESIS" "-DSQLITE_ENABLE_FTS5" "-DSQLITE_ENABLE_JSON1" "-DSQLITE_ENABLE_LOAD_EXTENSION=1" "-DSQLITE_ENABLE_MEMORY_MANAGEMENT" "-DSQLITE_ENABLE_RTREE" "-DSQLITE_ENABLE_STAT2" "-DSQLITE_ENABLE_STAT4" "-DSQLITE_SOUNDEX" "-DSQLITE_THREADSAFE=1" "-DSQLITE_USE_URI" "-DHAVE_USLEEP=1" "-D_POSIX_THREAD_SAFE_FUNCTIONS" "-DHAVE_ISNAN" "-DHAVE_LOCALTIME_R" "-DSQLITE_ENABLE_UNLOCK_NOTIFY" "-o" "/opt/rustwide/target/debug/build/libsqlite3-sys-3aab02fb7db0522a/out/sqlite3/sqlite3.o" "-c" "sqlite3/sqlite3.c" with args "cc" did not execute successfully (status code exit status: 1).
[INFO] [stderr] 
[INFO] [stderr] 
[INFO] [stderr] warning: build failed, waiting for other jobs to finish...
[INFO] running `Command { std: "docker" "inspect" "a97501e6041cd8d83a03017f4184d2b700703b1b36f6f6429322e3902a429851", kill_on_drop: false }`
[INFO] running `Command { std: "docker" "rm" "-f" "a97501e6041cd8d83a03017f4184d2b700703b1b36f6f6429322e3902a429851", kill_on_drop: false }`
[INFO] [stdout] a97501e6041cd8d83a03017f4184d2b700703b1b36f6f6429322e3902a429851
