[INFO] cloning repository https://github.com/TreasureJim/skitgubbe-simulator
[INFO] running `Command { std: "git" "-c" "credential.helper=" "-c" "credential.helper=/workspace/cargo-home/bin/git-credential-null" "clone" "--bare" "https://github.com/TreasureJim/skitgubbe-simulator" "/workspace/cache/git-repos/https%3A%2F%2Fgithub.com%2FTreasureJim%2Fskitgubbe-simulator", kill_on_drop: false }`
[INFO] [stderr] Cloning into bare repository '/workspace/cache/git-repos/https%3A%2F%2Fgithub.com%2FTreasureJim%2Fskitgubbe-simulator'...
[INFO] running `Command { std: "git" "rev-parse" "HEAD", kill_on_drop: false }`
[INFO] [stdout] b1a09345c7554c9f61cd776110ca80c48f143722
[INFO] documenting TreasureJim/skitgubbe-simulator against 1.75.0 for beta-1.76-rustdoc-1
[INFO] running `Command { std: "git" "clone" "/workspace/cache/git-repos/https%3A%2F%2Fgithub.com%2FTreasureJim%2Fskitgubbe-simulator" "/workspace/builds/worker-0-tc1/source", kill_on_drop: false }`
[INFO] [stderr] Cloning into '/workspace/builds/worker-0-tc1/source'...
[INFO] [stderr] done.
[INFO] validating manifest of git repo https://github.com/TreasureJim/skitgubbe-simulator on toolchain 1.75.0
[INFO] running `Command { std: CARGO_HOME="/workspace/cargo-home" RUSTUP_HOME="/workspace/rustup-home" "/workspace/cargo-home/bin/cargo" "+1.75.0" "metadata" "--manifest-path" "Cargo.toml" "--no-deps", kill_on_drop: false }`
[INFO] started tweaking git repo https://github.com/TreasureJim/skitgubbe-simulator
[INFO] finished tweaking git repo https://github.com/TreasureJim/skitgubbe-simulator
[INFO] tweaked toml for git repo https://github.com/TreasureJim/skitgubbe-simulator written to /workspace/builds/worker-0-tc1/source/Cargo.toml
[INFO] crate git repo https://github.com/TreasureJim/skitgubbe-simulator already has a lockfile, it will not be regenerated
[INFO] running `Command { std: CARGO_HOME="/workspace/cargo-home" RUSTUP_HOME="/workspace/rustup-home" "/workspace/cargo-home/bin/cargo" "+1.75.0" "fetch" "--manifest-path" "Cargo.toml", kill_on_drop: false }`
[INFO] [stderr]  Downloading crates ...
[INFO] [stderr]   Downloaded websocket-base v0.26.5
[INFO] [stderr]   Downloaded websocket v0.27.0
[INFO] running `Command { std: "docker" "create" "-v" "/var/lib/crater-agent-workspace/builds/worker-0-tc1/target:/opt/rustwide/target:rw,Z" "-v" "/var/lib/crater-agent-workspace/builds/worker-0-tc1/source:/opt/rustwide/workdir:ro,Z" "-v" "/var/lib/crater-agent-workspace/cargo-home:/opt/rustwide/cargo-home:ro,Z" "-v" "/var/lib/crater-agent-workspace/rustup-home:/opt/rustwide/rustup-home:ro,Z" "-e" "SOURCE_DIR=/opt/rustwide/workdir" "-e" "CARGO_TARGET_DIR=/opt/rustwide/target" "-e" "CARGO_HOME=/opt/rustwide/cargo-home" "-e" "RUSTUP_HOME=/opt/rustwide/rustup-home" "-w" "/opt/rustwide/workdir" "-m" "1610612736" "--user" "0:0" "--network" "none" "ghcr.io/rust-lang/crates-build-env/linux@sha256:2788e3201cd34a07e3172128adcd8b3090168a8e3bcc40d7c032b9dda1df7d1c" "/opt/rustwide/cargo-home/bin/cargo" "+1.75.0" "metadata" "--no-deps" "--format-version=1", kill_on_drop: false }`
[INFO] [stdout] fe5bdc4bb080651f8dd251682811cfa61af5be7356dac5d5e8a831426a692e44
[INFO] running `Command { std: "docker" "start" "-a" "fe5bdc4bb080651f8dd251682811cfa61af5be7356dac5d5e8a831426a692e44", kill_on_drop: false }`
[INFO] running `Command { std: "docker" "inspect" "fe5bdc4bb080651f8dd251682811cfa61af5be7356dac5d5e8a831426a692e44", kill_on_drop: false }`
[INFO] running `Command { std: "docker" "rm" "-f" "fe5bdc4bb080651f8dd251682811cfa61af5be7356dac5d5e8a831426a692e44", kill_on_drop: false }`
[INFO] [stdout] fe5bdc4bb080651f8dd251682811cfa61af5be7356dac5d5e8a831426a692e44
[INFO] running `Command { std: "docker" "create" "-v" "/var/lib/crater-agent-workspace/builds/worker-0-tc1/target:/opt/rustwide/target:rw,Z" "-v" "/var/lib/crater-agent-workspace/builds/worker-0-tc1/source:/opt/rustwide/workdir:ro,Z" "-v" "/var/lib/crater-agent-workspace/cargo-home:/opt/rustwide/cargo-home:ro,Z" "-v" "/var/lib/crater-agent-workspace/rustup-home:/opt/rustwide/rustup-home:ro,Z" "-e" "SOURCE_DIR=/opt/rustwide/workdir" "-e" "CARGO_TARGET_DIR=/opt/rustwide/target" "-e" "CARGO_INCREMENTAL=0" "-e" "RUST_BACKTRACE=full" "-e" "RUSTFLAGS=--cap-lints=warn" "-e" "RUSTDOCFLAGS=--cap-lints=warn" "-e" "CARGO_HOME=/opt/rustwide/cargo-home" "-e" "RUSTUP_HOME=/opt/rustwide/rustup-home" "-w" "/opt/rustwide/workdir" "-m" "1610612736" "--user" "0:0" "--network" "none" "ghcr.io/rust-lang/crates-build-env/linux@sha256:2788e3201cd34a07e3172128adcd8b3090168a8e3bcc40d7c032b9dda1df7d1c" "/opt/rustwide/cargo-home/bin/cargo" "+1.75.0" "doc" "--frozen" "--no-deps" "--document-private-items" "--message-format=json", kill_on_drop: false }`
[INFO] [stdout] 7c5e642b0fdc499aff6169712860d46a302b51d694dedf2ad599c0a6cca5a79d
[INFO] running `Command { std: "docker" "start" "-a" "7c5e642b0fdc499aff6169712860d46a302b51d694dedf2ad599c0a6cca5a79d", kill_on_drop: false }`
[INFO] [stderr]    Compiling libc v0.2.150
[INFO] [stderr]    Compiling autocfg v1.1.0
[INFO] [stderr]    Compiling proc-macro2 v1.0.70
[INFO] [stderr]    Compiling unicode-ident v1.0.12
[INFO] [stderr]     Checking byteorder v1.5.0
[INFO] [stderr]     Checking log v0.4.20
[INFO] [stderr]     Checking cfg-if v1.0.0
[INFO] [stderr]    Compiling semver-parser v0.7.0
[INFO] [stderr]     Checking rand_core v0.4.2
[INFO] [stderr]    Compiling pkg-config v0.3.27
[INFO] [stderr]    Compiling vcpkg v0.2.15
[INFO] [stderr]     Checking cfg-if v0.1.10
[INFO] [stderr]     Checking scopeguard v1.2.0
[INFO] [stderr]    Compiling maybe-uninit v2.0.0
[INFO] [stderr]     Checking futures v0.1.31
[INFO] [stderr]    Compiling typenum v1.17.0
[INFO] [stderr]     Checking foreign-types-shared v0.1.1
[INFO] [stderr]    Compiling openssl v0.10.61
[INFO] [stderr]     Checking tinyvec_macros v0.1.1
[INFO] [stderr]     Checking foreign-types v0.3.2
[INFO] [stderr]     Checking tinyvec v1.6.0
[INFO] [stderr]     Checking rand_core v0.3.1
[INFO] [stderr]     Checking lock_api v0.3.4
[INFO] [stderr]    Compiling autocfg v0.1.8
[INFO] [stderr]     Checking bitflags v2.4.1
[INFO] [stderr]    Compiling semver v0.9.0
[INFO] [stderr]     Checking byte-tools v0.3.1
[INFO] [stderr]    Compiling version_check v0.1.5
[INFO] [stderr]     Checking once_cell v1.19.0
[INFO] [stderr]     Checking fnv v1.0.7
[INFO] [stderr]    Compiling native-tls v0.2.11
[INFO] [stderr]     Checking block-padding v0.1.5
[INFO] [stderr]    Compiling httparse v1.8.0
[INFO] [stderr]    Compiling rustc_version v0.2.3
[INFO] [stderr]    Compiling crossbeam-utils v0.7.2
[INFO] [stderr]    Compiling slab v0.4.9
[INFO] [stderr]     Checking smallvec v0.6.14
[INFO] [stderr]    Compiling rand_chacha v0.1.1
[INFO] [stderr]    Compiling rand_pcg v0.1.2
[INFO] [stderr]    Compiling unicase v1.4.2
[INFO] [stderr]    Compiling rand v0.6.5
[INFO] [stderr]    Compiling parking_lot_core v0.6.3
[INFO] [stderr]    Compiling parking_lot v0.9.0
[INFO] [stderr]    Compiling lock_api v0.4.11
[INFO] [stderr]     Checking unicode-bidi v0.3.14
[INFO] [stderr]     Checking openssl-probe v0.1.5
[INFO] [stderr]    Compiling parking_lot_core v0.9.9
[INFO] [stderr]     Checking matches v0.1.10
[INFO] [stderr]    Compiling quote v1.0.33
[INFO] [stderr]     Checking rand_isaac v0.1.1
[INFO] [stderr]     Checking unicode-normalization v0.1.22
[INFO] [stderr]     Checking rand_xorshift v0.1.1
[INFO] [stderr]     Checking rand_hc v0.1.0
[INFO] [stderr]     Checking log v0.3.9
[INFO] [stderr]     Checking rand_jitter v0.1.4
[INFO] [stderr]    Compiling serde v1.0.193
[INFO] [stderr]     Checking safemem v0.3.3
[INFO] [stderr]     Checking percent-encoding v1.0.1
[INFO] [stderr]     Checking fake-simd v0.1.2
[INFO] [stderr]    Compiling syn v2.0.39
[INFO] [stderr]     Checking opaque-debug v0.2.3
[INFO] [stderr]     Checking smallvec v1.11.1
[INFO] [stderr]     Checking mime v0.2.6
[INFO] [stderr]     Checking iovec v0.1.4
[INFO] [stderr]     Checking num_cpus v1.16.0
[INFO] [stderr]     Checking net2 v0.2.39
[INFO] [stderr]     Checking getrandom v0.2.11
[INFO] [stderr]    Compiling cc v1.0.83
[INFO] [stderr]     Checking bytes v0.4.12
[INFO] [stderr]     Checking tokio-executor v0.1.10
[INFO] [stderr]     Checking tokio-sync v0.1.8
[INFO] [stderr]     Checking rand_os v0.1.3
[INFO] [stderr]     Checking time v0.1.45
[INFO] [stderr]     Checking base64 v0.9.3
[INFO] [stderr]     Checking rand_core v0.6.4
[INFO] [stderr]     Checking mio v0.6.23
[INFO] [stderr]     Checking base64 v0.10.1
[INFO] [stderr]     Checking idna v0.1.5
[INFO] [stderr]     Checking ppv-lite86 v0.2.17
[INFO] [stderr]     Checking traitobject v0.1.0
[INFO] [stderr]     Checking language-tags v0.2.2
[INFO] [stderr]    Compiling serde_json v1.0.108
[INFO] [stderr]     Checking typeable v0.1.2
[INFO] [stderr]     Checking tokio-io v0.1.13
[INFO] [stderr]     Checking parking_lot v0.12.1
[INFO] [stderr]     Checking signal-hook-registry v1.4.1
[INFO] [stderr]     Checking socket2 v0.5.5
[INFO] [stderr]     Checking mio v0.8.10
[INFO] [stderr]     Checking ryu v1.0.15
[INFO] [stderr]     Checking pin-project-lite v0.2.13
[INFO] [stderr]     Checking itoa v1.0.9
[INFO] [stderr]     Checking bytes v1.5.0
[INFO] [stderr]     Checking generic-array v0.12.4
[INFO] [stderr]     Checking tokio-codec v0.1.2
[INFO] [stderr]     Checking rand_chacha v0.3.1
[INFO] [stderr]     Checking digest v0.8.1
[INFO] [stderr]     Checking block-buffer v0.7.3
[INFO] [stderr]     Checking url v1.7.2
[INFO] [stderr]     Checking tokio-reactor v0.1.12
[INFO] [stderr]     Checking sha-1 v0.8.2
[INFO] [stderr]     Checking rand v0.8.5
[INFO] [stderr]    Compiling openssl-sys v0.9.97
[INFO] [stderr]     Checking tokio-tcp v0.1.4
[INFO] [stderr]     Checking hyper v0.10.16
[INFO] [stderr]    Compiling openssl-macros v0.1.1
[INFO] [stderr]    Compiling serde_derive v1.0.193
[INFO] [stderr]    Compiling tokio-macros v2.2.0
[INFO] [stderr]     Checking tokio v1.34.0
[INFO] [stderr]     Checking tokio-tls v0.2.1
[INFO] [stderr]     Checking websocket-base v0.26.5
[INFO] [stderr]     Checking websocket v0.27.0
[INFO] [stderr]  Documenting skitgubbe-server v0.1.0 (/opt/rustwide/workdir)
[INFO] [stdout] error[E0432]: unresolved import `strum`
[INFO] [stdout]  --> server/deck.rs:2:5
[INFO] [stdout]   |
[INFO] [stdout] 2 | use strum::IntoEnumIterator;
[INFO] [stdout]   |     ^^^^^ use of undeclared crate or module `strum`
[INFO] [stdout] 
[INFO] [stdout] 
[INFO] [stdout] error[E0432]: unresolved import `strum_macros`
[INFO] [stdout]  --> server/deck.rs:3:5
[INFO] [stdout]   |
[INFO] [stdout] 3 | use strum_macros::EnumIter;
[INFO] [stdout]   |     ^^^^^^^^^^^^ use of undeclared crate or module `strum_macros`
[INFO] [stdout] 
[INFO] [stdout] 
[INFO] [stdout] error: cannot determine resolution for the derive macro `EnumIter`
[INFO] [stdout]  --> server/deck.rs:7:43
[INFO] [stdout]   |
[INFO] [stdout] 7 | #[derive(Hash, Eq, PartialEq, PartialOrd, EnumIter, Clone)]
[INFO] [stdout]   |                                           ^^^^^^^^
[INFO] [stdout]   |
[INFO] [stdout]   = note: import resolution is stuck, try simplifying macro imports
[INFO] [stdout] 
[INFO] [stdout] 
[INFO] [stdout] error: aborting due to 3 previous errors
[INFO] [stdout] 
[INFO] [stdout] 
[INFO] [stdout] For more information about this error, try `rustc --explain E0432`.
[INFO] [stdout] 
[INFO] [stderr] error: could not document `skitgubbe-server`
[INFO] [stderr] 
[INFO] [stderr] Caused by:
[INFO] [stderr]   process didn't exit successfully: `/opt/rustwide/rustup-home/toolchains/1.75.0-x86_64-unknown-linux-gnu/bin/rustdoc --edition=2021 --crate-type bin --crate-name server server/server.rs -o /opt/rustwide/target/doc --error-format=json --json=diagnostic-rendered-ansi,artifacts,future-incompat --document-private-items '-Arustdoc::private-intra-doc-links' -C metadata=79c087bf1fd2a517 -L dependency=/opt/rustwide/target/debug/deps --extern rand=/opt/rustwide/target/debug/deps/librand-dc93959dda3a3f3f.rmeta --extern serde=/opt/rustwide/target/debug/deps/libserde-2a3212b10b8aa79a.rmeta --extern serde_json=/opt/rustwide/target/debug/deps/libserde_json-3f06a74401b75bb1.rmeta --extern tokio=/opt/rustwide/target/debug/deps/libtokio-57a88c0be5e6eb81.rmeta --extern websocket=/opt/rustwide/target/debug/deps/libwebsocket-bab5a561f3d8d09b.rmeta --cap-lints=warn --crate-version 0.1.0` (exit status: 1)
[INFO] [stderr] warning: build failed, waiting for other jobs to finish...
[INFO] running `Command { std: "docker" "inspect" "7c5e642b0fdc499aff6169712860d46a302b51d694dedf2ad599c0a6cca5a79d", kill_on_drop: false }`
[INFO] running `Command { std: "docker" "rm" "-f" "7c5e642b0fdc499aff6169712860d46a302b51d694dedf2ad599c0a6cca5a79d", kill_on_drop: false }`
[INFO] [stdout] 7c5e642b0fdc499aff6169712860d46a302b51d694dedf2ad599c0a6cca5a79d
[INFO] documenting TreasureJim/skitgubbe-simulator against beta-2023-12-22 for beta-1.76-rustdoc-1
[INFO] running `Command { std: "git" "clone" "/workspace/cache/git-repos/https%3A%2F%2Fgithub.com%2FTreasureJim%2Fskitgubbe-simulator" "/workspace/builds/worker-0-tc2/source", kill_on_drop: false }`
[INFO] [stderr] Cloning into '/workspace/builds/worker-0-tc2/source'...
[INFO] [stderr] done.
[INFO] validating manifest of git repo https://github.com/TreasureJim/skitgubbe-simulator on toolchain beta-2023-12-22
[INFO] running `Command { std: CARGO_HOME="/workspace/cargo-home" RUSTUP_HOME="/workspace/rustup-home" "/workspace/cargo-home/bin/cargo" "+beta-2023-12-22" "metadata" "--manifest-path" "Cargo.toml" "--no-deps", kill_on_drop: false }`
[INFO] started tweaking git repo https://github.com/TreasureJim/skitgubbe-simulator
[INFO] finished tweaking git repo https://github.com/TreasureJim/skitgubbe-simulator
[INFO] tweaked toml for git repo https://github.com/TreasureJim/skitgubbe-simulator written to /workspace/builds/worker-0-tc2/source/Cargo.toml
[INFO] crate git repo https://github.com/TreasureJim/skitgubbe-simulator already has a lockfile, it will not be regenerated
[INFO] running `Command { std: CARGO_HOME="/workspace/cargo-home" RUSTUP_HOME="/workspace/rustup-home" "/workspace/cargo-home/bin/cargo" "+beta-2023-12-22" "fetch" "--manifest-path" "Cargo.toml", kill_on_drop: false }`
[INFO] running `Command { std: "docker" "create" "-v" "/var/lib/crater-agent-workspace/builds/worker-0-tc2/target:/opt/rustwide/target:rw,Z" "-v" "/var/lib/crater-agent-workspace/builds/worker-0-tc2/source:/opt/rustwide/workdir:ro,Z" "-v" "/var/lib/crater-agent-workspace/cargo-home:/opt/rustwide/cargo-home:ro,Z" "-v" "/var/lib/crater-agent-workspace/rustup-home:/opt/rustwide/rustup-home:ro,Z" "-e" "SOURCE_DIR=/opt/rustwide/workdir" "-e" "CARGO_TARGET_DIR=/opt/rustwide/target" "-e" "CARGO_HOME=/opt/rustwide/cargo-home" "-e" "RUSTUP_HOME=/opt/rustwide/rustup-home" "-w" "/opt/rustwide/workdir" "-m" "1610612736" "--user" "0:0" "--network" "none" "ghcr.io/rust-lang/crates-build-env/linux@sha256:2788e3201cd34a07e3172128adcd8b3090168a8e3bcc40d7c032b9dda1df7d1c" "/opt/rustwide/cargo-home/bin/cargo" "+beta-2023-12-22" "metadata" "--no-deps" "--format-version=1", kill_on_drop: false }`
[INFO] [stdout] 7e5f52cfa9664c716970c3a8c2ee376881b4f8f4d6c4ec0fb9fde65e42f74a8e
[INFO] running `Command { std: "docker" "start" "-a" "7e5f52cfa9664c716970c3a8c2ee376881b4f8f4d6c4ec0fb9fde65e42f74a8e", kill_on_drop: false }`
[INFO] running `Command { std: "docker" "inspect" "7e5f52cfa9664c716970c3a8c2ee376881b4f8f4d6c4ec0fb9fde65e42f74a8e", kill_on_drop: false }`
[INFO] running `Command { std: "docker" "rm" "-f" "7e5f52cfa9664c716970c3a8c2ee376881b4f8f4d6c4ec0fb9fde65e42f74a8e", kill_on_drop: false }`
[INFO] [stdout] 7e5f52cfa9664c716970c3a8c2ee376881b4f8f4d6c4ec0fb9fde65e42f74a8e
[INFO] running `Command { std: "docker" "create" "-v" "/var/lib/crater-agent-workspace/builds/worker-0-tc2/target:/opt/rustwide/target:rw,Z" "-v" "/var/lib/crater-agent-workspace/builds/worker-0-tc2/source:/opt/rustwide/workdir:ro,Z" "-v" "/var/lib/crater-agent-workspace/cargo-home:/opt/rustwide/cargo-home:ro,Z" "-v" "/var/lib/crater-agent-workspace/rustup-home:/opt/rustwide/rustup-home:ro,Z" "-e" "SOURCE_DIR=/opt/rustwide/workdir" "-e" "CARGO_TARGET_DIR=/opt/rustwide/target" "-e" "CARGO_INCREMENTAL=0" "-e" "RUST_BACKTRACE=full" "-e" "RUSTFLAGS=--cap-lints=warn" "-e" "RUSTDOCFLAGS=--cap-lints=warn" "-e" "CARGO_HOME=/opt/rustwide/cargo-home" "-e" "RUSTUP_HOME=/opt/rustwide/rustup-home" "-w" "/opt/rustwide/workdir" "-m" "1610612736" "--user" "0:0" "--network" "none" "ghcr.io/rust-lang/crates-build-env/linux@sha256:2788e3201cd34a07e3172128adcd8b3090168a8e3bcc40d7c032b9dda1df7d1c" "/opt/rustwide/cargo-home/bin/cargo" "+beta-2023-12-22" "doc" "--frozen" "--no-deps" "--document-private-items" "--message-format=json", kill_on_drop: false }`
[INFO] [stdout] 71bc1cc3eb44b6c6d25058dd8651aae175d2471a13d96db5968dbc44d3663074
[INFO] running `Command { std: "docker" "start" "-a" "71bc1cc3eb44b6c6d25058dd8651aae175d2471a13d96db5968dbc44d3663074", kill_on_drop: false }`
[INFO] [stderr]    Compiling libc v0.2.150
[INFO] [stderr]    Compiling autocfg v1.1.0
[INFO] [stderr]    Compiling proc-macro2 v1.0.70
[INFO] [stderr]    Compiling unicode-ident v1.0.12
[INFO] [stderr]     Checking byteorder v1.5.0
[INFO] [stderr]     Checking cfg-if v1.0.0
[INFO] [stderr]    Compiling semver-parser v0.7.0
[INFO] [stderr]     Checking log v0.4.20
[INFO] [stderr]     Checking rand_core v0.4.2
[INFO] [stderr]    Compiling pkg-config v0.3.27
[INFO] [stderr]    Compiling vcpkg v0.2.15
[INFO] [stderr]     Checking cfg-if v0.1.10
[INFO] [stderr]     Checking futures v0.1.31
[INFO] [stderr]     Checking scopeguard v1.2.0
[INFO] [stderr]    Compiling maybe-uninit v2.0.0
[INFO] [stderr]    Compiling typenum v1.17.0
[INFO] [stderr]     Checking foreign-types-shared v0.1.1
[INFO] [stderr]     Checking tinyvec_macros v0.1.1
[INFO] [stderr]    Compiling openssl v0.10.61
[INFO] [stderr]     Checking foreign-types v0.3.2
[INFO] [stderr]     Checking tinyvec v1.6.0
[INFO] [stderr]     Checking rand_core v0.3.1
[INFO] [stderr]    Compiling semver v0.9.0
[INFO] [stderr]    Compiling autocfg v0.1.8
[INFO] [stderr]     Checking lock_api v0.3.4
[INFO] [stderr]     Checking fnv v1.0.7
[INFO] [stderr]     Checking once_cell v1.19.0
[INFO] [stderr]     Checking byte-tools v0.3.1
[INFO] [stderr]     Checking bitflags v2.4.1
[INFO] [stderr]    Compiling version_check v0.1.5
[INFO] [stderr]    Compiling rustc_version v0.2.3
[INFO] [stderr]    Compiling crossbeam-utils v0.7.2
[INFO] [stderr]    Compiling slab v0.4.9
[INFO] [stderr]    Compiling rand_chacha v0.1.1
[INFO] [stderr]    Compiling rand_pcg v0.1.2
[INFO] [stderr]     Checking smallvec v0.6.14
[INFO] [stderr]    Compiling native-tls v0.2.11
[INFO] [stderr]    Compiling parking_lot_core v0.6.3
[INFO] [stderr]    Compiling parking_lot v0.9.0
[INFO] [stderr]    Compiling unicase v1.4.2
[INFO] [stderr]    Compiling rand v0.6.5
[INFO] [stderr]    Compiling lock_api v0.4.11
[INFO] [stderr]     Checking block-padding v0.1.5
[INFO] [stderr]    Compiling httparse v1.8.0
[INFO] [stderr]    Compiling parking_lot_core v0.9.9
[INFO] [stderr]    Compiling quote v1.0.33
[INFO] [stderr]     Checking openssl-probe v0.1.5
[INFO] [stderr]     Checking unicode-bidi v0.3.14
[INFO] [stderr]     Checking matches v0.1.10
[INFO] [stderr]     Checking unicode-normalization v0.1.22
[INFO] [stderr]     Checking rand_xorshift v0.1.1
[INFO] [stderr]     Checking rand_isaac v0.1.1
[INFO] [stderr]     Checking rand_hc v0.1.0
[INFO] [stderr]     Checking log v0.3.9
[INFO] [stderr]    Compiling syn v2.0.39
[INFO] [stderr]     Checking rand_jitter v0.1.4
[INFO] [stderr]     Checking safemem v0.3.3
[INFO] [stderr]     Checking percent-encoding v1.0.1
[INFO] [stderr]     Checking tokio-sync v0.1.8
[INFO] [stderr]     Checking opaque-debug v0.2.3
[INFO] [stderr]     Checking smallvec v1.11.1
[INFO] [stderr]     Checking tokio-executor v0.1.10
[INFO] [stderr]     Checking iovec v0.1.4
[INFO] [stderr]     Checking num_cpus v1.16.0
[INFO] [stderr]     Checking net2 v0.2.39
[INFO] [stderr]    Compiling cc v1.0.83
[INFO] [stderr]     Checking getrandom v0.2.11
[INFO] [stderr]     Checking rand_os v0.1.3
[INFO] [stderr]     Checking fake-simd v0.1.2
[INFO] [stderr]     Checking bytes v0.4.12
[INFO] [stderr]    Compiling serde v1.0.193
[INFO] [stderr]     Checking mime v0.2.6
[INFO] [stderr]     Checking time v0.1.45
[INFO] [stderr]     Checking base64 v0.9.3
[INFO] [stderr]     Checking rand_core v0.6.4
[INFO] [stderr]     Checking mio v0.6.23
[INFO] [stderr]     Checking base64 v0.10.1
[INFO] [stderr]     Checking typeable v0.1.2
[INFO] [stderr]     Checking ppv-lite86 v0.2.17
[INFO] [stderr]     Checking language-tags v0.2.2
[INFO] [stderr]     Checking traitobject v0.1.0
[INFO] [stderr]    Compiling serde_json v1.0.108
[INFO] [stderr]     Checking parking_lot v0.12.1
[INFO] [stderr]     Checking signal-hook-registry v1.4.1
[INFO] [stderr]     Checking idna v0.1.5
[INFO] [stderr]     Checking tokio-io v0.1.13
[INFO] [stderr]     Checking socket2 v0.5.5
[INFO] [stderr]     Checking mio v0.8.10
[INFO] [stderr]     Checking itoa v1.0.9
[INFO] [stderr]     Checking generic-array v0.12.4
[INFO] [stderr]     Checking pin-project-lite v0.2.13
[INFO] [stderr]     Checking bytes v1.5.0
[INFO] [stderr]     Checking ryu v1.0.15
[INFO] [stderr]     Checking rand_chacha v0.3.1
[INFO] [stderr]     Checking digest v0.8.1
[INFO] [stderr]     Checking block-buffer v0.7.3
[INFO] [stderr]     Checking tokio-reactor v0.1.12
[INFO] [stderr]     Checking tokio-codec v0.1.2
[INFO] [stderr]     Checking sha-1 v0.8.2
[INFO] [stderr]     Checking url v1.7.2
[INFO] [stderr]    Compiling openssl-sys v0.9.97
[INFO] [stderr]     Checking rand v0.8.5
[INFO] [stderr]     Checking tokio-tcp v0.1.4
[INFO] [stderr]     Checking hyper v0.10.16
[INFO] [stderr]    Compiling openssl-macros v0.1.1
[INFO] [stderr]    Compiling serde_derive v1.0.193
[INFO] [stderr]    Compiling tokio-macros v2.2.0
[INFO] [stderr]     Checking tokio v1.34.0
[INFO] [stderr]     Checking tokio-tls v0.2.1
[INFO] [stderr]     Checking websocket-base v0.26.5
[INFO] [stderr]     Checking websocket v0.27.0
[INFO] [stderr]  Documenting skitgubbe-server v0.1.0 (/opt/rustwide/workdir)
[INFO] [stdout] error[E0432]: unresolved import `strum`
[INFO] [stdout]  --> server/deck.rs:2:5
[INFO] [stdout]   |
[INFO] [stdout] 2 | use strum::IntoEnumIterator;
[INFO] [stdout]   |     ^^^^^ use of undeclared crate or module `strum`
[INFO] [stdout] 
[INFO] [stdout] 
[INFO] [stdout] error[E0432]: unresolved import `strum_macros`
[INFO] [stdout]  --> server/deck.rs:3:5
[INFO] [stdout]   |
[INFO] [stdout] 3 | use strum_macros::EnumIter;
[INFO] [stdout]   |     ^^^^^^^^^^^^ use of undeclared crate or module `strum_macros`
[INFO] [stdout] 
[INFO] [stdout] 
[INFO] [stdout] error: cannot determine resolution for the derive macro `EnumIter`
[INFO] [stdout]  --> server/deck.rs:7:43
[INFO] [stdout]   |
[INFO] [stdout] 7 | #[derive(Hash, Eq, PartialEq, PartialOrd, EnumIter, Clone)]
[INFO] [stdout]   |                                           ^^^^^^^^
[INFO] [stdout]   |
[INFO] [stdout]   = note: import resolution is stuck, try simplifying macro imports
[INFO] [stdout] 
[INFO] [stdout] 
[INFO] [stdout] error: aborting due to 3 previous errors
[INFO] [stdout] 
[INFO] [stdout] 
[INFO] [stdout] For more information about this error, try `rustc --explain E0432`.
[INFO] [stdout] 
[INFO] [stderr] error: could not document `skitgubbe-server`
[INFO] [stderr] 
[INFO] [stderr] Caused by:
[INFO] [stderr]   process didn't exit successfully: `/opt/rustwide/rustup-home/toolchains/beta-2023-12-22-x86_64-unknown-linux-gnu/bin/rustdoc --edition=2021 --crate-type bin --crate-name server server/server.rs -o /opt/rustwide/target/doc --error-format=json --json=diagnostic-rendered-ansi,artifacts,future-incompat --document-private-items '-Arustdoc::private-intra-doc-links' -C metadata=33c598efe60aa874 -L dependency=/opt/rustwide/target/debug/deps --extern rand=/opt/rustwide/target/debug/deps/librand-f9c2f372f85e5dc1.rmeta --extern serde=/opt/rustwide/target/debug/deps/libserde-df330f398e0616e5.rmeta --extern serde_json=/opt/rustwide/target/debug/deps/libserde_json-2278199c125e8f89.rmeta --extern tokio=/opt/rustwide/target/debug/deps/libtokio-9a22a27c86e05f63.rmeta --extern websocket=/opt/rustwide/target/debug/deps/libwebsocket-81911b70a750deea.rmeta --cap-lints=warn --crate-version 0.1.0` (exit status: 1)
[INFO] [stderr] warning: build failed, waiting for other jobs to finish...
[INFO] running `Command { std: "docker" "inspect" "71bc1cc3eb44b6c6d25058dd8651aae175d2471a13d96db5968dbc44d3663074", kill_on_drop: false }`
[INFO] running `Command { std: "docker" "rm" "-f" "71bc1cc3eb44b6c6d25058dd8651aae175d2471a13d96db5968dbc44d3663074", kill_on_drop: false }`
[INFO] [stdout] 71bc1cc3eb44b6c6d25058dd8651aae175d2471a13d96db5968dbc44d3663074
