[INFO] cloning repository https://github.com/TravisWhitehead/advent-of-code-2022
[INFO] running `Command { std: "git" "-c" "credential.helper=" "-c" "credential.helper=/workspace/cargo-home/bin/git-credential-null" "clone" "--bare" "https://github.com/TravisWhitehead/advent-of-code-2022" "/workspace/cache/git-repos/https%3A%2F%2Fgithub.com%2FTravisWhitehead%2Fadvent-of-code-2022", kill_on_drop: false }`
[INFO] [stderr] Cloning into bare repository '/workspace/cache/git-repos/https%3A%2F%2Fgithub.com%2FTravisWhitehead%2Fadvent-of-code-2022'...
[INFO] running `Command { std: "git" "rev-parse" "HEAD", kill_on_drop: false }`
[INFO] [stdout] cc6e1f91cc97731f610d904bde980c49f0536d91
[INFO] documenting TravisWhitehead/advent-of-code-2022 against 1.75.0 for beta-1.76-rustdoc-1
[INFO] running `Command { std: "git" "clone" "/workspace/cache/git-repos/https%3A%2F%2Fgithub.com%2FTravisWhitehead%2Fadvent-of-code-2022" "/workspace/builds/worker-0-tc1/source", kill_on_drop: false }`
[INFO] [stderr] Cloning into '/workspace/builds/worker-0-tc1/source'...
[INFO] [stderr] done.
[INFO] validating manifest of git repo https://github.com/TravisWhitehead/advent-of-code-2022 on toolchain 1.75.0
[INFO] running `Command { std: CARGO_HOME="/workspace/cargo-home" RUSTUP_HOME="/workspace/rustup-home" "/workspace/cargo-home/bin/cargo" "+1.75.0" "metadata" "--manifest-path" "Cargo.toml" "--no-deps", kill_on_drop: false }`
[INFO] started tweaking git repo https://github.com/TravisWhitehead/advent-of-code-2022
[INFO] finished tweaking git repo https://github.com/TravisWhitehead/advent-of-code-2022
[INFO] tweaked toml for git repo https://github.com/TravisWhitehead/advent-of-code-2022 written to /workspace/builds/worker-0-tc1/source/Cargo.toml
[INFO] crate git repo https://github.com/TravisWhitehead/advent-of-code-2022 already has a lockfile, it will not be regenerated
[INFO] running `Command { std: CARGO_HOME="/workspace/cargo-home" RUSTUP_HOME="/workspace/rustup-home" "/workspace/cargo-home/bin/cargo" "+1.75.0" "fetch" "--manifest-path" "Cargo.toml", kill_on_drop: false }`
[INFO] [stderr] warning: virtual workspace defaulting to `resolver = "1"` despite one or more workspace members being on edition 2021 which implies `resolver = "2"`
[INFO] [stderr] note: to keep the current resolver, specify `workspace.resolver = "1"` in the workspace root's manifest
[INFO] [stderr] note: to use the edition 2021 resolver, specify `workspace.resolver = "2"` in the workspace root's manifest
[INFO] [stderr] note: for more details see https://doc.rust-lang.org/cargo/reference/resolver.html#resolver-versions
[INFO] [stderr] warning: /workspace/builds/worker-0-tc1/source/Cargo.toml: unused manifest key: workspace.authors
[INFO] running `Command { std: "docker" "create" "-v" "/var/lib/crater-agent-workspace/builds/worker-0-tc1/target:/opt/rustwide/target:rw,Z" "-v" "/var/lib/crater-agent-workspace/builds/worker-0-tc1/source:/opt/rustwide/workdir:ro,Z" "-v" "/var/lib/crater-agent-workspace/cargo-home:/opt/rustwide/cargo-home:ro,Z" "-v" "/var/lib/crater-agent-workspace/rustup-home:/opt/rustwide/rustup-home:ro,Z" "-e" "SOURCE_DIR=/opt/rustwide/workdir" "-e" "CARGO_TARGET_DIR=/opt/rustwide/target" "-e" "CARGO_HOME=/opt/rustwide/cargo-home" "-e" "RUSTUP_HOME=/opt/rustwide/rustup-home" "-w" "/opt/rustwide/workdir" "-m" "1610612736" "--user" "0:0" "--network" "none" "ghcr.io/rust-lang/crates-build-env/linux@sha256:2788e3201cd34a07e3172128adcd8b3090168a8e3bcc40d7c032b9dda1df7d1c" "/opt/rustwide/cargo-home/bin/cargo" "+1.75.0" "metadata" "--no-deps" "--format-version=1", kill_on_drop: false }`
[INFO] [stdout] 633067f3178f8d369ee079988c6e883d5b0f2c9fb309dc67a458df5137cafced
[INFO] running `Command { std: "docker" "start" "-a" "633067f3178f8d369ee079988c6e883d5b0f2c9fb309dc67a458df5137cafced", kill_on_drop: false }`
[INFO] running `Command { std: "docker" "inspect" "633067f3178f8d369ee079988c6e883d5b0f2c9fb309dc67a458df5137cafced", kill_on_drop: false }`
[INFO] running `Command { std: "docker" "rm" "-f" "633067f3178f8d369ee079988c6e883d5b0f2c9fb309dc67a458df5137cafced", kill_on_drop: false }`
[INFO] [stdout] 633067f3178f8d369ee079988c6e883d5b0f2c9fb309dc67a458df5137cafced
[INFO] running `Command { std: "docker" "create" "-v" "/var/lib/crater-agent-workspace/builds/worker-0-tc1/target:/opt/rustwide/target:rw,Z" "-v" "/var/lib/crater-agent-workspace/builds/worker-0-tc1/source:/opt/rustwide/workdir:ro,Z" "-v" "/var/lib/crater-agent-workspace/cargo-home:/opt/rustwide/cargo-home:ro,Z" "-v" "/var/lib/crater-agent-workspace/rustup-home:/opt/rustwide/rustup-home:ro,Z" "-e" "SOURCE_DIR=/opt/rustwide/workdir" "-e" "CARGO_TARGET_DIR=/opt/rustwide/target" "-e" "CARGO_INCREMENTAL=0" "-e" "RUST_BACKTRACE=full" "-e" "RUSTFLAGS=--cap-lints=warn" "-e" "RUSTDOCFLAGS=--cap-lints=warn" "-e" "CARGO_HOME=/opt/rustwide/cargo-home" "-e" "RUSTUP_HOME=/opt/rustwide/rustup-home" "-w" "/opt/rustwide/workdir" "-m" "1610612736" "--user" "0:0" "--network" "none" "ghcr.io/rust-lang/crates-build-env/linux@sha256:2788e3201cd34a07e3172128adcd8b3090168a8e3bcc40d7c032b9dda1df7d1c" "/opt/rustwide/cargo-home/bin/cargo" "+1.75.0" "doc" "--frozen" "--no-deps" "--document-private-items" "--message-format=json", kill_on_drop: false }`
[INFO] [stdout] c730c70a6709126fe6747610708b1553efb526644c9a6e78401a75c5c4f11771
[INFO] running `Command { std: "docker" "start" "-a" "c730c70a6709126fe6747610708b1553efb526644c9a6e78401a75c5c4f11771", kill_on_drop: false }`
[INFO] [stderr] warning: virtual workspace defaulting to `resolver = "1"` despite one or more workspace members being on edition 2021 which implies `resolver = "2"`
[INFO] [stderr] note: to keep the current resolver, specify `workspace.resolver = "1"` in the workspace root's manifest
[INFO] [stderr] note: to use the edition 2021 resolver, specify `workspace.resolver = "2"` in the workspace root's manifest
[INFO] [stderr] note: for more details see https://doc.rust-lang.org/cargo/reference/resolver.html#resolver-versions
[INFO] [stderr] warning: /opt/rustwide/workdir/Cargo.toml: unused manifest key: workspace.authors
[INFO] [stderr]    Compiling proc-macro2 v1.0.47
[INFO] [stderr]    Compiling quote v1.0.21
[INFO] [stderr]    Compiling unicode-ident v1.0.5
[INFO] [stderr]    Compiling version_check v0.9.4
[INFO] [stderr]    Compiling syn v1.0.105
[INFO] [stderr]    Compiling yansi v0.5.1
[INFO] [stderr]     Checking inlinable_string v0.1.15
[INFO] [stderr]    Compiling anyhow v1.0.66
[INFO] [stderr]  Documenting day_3_rucksack_reorganization v0.1.0 (/opt/rustwide/workdir/day_3_rucksack_reorganization)
[INFO] [stderr]    Compiling proc-macro2-diagnostics v0.9.1
[INFO] [stderr]    Compiling pear_codegen v0.2.3
[INFO] [stderr]     Checking pear v0.2.3
[INFO] [stderr]  Documenting day_5_supply_stacks v0.1.0 (/opt/rustwide/workdir/day_5_supply_stacks)
[INFO] [stderr]  Documenting day_4_camp_cleanup v0.1.0 (/opt/rustwide/workdir/day_4_camp_cleanup)
[INFO] [stderr]  Documenting day_1_calorie_counting v0.1.0 (/opt/rustwide/workdir/day_1_calorie_counting)
[INFO] [stderr]  Documenting day_2_rock_paper_scissors v0.1.0 (/opt/rustwide/workdir/day_2_rock_paper_scissors)
[INFO] [stdout] error[E0412]: cannot find type `HashMap` in this scope
[INFO] [stdout]   --> day_5_supply_stacks/src/main.rs:19:13
[INFO] [stdout]    |
[INFO] [stdout] 19 |     stacks: HashMap,
[INFO] [stdout]    |             ^^^^^^^ not found in this scope
[INFO] [stdout]    |
[INFO] [stdout] help: consider importing this struct
[INFO] [stdout]    |
[INFO] [stdout] 1  + use std::collections::HashMap;
[INFO] [stdout]    |
[INFO] [stdout] 
[INFO] [stdout] 
[INFO] [stdout] error[E0573]: expected type, found variant `Some`
[INFO] [stdout]   --> day_5_supply_stacks/src/main.rs:34:30
[INFO] [stdout]    |
[INFO] [stdout] 34 |         crates_rows: Vec<Vec<Some(Crate)>>,
[INFO] [stdout]    |                              ^^^^^^^^^^^ not a type
[INFO] [stdout]    |
[INFO] [stdout] help: try using the variant's enum
[INFO] [stdout]    |
[INFO] [stdout] 34 |         crates_rows: Vec<Vec<core::option::Option>>,
[INFO] [stdout]    |                              ~~~~~~~~~~~~~~~~~~~~
[INFO] [stdout] 34 |         crates_rows: Vec<Vec<std::option::Option>>,
[INFO] [stdout]    |                              ~~~~~~~~~~~~~~~~~~~
[INFO] [stdout] 
[INFO] [stdout] 
[INFO] [stdout] error: aborting due to 2 previous errors
[INFO] [stdout] 
[INFO] [stdout] 
[INFO] [stderr] error: could not document `day_5_supply_stacks`
[INFO] [stdout] Some errors have detailed explanations: E0412, E0573.
[INFO] [stdout] 
[INFO] [stderr] 
[INFO] [stdout] For more information about an error, try `rustc --explain E0412`.
[INFO] [stdout] 
[INFO] [stderr] Caused by:
[INFO] [stderr]   process didn't exit successfully: `/opt/rustwide/rustup-home/toolchains/1.75.0-x86_64-unknown-linux-gnu/bin/rustdoc --edition=2021 --crate-type bin --crate-name day_5_supply_stacks day_5_supply_stacks/src/main.rs -o /opt/rustwide/target/doc --error-format=json --json=diagnostic-rendered-ansi,artifacts,future-incompat --document-private-items '-Arustdoc::private-intra-doc-links' -C metadata=da23096444a84a03 -L dependency=/opt/rustwide/target/debug/deps --extern anyhow=/opt/rustwide/target/debug/deps/libanyhow-527cac6c1448f5b4.rmeta --extern pear=/opt/rustwide/target/debug/deps/libpear-90a0c0aaf5152167.rmeta --cap-lints=warn --crate-version 0.1.0` (exit status: 1)
[INFO] [stderr] warning: build failed, waiting for other jobs to finish...
[INFO] [stdout] warning: unresolved link to `FoodCalories`
[INFO] [stdout]   --> day_1_calorie_counting/src/parser.rs:43:1
[INFO] [stdout]    |
[INFO] [stdout] 43 | / /// Parses a sequence of numeric chars into [`FoodCalories`].
[INFO] [stdout] 44 | | ///
[INFO] [stdout] 45 | | /// This takes numeric chars until a newline is encountered, parses the chars as `FoodCalories`,
[INFO] [stdout] 46 | | /// and returns the parsed `FoodCalories` value.
[INFO] [stdout]    | |________________________________________________^
[INFO] [stdout]    |
[INFO] [stdout]    = note: the link appears in this line:
[INFO] [stdout]            
[INFO] [stdout]            Parses a sequence of numeric chars into [`FoodCalories`].
[INFO] [stdout]                                                     ^^^^^^^^^^^^^^
[INFO] [stdout]    = note: no item named `FoodCalories` in scope
[INFO] [stdout]    = help: to escape `[` and `]` characters, add '\' before them like `\[` or `\]`
[INFO] [stdout]    = note: `#[warn(rustdoc::broken_intra_doc_links)]` on by default
[INFO] [stdout] 
[INFO] [stdout] 
[INFO] [stdout] warning: unresolved link to `ElfCalories`
[INFO] [stdout]   --> day_1_calorie_counting/src/parser.rs:62:1
[INFO] [stdout]    |
[INFO] [stdout] 62 | / /// Parses a block of calories lines recorded by an elf into [`ElfCalories`].
[INFO] [stdout] 63 | | ///
[INFO] [stdout] 64 | | /// This parses a sequence of calories lines and eats a newline char if the next char matches.
[INFO] [stdout]    | |______________________________________________________________________________________________^
[INFO] [stdout]    |
[INFO] [stdout]    = note: the link appears in this line:
[INFO] [stdout]            
[INFO] [stdout]            Parses a block of calories lines recorded by an elf into [`ElfCalories`].
[INFO] [stdout]                                                                      ^^^^^^^^^^^^^
[INFO] [stdout]    = note: no item named `ElfCalories` in scope
[INFO] [stdout]    = help: to escape `[` and `]` characters, add '\' before them like `\[` or `\]`
[INFO] [stdout] 
[INFO] [stdout] 
[INFO] [stdout] warning: unresolved link to `ElvesCalories`
[INFO] [stdout]   --> day_1_calorie_counting/src/parser.rs:72:1
[INFO] [stdout]    |
[INFO] [stdout] 72 | / /// Parses blocks of calories lines recorded by all of the elves into [`ElvesCalories`].
[INFO] [stdout] 73 | | ///
[INFO] [stdout] 74 | | /// This parses a sequence of blocks of calories lines.
[INFO] [stdout]    | |_______________________________________________________^
[INFO] [stdout]    |
[INFO] [stdout]    = note: the link appears in this line:
[INFO] [stdout]            
[INFO] [stdout]            Parses blocks of calories lines recorded by all of the elves into [`ElvesCalories`].
[INFO] [stdout]                                                                               ^^^^^^^^^^^^^^^
[INFO] [stdout]    = note: no item named `ElvesCalories` in scope
[INFO] [stdout]    = help: to escape `[` and `]` characters, add '\' before them like `\[` or `\]`
[INFO] [stdout] 
[INFO] [stdout] 
[INFO] [stdout] warning: 3 warnings emitted
[INFO] [stdout] 
[INFO] [stdout] 
[INFO] running `Command { std: "docker" "inspect" "c730c70a6709126fe6747610708b1553efb526644c9a6e78401a75c5c4f11771", kill_on_drop: false }`
[INFO] running `Command { std: "docker" "rm" "-f" "c730c70a6709126fe6747610708b1553efb526644c9a6e78401a75c5c4f11771", kill_on_drop: false }`
[INFO] [stdout] c730c70a6709126fe6747610708b1553efb526644c9a6e78401a75c5c4f11771
[INFO] documenting TravisWhitehead/advent-of-code-2022 against beta-2023-12-22 for beta-1.76-rustdoc-1
[INFO] running `Command { std: "git" "clone" "/workspace/cache/git-repos/https%3A%2F%2Fgithub.com%2FTravisWhitehead%2Fadvent-of-code-2022" "/workspace/builds/worker-0-tc2/source", kill_on_drop: false }`
[INFO] [stderr] Cloning into '/workspace/builds/worker-0-tc2/source'...
[INFO] [stderr] done.
[INFO] validating manifest of git repo https://github.com/TravisWhitehead/advent-of-code-2022 on toolchain beta-2023-12-22
[INFO] running `Command { std: CARGO_HOME="/workspace/cargo-home" RUSTUP_HOME="/workspace/rustup-home" "/workspace/cargo-home/bin/cargo" "+beta-2023-12-22" "metadata" "--manifest-path" "Cargo.toml" "--no-deps", kill_on_drop: false }`
[INFO] started tweaking git repo https://github.com/TravisWhitehead/advent-of-code-2022
[INFO] finished tweaking git repo https://github.com/TravisWhitehead/advent-of-code-2022
[INFO] tweaked toml for git repo https://github.com/TravisWhitehead/advent-of-code-2022 written to /workspace/builds/worker-0-tc2/source/Cargo.toml
[INFO] crate git repo https://github.com/TravisWhitehead/advent-of-code-2022 already has a lockfile, it will not be regenerated
[INFO] running `Command { std: CARGO_HOME="/workspace/cargo-home" RUSTUP_HOME="/workspace/rustup-home" "/workspace/cargo-home/bin/cargo" "+beta-2023-12-22" "fetch" "--manifest-path" "Cargo.toml", kill_on_drop: false }`
[INFO] [stderr] warning: virtual workspace defaulting to `resolver = "1"` despite one or more workspace members being on edition 2021 which implies `resolver = "2"`
[INFO] [stderr] note: to keep the current resolver, specify `workspace.resolver = "1"` in the workspace root's manifest
[INFO] [stderr] note: to use the edition 2021 resolver, specify `workspace.resolver = "2"` in the workspace root's manifest
[INFO] [stderr] note: for more details see https://doc.rust-lang.org/cargo/reference/resolver.html#resolver-versions
[INFO] [stderr] warning: /workspace/builds/worker-0-tc2/source/Cargo.toml: unused manifest key: workspace.authors
[INFO] running `Command { std: "docker" "create" "-v" "/var/lib/crater-agent-workspace/builds/worker-0-tc2/target:/opt/rustwide/target:rw,Z" "-v" "/var/lib/crater-agent-workspace/builds/worker-0-tc2/source:/opt/rustwide/workdir:ro,Z" "-v" "/var/lib/crater-agent-workspace/cargo-home:/opt/rustwide/cargo-home:ro,Z" "-v" "/var/lib/crater-agent-workspace/rustup-home:/opt/rustwide/rustup-home:ro,Z" "-e" "SOURCE_DIR=/opt/rustwide/workdir" "-e" "CARGO_TARGET_DIR=/opt/rustwide/target" "-e" "CARGO_HOME=/opt/rustwide/cargo-home" "-e" "RUSTUP_HOME=/opt/rustwide/rustup-home" "-w" "/opt/rustwide/workdir" "-m" "1610612736" "--user" "0:0" "--network" "none" "ghcr.io/rust-lang/crates-build-env/linux@sha256:2788e3201cd34a07e3172128adcd8b3090168a8e3bcc40d7c032b9dda1df7d1c" "/opt/rustwide/cargo-home/bin/cargo" "+beta-2023-12-22" "metadata" "--no-deps" "--format-version=1", kill_on_drop: false }`
[INFO] [stdout] fb1df18b34eb8a2d2275c162d929be7c6088b690a3b58f784e686c59e470f857
[INFO] running `Command { std: "docker" "start" "-a" "fb1df18b34eb8a2d2275c162d929be7c6088b690a3b58f784e686c59e470f857", kill_on_drop: false }`
[INFO] running `Command { std: "docker" "inspect" "fb1df18b34eb8a2d2275c162d929be7c6088b690a3b58f784e686c59e470f857", kill_on_drop: false }`
[INFO] running `Command { std: "docker" "rm" "-f" "fb1df18b34eb8a2d2275c162d929be7c6088b690a3b58f784e686c59e470f857", kill_on_drop: false }`
[INFO] [stdout] fb1df18b34eb8a2d2275c162d929be7c6088b690a3b58f784e686c59e470f857
[INFO] running `Command { std: "docker" "create" "-v" "/var/lib/crater-agent-workspace/builds/worker-0-tc2/target:/opt/rustwide/target:rw,Z" "-v" "/var/lib/crater-agent-workspace/builds/worker-0-tc2/source:/opt/rustwide/workdir:ro,Z" "-v" "/var/lib/crater-agent-workspace/cargo-home:/opt/rustwide/cargo-home:ro,Z" "-v" "/var/lib/crater-agent-workspace/rustup-home:/opt/rustwide/rustup-home:ro,Z" "-e" "SOURCE_DIR=/opt/rustwide/workdir" "-e" "CARGO_TARGET_DIR=/opt/rustwide/target" "-e" "CARGO_INCREMENTAL=0" "-e" "RUST_BACKTRACE=full" "-e" "RUSTFLAGS=--cap-lints=warn" "-e" "RUSTDOCFLAGS=--cap-lints=warn" "-e" "CARGO_HOME=/opt/rustwide/cargo-home" "-e" "RUSTUP_HOME=/opt/rustwide/rustup-home" "-w" "/opt/rustwide/workdir" "-m" "1610612736" "--user" "0:0" "--network" "none" "ghcr.io/rust-lang/crates-build-env/linux@sha256:2788e3201cd34a07e3172128adcd8b3090168a8e3bcc40d7c032b9dda1df7d1c" "/opt/rustwide/cargo-home/bin/cargo" "+beta-2023-12-22" "doc" "--frozen" "--no-deps" "--document-private-items" "--message-format=json", kill_on_drop: false }`
[INFO] [stdout] a0ffa4f04653aac2811b425d2825c8739b6ed214509a411574d079400987ca10
[INFO] running `Command { std: "docker" "start" "-a" "a0ffa4f04653aac2811b425d2825c8739b6ed214509a411574d079400987ca10", kill_on_drop: false }`
[INFO] [stderr] warning: virtual workspace defaulting to `resolver = "1"` despite one or more workspace members being on edition 2021 which implies `resolver = "2"`
[INFO] [stderr] note: to keep the current resolver, specify `workspace.resolver = "1"` in the workspace root's manifest
[INFO] [stderr] note: to use the edition 2021 resolver, specify `workspace.resolver = "2"` in the workspace root's manifest
[INFO] [stderr] note: for more details see https://doc.rust-lang.org/cargo/reference/resolver.html#resolver-versions
[INFO] [stderr] warning: /opt/rustwide/workdir/Cargo.toml: unused manifest key: workspace.authors
[INFO] [stderr]    Compiling proc-macro2 v1.0.47
[INFO] [stderr]    Compiling quote v1.0.21
[INFO] [stderr]    Compiling unicode-ident v1.0.5
[INFO] [stderr]    Compiling syn v1.0.105
[INFO] [stderr]    Compiling version_check v0.9.4
[INFO] [stderr]    Compiling yansi v0.5.1
[INFO] [stderr]     Checking inlinable_string v0.1.15
[INFO] [stderr]    Compiling anyhow v1.0.66
[INFO] [stderr]  Documenting day_3_rucksack_reorganization v0.1.0 (/opt/rustwide/workdir/day_3_rucksack_reorganization)
[INFO] [stderr]    Compiling proc-macro2-diagnostics v0.9.1
[INFO] [stderr]    Compiling pear_codegen v0.2.3
[INFO] [stderr]     Checking pear v0.2.3
[INFO] [stderr]  Documenting day_1_calorie_counting v0.1.0 (/opt/rustwide/workdir/day_1_calorie_counting)
[INFO] [stderr]  Documenting day_4_camp_cleanup v0.1.0 (/opt/rustwide/workdir/day_4_camp_cleanup)
[INFO] [stderr]  Documenting day_2_rock_paper_scissors v0.1.0 (/opt/rustwide/workdir/day_2_rock_paper_scissors)
[INFO] [stderr]  Documenting day_5_supply_stacks v0.1.0 (/opt/rustwide/workdir/day_5_supply_stacks)
[INFO] [stdout] error[E0412]: cannot find type `HashMap` in this scope
[INFO] [stdout]   --> day_5_supply_stacks/src/main.rs:19:13
[INFO] [stdout]    |
[INFO] [stdout] 19 |     stacks: HashMap,
[INFO] [stdout]    |             ^^^^^^^ not found in this scope
[INFO] [stdout]    |
[INFO] [stdout] help: consider importing this struct
[INFO] [stdout]    |
[INFO] [stdout] 1  + use std::collections::HashMap;
[INFO] [stdout]    |
[INFO] [stdout] 
[INFO] [stdout] 
[INFO] [stdout] error[E0573]: expected type, found variant `Some`
[INFO] [stdout]   --> day_5_supply_stacks/src/main.rs:34:30
[INFO] [stdout]    |
[INFO] [stdout] 34 |         crates_rows: Vec<Vec<Some(Crate)>>,
[INFO] [stdout]    |                              ^^^^^^^^^^^ not a type
[INFO] [stdout]    |
[INFO] [stdout] help: try using the variant's enum
[INFO] [stdout]    |
[INFO] [stdout] 34 |         crates_rows: Vec<Vec<core::option::Option>>,
[INFO] [stdout]    |                              ~~~~~~~~~~~~~~~~~~~~
[INFO] [stdout] 34 |         crates_rows: Vec<Vec<std::option::Option>>,
[INFO] [stdout]    |                              ~~~~~~~~~~~~~~~~~~~
[INFO] [stdout] 
[INFO] [stdout] 
[INFO] [stdout] error: aborting due to 2 previous errors
[INFO] [stdout] 
[INFO] [stdout] 
[INFO] [stdout] Some errors have detailed explanations: E0412, E0573.
[INFO] [stdout] 
[INFO] [stdout] For more information about an error, try `rustc --explain E0412`.
[INFO] [stdout] 
[INFO] [stderr] error: could not document `day_5_supply_stacks`
[INFO] [stderr] 
[INFO] [stderr] Caused by:
[INFO] [stderr]   process didn't exit successfully: `/opt/rustwide/rustup-home/toolchains/beta-2023-12-22-x86_64-unknown-linux-gnu/bin/rustdoc --edition=2021 --crate-type bin --crate-name day_5_supply_stacks day_5_supply_stacks/src/main.rs -o /opt/rustwide/target/doc --error-format=json --json=diagnostic-rendered-ansi,artifacts,future-incompat --document-private-items '-Arustdoc::private-intra-doc-links' -C metadata=7e1736b92a9f673e -L dependency=/opt/rustwide/target/debug/deps --extern anyhow=/opt/rustwide/target/debug/deps/libanyhow-a8641a8df827babb.rmeta --extern pear=/opt/rustwide/target/debug/deps/libpear-384e3af9276b18ec.rmeta --cap-lints=warn --crate-version 0.1.0` (exit status: 1)
[INFO] [stderr] warning: build failed, waiting for other jobs to finish...
[INFO] [stdout] warning: unresolved link to `FoodCalories`
[INFO] [stdout]   --> day_1_calorie_counting/src/parser.rs:43:1
[INFO] [stdout]    |
[INFO] [stdout] 43 | / /// Parses a sequence of numeric chars into [`FoodCalories`].
[INFO] [stdout] 44 | | ///
[INFO] [stdout] 45 | | /// This takes numeric chars until a newline is encountered, parses the chars as `FoodCalories`,
[INFO] [stdout] 46 | | /// and returns the parsed `FoodCalories` value.
[INFO] [stdout]    | |________________________________________________^
[INFO] [stdout]    |
[INFO] [stdout]    = note: the link appears in this line:
[INFO] [stdout]            
[INFO] [stdout]            Parses a sequence of numeric chars into [`FoodCalories`].
[INFO] [stdout]                                                     ^^^^^^^^^^^^^^
[INFO] [stdout]    = note: no item named `FoodCalories` in scope
[INFO] [stdout]    = help: to escape `[` and `]` characters, add '\' before them like `\[` or `\]`
[INFO] [stdout]    = note: `#[warn(rustdoc::broken_intra_doc_links)]` on by default
[INFO] [stdout] 
[INFO] [stdout] 
[INFO] [stdout] warning: unresolved link to `ElfCalories`
[INFO] [stdout]   --> day_1_calorie_counting/src/parser.rs:62:1
[INFO] [stdout]    |
[INFO] [stdout] 62 | / /// Parses a block of calories lines recorded by an elf into [`ElfCalories`].
[INFO] [stdout] 63 | | ///
[INFO] [stdout] 64 | | /// This parses a sequence of calories lines and eats a newline char if the next char matches.
[INFO] [stdout]    | |______________________________________________________________________________________________^
[INFO] [stdout]    |
[INFO] [stdout]    = note: the link appears in this line:
[INFO] [stdout]            
[INFO] [stdout]            Parses a block of calories lines recorded by an elf into [`ElfCalories`].
[INFO] [stdout]                                                                      ^^^^^^^^^^^^^
[INFO] [stdout]    = note: no item named `ElfCalories` in scope
[INFO] [stdout]    = help: to escape `[` and `]` characters, add '\' before them like `\[` or `\]`
[INFO] [stdout] 
[INFO] [stdout] 
[INFO] [stdout] warning: unresolved link to `ElvesCalories`
[INFO] [stdout]   --> day_1_calorie_counting/src/parser.rs:72:1
[INFO] [stdout]    |
[INFO] [stdout] 72 | / /// Parses blocks of calories lines recorded by all of the elves into [`ElvesCalories`].
[INFO] [stdout] 73 | | ///
[INFO] [stdout] 74 | | /// This parses a sequence of blocks of calories lines.
[INFO] [stdout]    | |_______________________________________________________^
[INFO] [stdout]    |
[INFO] [stdout]    = note: the link appears in this line:
[INFO] [stdout]            
[INFO] [stdout]            Parses blocks of calories lines recorded by all of the elves into [`ElvesCalories`].
[INFO] [stdout]                                                                               ^^^^^^^^^^^^^^^
[INFO] [stdout]    = note: no item named `ElvesCalories` in scope
[INFO] [stdout]    = help: to escape `[` and `]` characters, add '\' before them like `\[` or `\]`
[INFO] [stdout] 
[INFO] [stdout] 
[INFO] [stdout] warning: 3 warnings emitted
[INFO] [stdout] 
[INFO] [stdout] 
[INFO] running `Command { std: "docker" "inspect" "a0ffa4f04653aac2811b425d2825c8739b6ed214509a411574d079400987ca10", kill_on_drop: false }`
[INFO] running `Command { std: "docker" "rm" "-f" "a0ffa4f04653aac2811b425d2825c8739b6ed214509a411574d079400987ca10", kill_on_drop: false }`
[INFO] [stdout] a0ffa4f04653aac2811b425d2825c8739b6ed214509a411574d079400987ca10
