[INFO] cloning repository https://github.com/Toqozz/chrono-something
[INFO] running `Command { std: "git" "-c" "credential.helper=" "-c" "credential.helper=/workspace/cargo-home/bin/git-credential-null" "clone" "--bare" "https://github.com/Toqozz/chrono-something" "/workspace/cache/git-repos/https%3A%2F%2Fgithub.com%2FToqozz%2Fchrono-something", kill_on_drop: false }`
[INFO] [stderr] Cloning into bare repository '/workspace/cache/git-repos/https%3A%2F%2Fgithub.com%2FToqozz%2Fchrono-something'...
[INFO] running `Command { std: "git" "rev-parse" "HEAD", kill_on_drop: false }`
[INFO] [stdout] 873f8faeef5c065933c5d2e180224188727afd45
[INFO] documenting Toqozz/chrono-something against 1.75.0 for beta-1.76-rustdoc-1
[INFO] running `Command { std: "git" "clone" "/workspace/cache/git-repos/https%3A%2F%2Fgithub.com%2FToqozz%2Fchrono-something" "/workspace/builds/worker-4-tc1/source", kill_on_drop: false }`
[INFO] [stderr] Cloning into '/workspace/builds/worker-4-tc1/source'...
[INFO] [stderr] done.
[INFO] validating manifest of git repo https://github.com/Toqozz/chrono-something on toolchain 1.75.0
[INFO] running `Command { std: CARGO_HOME="/workspace/cargo-home" RUSTUP_HOME="/workspace/rustup-home" "/workspace/cargo-home/bin/cargo" "+1.75.0" "metadata" "--manifest-path" "Cargo.toml" "--no-deps", kill_on_drop: false }`
[INFO] started tweaking git repo https://github.com/Toqozz/chrono-something
[INFO] finished tweaking git repo https://github.com/Toqozz/chrono-something
[INFO] tweaked toml for git repo https://github.com/Toqozz/chrono-something written to /workspace/builds/worker-4-tc1/source/Cargo.toml
[INFO] crate git repo https://github.com/Toqozz/chrono-something already has a lockfile, it will not be regenerated
[INFO] running `Command { std: CARGO_HOME="/workspace/cargo-home" RUSTUP_HOME="/workspace/rustup-home" "/workspace/cargo-home/bin/cargo" "+1.75.0" "fetch" "--manifest-path" "Cargo.toml", kill_on_drop: false }`
[INFO] [stderr]     Updating crates.io index
[INFO] [stderr]  Downloading crates ...
[INFO] [stderr]   Downloaded err-derive v0.1.6
[INFO] [stderr]   Downloaded coreaudio-sys v0.2.3
[INFO] [stderr]   Downloaded rendy-util v0.3.1
[INFO] [stderr]   Downloaded raw-window-handle v0.3.1
[INFO] [stderr]   Downloaded specs-hierarchy v0.5.1
[INFO] [stderr]   Downloaded smallvec v1.0.0
[INFO] [stderr]   Downloaded edit-distance v2.1.0
[INFO] [stderr]   Downloaded unic-langid-macros v0.6.0
[INFO] [stderr]   Downloaded objekt v0.1.2
[INFO] [stderr]   Downloaded shred-derive v0.6.1
[INFO] [stderr]   Downloaded amethyst_config v0.12.0
[INFO] [stderr]   Downloaded amethyst_derive v0.6.1
[INFO] [stderr]   Downloaded amethyst_animation v0.8.1
[INFO] [stderr]   Downloaded fluent-syntax v0.9.0
[INFO] [stderr]   Downloaded palette v0.4.1
[INFO] [stderr]   Downloaded lexical v2.2.2
[INFO] [stderr]   Downloaded glyph_brush v0.6.1
[INFO] [stderr]   Downloaded rayon-core v1.6.1
[INFO] [stderr]   Downloaded laminar v0.2.3
[INFO] [stderr]   Downloaded rendy-chain v0.3.1
[INFO] [stderr]   Downloaded rendy-frame v0.3.0
[INFO] [stderr]   Downloaded glsl-layout-derive v0.3.2
[INFO] [stderr]   Downloaded rendy-factory v0.3.1
[INFO] [stderr]   Downloaded gfx-hal v0.2.1
[INFO] [stderr]   Downloaded getset v0.0.8
[INFO] [stderr]   Downloaded paste v0.1.6
[INFO] [stderr]   Downloaded crossbeam-queue v0.2.0
[INFO] [stderr]   Downloaded fluent-bundle v0.8.0
[INFO] [stderr]   Downloaded erased-serde v0.3.9
[INFO] [stderr]   Downloaded euclid v0.20.5
[INFO] [stderr]   Downloaded amethyst_utils v0.8.0
[INFO] [stderr]   Downloaded rendy v0.3.2
[INFO] [stderr]   Downloaded amethyst_input v0.9.1
[INFO] [stderr]   Downloaded amethyst_assets v0.9.1
[INFO] [stderr]   Downloaded quickcheck v0.8.5
[INFO] [stderr]   Downloaded amethyst v0.13.2
[INFO] [stderr]   Downloaded gfx-backend-vulkan v0.2.3
[INFO] [stderr]   Downloaded rendy-shader v0.3.0
[INFO] [stderr]   Downloaded amethyst_audio v0.8.0
[INFO] [stderr]   Downloaded amethyst_rendy v0.3.0
[INFO] [stderr]   Downloaded serde_bytes v0.11.2
[INFO] [stderr]   Downloaded intl_pluralrules v4.0.1
[INFO] [stderr]   Downloaded fluent-locale v0.10.1
[INFO] [stderr]   Downloaded lexical-core v0.4.6
[INFO] [stderr]   Downloaded amethyst_ui v0.8.1
[INFO] [stderr]   Downloaded rayon v1.2.1
[INFO] [stderr]   Downloaded unic-langid-impl v0.6.2
[INFO] [stderr]   Downloaded amethyst_controls v0.7.0
[INFO] [stderr]   Downloaded rendy-resource v0.3.0
[INFO] [stderr]   Downloaded amethyst_locale v0.7.2
[INFO] [stderr]   Downloaded unic-langid-macros-impl v0.6.0
[INFO] [stderr]   Downloaded const-random-macro v0.1.6
[INFO] [stderr]   Downloaded fluent v0.8.0
[INFO] [stderr]   Downloaded paste-impl v0.1.6
[INFO] [stderr]   Downloaded const-random v0.1.6
[INFO] [stderr]   Downloaded derive-new v0.5.8
[INFO] [stderr]   Downloaded ctor v0.1.12
[INFO] [stderr]   Downloaded proc_macro_roids v0.6.0
[INFO] [stderr]   Downloaded unic-langid v0.6.1
[INFO] [stderr]   Downloaded rendy-descriptor v0.3.0
[INFO] [stderr]   Downloaded rendy-wsi v0.3.0
[INFO] [stderr]   Downloaded inventory v0.1.4
[INFO] [stderr]   Downloaded palette_derive v0.4.1
[INFO] [stderr]   Downloaded rendy-command v0.3.0
[INFO] [stderr]   Downloaded alga_derive v0.9.1
[INFO] [stderr]   Downloaded inventory-impl v0.1.4
[INFO] [stderr]   Downloaded rendy-mesh v0.3.1
[INFO] [stderr]   Downloaded thread_profiler v0.3.0
[INFO] [stderr]   Downloaded ghost v0.1.1
[INFO] [stderr]   Downloaded rendy-memory v0.3.0
[INFO] [stderr]   Downloaded amethyst_window v0.3.0
[INFO] [stderr]   Downloaded amethyst_network v0.6.1
[INFO] [stderr]   Downloaded blake2b_simd v0.5.9
[INFO] [stderr]   Downloaded wavefront_obj v6.0.0
[INFO] [stderr]   Downloaded rendy-texture v0.3.0
[INFO] [stderr]   Downloaded glsl-layout v0.3.2
[INFO] [stderr]   Downloaded glyph_brush_layout v0.1.8
[INFO] [stderr]   Downloaded amethyst_core v0.8.1
[INFO] [stderr]   Downloaded rendy-graph v0.3.2
[INFO] [stderr]   Downloaded amethyst_error v0.3.0
[INFO] [stderr]   Downloaded specs-derive v0.4.0
[INFO] running `Command { std: "docker" "create" "-v" "/var/lib/crater-agent-workspace/builds/worker-4-tc1/target:/opt/rustwide/target:rw,Z" "-v" "/var/lib/crater-agent-workspace/builds/worker-4-tc1/source:/opt/rustwide/workdir:ro,Z" "-v" "/var/lib/crater-agent-workspace/cargo-home:/opt/rustwide/cargo-home:ro,Z" "-v" "/var/lib/crater-agent-workspace/rustup-home:/opt/rustwide/rustup-home:ro,Z" "-e" "SOURCE_DIR=/opt/rustwide/workdir" "-e" "CARGO_TARGET_DIR=/opt/rustwide/target" "-e" "CARGO_HOME=/opt/rustwide/cargo-home" "-e" "RUSTUP_HOME=/opt/rustwide/rustup-home" "-w" "/opt/rustwide/workdir" "-m" "1610612736" "--user" "0:0" "--network" "none" "ghcr.io/rust-lang/crates-build-env/linux@sha256:2788e3201cd34a07e3172128adcd8b3090168a8e3bcc40d7c032b9dda1df7d1c" "/opt/rustwide/cargo-home/bin/cargo" "+1.75.0" "metadata" "--no-deps" "--format-version=1", kill_on_drop: false }`
[INFO] [stdout] 2102ac6ebdac553220f8f1d608d9ad1098c26ea43a18fa4700f3aaa90a5b9164
[INFO] running `Command { std: "docker" "start" "-a" "2102ac6ebdac553220f8f1d608d9ad1098c26ea43a18fa4700f3aaa90a5b9164", kill_on_drop: false }`
[INFO] running `Command { std: "docker" "inspect" "2102ac6ebdac553220f8f1d608d9ad1098c26ea43a18fa4700f3aaa90a5b9164", kill_on_drop: false }`
[INFO] running `Command { std: "docker" "rm" "-f" "2102ac6ebdac553220f8f1d608d9ad1098c26ea43a18fa4700f3aaa90a5b9164", kill_on_drop: false }`
[INFO] [stdout] 2102ac6ebdac553220f8f1d608d9ad1098c26ea43a18fa4700f3aaa90a5b9164
[INFO] running `Command { std: "docker" "create" "-v" "/var/lib/crater-agent-workspace/builds/worker-4-tc1/target:/opt/rustwide/target:rw,Z" "-v" "/var/lib/crater-agent-workspace/builds/worker-4-tc1/source:/opt/rustwide/workdir:ro,Z" "-v" "/var/lib/crater-agent-workspace/cargo-home:/opt/rustwide/cargo-home:ro,Z" "-v" "/var/lib/crater-agent-workspace/rustup-home:/opt/rustwide/rustup-home:ro,Z" "-e" "SOURCE_DIR=/opt/rustwide/workdir" "-e" "CARGO_TARGET_DIR=/opt/rustwide/target" "-e" "CARGO_INCREMENTAL=0" "-e" "RUST_BACKTRACE=full" "-e" "RUSTFLAGS=--cap-lints=warn" "-e" "RUSTDOCFLAGS=--cap-lints=warn" "-e" "CARGO_HOME=/opt/rustwide/cargo-home" "-e" "RUSTUP_HOME=/opt/rustwide/rustup-home" "-w" "/opt/rustwide/workdir" "-m" "1610612736" "--user" "0:0" "--network" "none" "ghcr.io/rust-lang/crates-build-env/linux@sha256:2788e3201cd34a07e3172128adcd8b3090168a8e3bcc40d7c032b9dda1df7d1c" "/opt/rustwide/cargo-home/bin/cargo" "+1.75.0" "doc" "--frozen" "--no-deps" "--document-private-items" "--message-format=json", kill_on_drop: false }`
[INFO] [stdout] 9078dea38c46d66490adffd912ccd29833ee86ab7773c0f9c853558ab41c2dcd
[INFO] running `Command { std: "docker" "start" "-a" "9078dea38c46d66490adffd912ccd29833ee86ab7773c0f9c853558ab41c2dcd", kill_on_drop: false }`
[INFO] [stderr]    Compiling libc v0.2.65
[INFO] [stderr]    Compiling autocfg v0.1.7
[INFO] [stderr]    Compiling proc-macro2 v1.0.6
[INFO] [stderr]    Compiling unicode-xid v0.2.0
[INFO] [stderr]    Compiling syn v1.0.8
[INFO] [stderr]    Compiling serde v1.0.102
[INFO] [stderr]    Compiling cc v1.0.47
[INFO] [stderr]    Compiling byteorder v1.3.2
[INFO] [stderr]    Compiling proc-macro2 v0.4.30
[INFO] [stderr]    Compiling unicode-xid v0.1.0
[INFO] [stderr]    Compiling log v0.4.8
[INFO] [stderr]    Compiling pkg-config v0.3.17
[INFO] [stderr]     Checking scopeguard v1.0.0
[INFO] [stderr]    Compiling maybe-uninit v2.0.0
[INFO] [stderr]    Compiling syn v0.15.44
[INFO] [stderr]    Compiling memoffset v0.5.3
[INFO] [stderr]     Checking rand_core v0.4.2
[INFO] [stderr]     Checking crossbeam-utils v0.6.6
[INFO] [stderr]    Compiling rayon-core v1.6.1
[INFO] [stderr]     Checking rand_core v0.3.1
[INFO] [stderr]     Checking rustc-demangle v0.1.16
[INFO] [stderr]    Compiling num-traits v0.2.10
[INFO] [stderr]    Compiling num-integer v0.1.41
[INFO] [stderr]    Compiling crossbeam-utils v0.7.0
[INFO] [stderr]    Compiling crossbeam-epoch v0.8.0
[INFO] [stderr]    Compiling rand_chacha v0.1.1
[INFO] [stderr]    Compiling rand_pcg v0.1.2
[INFO] [stderr]    Compiling rand v0.6.5
[INFO] [stderr]    Compiling num-bigint v0.2.3
[INFO] [stderr]     Checking either v1.5.3
[INFO] [stderr]    Compiling num-rational v0.2.2
[INFO] [stderr]    Compiling cfg-if v0.1.10
[INFO] [stderr]    Compiling failure_derive v0.1.6
[INFO] [stderr]    Compiling getrandom v0.1.13
[INFO] [stderr]    Compiling quote v1.0.2
[INFO] [stderr]     Checking num_cpus v1.11.1
[INFO] [stderr]    Compiling quote v0.6.13
[INFO] [stderr]     Checking rand_os v0.1.3
[INFO] [stderr]     Checking rand_xorshift v0.1.1
[INFO] [stderr]     Checking crossbeam-queue v0.2.0
[INFO] [stderr]     Checking rand_isaac v0.1.1
[INFO] [stderr]     Checking rand_hc v0.1.0
[INFO] [stderr]     Checking rand_jitter v0.1.4
[INFO] [stderr]    Compiling xml-rs v0.8.0
[INFO] [stderr]     Checking stb_truetype v0.3.0
[INFO] [stderr]     Checking rustc-hash v1.0.1
[INFO] [stderr]    Compiling num-iter v0.1.39
[INFO] [stderr]    Compiling parking_lot_core v0.6.2
[INFO] [stderr]    Compiling nix v0.14.1
[INFO] [stderr]    Compiling backtrace-sys v0.1.32
[INFO] [stderr]    Compiling libloading v0.5.2
[INFO] [stderr]     Checking linked-hash-map v0.5.2
[INFO] [stderr]     Checking atom v0.3.5
[INFO] [stderr]     Checking arrayvec v0.5.1
[INFO] [stderr]     Checking crossbeam-deque v0.7.2
[INFO] [stderr]    Compiling parking_lot v0.9.0
[INFO] [stderr]    Compiling arrayvec v0.4.12
[INFO] [stderr]     Checking lock_api v0.3.1
[INFO] [stderr]     Checking nodrop v0.1.14
[INFO] [stderr]    Compiling num-derive v0.2.5
[INFO] [stderr]     Checking adler32 v1.0.4
[INFO] [stderr]     Checking same-file v1.0.5
[INFO] [stderr]     Checking lzw v0.10.0
[INFO] [stderr]     Checking walkdir v2.2.9
[INFO] [stderr]    Compiling ryu v1.0.2
[INFO] [stderr]     Checking downcast-rs v1.1.1
[INFO] [stderr]    Compiling wayland-scanner v0.21.13
[INFO] [stderr]     Checking approx v0.3.2
[INFO] [stderr]     Checking ordered-float v1.0.2
[INFO] [stderr]     Checking line_drawing v0.7.0
[INFO] [stderr]     Checking rayon v1.2.1
[INFO] [stderr]     Checking inflate v0.4.5
[INFO] [stderr]     Checking dlib v0.4.1
[INFO] [stderr]     Checking deflate v0.7.20
[INFO] [stderr]     Checking rusttype v0.8.1
[INFO] [stderr]     Checking wayland-sys v0.21.13
[INFO] [stderr]     Checking memmap v0.7.0
[INFO] [stderr]    Compiling x11-dl v2.18.4
[INFO] [stderr]     Checking color_quant v1.0.1
[INFO] [stderr]     Checking rusttype v0.7.9
[INFO] [stderr]    Compiling ppv-lite86 v0.2.6
[INFO] [stderr]     Checking xdg v2.2.0
[INFO] [stderr]     Checking stable_deref_trait v1.1.1
[INFO] [stderr]     Checking gif v0.10.3
[INFO] [stderr]    Compiling rand_core v0.5.1
[INFO] [stderr]     Checking png v0.14.1
[INFO] [stderr]     Checking scoped_threadpool v0.1.9
[INFO] [stderr]    Compiling xcb v0.8.2
[INFO] [stderr]     Checking raw-window-handle v0.3.1
[INFO] [stderr]     Checking fxhash v0.2.1
[INFO] [stderr]     Checking percent-encoding v2.1.0
[INFO] [stderr]     Checking time v0.1.42
[INFO] [stderr]    Compiling num-complex v0.2.3
[INFO] [stderr]     Checking andrew v0.2.1
[INFO] [stderr]     Checking backtrace v0.3.40
[INFO] [stderr]    Compiling memchr v2.2.1
[INFO] [stderr]    Compiling c2-chacha v0.2.3
[INFO] [stderr]    Compiling x11 v2.18.1
[INFO] [stderr]    Compiling parking_lot_core v0.4.0
[INFO] [stderr]     Checking itoa v0.4.4
[INFO] [stderr]     Checking owning_ref v0.4.0
[INFO] [stderr]     Checking shared_library v0.1.9
[INFO] [stderr]    Compiling rand_chacha v0.2.1
[INFO] [stderr]    Compiling hashbrown v0.6.3
[INFO] [stderr]    Compiling rand v0.7.2
[INFO] [stderr]     Checking slab v0.4.2
[INFO] [stderr]    Compiling typenum v1.11.2
[INFO] [stderr]     Checking mint v0.5.4
[INFO] [stderr]     Checking jpeg-decoder v0.1.16
[INFO] [stderr] error: failed to run custom build command for `xcb v0.8.2`
[INFO] [stderr] note: To improve backtraces for build dependencies, set the CARGO_PROFILE_DEV_BUILD_OVERRIDE_DEBUG=true environment variable to enable debug information generation.
[INFO] [stderr] 
[INFO] [stderr] Caused by:
[INFO] [stderr]   process didn't exit successfully: `/opt/rustwide/target/debug/build/xcb-324c7e5b76dd1939/build-script-build` (exit status: 101)
[INFO] [stderr]   --- stderr
[INFO] [stderr]   error occured in handler:  ('request: ', ('xcb', 'SELinux', 'GetClientContext'))
[INFO] [stderr]   Traceback (most recent call last):
[INFO] [stderr]     File "/opt/rustwide/cargo-home/registry/src/index.crates.io-6f17d22bba15001f/xcb-0.8.2/rs_client.py", line 2448, in <module>
[INFO] [stderr]       module.generate()
[INFO] [stderr]     File "/opt/rustwide/cargo-home/registry/src/index.crates.io-6f17d22bba15001f/xcb-0.8.2/xcbgen/state.py", line 108, in generate
[INFO] [stderr]       self.close()
[INFO] [stderr]     File "/opt/rustwide/cargo-home/registry/src/index.crates.io-6f17d22bba15001f/xcb-0.8.2/rs_client.py", line 296, in rs_close
[INFO] [stderr]       _f.writeout(os.path.join(module.rs_srcdir, "ffi", "%s.rs" % _module_name(_ns.ext_name)))
[INFO] [stderr]     File "/opt/rustwide/cargo-home/registry/src/index.crates.io-6f17d22bba15001f/xcb-0.8.2/rs_client.py", line 114, in writeout
[INFO] [stderr]       with open(path, 'w') as f:
[INFO] [stderr]   OSError: [Errno 30] Read-only file system: '/opt/rustwide/cargo-home/registry/src/index.crates.io-6f17d22bba15001f/xcb-0.8.2/src/ffi/selinux.rs'
[INFO] [stderr]   thread 'main' panicked at /opt/rustwide/cargo-home/registry/src/index.crates.io-6f17d22bba15001f/xcb-0.8.2/build.rs:75:17:
[INFO] [stderr]   processing of /opt/rustwide/cargo-home/registry/src/index.crates.io-6f17d22bba15001f/xcb-0.8.2/xml/xselinux.xml returned non-zero (1)
[INFO] [stderr]   stack backtrace:
[INFO] [stderr]      0:     0x55c96178a2cc - std::backtrace_rs::backtrace::libunwind::trace::ha637c64ce894333a
[INFO] [stderr]                                  at /rustc/82e1608dfa6e0b5569232559e3d385fea5a93112/library/std/src/../../backtrace/src/backtrace/libunwind.rs:104:5
[INFO] [stderr]      1:     0x55c96178a2cc - std::backtrace_rs::backtrace::trace_unsynchronized::h47f62dea28e0c88d
[INFO] [stderr]                                  at /rustc/82e1608dfa6e0b5569232559e3d385fea5a93112/library/std/src/../../backtrace/src/backtrace/mod.rs:66:5
[INFO] [stderr]      2:     0x55c96178a2cc - std::sys_common::backtrace::_print_fmt::h9eef0abe20ede486
[INFO] [stderr]                                  at /rustc/82e1608dfa6e0b5569232559e3d385fea5a93112/library/std/src/sys_common/backtrace.rs:67:5
[INFO] [stderr]      3:     0x55c96178a2cc - <std::sys_common::backtrace::_print::DisplayBacktrace as core::fmt::Display>::fmt::hed7f999df88cc644
[INFO] [stderr]                                  at /rustc/82e1608dfa6e0b5569232559e3d385fea5a93112/library/std/src/sys_common/backtrace.rs:44:22
[INFO] [stderr]      4:     0x55c9617ad6c0 - core::fmt::rt::Argument::fmt::h1539a9308b8d058d
[INFO] [stderr]                                  at /rustc/82e1608dfa6e0b5569232559e3d385fea5a93112/library/core/src/fmt/rt.rs:142:9
[INFO] [stderr]      5:     0x55c9617ad6c0 - core::fmt::write::h3a39390d8560d9c9
[INFO] [stderr]                                  at /rustc/82e1608dfa6e0b5569232559e3d385fea5a93112/library/core/src/fmt/mod.rs:1120:17
[INFO] [stderr]      6:     0x55c96178829f - std::io::Write::write_fmt::h5fc9997dfe05f882
[INFO] [stderr]                                  at /rustc/82e1608dfa6e0b5569232559e3d385fea5a93112/library/std/src/io/mod.rs:1762:15
[INFO] [stderr]      7:     0x55c96178a0b4 - std::sys_common::backtrace::_print::h894006fb5c6f3d45
[INFO] [stderr]                                  at /rustc/82e1608dfa6e0b5569232559e3d385fea5a93112/library/std/src/sys_common/backtrace.rs:47:5
[INFO] [stderr]      8:     0x55c96178a0b4 - std::sys_common::backtrace::print::h23a2d212c6fff936
[INFO] [stderr]                                  at /rustc/82e1608dfa6e0b5569232559e3d385fea5a93112/library/std/src/sys_common/backtrace.rs:34:9
[INFO] [stderr]      9:     0x55c96178b757 - std::panicking::default_hook::{{closure}}::h8a1d2ee00185001a
[INFO] [stderr]     10:     0x55c96178b4bf - std::panicking::default_hook::h6038f2eba384e475
[INFO] [stderr]                                  at /rustc/82e1608dfa6e0b5569232559e3d385fea5a93112/library/std/src/panicking.rs:292:9
[INFO] [stderr]     11:     0x55c96178bbd8 - std::panicking::rust_panic_with_hook::h2b5517d590cab22e
[INFO] [stderr]                                  at /rustc/82e1608dfa6e0b5569232559e3d385fea5a93112/library/std/src/panicking.rs:779:13
[INFO] [stderr]     12:     0x55c96178babe - std::panicking::begin_panic_handler::{{closure}}::h233112c06e0ef43e
[INFO] [stderr]                                  at /rustc/82e1608dfa6e0b5569232559e3d385fea5a93112/library/std/src/panicking.rs:657:13
[INFO] [stderr]     13:     0x55c96178a796 - std::sys_common::backtrace::__rust_end_short_backtrace::h6e893f24d7ebbff8
[INFO] [stderr]                                  at /rustc/82e1608dfa6e0b5569232559e3d385fea5a93112/library/std/src/sys_common/backtrace.rs:170:18
[INFO] [stderr]     14:     0x55c96178b822 - rust_begin_unwind
[INFO] [stderr]                                  at /rustc/82e1608dfa6e0b5569232559e3d385fea5a93112/library/std/src/panicking.rs:645:5
[INFO] [stderr]     15:     0x55c961764285 - core::panicking::panic_fmt::hbf0e066aabfa482c
[INFO] [stderr]                                  at /rustc/82e1608dfa6e0b5569232559e3d385fea5a93112/library/core/src/panicking.rs:72:14
[INFO] [stderr]     16:     0x55c96176a1e1 - build_script_build::main::{{closure}}::h458299326e38833b
[INFO] [stderr]     17:     0x55c9617690d5 - build_script_build::visit_xml::h1a5fea666e73fca8
[INFO] [stderr]     18:     0x55c961769773 - build_script_build::main::h6801639405ae63da
[INFO] [stderr]     19:     0x55c961765d53 - core::ops::function::FnOnce::call_once::h25253b2f5d41c5df
[INFO] [stderr]     20:     0x55c961764dc6 - std::sys_common::backtrace::__rust_begin_short_backtrace::h73f5bfe458ebc1ce
[INFO] [stderr]     21:     0x55c961765509 - std::rt::lang_start::{{closure}}::h16cdb85a58373c8b
[INFO] [stderr]     22:     0x55c961784fa7 - core::ops::function::impls::<impl core::ops::function::FnOnce<A> for &F>::call_once::hd95060ecd5e1ca24
[INFO] [stderr]                                  at /rustc/82e1608dfa6e0b5569232559e3d385fea5a93112/library/core/src/ops/function.rs:284:13
[INFO] [stderr]     23:     0x55c961784fa7 - std::panicking::try::do_call::h6e8cf51db32a6e4b
[INFO] [stderr]                                  at /rustc/82e1608dfa6e0b5569232559e3d385fea5a93112/library/std/src/panicking.rs:552:40
[INFO] [stderr]     24:     0x55c961784fa7 - std::panicking::try::h3a52eefe24fe3c29
[INFO] [stderr]                                  at /rustc/82e1608dfa6e0b5569232559e3d385fea5a93112/library/std/src/panicking.rs:516:19
[INFO] [stderr]     25:     0x55c961784fa7 - std::panic::catch_unwind::h24c28c23c02c3841
[INFO] [stderr]                                  at /rustc/82e1608dfa6e0b5569232559e3d385fea5a93112/library/std/src/panic.rs:142:14
[INFO] [stderr]     26:     0x55c961784fa7 - std::rt::lang_start_internal::{{closure}}::h705d3c9cbc06ef47
[INFO] [stderr]                                  at /rustc/82e1608dfa6e0b5569232559e3d385fea5a93112/library/std/src/rt.rs:148:48
[INFO] [stderr]     27:     0x55c961784fa7 - std::panicking::try::do_call::ha21f52ba13158470
[INFO] [stderr]                                  at /rustc/82e1608dfa6e0b5569232559e3d385fea5a93112/library/std/src/panicking.rs:552:40
[INFO] [stderr]     28:     0x55c961784fa7 - std::panicking::try::h5581346bf6aeb1f8
[INFO] [stderr]                                  at /rustc/82e1608dfa6e0b5569232559e3d385fea5a93112/library/std/src/panicking.rs:516:19
[INFO] [stderr]     29:     0x55c961784fa7 - std::panic::catch_unwind::h7919645a6b72e25b
[INFO] [stderr]                                  at /rustc/82e1608dfa6e0b5569232559e3d385fea5a93112/library/std/src/panic.rs:142:14
[INFO] [stderr]     30:     0x55c961784fa7 - std::rt::lang_start_internal::h12de51168669836e
[INFO] [stderr]                                  at /rustc/82e1608dfa6e0b5569232559e3d385fea5a93112/library/std/src/rt.rs:148:20
[INFO] [stderr]     31:     0x55c9617654e7 - std::rt::lang_start::h990cfac5da52c186
[INFO] [stderr]     32:     0x55c96176a265 - main
[INFO] [stderr]     33:     0x7fd6c0f5fd90 - <unknown>
[INFO] [stderr]     34:     0x7fd6c0f5fe40 - __libc_start_main
[INFO] [stderr]     35:     0x55c9617649a5 - _start
[INFO] [stderr]     36:                0x0 - <unknown>
[INFO] [stderr] warning: build failed, waiting for other jobs to finish...
[INFO] running `Command { std: "docker" "inspect" "9078dea38c46d66490adffd912ccd29833ee86ab7773c0f9c853558ab41c2dcd", kill_on_drop: false }`
[INFO] running `Command { std: "docker" "rm" "-f" "9078dea38c46d66490adffd912ccd29833ee86ab7773c0f9c853558ab41c2dcd", kill_on_drop: false }`
[INFO] [stdout] 9078dea38c46d66490adffd912ccd29833ee86ab7773c0f9c853558ab41c2dcd
[INFO] documenting Toqozz/chrono-something against beta-2023-12-22 for beta-1.76-rustdoc-1
[INFO] running `Command { std: "git" "clone" "/workspace/cache/git-repos/https%3A%2F%2Fgithub.com%2FToqozz%2Fchrono-something" "/workspace/builds/worker-4-tc2/source", kill_on_drop: false }`
[INFO] [stderr] Cloning into '/workspace/builds/worker-4-tc2/source'...
[INFO] [stderr] done.
[INFO] validating manifest of git repo https://github.com/Toqozz/chrono-something on toolchain beta-2023-12-22
[INFO] running `Command { std: CARGO_HOME="/workspace/cargo-home" RUSTUP_HOME="/workspace/rustup-home" "/workspace/cargo-home/bin/cargo" "+beta-2023-12-22" "metadata" "--manifest-path" "Cargo.toml" "--no-deps", kill_on_drop: false }`
[INFO] started tweaking git repo https://github.com/Toqozz/chrono-something
[INFO] finished tweaking git repo https://github.com/Toqozz/chrono-something
[INFO] tweaked toml for git repo https://github.com/Toqozz/chrono-something written to /workspace/builds/worker-4-tc2/source/Cargo.toml
[INFO] crate git repo https://github.com/Toqozz/chrono-something already has a lockfile, it will not be regenerated
[INFO] running `Command { std: CARGO_HOME="/workspace/cargo-home" RUSTUP_HOME="/workspace/rustup-home" "/workspace/cargo-home/bin/cargo" "+beta-2023-12-22" "fetch" "--manifest-path" "Cargo.toml", kill_on_drop: false }`
[INFO] running `Command { std: "docker" "create" "-v" "/var/lib/crater-agent-workspace/builds/worker-4-tc2/target:/opt/rustwide/target:rw,Z" "-v" "/var/lib/crater-agent-workspace/builds/worker-4-tc2/source:/opt/rustwide/workdir:ro,Z" "-v" "/var/lib/crater-agent-workspace/cargo-home:/opt/rustwide/cargo-home:ro,Z" "-v" "/var/lib/crater-agent-workspace/rustup-home:/opt/rustwide/rustup-home:ro,Z" "-e" "SOURCE_DIR=/opt/rustwide/workdir" "-e" "CARGO_TARGET_DIR=/opt/rustwide/target" "-e" "CARGO_HOME=/opt/rustwide/cargo-home" "-e" "RUSTUP_HOME=/opt/rustwide/rustup-home" "-w" "/opt/rustwide/workdir" "-m" "1610612736" "--user" "0:0" "--network" "none" "ghcr.io/rust-lang/crates-build-env/linux@sha256:2788e3201cd34a07e3172128adcd8b3090168a8e3bcc40d7c032b9dda1df7d1c" "/opt/rustwide/cargo-home/bin/cargo" "+beta-2023-12-22" "metadata" "--no-deps" "--format-version=1", kill_on_drop: false }`
[INFO] [stdout] 1f7422f0335707855963f2d78716c34234348fbba2bdd7819a4ba6ca73a917d1
[INFO] running `Command { std: "docker" "start" "-a" "1f7422f0335707855963f2d78716c34234348fbba2bdd7819a4ba6ca73a917d1", kill_on_drop: false }`
[INFO] running `Command { std: "docker" "inspect" "1f7422f0335707855963f2d78716c34234348fbba2bdd7819a4ba6ca73a917d1", kill_on_drop: false }`
[INFO] running `Command { std: "docker" "rm" "-f" "1f7422f0335707855963f2d78716c34234348fbba2bdd7819a4ba6ca73a917d1", kill_on_drop: false }`
[INFO] [stdout] 1f7422f0335707855963f2d78716c34234348fbba2bdd7819a4ba6ca73a917d1
[INFO] running `Command { std: "docker" "create" "-v" "/var/lib/crater-agent-workspace/builds/worker-4-tc2/target:/opt/rustwide/target:rw,Z" "-v" "/var/lib/crater-agent-workspace/builds/worker-4-tc2/source:/opt/rustwide/workdir:ro,Z" "-v" "/var/lib/crater-agent-workspace/cargo-home:/opt/rustwide/cargo-home:ro,Z" "-v" "/var/lib/crater-agent-workspace/rustup-home:/opt/rustwide/rustup-home:ro,Z" "-e" "SOURCE_DIR=/opt/rustwide/workdir" "-e" "CARGO_TARGET_DIR=/opt/rustwide/target" "-e" "CARGO_INCREMENTAL=0" "-e" "RUST_BACKTRACE=full" "-e" "RUSTFLAGS=--cap-lints=warn" "-e" "RUSTDOCFLAGS=--cap-lints=warn" "-e" "CARGO_HOME=/opt/rustwide/cargo-home" "-e" "RUSTUP_HOME=/opt/rustwide/rustup-home" "-w" "/opt/rustwide/workdir" "-m" "1610612736" "--user" "0:0" "--network" "none" "ghcr.io/rust-lang/crates-build-env/linux@sha256:2788e3201cd34a07e3172128adcd8b3090168a8e3bcc40d7c032b9dda1df7d1c" "/opt/rustwide/cargo-home/bin/cargo" "+beta-2023-12-22" "doc" "--frozen" "--no-deps" "--document-private-items" "--message-format=json", kill_on_drop: false }`
[INFO] [stdout] 8db5c998d7bf0447c3fc37343287866f50236db8c0f7060ad2654fbdbbbf9fac
[INFO] running `Command { std: "docker" "start" "-a" "8db5c998d7bf0447c3fc37343287866f50236db8c0f7060ad2654fbdbbbf9fac", kill_on_drop: false }`
[INFO] [stderr]    Compiling libc v0.2.65
[INFO] [stderr]    Compiling autocfg v0.1.7
[INFO] [stderr]    Compiling proc-macro2 v1.0.6
[INFO] [stderr]    Compiling unicode-xid v0.2.0
[INFO] [stderr]    Compiling syn v1.0.8
[INFO] [stderr]    Compiling serde v1.0.102
[INFO] [stderr]    Compiling cc v1.0.47
[INFO] [stderr]    Compiling byteorder v1.3.2
[INFO] [stderr]    Compiling proc-macro2 v0.4.30
[INFO] [stderr]    Compiling unicode-xid v0.1.0
[INFO] [stderr]    Compiling log v0.4.8
[INFO] [stderr]    Compiling pkg-config v0.3.17
[INFO] [stderr]     Checking scopeguard v1.0.0
[INFO] [stderr]    Compiling maybe-uninit v2.0.0
[INFO] [stderr]     Checking rand_core v0.4.2
[INFO] [stderr]    Compiling memoffset v0.5.3
[INFO] [stderr]    Compiling syn v0.15.44
[INFO] [stderr]     Checking crossbeam-utils v0.6.6
[INFO] [stderr]    Compiling rayon-core v1.6.1
[INFO] [stderr]     Checking rand_core v0.3.1
[INFO] [stderr]     Checking rustc-demangle v0.1.16
[INFO] [stderr]     Checking either v1.5.3
[INFO] [stderr]    Compiling cfg-if v0.1.10
[INFO] [stderr]    Compiling failure_derive v0.1.6
[INFO] [stderr]    Compiling getrandom v0.1.13
[INFO] [stderr]     Checking rand_isaac v0.1.1
[INFO] [stderr]    Compiling num-traits v0.2.10
[INFO] [stderr]    Compiling num-integer v0.1.41
[INFO] [stderr]    Compiling crossbeam-utils v0.7.0
[INFO] [stderr]    Compiling crossbeam-epoch v0.8.0
[INFO] [stderr]    Compiling rand_chacha v0.1.1
[INFO] [stderr]    Compiling rand_pcg v0.1.2
[INFO] [stderr]    Compiling rand v0.6.5
[INFO] [stderr]    Compiling num-bigint v0.2.3
[INFO] [stderr]    Compiling num-rational v0.2.2
[INFO] [stderr]     Checking rand_hc v0.1.0
[INFO] [stderr]    Compiling quote v1.0.2
[INFO] [stderr]    Compiling quote v0.6.13
[INFO] [stderr]     Checking rand_xorshift v0.1.1
[INFO] [stderr]     Checking rand_jitter v0.1.4
[INFO] [stderr]    Compiling xml-rs v0.8.0
[INFO] [stderr]     Checking stb_truetype v0.3.0
[INFO] [stderr]     Checking rustc-hash v1.0.1
[INFO] [stderr]     Checking num_cpus v1.11.1
[INFO] [stderr]     Checking crossbeam-queue v0.2.0
[INFO] [stderr]     Checking rand_os v0.1.3
[INFO] [stderr]    Compiling num-iter v0.1.39
[INFO] [stderr]    Compiling parking_lot_core v0.6.2
[INFO] [stderr]     Checking linked-hash-map v0.5.2
[INFO] [stderr]    Compiling nix v0.14.1
[INFO] [stderr]     Checking arrayvec v0.5.1
[INFO] [stderr]     Checking atom v0.3.5
[INFO] [stderr]    Compiling parking_lot v0.9.0
[INFO] [stderr]    Compiling arrayvec v0.4.12
[INFO] [stderr]    Compiling backtrace-sys v0.1.32
[INFO] [stderr]    Compiling libloading v0.5.2
[INFO] [stderr]     Checking lock_api v0.3.1
[INFO] [stderr]     Checking crossbeam-deque v0.7.2
[INFO] [stderr]     Checking nodrop v0.1.14
[INFO] [stderr]     Checking same-file v1.0.5
[INFO] [stderr]     Checking adler32 v1.0.4
[INFO] [stderr]    Compiling num-derive v0.2.5
[INFO] [stderr]     Checking walkdir v2.2.9
[INFO] [stderr]    Compiling wayland-scanner v0.21.13
[INFO] [stderr]     Checking lzw v0.10.0
[INFO] [stderr]     Checking approx v0.3.2
[INFO] [stderr]     Checking ordered-float v1.0.2
[INFO] [stderr]    Compiling ryu v1.0.2
[INFO] [stderr]     Checking downcast-rs v1.1.1
[INFO] [stderr]     Checking line_drawing v0.7.0
[INFO] [stderr]     Checking deflate v0.7.20
[INFO] [stderr]     Checking rusttype v0.8.1
[INFO] [stderr]     Checking inflate v0.4.5
[INFO] [stderr]     Checking rayon v1.2.1
[INFO] [stderr]     Checking memmap v0.7.0
[INFO] [stderr]     Checking rusttype v0.7.9
[INFO] [stderr]    Compiling x11-dl v2.18.4
[INFO] [stderr]     Checking color_quant v1.0.1
[INFO] [stderr]     Checking stable_deref_trait v1.1.1
[INFO] [stderr]     Checking xdg v2.2.0
[INFO] [stderr]    Compiling ppv-lite86 v0.2.6
[INFO] [stderr]     Checking gif v0.10.3
[INFO] [stderr]     Checking dlib v0.4.1
[INFO] [stderr]    Compiling rand_core v0.5.1
[INFO] [stderr]     Checking png v0.14.1
[INFO] [stderr]     Checking wayland-sys v0.21.13
[INFO] [stderr]     Checking scoped_threadpool v0.1.9
[INFO] [stderr]     Checking raw-window-handle v0.3.1
[INFO] [stderr]    Compiling xcb v0.8.2
[INFO] [stderr]     Checking fxhash v0.2.1
[INFO] [stderr]     Checking percent-encoding v2.1.0
[INFO] [stderr]    Compiling c2-chacha v0.2.3
[INFO] [stderr]     Checking time v0.1.42
[INFO] [stderr]    Compiling num-complex v0.2.3
[INFO] [stderr]    Compiling memchr v2.2.1
[INFO] [stderr]     Checking andrew v0.2.1
[INFO] [stderr]    Compiling x11 v2.18.1
[INFO] [stderr]    Compiling rand_chacha v0.2.1
[INFO] [stderr]     Checking backtrace v0.3.40
[INFO] [stderr]    Compiling parking_lot_core v0.4.0
[INFO] [stderr]    Compiling rand v0.7.2
[INFO] [stderr]     Checking itoa v0.4.4
[INFO] [stderr]     Checking owning_ref v0.4.0
[INFO] [stderr]     Checking shared_library v0.1.9
[INFO] [stderr]    Compiling hashbrown v0.6.3
[INFO] [stderr]     Checking slab v0.4.2
[INFO] [stderr] error: failed to run custom build command for `xcb v0.8.2`
[INFO] [stderr] note: To improve backtraces for build dependencies, set the CARGO_PROFILE_DEV_BUILD_OVERRIDE_DEBUG=true environment variable to enable debug information generation.
[INFO] [stderr] 
[INFO] [stderr] Caused by:
[INFO] [stderr]   process didn't exit successfully: `/opt/rustwide/target/debug/build/xcb-ca1397445c2fcb48/build-script-build` (exit status: 101)
[INFO] [stderr]   --- stderr
[INFO] [stderr]   error occured in handler:  ('request: ', ('xcb', 'SELinux', 'GetClientContext'))
[INFO] [stderr]   Traceback (most recent call last):
[INFO] [stderr]     File "/opt/rustwide/cargo-home/registry/src/index.crates.io-6f17d22bba15001f/xcb-0.8.2/rs_client.py", line 2448, in <module>
[INFO] [stderr]       module.generate()
[INFO] [stderr]     File "/opt/rustwide/cargo-home/registry/src/index.crates.io-6f17d22bba15001f/xcb-0.8.2/xcbgen/state.py", line 108, in generate
[INFO] [stderr]       self.close()
[INFO] [stderr]     File "/opt/rustwide/cargo-home/registry/src/index.crates.io-6f17d22bba15001f/xcb-0.8.2/rs_client.py", line 296, in rs_close
[INFO] [stderr]       _f.writeout(os.path.join(module.rs_srcdir, "ffi", "%s.rs" % _module_name(_ns.ext_name)))
[INFO] [stderr]     File "/opt/rustwide/cargo-home/registry/src/index.crates.io-6f17d22bba15001f/xcb-0.8.2/rs_client.py", line 114, in writeout
[INFO] [stderr]       with open(path, 'w') as f:
[INFO] [stderr]   OSError: [Errno 30] Read-only file system: '/opt/rustwide/cargo-home/registry/src/index.crates.io-6f17d22bba15001f/xcb-0.8.2/src/ffi/selinux.rs'
[INFO] [stderr]   thread 'main' panicked at /opt/rustwide/cargo-home/registry/src/index.crates.io-6f17d22bba15001f/xcb-0.8.2/build.rs:75:17:
[INFO] [stderr]   processing of /opt/rustwide/cargo-home/registry/src/index.crates.io-6f17d22bba15001f/xcb-0.8.2/xml/xselinux.xml returned non-zero (1)
[INFO] [stderr]   stack backtrace:
[INFO] [stderr]      0:     0x556a231c3376 - std::backtrace_rs::backtrace::libunwind::trace::h261606ad26a499c1
[INFO] [stderr]                                  at /rustc/0e09125c6c3c2fd70d7de961bcf0e51575235fad/library/std/src/../../backtrace/src/backtrace/libunwind.rs:104:5
[INFO] [stderr]      1:     0x556a231c3376 - std::backtrace_rs::backtrace::trace_unsynchronized::hd183f0625477fb28
[INFO] [stderr]                                  at /rustc/0e09125c6c3c2fd70d7de961bcf0e51575235fad/library/std/src/../../backtrace/src/backtrace/mod.rs:66:5
[INFO] [stderr]      2:     0x556a231c3376 - std::sys_common::backtrace::_print_fmt::hd7f8fef21b4eda67
[INFO] [stderr]                                  at /rustc/0e09125c6c3c2fd70d7de961bcf0e51575235fad/library/std/src/sys_common/backtrace.rs:68:5
[INFO] [stderr]      3:     0x556a231c3376 - <std::sys_common::backtrace::_print::DisplayBacktrace as core::fmt::Display>::fmt::h623d9b51f2f453f1
[INFO] [stderr]                                  at /rustc/0e09125c6c3c2fd70d7de961bcf0e51575235fad/library/std/src/sys_common/backtrace.rs:44:22
[INFO] [stderr]      4:     0x556a231e5aa0 - core::fmt::rt::Argument::fmt::h9f417ac76a86f368
[INFO] [stderr]                                  at /rustc/0e09125c6c3c2fd70d7de961bcf0e51575235fad/library/core/src/fmt/rt.rs:142:9
[INFO] [stderr]      5:     0x556a231e5aa0 - core::fmt::write::hc9b6faf4ac2aeff7
[INFO] [stderr]                                  at /rustc/0e09125c6c3c2fd70d7de961bcf0e51575235fad/library/core/src/fmt/mod.rs:1120:17
[INFO] [stderr]      6:     0x556a231c13ef - std::io::Write::write_fmt::hfead1eee52c2e65e
[INFO] [stderr]                                  at /rustc/0e09125c6c3c2fd70d7de961bcf0e51575235fad/library/std/src/io/mod.rs:1810:15
[INFO] [stderr]      7:     0x556a231c3154 - std::sys_common::backtrace::_print::hd5d66399c7df88a2
[INFO] [stderr]                                  at /rustc/0e09125c6c3c2fd70d7de961bcf0e51575235fad/library/std/src/sys_common/backtrace.rs:47:5
[INFO] [stderr]      8:     0x556a231c3154 - std::sys_common::backtrace::print::he81ed2da642d37e5
[INFO] [stderr]                                  at /rustc/0e09125c6c3c2fd70d7de961bcf0e51575235fad/library/std/src/sys_common/backtrace.rs:34:9
[INFO] [stderr]      9:     0x556a231c4847 - std::panicking::default_hook::{{closure}}::h85773f4fa117163d
[INFO] [stderr]     10:     0x556a231c45a9 - std::panicking::default_hook::h6a1694a91d09b278
[INFO] [stderr]                                  at /rustc/0e09125c6c3c2fd70d7de961bcf0e51575235fad/library/std/src/panicking.rs:292:9
[INFO] [stderr]     11:     0x556a231c4cd8 - std::panicking::rust_panic_with_hook::h0a7ad96e90f7145b
[INFO] [stderr]                                  at /rustc/0e09125c6c3c2fd70d7de961bcf0e51575235fad/library/std/src/panicking.rs:779:13
[INFO] [stderr]     12:     0x556a231c4bb2 - std::panicking::begin_panic_handler::{{closure}}::h7919090525c6485e
[INFO] [stderr]                                  at /rustc/0e09125c6c3c2fd70d7de961bcf0e51575235fad/library/std/src/panicking.rs:657:13
[INFO] [stderr]     13:     0x556a231c3876 - std::sys_common::backtrace::__rust_end_short_backtrace::hf3289479464f7dfe
[INFO] [stderr]                                  at /rustc/0e09125c6c3c2fd70d7de961bcf0e51575235fad/library/std/src/sys_common/backtrace.rs:171:18
[INFO] [stderr]     14:     0x556a231c4910 - rust_begin_unwind
[INFO] [stderr]                                  at /rustc/0e09125c6c3c2fd70d7de961bcf0e51575235fad/library/std/src/panicking.rs:645:5
[INFO] [stderr]     15:     0x556a2319d285 - core::panicking::panic_fmt::hcc9f77c5c132af55
[INFO] [stderr]                                  at /rustc/0e09125c6c3c2fd70d7de961bcf0e51575235fad/library/core/src/panicking.rs:72:14
[INFO] [stderr]     16:     0x556a231a31b1 - build_script_build::main::{{closure}}::h7bc65063a63b6e79
[INFO] [stderr]     17:     0x556a231a20a3 - build_script_build::visit_xml::hd616af56799bad42
[INFO] [stderr]     18:     0x556a231a2743 - build_script_build::main::h68672cb0c84fe190
[INFO] [stderr]     19:     0x556a2319edf3 - core::ops::function::FnOnce::call_once::hdf4715872b1a1878
[INFO] [stderr]     20:     0x556a2319ddd6 - std::sys_common::backtrace::__rust_begin_short_backtrace::hfe1f84d2b6712c75
[INFO] [stderr]     21:     0x556a2319e509 - std::rt::lang_start::{{closure}}::ha4903338d9c2496b
[INFO] [stderr]     22:     0x556a231bdfd1 - core::ops::function::impls::<impl core::ops::function::FnOnce<A> for &F>::call_once::h4eb4c5e1620f29b0
[INFO] [stderr]                                  at /rustc/0e09125c6c3c2fd70d7de961bcf0e51575235fad/library/core/src/ops/function.rs:284:13
[INFO] [stderr]     23:     0x556a231bdfd1 - std::panicking::try::do_call::h73fd26535faffcdf
[INFO] [stderr]                                  at /rustc/0e09125c6c3c2fd70d7de961bcf0e51575235fad/library/std/src/panicking.rs:552:40
[INFO] [stderr]     24:     0x556a231bdfd1 - std::panicking::try::h77ff1d98f0fb9f39
[INFO] [stderr]                                  at /rustc/0e09125c6c3c2fd70d7de961bcf0e51575235fad/library/std/src/panicking.rs:516:19
[INFO] [stderr]     25:     0x556a231bdfd1 - std::panic::catch_unwind::hab3caf2448b95e37
[INFO] [stderr]                                  at /rustc/0e09125c6c3c2fd70d7de961bcf0e51575235fad/library/std/src/panic.rs:142:14
[INFO] [stderr]     26:     0x556a231bdfd1 - std::rt::lang_start_internal::{{closure}}::h8086711f9c783f78
[INFO] [stderr]                                  at /rustc/0e09125c6c3c2fd70d7de961bcf0e51575235fad/library/std/src/rt.rs:148:48
[INFO] [stderr]     27:     0x556a231bdfd1 - std::panicking::try::do_call::hf920d4dc291cd6ca
[INFO] [stderr]                                  at /rustc/0e09125c6c3c2fd70d7de961bcf0e51575235fad/library/std/src/panicking.rs:552:40
[INFO] [stderr]     28:     0x556a231bdfd1 - std::panicking::try::h2b806ccc0a85db74
[INFO] [stderr]                                  at /rustc/0e09125c6c3c2fd70d7de961bcf0e51575235fad/library/std/src/panicking.rs:516:19
[INFO] [stderr]     29:     0x556a231bdfd1 - std::panic::catch_unwind::h038489539c507df2
[INFO] [stderr]                                  at /rustc/0e09125c6c3c2fd70d7de961bcf0e51575235fad/library/std/src/panic.rs:142:14
[INFO] [stderr]     30:     0x556a231bdfd1 - std::rt::lang_start_internal::h28503b88912e8a5c
[INFO] [stderr]                                  at /rustc/0e09125c6c3c2fd70d7de961bcf0e51575235fad/library/std/src/rt.rs:148:20
[INFO] [stderr]     31:     0x556a2319e4e7 - std::rt::lang_start::h2cee68f8bdf6271a
[INFO] [stderr]     32:     0x556a231a3235 - main
[INFO] [stderr]     33:     0x7fea76499d90 - <unknown>
[INFO] [stderr]     34:     0x7fea76499e40 - __libc_start_main
[INFO] [stderr]     35:     0x556a2319d9b5 - _start
[INFO] [stderr]     36:                0x0 - <unknown>
[INFO] [stderr] warning: build failed, waiting for other jobs to finish...
[INFO] running `Command { std: "docker" "inspect" "8db5c998d7bf0447c3fc37343287866f50236db8c0f7060ad2654fbdbbbf9fac", kill_on_drop: false }`
[INFO] running `Command { std: "docker" "rm" "-f" "8db5c998d7bf0447c3fc37343287866f50236db8c0f7060ad2654fbdbbbf9fac", kill_on_drop: false }`
[INFO] [stdout] 8db5c998d7bf0447c3fc37343287866f50236db8c0f7060ad2654fbdbbbf9fac
