[INFO] cloning repository https://github.com/Tom-the-Bomb/aoc-2023
[INFO] running `Command { std: "git" "-c" "credential.helper=" "-c" "credential.helper=/workspace/cargo-home/bin/git-credential-null" "clone" "--bare" "https://github.com/Tom-the-Bomb/aoc-2023" "/workspace/cache/git-repos/https%3A%2F%2Fgithub.com%2FTom-the-Bomb%2Faoc-2023", kill_on_drop: false }`
[INFO] [stderr] Cloning into bare repository '/workspace/cache/git-repos/https%3A%2F%2Fgithub.com%2FTom-the-Bomb%2Faoc-2023'...
[INFO] running `Command { std: "git" "rev-parse" "HEAD", kill_on_drop: false }`
[INFO] [stdout] 3c353f2d7f6832655b0454b92ecbdae617c4a59b
[INFO] documenting Tom-the-Bomb/aoc-2023 against 1.75.0 for beta-1.76-rustdoc-1
[INFO] running `Command { std: "git" "clone" "/workspace/cache/git-repos/https%3A%2F%2Fgithub.com%2FTom-the-Bomb%2Faoc-2023" "/workspace/builds/worker-5-tc1/source", kill_on_drop: false }`
[INFO] [stderr] Cloning into '/workspace/builds/worker-5-tc1/source'...
[INFO] [stderr] done.
[INFO] validating manifest of git repo https://github.com/Tom-the-Bomb/aoc-2023 on toolchain 1.75.0
[INFO] running `Command { std: CARGO_HOME="/workspace/cargo-home" RUSTUP_HOME="/workspace/rustup-home" "/workspace/cargo-home/bin/cargo" "+1.75.0" "metadata" "--manifest-path" "Cargo.toml" "--no-deps", kill_on_drop: false }`
[INFO] removed /workspace/builds/worker-5-tc1/source/.cargo/config.toml
[INFO] started tweaking git repo https://github.com/Tom-the-Bomb/aoc-2023
[INFO] finished tweaking git repo https://github.com/Tom-the-Bomb/aoc-2023
[INFO] tweaked toml for git repo https://github.com/Tom-the-Bomb/aoc-2023 written to /workspace/builds/worker-5-tc1/source/Cargo.toml
[INFO] crate git repo https://github.com/Tom-the-Bomb/aoc-2023 already has a lockfile, it will not be regenerated
[INFO] running `Command { std: CARGO_HOME="/workspace/cargo-home" RUSTUP_HOME="/workspace/rustup-home" "/workspace/cargo-home/bin/cargo" "+1.75.0" "fetch" "--manifest-path" "Cargo.toml", kill_on_drop: false }`
[INFO] [stderr]     Updating crates.io index
[INFO] [stderr]     Blocking waiting for file lock on package cache
[INFO] [stderr]  Downloading crates ...
[INFO] [stderr]   Downloaded astro_nalgebra v0.1.1
[INFO] [stderr]   Downloaded astro-float-macro v0.4.2
[INFO] [stderr]   Downloaded astro-float v0.9.2
[INFO] [stderr]   Downloaded astro-float-num v0.3.3
[INFO] running `Command { std: "docker" "create" "-v" "/var/lib/crater-agent-workspace/builds/worker-5-tc1/target:/opt/rustwide/target:rw,Z" "-v" "/var/lib/crater-agent-workspace/builds/worker-5-tc1/source:/opt/rustwide/workdir:ro,Z" "-v" "/var/lib/crater-agent-workspace/cargo-home:/opt/rustwide/cargo-home:ro,Z" "-v" "/var/lib/crater-agent-workspace/rustup-home:/opt/rustwide/rustup-home:ro,Z" "-e" "SOURCE_DIR=/opt/rustwide/workdir" "-e" "CARGO_TARGET_DIR=/opt/rustwide/target" "-e" "CARGO_HOME=/opt/rustwide/cargo-home" "-e" "RUSTUP_HOME=/opt/rustwide/rustup-home" "-w" "/opt/rustwide/workdir" "-m" "1610612736" "--user" "0:0" "--network" "none" "ghcr.io/rust-lang/crates-build-env/linux@sha256:2788e3201cd34a07e3172128adcd8b3090168a8e3bcc40d7c032b9dda1df7d1c" "/opt/rustwide/cargo-home/bin/cargo" "+1.75.0" "metadata" "--no-deps" "--format-version=1", kill_on_drop: false }`
[INFO] [stdout] 70b7fa957abe217319be9896ca25133a37f4272a62ee8043aa233b74cb1d6fff
[INFO] running `Command { std: "docker" "start" "-a" "70b7fa957abe217319be9896ca25133a37f4272a62ee8043aa233b74cb1d6fff", kill_on_drop: false }`
[INFO] running `Command { std: "docker" "inspect" "70b7fa957abe217319be9896ca25133a37f4272a62ee8043aa233b74cb1d6fff", kill_on_drop: false }`
[INFO] running `Command { std: "docker" "rm" "-f" "70b7fa957abe217319be9896ca25133a37f4272a62ee8043aa233b74cb1d6fff", kill_on_drop: false }`
[INFO] [stdout] 70b7fa957abe217319be9896ca25133a37f4272a62ee8043aa233b74cb1d6fff
[INFO] running `Command { std: "docker" "create" "-v" "/var/lib/crater-agent-workspace/builds/worker-5-tc1/target:/opt/rustwide/target:rw,Z" "-v" "/var/lib/crater-agent-workspace/builds/worker-5-tc1/source:/opt/rustwide/workdir:ro,Z" "-v" "/var/lib/crater-agent-workspace/cargo-home:/opt/rustwide/cargo-home:ro,Z" "-v" "/var/lib/crater-agent-workspace/rustup-home:/opt/rustwide/rustup-home:ro,Z" "-e" "SOURCE_DIR=/opt/rustwide/workdir" "-e" "CARGO_TARGET_DIR=/opt/rustwide/target" "-e" "CARGO_INCREMENTAL=0" "-e" "RUST_BACKTRACE=full" "-e" "RUSTFLAGS=--cap-lints=warn" "-e" "RUSTDOCFLAGS=--cap-lints=warn" "-e" "CARGO_HOME=/opt/rustwide/cargo-home" "-e" "RUSTUP_HOME=/opt/rustwide/rustup-home" "-w" "/opt/rustwide/workdir" "-m" "1610612736" "--user" "0:0" "--network" "none" "ghcr.io/rust-lang/crates-build-env/linux@sha256:2788e3201cd34a07e3172128adcd8b3090168a8e3bcc40d7c032b9dda1df7d1c" "/opt/rustwide/cargo-home/bin/cargo" "+1.75.0" "doc" "--frozen" "--no-deps" "--document-private-items" "--message-format=json", kill_on_drop: false }`
[INFO] [stdout] 915f17927f80a934f1187e7e4e7b5fd3e500b7a54b454d565a30f154fb9cdf64
[INFO] running `Command { std: "docker" "start" "-a" "915f17927f80a934f1187e7e4e7b5fd3e500b7a54b454d565a30f154fb9cdf64", kill_on_drop: false }`
[INFO] [stderr]    Compiling autocfg v1.1.0
[INFO] [stderr]     Checking cfg-if v1.0.0
[INFO] [stderr]    Compiling libc v0.2.151
[INFO] [stderr]    Compiling proc-macro2 v1.0.76
[INFO] [stderr]    Compiling unicode-ident v1.0.12
[INFO] [stderr]    Compiling crossbeam-utils v0.8.18
[INFO] [stderr]     Checking either v1.9.0
[INFO] [stderr]    Compiling rayon-core v1.12.0
[INFO] [stderr]    Compiling version_check v0.9.4
[INFO] [stderr]    Compiling syn v1.0.109
[INFO] [stderr]     Checking ppv-lite86 v0.2.17
[INFO] [stderr]     Checking once_cell v1.19.0
[INFO] [stderr]     Checking zerocopy v0.7.32
[INFO] [stderr]    Compiling paste v1.0.14
[INFO] [stderr]     Checking bytemuck v1.14.0
[INFO] [stderr]    Compiling serde v1.0.195
[INFO] [stderr]     Checking allocator-api2 v0.2.16
[INFO] [stderr]    Compiling typenum v1.17.0
[INFO] [stderr]    Compiling itertools v0.10.5
[INFO] [stderr]     Checking safe_arch v0.7.1
[INFO] [stderr]    Compiling lazy_static v1.4.0
[INFO] [stderr]     Checking hashbrown v0.12.3
[INFO] [stderr]    Compiling ahash v0.8.7
[INFO] [stderr]     Checking equivalent v1.0.1
[INFO] [stderr]     Checking rawpointer v0.2.1
[INFO] [stderr]     Checking fixedbitset v0.4.2
[INFO] [stderr]    Compiling num-traits v0.2.17
[INFO] [stderr]    Compiling num-integer v0.1.45
[INFO] [stderr]    Compiling indexmap v1.9.3
[INFO] [stderr]    Compiling matrixmultiply v0.3.8
[INFO] [stderr]    Compiling num-rational v0.4.1
[INFO] [stderr]     Checking wide v0.7.13
[INFO] [stderr]    Compiling priority-queue v1.3.2
[INFO] [stderr]     Checking crossbeam-epoch v0.9.17
[INFO] [stderr]     Checking getrandom v0.2.11
[INFO] [stderr]    Compiling quote v1.0.35
[INFO] [stderr]     Checking crossbeam-deque v0.8.4
[INFO] [stderr]     Checking rand_core v0.6.4
[INFO] [stderr]    Compiling syn v2.0.48
[INFO] [stderr]     Checking rand_chacha v0.3.1
[INFO] [stderr]     Checking rand_pcg v0.3.1
[INFO] [stderr]    Compiling astro-float-num v0.3.3
[INFO] [stderr]     Checking rand v0.8.5
[INFO] [stderr]     Checking rayon v1.8.0
[INFO] [stderr]     Checking num-complex v0.4.4
[INFO] [stderr]     Checking approx v0.5.1
[INFO] [stderr]     Checking simba v0.8.1
[INFO] [stderr]    Compiling serde_derive v1.0.195
[INFO] [stderr]     Checking hashbrown v0.14.3
[INFO] [stderr]     Checking rayon-cond v0.2.0
[INFO] [stderr]     Checking indexmap v2.1.0
[INFO] [stderr]    Compiling nalgebra-macros v0.2.1
[INFO] [stderr]    Compiling astro-float-macro v0.4.2
[INFO] [stderr]     Checking petgraph v0.6.4
[INFO] [stderr]     Checking rustworkx-core v0.13.2
[INFO] [stderr]     Checking nalgebra v0.32.3
[INFO] [stderr]     Checking astro-float v0.9.2
[INFO] [stderr]     Checking astro_nalgebra v0.1.1
[INFO] [stderr]     Checking aoc-2023 v0.1.0 (/opt/rustwide/workdir)
[INFO] [stderr]  Documenting aoc-2023 v0.1.0 (/opt/rustwide/workdir)
[INFO] [stdout] error[E0554]: `#![feature]` may not be used on the stable release channel
[INFO] [stdout]  --> src/bin/day9.rs:1:12
[INFO] [stdout]   |
[INFO] [stdout] 1 | #![feature(iter_map_windows)]
[INFO] [stdout]   |            ^^^^^^^^^^^^^^^^
[INFO] [stdout] 
[INFO] [stdout] 
[INFO] [stdout] error: aborting due to previous error
[INFO] [stdout] 
[INFO] [stdout] 
[INFO] [stdout] For more information about this error, try `rustc --explain E0554`.
[INFO] [stdout] 
[INFO] [stderr] error: could not document `aoc-2023`
[INFO] [stderr] 
[INFO] [stderr] Caused by:
[INFO] [stderr]   process didn't exit successfully: `/opt/rustwide/rustup-home/toolchains/1.75.0-x86_64-unknown-linux-gnu/bin/rustdoc --edition=2021 --crate-type bin --crate-name day9 src/bin/day9.rs -o /opt/rustwide/target/doc --error-format=json --json=diagnostic-rendered-ansi,artifacts,future-incompat --document-private-items '-Arustdoc::private-intra-doc-links' -C metadata=0b46f0dd7f469612 -L dependency=/opt/rustwide/target/debug/deps --extern aoc_2023=/opt/rustwide/target/debug/deps/libaoc_2023-1ebf1daf2c0ae9e4.rmeta --extern astro_nalgebra=/opt/rustwide/target/debug/deps/libastro_nalgebra-0d81f011eca286f5.rmeta --extern nalgebra=/opt/rustwide/target/debug/deps/libnalgebra-5e50b94c320f7321.rmeta --extern rustworkx_core=/opt/rustwide/target/debug/deps/librustworkx_core-1bbb0b94dff2444e.rmeta --cap-lints=warn --crate-version 0.1.0` (exit status: 1)
[INFO] [stderr] warning: build failed, waiting for other jobs to finish...
[INFO] [stdout] error[E0554]: `#![feature]` may not be used on the stable release channel
[INFO] [stdout]  --> src/bin/day5.rs:4:12
[INFO] [stdout]   |
[INFO] [stdout] 4 | #![feature(iter_array_chunks)]
[INFO] [stdout]   |            ^^^^^^^^^^^^^^^^^
[INFO] [stdout] 
[INFO] [stdout] 
[INFO] [stdout] error: aborting due to previous error
[INFO] [stdout] 
[INFO] [stdout] 
[INFO] [stdout] For more information about this error, try `rustc --explain E0554`.
[INFO] [stdout] 
[INFO] [stderr] error: could not document `aoc-2023`
[INFO] [stderr] 
[INFO] [stderr] Caused by:
[INFO] [stderr]   process didn't exit successfully: `/opt/rustwide/rustup-home/toolchains/1.75.0-x86_64-unknown-linux-gnu/bin/rustdoc --edition=2021 --crate-type bin --crate-name day5 src/bin/day5.rs -o /opt/rustwide/target/doc --error-format=json --json=diagnostic-rendered-ansi,artifacts,future-incompat --document-private-items '-Arustdoc::private-intra-doc-links' -C metadata=477537b889614d9f -L dependency=/opt/rustwide/target/debug/deps --extern aoc_2023=/opt/rustwide/target/debug/deps/libaoc_2023-1ebf1daf2c0ae9e4.rmeta --extern astro_nalgebra=/opt/rustwide/target/debug/deps/libastro_nalgebra-0d81f011eca286f5.rmeta --extern nalgebra=/opt/rustwide/target/debug/deps/libnalgebra-5e50b94c320f7321.rmeta --extern rustworkx_core=/opt/rustwide/target/debug/deps/librustworkx_core-1bbb0b94dff2444e.rmeta --cap-lints=warn --crate-version 0.1.0` (exit status: 1)
[INFO] [stdout] error[E0554]: `#![feature]` may not be used on the stable release channel
[INFO] [stdout]  --> src/bin/day20.rs:1:12
[INFO] [stdout]   |
[INFO] [stdout] 1 | #![feature(map_try_insert)]
[INFO] [stdout]   |            ^^^^^^^^^^^^^^
[INFO] [stdout] 
[INFO] [stdout] 
[INFO] [stdout] error: aborting due to previous error
[INFO] [stdout] 
[INFO] [stdout] 
[INFO] [stdout] For more information about this error, try `rustc --explain E0554`.
[INFO] [stdout] 
[INFO] [stderr] error: could not document `aoc-2023`
[INFO] [stderr] 
[INFO] [stderr] Caused by:
[INFO] [stderr]   process didn't exit successfully: `/opt/rustwide/rustup-home/toolchains/1.75.0-x86_64-unknown-linux-gnu/bin/rustdoc --edition=2021 --crate-type bin --crate-name day20 src/bin/day20.rs -o /opt/rustwide/target/doc --error-format=json --json=diagnostic-rendered-ansi,artifacts,future-incompat --document-private-items '-Arustdoc::private-intra-doc-links' -C metadata=dfa9b2c5c34039de -L dependency=/opt/rustwide/target/debug/deps --extern aoc_2023=/opt/rustwide/target/debug/deps/libaoc_2023-1ebf1daf2c0ae9e4.rmeta --extern astro_nalgebra=/opt/rustwide/target/debug/deps/libastro_nalgebra-0d81f011eca286f5.rmeta --extern nalgebra=/opt/rustwide/target/debug/deps/libnalgebra-5e50b94c320f7321.rmeta --extern rustworkx_core=/opt/rustwide/target/debug/deps/librustworkx_core-1bbb0b94dff2444e.rmeta --cap-lints=warn --crate-version 0.1.0` (exit status: 1)
[INFO] running `Command { std: "docker" "inspect" "915f17927f80a934f1187e7e4e7b5fd3e500b7a54b454d565a30f154fb9cdf64", kill_on_drop: false }`
[INFO] running `Command { std: "docker" "rm" "-f" "915f17927f80a934f1187e7e4e7b5fd3e500b7a54b454d565a30f154fb9cdf64", kill_on_drop: false }`
[INFO] [stdout] 915f17927f80a934f1187e7e4e7b5fd3e500b7a54b454d565a30f154fb9cdf64
