[INFO] cloning repository https://github.com/TobiasDeBruijn/CalendarHourCalc
[INFO] running `Command { std: "git" "-c" "credential.helper=" "-c" "credential.helper=/workspace/cargo-home/bin/git-credential-null" "clone" "--bare" "https://github.com/TobiasDeBruijn/CalendarHourCalc" "/workspace/cache/git-repos/https%3A%2F%2Fgithub.com%2FTobiasDeBruijn%2FCalendarHourCalc", kill_on_drop: false }`
[INFO] [stderr] Cloning into bare repository '/workspace/cache/git-repos/https%3A%2F%2Fgithub.com%2FTobiasDeBruijn%2FCalendarHourCalc'...
[INFO] running `Command { std: "git" "rev-parse" "HEAD", kill_on_drop: false }`
[INFO] [stdout] df07ad0ae2eaf692ce0cce97b032132affc3b697
[INFO] documenting TobiasDeBruijn/CalendarHourCalc against 1.75.0 for beta-1.76-rustdoc-1
[INFO] running `Command { std: "git" "clone" "/workspace/cache/git-repos/https%3A%2F%2Fgithub.com%2FTobiasDeBruijn%2FCalendarHourCalc" "/workspace/builds/worker-1-tc1/source", kill_on_drop: false }`
[INFO] [stderr] Cloning into '/workspace/builds/worker-1-tc1/source'...
[INFO] [stderr] done.
[INFO] validating manifest of git repo https://github.com/TobiasDeBruijn/CalendarHourCalc on toolchain 1.75.0
[INFO] running `Command { std: CARGO_HOME="/workspace/cargo-home" RUSTUP_HOME="/workspace/rustup-home" "/workspace/cargo-home/bin/cargo" "+1.75.0" "metadata" "--manifest-path" "Cargo.toml" "--no-deps", kill_on_drop: false }`
[INFO] started tweaking git repo https://github.com/TobiasDeBruijn/CalendarHourCalc
[INFO] finished tweaking git repo https://github.com/TobiasDeBruijn/CalendarHourCalc
[INFO] tweaked toml for git repo https://github.com/TobiasDeBruijn/CalendarHourCalc written to /workspace/builds/worker-1-tc1/source/Cargo.toml
[INFO] crate git repo https://github.com/TobiasDeBruijn/CalendarHourCalc already has a lockfile, it will not be regenerated
[INFO] running `Command { std: CARGO_HOME="/workspace/cargo-home" RUSTUP_HOME="/workspace/rustup-home" "/workspace/cargo-home/bin/cargo" "+1.75.0" "fetch" "--manifest-path" "Cargo.toml", kill_on_drop: false }`
[INFO] [stderr]     Updating crates.io index
[INFO] [stderr]  Downloading crates ...
[INFO] [stderr]   Downloaded tabled_derive v0.5.0
[INFO] [stderr]   Downloaded cxxbridge-flags v1.0.86
[INFO] [stderr]   Downloaded is-terminal v0.4.2
[INFO] [stderr]   Downloaded cxx-build v1.0.86
[INFO] [stderr]   Downloaded io-lifetimes v1.0.4
[INFO] [stderr]   Downloaded cxxbridge-macro v1.0.86
[INFO] [stderr]   Downloaded rustix v0.37.3
[INFO] [stderr]   Downloaded linux-raw-sys v0.3.2
[INFO] [stderr]   Downloaded cxx v1.0.86
[INFO] [stderr]   Downloaded object v0.30.2
[INFO] [stderr]   Downloaded clap v4.0.32
[INFO] [stderr]   Downloaded rustix v0.36.6
[INFO] [stderr]   Downloaded tabled v0.10.0
[INFO] [stderr]   Downloaded ical v0.8.0
[INFO] [stderr]   Downloaded java-locator v0.1.3
[INFO] [stderr]   Downloaded papergrid v0.7.1
[INFO] [stderr]   Downloaded tracing-slf4j v0.1.0
[INFO] [stderr]   Downloaded itext v0.2.0
[INFO] running `Command { std: "docker" "create" "-v" "/var/lib/crater-agent-workspace/builds/worker-1-tc1/target:/opt/rustwide/target:rw,Z" "-v" "/var/lib/crater-agent-workspace/builds/worker-1-tc1/source:/opt/rustwide/workdir:ro,Z" "-v" "/var/lib/crater-agent-workspace/cargo-home:/opt/rustwide/cargo-home:ro,Z" "-v" "/var/lib/crater-agent-workspace/rustup-home:/opt/rustwide/rustup-home:ro,Z" "-e" "SOURCE_DIR=/opt/rustwide/workdir" "-e" "CARGO_TARGET_DIR=/opt/rustwide/target" "-e" "CARGO_HOME=/opt/rustwide/cargo-home" "-e" "RUSTUP_HOME=/opt/rustwide/rustup-home" "-w" "/opt/rustwide/workdir" "-m" "1610612736" "--user" "0:0" "--network" "none" "ghcr.io/rust-lang/crates-build-env/linux@sha256:2788e3201cd34a07e3172128adcd8b3090168a8e3bcc40d7c032b9dda1df7d1c" "/opt/rustwide/cargo-home/bin/cargo" "+1.75.0" "metadata" "--no-deps" "--format-version=1", kill_on_drop: false }`
[INFO] [stdout] 378d62fc0ca537dd76cc9787dcd30ae180df2a5a29bd81d08ca03b7c2a3a9f3e
[INFO] running `Command { std: "docker" "start" "-a" "378d62fc0ca537dd76cc9787dcd30ae180df2a5a29bd81d08ca03b7c2a3a9f3e", kill_on_drop: false }`
[INFO] running `Command { std: "docker" "inspect" "378d62fc0ca537dd76cc9787dcd30ae180df2a5a29bd81d08ca03b7c2a3a9f3e", kill_on_drop: false }`
[INFO] running `Command { std: "docker" "rm" "-f" "378d62fc0ca537dd76cc9787dcd30ae180df2a5a29bd81d08ca03b7c2a3a9f3e", kill_on_drop: false }`
[INFO] [stdout] 378d62fc0ca537dd76cc9787dcd30ae180df2a5a29bd81d08ca03b7c2a3a9f3e
[INFO] running `Command { std: "docker" "create" "-v" "/var/lib/crater-agent-workspace/builds/worker-1-tc1/target:/opt/rustwide/target:rw,Z" "-v" "/var/lib/crater-agent-workspace/builds/worker-1-tc1/source:/opt/rustwide/workdir:ro,Z" "-v" "/var/lib/crater-agent-workspace/cargo-home:/opt/rustwide/cargo-home:ro,Z" "-v" "/var/lib/crater-agent-workspace/rustup-home:/opt/rustwide/rustup-home:ro,Z" "-e" "SOURCE_DIR=/opt/rustwide/workdir" "-e" "CARGO_TARGET_DIR=/opt/rustwide/target" "-e" "CARGO_INCREMENTAL=0" "-e" "RUST_BACKTRACE=full" "-e" "RUSTFLAGS=--cap-lints=warn" "-e" "RUSTDOCFLAGS=--cap-lints=warn" "-e" "CARGO_HOME=/opt/rustwide/cargo-home" "-e" "RUSTUP_HOME=/opt/rustwide/rustup-home" "-w" "/opt/rustwide/workdir" "-m" "1610612736" "--user" "0:0" "--network" "none" "ghcr.io/rust-lang/crates-build-env/linux@sha256:2788e3201cd34a07e3172128adcd8b3090168a8e3bcc40d7c032b9dda1df7d1c" "/opt/rustwide/cargo-home/bin/cargo" "+1.75.0" "doc" "--frozen" "--no-deps" "--document-private-items" "--message-format=json", kill_on_drop: false }`
[INFO] [stdout] 385d340219a71d9a60011bf23ec8ebd69701b4948ecbdb44a2e0fd431c57bfbb
[INFO] running `Command { std: "docker" "start" "-a" "385d340219a71d9a60011bf23ec8ebd69701b4948ecbdb44a2e0fd431c57bfbb", kill_on_drop: false }`
[INFO] [stderr]    Compiling proc-macro2 v1.0.56
[INFO] [stderr]    Compiling unicode-ident v1.0.6
[INFO] [stderr]    Compiling quote v1.0.26
[INFO] [stderr]    Compiling libc v0.2.139
[INFO] [stderr]    Compiling syn v1.0.107
[INFO] [stderr]    Compiling cc v1.0.78
[INFO] [stderr]     Checking once_cell v1.17.0
[INFO] [stderr]    Compiling log v0.4.17
[INFO] [stderr]     Checking pin-project-lite v0.2.9
[INFO] [stderr]     Checking bytes v1.4.0
[INFO] [stderr]    Compiling memchr v2.5.0
[INFO] [stderr]    Compiling cfg-if v1.0.0
[INFO] [stderr]    Compiling eyre v0.6.8
[INFO] [stderr]    Compiling lazy_static v1.4.0
[INFO] [stderr]    Compiling lock_api v0.4.9
[INFO] [stderr]    Compiling sharded-slab v0.1.4
[INFO] [stderr]    Compiling parking_lot_core v0.9.7
[INFO] [stderr]     Checking scopeguard v1.1.0
[INFO] [stderr]     Checking tracing-core v0.1.30
[INFO] [stderr]    Compiling thread_local v1.1.4
[INFO] [stderr]     Checking smallvec v1.10.0
[INFO] [stderr]    Compiling adler v1.0.2
[INFO] [stderr]    Compiling gimli v0.27.0
[INFO] [stderr]    Compiling futures-core v0.3.28
[INFO] [stderr]    Compiling miniz_oxide v0.6.2
[INFO] [stderr]    Compiling tokio v1.27.0
[INFO] [stderr]    Compiling indenter v0.3.3
[INFO] [stderr]     Checking itoa v1.0.6
[INFO] [stderr]     Checking spin v0.5.2
[INFO] [stderr]    Compiling owo-colors v3.5.0
[INFO] [stderr]    Compiling tracing v0.1.37
[INFO] [stderr]    Compiling rustc-demangle v0.1.21
[INFO] [stderr]     Checking untrusted v0.7.1
[INFO] [stderr]    Compiling object v0.30.2
[INFO] [stderr]    Compiling tracing-subscriber v0.3.16
[INFO] [stderr]    Compiling proc-macro-error-attr v1.0.4
[INFO] [stderr]    Compiling io-lifetimes v1.0.4
[INFO] [stderr]    Compiling futures-task v0.3.28
[INFO] [stderr]    Compiling proc-macro-error v1.0.4
[INFO] [stderr]    Compiling syn v2.0.15
[INFO] [stderr]    Compiling indexmap v1.9.3
[INFO] [stderr]    Compiling slab v0.4.8
[INFO] [stderr]    Compiling thiserror v1.0.38
[INFO] [stderr]    Compiling heck v0.4.0
[INFO] [stderr]    Compiling futures-util v0.3.28
[INFO] [stderr]    Compiling serde_derive v1.0.160
[INFO] [stderr]    Compiling backtrace v0.3.67
[INFO] [stderr]    Compiling ring v0.16.20
[INFO] [stderr]     Checking http v0.2.9
[INFO] [stderr]    Compiling serde v1.0.160
[INFO] [stderr]    Compiling rustls v0.20.8
[INFO] [stderr]     Checking futures-sink v0.3.28
[INFO] [stderr]     Checking hashbrown v0.12.3
[INFO] [stderr]     Checking mio v0.8.6
[INFO] [stderr]     Checking socket2 v0.4.9
[INFO] [stderr]     Checking num_cpus v1.15.0
[INFO] [stderr]     Checking signal-hook-registry v1.4.1
[INFO] [stderr]     Checking parking_lot v0.12.1
[INFO] [stderr]    Compiling futures-channel v0.3.28
[INFO] [stderr]    Compiling num-traits v0.2.15
[INFO] [stderr]     Checking try-lock v0.2.4
[INFO] [stderr]    Compiling rustix v0.36.6
[INFO] [stderr]     Checking percent-encoding v2.2.0
[INFO] [stderr]     Checking glob v0.3.1
[INFO] [stderr]    Compiling rustversion v1.0.14
[INFO] [stderr]    Compiling tracing-error v0.2.0
[INFO] [stderr]     Checking java-locator v0.1.3
[INFO] [stderr]    Compiling color-spantrace v0.2.0
[INFO] [stderr]     Checking http-body v0.4.5
[INFO] [stderr]     Checking form_urlencoded v1.1.0
[INFO] [stderr]     Checking want v0.3.0
[INFO] [stderr]     Checking unicode-normalization v0.1.22
[INFO] [stderr]     Checking combine v4.6.6
[INFO] [stderr]    Compiling num-integer v0.1.45
[INFO] [stderr]     Checking libloading v0.7.4
[INFO] [stderr]     Checking cesu8 v1.1.0
[INFO] [stderr]     Checking unicode-bidi v0.3.13
[INFO] [stderr]    Compiling rustix v0.37.3
[INFO] [stderr]     Checking ryu v1.0.13
[INFO] [stderr]     Checking tower-service v0.3.2
[INFO] [stderr]     Checking httpdate v1.0.2
[INFO] [stderr]     Checking jni-sys v0.3.0
[INFO] [stderr]     Checking linux-raw-sys v0.1.4
[INFO] [stderr]     Checking idna v0.3.0
[INFO] [stderr]    Compiling addr2line v0.19.0
[INFO] [stderr]     Checking linux-raw-sys v0.3.2
[INFO] [stderr]     Checking bytecount v0.6.3
[INFO] [stderr]     Checking unicode-segmentation v1.10.1
[INFO] [stderr]     Checking base64 v0.21.0
[INFO] [stderr]     Checking unicode-width v0.1.10
[INFO] [stderr]     Checking os_str_bytes v6.4.1
[INFO] [stderr]    Compiling serde_json v1.0.96
[INFO] [stderr]     Checking clap_lex v0.3.0
[INFO] [stderr]     Checking rustls-pemfile v1.0.2
[INFO] [stderr]     Checking convert_case v0.6.0
[INFO] [stderr]     Checking papergrid v0.7.1
[INFO] [stderr]     Checking url v2.3.1
[INFO] [stderr]     Checking time v0.1.45
[INFO] [stderr]     Checking encoding_rs v0.8.32
[INFO] [stderr]     Checking termcolor v1.1.3
[INFO] [stderr]     Checking strsim v0.10.0
[INFO] [stderr]     Checking iana-time-zone v0.1.53
[INFO] [stderr]     Checking ipnet v2.7.2
[INFO] [stderr]     Checking fastrand v1.9.0
[INFO] [stderr]     Checking chrono v0.4.23
[INFO] [stderr]     Checking is-terminal v0.4.2
[INFO] [stderr]    Compiling color-eyre v0.6.2
[INFO] [stderr]    Compiling tokio-macros v2.0.0
[INFO] [stderr]    Compiling itext v0.2.0
[INFO] [stderr]    Compiling tracing-slf4j v0.1.0
[INFO] [stderr]     Checking webpki v0.22.0
[INFO] [stderr]     Checking sct v0.7.0
[INFO] [stderr]     Checking tempfile v3.5.0
[INFO] [stderr]     Checking webpki-roots v0.22.6
[INFO] [stderr]    Compiling tracing-attributes v0.1.23
[INFO] [stderr]    Compiling thiserror-impl v1.0.38
[INFO] [stderr]    Compiling clap_derive v4.0.21
[INFO] [stderr]    Compiling tabled_derive v0.5.0
[INFO] [stderr]    Compiling strum_macros v0.24.3
[INFO] [stderr] error: failed to run custom build command for `tracing-slf4j v0.1.0`
[INFO] [stderr] note: To improve backtraces for build dependencies, set the CARGO_PROFILE_DEV_BUILD_OVERRIDE_DEBUG=true environment variable to enable debug information generation.
[INFO] [stderr] 
[INFO] [stderr] Caused by:
[INFO] [stderr]   process didn't exit successfully: `/opt/rustwide/target/debug/build/tracing-slf4j-a7d8e7b2057c6938/build-script-build` (exit status: 1)
[INFO] [stderr]   --- stdout
[INFO] [stderr]   cargo:rerun-if-changed=java
[INFO] [stderr] 
[INFO] [stderr]   --- stderr
[INFO] [stderr]   Downloading https://services.gradle.org/distributions/gradle-7.5.1-bin.zip
[INFO] [stderr] 
[INFO] [stderr] 
[INFO] [stderr]   Exception in thread "main" java.net.UnknownHostException: services.gradle.org
[INFO] [stderr]   	at java.net.AbstractPlainSocketImpl.connect(AbstractPlainSocketImpl.java:184)
[INFO] [stderr]   	at java.net.SocksSocketImpl.connect(SocksSocketImpl.java:392)
[INFO] [stderr]   	at java.net.Socket.connect(Socket.java:607)
[INFO] [stderr]   	at sun.security.ssl.SSLSocketImpl.connect(SSLSocketImpl.java:293)
[INFO] [stderr]   	at sun.net.NetworkClient.doConnect(NetworkClient.java:175)
[INFO] [stderr]   	at sun.net.www.http.HttpClient.openServer(HttpClient.java:463)
[INFO] [stderr]   	at sun.net.www.http.HttpClient.openServer(HttpClient.java:558)
[INFO] [stderr]   	at sun.net.www.protocol.https.HttpsClient.<init>(HttpsClient.java:264)
[INFO] [stderr]   	at sun.net.www.protocol.https.HttpsClient.New(HttpsClient.java:367)
[INFO] [stderr]   	at sun.net.www.protocol.https.AbstractDelegateHttpsURLConnection.getNewHttpClient(AbstractDelegateHttpsURLConnection.java:203)
[INFO] [stderr]   	at sun.net.www.protocol.http.HttpURLConnection.plainConnect0(HttpURLConnection.java:1162)
[INFO] [stderr]   	at sun.net.www.protocol.http.HttpURLConnection.plainConnect(HttpURLConnection.java:1056)
[INFO] [stderr]   	at sun.net.www.protocol.https.AbstractDelegateHttpsURLConnection.connect(AbstractDelegateHttpsURLConnection.java:189)
[INFO] [stderr]   	at sun.net.www.protocol.http.HttpURLConnection.getInputStream0(HttpURLConnection.java:1572)
[INFO] [stderr]   	at sun.net.www.protocol.http.HttpURLConnection.getInputStream(HttpURLConnection.java:1500)
[INFO] [stderr]   	at sun.net.www.protocol.https.HttpsURLConnectionImpl.getInputStream(HttpsURLConnectionImpl.java:268)
[INFO] [stderr]   	at org.gradle.wrapper.Download.downloadInternal(Download.java:100)
[INFO] [stderr]   	at org.gradle.wrapper.Download.download(Download.java:80)
[INFO] [stderr]   	at org.gradle.wrapper.Install$1.call(Install.java:83)
[INFO] [stderr]   	at org.gradle.wrapper.Install$1.call(Install.java:63)
[INFO] [stderr]   	at org.gradle.wrapper.ExclusiveFileAccessManager.access(ExclusiveFileAccessManager.java:69)
[INFO] [stderr]   	at org.gradle.wrapper.Install.createDist(Install.java:63)
[INFO] [stderr]   	at org.gradle.wrapper.WrapperExecutor.execute(WrapperExecutor.java:107)
[INFO] [stderr]   	at org.gradle.wrapper.GradleWrapperMain.main(GradleWrapperMain.java:63)
[INFO] [stderr] 
[INFO] [stderr]   Error: Building Java dependency failed
[INFO] [stderr] 
[INFO] [stderr]   Location:
[INFO] [stderr]       /opt/rustwide/cargo-home/registry/src/index.crates.io-6f17d22bba15001f/tracing-slf4j-0.1.0/build.rs:65:13
[INFO] [stderr] warning: build failed, waiting for other jobs to finish...
[INFO] [stderr] error: failed to run custom build command for `itext v0.2.0`
[INFO] [stderr] note: To improve backtraces for build dependencies, set the CARGO_PROFILE_DEV_BUILD_OVERRIDE_DEBUG=true environment variable to enable debug information generation.
[INFO] [stderr] 
[INFO] [stderr] Caused by:
[INFO] [stderr]   process didn't exit successfully: `/opt/rustwide/target/debug/build/itext-64f7e9a224b51db0/build-script-build` (exit status: 1)
[INFO] [stderr]   --- stdout
[INFO] [stderr]   cargo:rerun-if-changed=bundle
[INFO] [stderr] 
[INFO] [stderr]   --- stderr
[INFO] [stderr]   Downloading https://services.gradle.org/distributions/gradle-7.5.1-bin.zip
[INFO] [stderr] 
[INFO] [stderr] 
[INFO] [stderr]   Exception in thread "main" java.net.UnknownHostException: services.gradle.org
[INFO] [stderr]   	at java.net.AbstractPlainSocketImpl.connect(AbstractPlainSocketImpl.java:184)
[INFO] [stderr]   	at java.net.SocksSocketImpl.connect(SocksSocketImpl.java:392)
[INFO] [stderr]   	at java.net.Socket.connect(Socket.java:607)
[INFO] [stderr]   	at sun.security.ssl.SSLSocketImpl.connect(SSLSocketImpl.java:293)
[INFO] [stderr]   	at sun.net.NetworkClient.doConnect(NetworkClient.java:175)
[INFO] [stderr]   	at sun.net.www.http.HttpClient.openServer(HttpClient.java:463)
[INFO] [stderr]   	at sun.net.www.http.HttpClient.openServer(HttpClient.java:558)
[INFO] [stderr]   	at sun.net.www.protocol.https.HttpsClient.<init>(HttpsClient.java:264)
[INFO] [stderr]   	at sun.net.www.protocol.https.HttpsClient.New(HttpsClient.java:367)
[INFO] [stderr]   	at sun.net.www.protocol.https.AbstractDelegateHttpsURLConnection.getNewHttpClient(AbstractDelegateHttpsURLConnection.java:203)
[INFO] [stderr]   	at sun.net.www.protocol.http.HttpURLConnection.plainConnect0(HttpURLConnection.java:1162)
[INFO] [stderr]   	at sun.net.www.protocol.http.HttpURLConnection.plainConnect(HttpURLConnection.java:1056)
[INFO] [stderr]   	at sun.net.www.protocol.https.AbstractDelegateHttpsURLConnection.connect(AbstractDelegateHttpsURLConnection.java:189)
[INFO] [stderr]   	at sun.net.www.protocol.http.HttpURLConnection.getInputStream0(HttpURLConnection.java:1572)
[INFO] [stderr]   	at sun.net.www.protocol.http.HttpURLConnection.getInputStream(HttpURLConnection.java:1500)
[INFO] [stderr]   	at sun.net.www.protocol.https.HttpsURLConnectionImpl.getInputStream(HttpsURLConnectionImpl.java:268)
[INFO] [stderr]   	at org.gradle.wrapper.Download.downloadInternal(Download.java:100)
[INFO] [stderr]   	at org.gradle.wrapper.Download.download(Download.java:80)
[INFO] [stderr]   	at org.gradle.wrapper.Install$1.call(Install.java:83)
[INFO] [stderr]   	at org.gradle.wrapper.Install$1.call(Install.java:63)
[INFO] [stderr]   	at org.gradle.wrapper.ExclusiveFileAccessManager.access(ExclusiveFileAccessManager.java:69)
[INFO] [stderr]   	at org.gradle.wrapper.Install.createDist(Install.java:63)
[INFO] [stderr]   	at org.gradle.wrapper.WrapperExecutor.execute(WrapperExecutor.java:107)
[INFO] [stderr]   	at org.gradle.wrapper.GradleWrapperMain.main(GradleWrapperMain.java:63)
[INFO] [stderr] 
[INFO] [stderr]   Error: Building Java dependency failed
[INFO] [stderr] 
[INFO] [stderr]   Location:
[INFO] [stderr]       /opt/rustwide/cargo-home/registry/src/index.crates.io-6f17d22bba15001f/itext-0.2.0/build.rs:69:17
[INFO] running `Command { std: "docker" "inspect" "385d340219a71d9a60011bf23ec8ebd69701b4948ecbdb44a2e0fd431c57bfbb", kill_on_drop: false }`
[INFO] running `Command { std: "docker" "rm" "-f" "385d340219a71d9a60011bf23ec8ebd69701b4948ecbdb44a2e0fd431c57bfbb", kill_on_drop: false }`
[INFO] [stdout] 385d340219a71d9a60011bf23ec8ebd69701b4948ecbdb44a2e0fd431c57bfbb
[INFO] documenting TobiasDeBruijn/CalendarHourCalc against beta-2023-12-22 for beta-1.76-rustdoc-1
[INFO] running `Command { std: "git" "clone" "/workspace/cache/git-repos/https%3A%2F%2Fgithub.com%2FTobiasDeBruijn%2FCalendarHourCalc" "/workspace/builds/worker-1-tc2/source", kill_on_drop: false }`
[INFO] [stderr] Cloning into '/workspace/builds/worker-1-tc2/source'...
[INFO] [stderr] done.
[INFO] validating manifest of git repo https://github.com/TobiasDeBruijn/CalendarHourCalc on toolchain beta-2023-12-22
[INFO] running `Command { std: CARGO_HOME="/workspace/cargo-home" RUSTUP_HOME="/workspace/rustup-home" "/workspace/cargo-home/bin/cargo" "+beta-2023-12-22" "metadata" "--manifest-path" "Cargo.toml" "--no-deps", kill_on_drop: false }`
[INFO] started tweaking git repo https://github.com/TobiasDeBruijn/CalendarHourCalc
[INFO] finished tweaking git repo https://github.com/TobiasDeBruijn/CalendarHourCalc
[INFO] tweaked toml for git repo https://github.com/TobiasDeBruijn/CalendarHourCalc written to /workspace/builds/worker-1-tc2/source/Cargo.toml
[INFO] crate git repo https://github.com/TobiasDeBruijn/CalendarHourCalc already has a lockfile, it will not be regenerated
[INFO] running `Command { std: CARGO_HOME="/workspace/cargo-home" RUSTUP_HOME="/workspace/rustup-home" "/workspace/cargo-home/bin/cargo" "+beta-2023-12-22" "fetch" "--manifest-path" "Cargo.toml", kill_on_drop: false }`
[INFO] running `Command { std: "docker" "create" "-v" "/var/lib/crater-agent-workspace/builds/worker-1-tc2/target:/opt/rustwide/target:rw,Z" "-v" "/var/lib/crater-agent-workspace/builds/worker-1-tc2/source:/opt/rustwide/workdir:ro,Z" "-v" "/var/lib/crater-agent-workspace/cargo-home:/opt/rustwide/cargo-home:ro,Z" "-v" "/var/lib/crater-agent-workspace/rustup-home:/opt/rustwide/rustup-home:ro,Z" "-e" "SOURCE_DIR=/opt/rustwide/workdir" "-e" "CARGO_TARGET_DIR=/opt/rustwide/target" "-e" "CARGO_HOME=/opt/rustwide/cargo-home" "-e" "RUSTUP_HOME=/opt/rustwide/rustup-home" "-w" "/opt/rustwide/workdir" "-m" "1610612736" "--user" "0:0" "--network" "none" "ghcr.io/rust-lang/crates-build-env/linux@sha256:2788e3201cd34a07e3172128adcd8b3090168a8e3bcc40d7c032b9dda1df7d1c" "/opt/rustwide/cargo-home/bin/cargo" "+beta-2023-12-22" "metadata" "--no-deps" "--format-version=1", kill_on_drop: false }`
[INFO] [stdout] 1b3f203a7244985807f84894cfeccb1da168c4ae0144beb8cfe7fe8902cc43a6
[INFO] running `Command { std: "docker" "start" "-a" "1b3f203a7244985807f84894cfeccb1da168c4ae0144beb8cfe7fe8902cc43a6", kill_on_drop: false }`
[INFO] running `Command { std: "docker" "inspect" "1b3f203a7244985807f84894cfeccb1da168c4ae0144beb8cfe7fe8902cc43a6", kill_on_drop: false }`
[INFO] running `Command { std: "docker" "rm" "-f" "1b3f203a7244985807f84894cfeccb1da168c4ae0144beb8cfe7fe8902cc43a6", kill_on_drop: false }`
[INFO] [stdout] 1b3f203a7244985807f84894cfeccb1da168c4ae0144beb8cfe7fe8902cc43a6
[INFO] running `Command { std: "docker" "create" "-v" "/var/lib/crater-agent-workspace/builds/worker-1-tc2/target:/opt/rustwide/target:rw,Z" "-v" "/var/lib/crater-agent-workspace/builds/worker-1-tc2/source:/opt/rustwide/workdir:ro,Z" "-v" "/var/lib/crater-agent-workspace/cargo-home:/opt/rustwide/cargo-home:ro,Z" "-v" "/var/lib/crater-agent-workspace/rustup-home:/opt/rustwide/rustup-home:ro,Z" "-e" "SOURCE_DIR=/opt/rustwide/workdir" "-e" "CARGO_TARGET_DIR=/opt/rustwide/target" "-e" "CARGO_INCREMENTAL=0" "-e" "RUST_BACKTRACE=full" "-e" "RUSTFLAGS=--cap-lints=warn" "-e" "RUSTDOCFLAGS=--cap-lints=warn" "-e" "CARGO_HOME=/opt/rustwide/cargo-home" "-e" "RUSTUP_HOME=/opt/rustwide/rustup-home" "-w" "/opt/rustwide/workdir" "-m" "1610612736" "--user" "0:0" "--network" "none" "ghcr.io/rust-lang/crates-build-env/linux@sha256:2788e3201cd34a07e3172128adcd8b3090168a8e3bcc40d7c032b9dda1df7d1c" "/opt/rustwide/cargo-home/bin/cargo" "+beta-2023-12-22" "doc" "--frozen" "--no-deps" "--document-private-items" "--message-format=json", kill_on_drop: false }`
[INFO] [stdout] b3dbd7d562710678a3f6d3caec36d0fc723ad2ae3a0d30e5c51bf1e88e8e12a6
[INFO] running `Command { std: "docker" "start" "-a" "b3dbd7d562710678a3f6d3caec36d0fc723ad2ae3a0d30e5c51bf1e88e8e12a6", kill_on_drop: false }`
[INFO] [stderr]    Compiling proc-macro2 v1.0.56
[INFO] [stderr]    Compiling unicode-ident v1.0.6
[INFO] [stderr]    Compiling quote v1.0.26
[INFO] [stderr]    Compiling libc v0.2.139
[INFO] [stderr]    Compiling syn v1.0.107
[INFO] [stderr]    Compiling cc v1.0.78
[INFO] [stderr]     Checking once_cell v1.17.0
[INFO] [stderr]    Compiling log v0.4.17
[INFO] [stderr]     Checking pin-project-lite v0.2.9
[INFO] [stderr]     Checking bytes v1.4.0
[INFO] [stderr]    Compiling eyre v0.6.8
[INFO] [stderr]    Compiling lazy_static v1.4.0
[INFO] [stderr]    Compiling cfg-if v1.0.0
[INFO] [stderr]    Compiling memchr v2.5.0
[INFO] [stderr]    Compiling lock_api v0.4.9
[INFO] [stderr]    Compiling sharded-slab v0.1.4
[INFO] [stderr]    Compiling parking_lot_core v0.9.7
[INFO] [stderr]    Compiling gimli v0.27.0
[INFO] [stderr]     Checking tracing-core v0.1.30
[INFO] [stderr]    Compiling thread_local v1.1.4
[INFO] [stderr]    Compiling adler v1.0.2
[INFO] [stderr]     Checking smallvec v1.10.0
[INFO] [stderr]    Compiling futures-core v0.3.28
[INFO] [stderr]     Checking scopeguard v1.1.0
[INFO] [stderr]    Compiling miniz_oxide v0.6.2
[INFO] [stderr]    Compiling tokio v1.27.0
[INFO] [stderr]    Compiling owo-colors v3.5.0
[INFO] [stderr]    Compiling rustc-demangle v0.1.21
[INFO] [stderr]     Checking itoa v1.0.6
[INFO] [stderr]    Compiling indenter v0.3.3
[INFO] [stderr]     Checking untrusted v0.7.1
[INFO] [stderr]    Compiling tracing v0.1.37
[INFO] [stderr]     Checking spin v0.5.2
[INFO] [stderr]    Compiling object v0.30.2
[INFO] [stderr]    Compiling tracing-subscriber v0.3.16
[INFO] [stderr]    Compiling proc-macro-error-attr v1.0.4
[INFO] [stderr]    Compiling futures-task v0.3.28
[INFO] [stderr]    Compiling io-lifetimes v1.0.4
[INFO] [stderr]    Compiling proc-macro-error v1.0.4
[INFO] [stderr]    Compiling syn v2.0.15
[INFO] [stderr]    Compiling indexmap v1.9.3
[INFO] [stderr]    Compiling slab v0.4.8
[INFO] [stderr]    Compiling futures-util v0.3.28
[INFO] [stderr]    Compiling heck v0.4.0
[INFO] [stderr]    Compiling serde_derive v1.0.160
[INFO] [stderr]    Compiling thiserror v1.0.38
[INFO] [stderr]    Compiling backtrace v0.3.67
[INFO] [stderr]    Compiling ring v0.16.20
[INFO] [stderr]     Checking http v0.2.9
[INFO] [stderr]    Compiling serde v1.0.160
[INFO] [stderr]     Checking futures-sink v0.3.28
[INFO] [stderr]    Compiling rustls v0.20.8
[INFO] [stderr]     Checking hashbrown v0.12.3
[INFO] [stderr]    Compiling futures-channel v0.3.28
[INFO] [stderr]     Checking signal-hook-registry v1.4.1
[INFO] [stderr]     Checking socket2 v0.4.9
[INFO] [stderr]     Checking num_cpus v1.15.0
[INFO] [stderr]     Checking mio v0.8.6
[INFO] [stderr]     Checking parking_lot v0.12.1
[INFO] [stderr]    Compiling num-traits v0.2.15
[INFO] [stderr]    Compiling rustversion v1.0.14
[INFO] [stderr]     Checking glob v0.3.1
[INFO] [stderr]     Checking try-lock v0.2.4
[INFO] [stderr]    Compiling tracing-error v0.2.0
[INFO] [stderr]     Checking percent-encoding v2.2.0
[INFO] [stderr]    Compiling rustix v0.36.6
[INFO] [stderr]     Checking java-locator v0.1.3
[INFO] [stderr]     Checking form_urlencoded v1.1.0
[INFO] [stderr]    Compiling color-spantrace v0.2.0
[INFO] [stderr]     Checking want v0.3.0
[INFO] [stderr]     Checking unicode-normalization v0.1.22
[INFO] [stderr]     Checking http-body v0.4.5
[INFO] [stderr]     Checking combine v4.6.6
[INFO] [stderr]     Checking libloading v0.7.4
[INFO] [stderr]    Compiling num-integer v0.1.45
[INFO] [stderr]     Checking httpdate v1.0.2
[INFO] [stderr]     Checking unicode-bidi v0.3.13
[INFO] [stderr]    Compiling addr2line v0.19.0
[INFO] [stderr]    Compiling rustix v0.37.3
[INFO] [stderr]     Checking jni-sys v0.3.0
[INFO] [stderr]     Checking ryu v1.0.13
[INFO] [stderr]     Checking tower-service v0.3.2
[INFO] [stderr]     Checking cesu8 v1.1.0
[INFO] [stderr]     Checking linux-raw-sys v0.1.4
[INFO] [stderr]     Checking idna v0.3.0
[INFO] [stderr]     Checking unicode-segmentation v1.10.1
[INFO] [stderr]     Checking bytecount v0.6.3
[INFO] [stderr]     Checking linux-raw-sys v0.3.2
[INFO] [stderr]     Checking base64 v0.21.0
[INFO] [stderr]     Checking os_str_bytes v6.4.1
[INFO] [stderr]     Checking unicode-width v0.1.10
[INFO] [stderr]    Compiling serde_json v1.0.96
[INFO] [stderr]     Checking papergrid v0.7.1
[INFO] [stderr]     Checking clap_lex v0.3.0
[INFO] [stderr]     Checking convert_case v0.6.0
[INFO] [stderr]     Checking rustls-pemfile v1.0.2
[INFO] [stderr]     Checking url v2.3.1
[INFO] [stderr]     Checking time v0.1.45
[INFO] [stderr]     Checking encoding_rs v0.8.32
[INFO] [stderr]     Checking iana-time-zone v0.1.53
[INFO] [stderr]     Checking strsim v0.10.0
[INFO] [stderr]     Checking fastrand v1.9.0
[INFO] [stderr]     Checking ipnet v2.7.2
[INFO] [stderr]     Checking termcolor v1.1.3
[INFO] [stderr]     Checking chrono v0.4.23
[INFO] [stderr]    Compiling color-eyre v0.6.2
[INFO] [stderr]     Checking is-terminal v0.4.2
[INFO] [stderr]    Compiling tokio-macros v2.0.0
[INFO] [stderr]    Compiling itext v0.2.0
[INFO] [stderr]    Compiling tracing-slf4j v0.1.0
[INFO] [stderr]     Checking webpki v0.22.0
[INFO] [stderr]     Checking sct v0.7.0
[INFO] [stderr]     Checking webpki-roots v0.22.6
[INFO] [stderr]     Checking tempfile v3.5.0
[INFO] [stderr] error: failed to run custom build command for `itext v0.2.0`
[INFO] [stderr] note: To improve backtraces for build dependencies, set the CARGO_PROFILE_DEV_BUILD_OVERRIDE_DEBUG=true environment variable to enable debug information generation.
[INFO] [stderr] 
[INFO] [stderr] Caused by:
[INFO] [stderr]   process didn't exit successfully: `/opt/rustwide/target/debug/build/itext-ee08745a4cdb6eae/build-script-build` (exit status: 1)
[INFO] [stderr]   --- stdout
[INFO] [stderr]   cargo:rerun-if-changed=bundle
[INFO] [stderr] 
[INFO] [stderr]   --- stderr
[INFO] [stderr]   Downloading https://services.gradle.org/distributions/gradle-7.5.1-bin.zip
[INFO] [stderr] 
[INFO] [stderr] 
[INFO] [stderr]   Exception in thread "main" java.net.UnknownHostException: services.gradle.org
[INFO] [stderr]   	at java.net.AbstractPlainSocketImpl.connect(AbstractPlainSocketImpl.java:184)
[INFO] [stderr]   	at java.net.SocksSocketImpl.connect(SocksSocketImpl.java:392)
[INFO] [stderr]   	at java.net.Socket.connect(Socket.java:607)
[INFO] [stderr]   	at sun.security.ssl.SSLSocketImpl.connect(SSLSocketImpl.java:293)
[INFO] [stderr]   	at sun.net.NetworkClient.doConnect(NetworkClient.java:175)
[INFO] [stderr]   	at sun.net.www.http.HttpClient.openServer(HttpClient.java:463)
[INFO] [stderr]   	at sun.net.www.http.HttpClient.openServer(HttpClient.java:558)
[INFO] [stderr]   	at sun.net.www.protocol.https.HttpsClient.<init>(HttpsClient.java:264)
[INFO] [stderr]   	at sun.net.www.protocol.https.HttpsClient.New(HttpsClient.java:367)
[INFO] [stderr]   	at sun.net.www.protocol.https.AbstractDelegateHttpsURLConnection.getNewHttpClient(AbstractDelegateHttpsURLConnection.java:203)
[INFO] [stderr]   	at sun.net.www.protocol.http.HttpURLConnection.plainConnect0(HttpURLConnection.java:1162)
[INFO] [stderr]   	at sun.net.www.protocol.http.HttpURLConnection.plainConnect(HttpURLConnection.java:1056)
[INFO] [stderr]   	at sun.net.www.protocol.https.AbstractDelegateHttpsURLConnection.connect(AbstractDelegateHttpsURLConnection.java:189)
[INFO] [stderr]   	at sun.net.www.protocol.http.HttpURLConnection.getInputStream0(HttpURLConnection.java:1572)
[INFO] [stderr]   	at sun.net.www.protocol.http.HttpURLConnection.getInputStream(HttpURLConnection.java:1500)
[INFO] [stderr]   	at sun.net.www.protocol.https.HttpsURLConnectionImpl.getInputStream(HttpsURLConnectionImpl.java:268)
[INFO] [stderr]   	at org.gradle.wrapper.Download.downloadInternal(Download.java:100)
[INFO] [stderr]   	at org.gradle.wrapper.Download.download(Download.java:80)
[INFO] [stderr]   	at org.gradle.wrapper.Install$1.call(Install.java:83)
[INFO] [stderr]   	at org.gradle.wrapper.Install$1.call(Install.java:63)
[INFO] [stderr]   	at org.gradle.wrapper.ExclusiveFileAccessManager.access(ExclusiveFileAccessManager.java:69)
[INFO] [stderr]   	at org.gradle.wrapper.Install.createDist(Install.java:63)
[INFO] [stderr]   	at org.gradle.wrapper.WrapperExecutor.execute(WrapperExecutor.java:107)
[INFO] [stderr]   	at org.gradle.wrapper.GradleWrapperMain.main(GradleWrapperMain.java:63)
[INFO] [stderr] 
[INFO] [stderr]   Error: Building Java dependency failed
[INFO] [stderr] 
[INFO] [stderr]   Location:
[INFO] [stderr]       /opt/rustwide/cargo-home/registry/src/index.crates.io-6f17d22bba15001f/itext-0.2.0/build.rs:69:17
[INFO] [stderr] warning: build failed, waiting for other jobs to finish...
[INFO] [stderr] error: failed to run custom build command for `tracing-slf4j v0.1.0`
[INFO] [stderr] note: To improve backtraces for build dependencies, set the CARGO_PROFILE_DEV_BUILD_OVERRIDE_DEBUG=true environment variable to enable debug information generation.
[INFO] [stderr] 
[INFO] [stderr] Caused by:
[INFO] [stderr]   process didn't exit successfully: `/opt/rustwide/target/debug/build/tracing-slf4j-f3534cae64625df2/build-script-build` (exit status: 1)
[INFO] [stderr]   --- stdout
[INFO] [stderr]   cargo:rerun-if-changed=java
[INFO] [stderr] 
[INFO] [stderr]   --- stderr
[INFO] [stderr]   Downloading https://services.gradle.org/distributions/gradle-7.5.1-bin.zip
[INFO] [stderr] 
[INFO] [stderr] 
[INFO] [stderr]   Exception in thread "main" java.net.UnknownHostException: services.gradle.org
[INFO] [stderr]   	at java.net.AbstractPlainSocketImpl.connect(AbstractPlainSocketImpl.java:184)
[INFO] [stderr]   	at java.net.SocksSocketImpl.connect(SocksSocketImpl.java:392)
[INFO] [stderr]   	at java.net.Socket.connect(Socket.java:607)
[INFO] [stderr]   	at sun.security.ssl.SSLSocketImpl.connect(SSLSocketImpl.java:293)
[INFO] [stderr]   	at sun.net.NetworkClient.doConnect(NetworkClient.java:175)
[INFO] [stderr]   	at sun.net.www.http.HttpClient.openServer(HttpClient.java:463)
[INFO] [stderr]   	at sun.net.www.http.HttpClient.openServer(HttpClient.java:558)
[INFO] [stderr]   	at sun.net.www.protocol.https.HttpsClient.<init>(HttpsClient.java:264)
[INFO] [stderr]   	at sun.net.www.protocol.https.HttpsClient.New(HttpsClient.java:367)
[INFO] [stderr]   	at sun.net.www.protocol.https.AbstractDelegateHttpsURLConnection.getNewHttpClient(AbstractDelegateHttpsURLConnection.java:203)
[INFO] [stderr]   	at sun.net.www.protocol.http.HttpURLConnection.plainConnect0(HttpURLConnection.java:1162)
[INFO] [stderr]   	at sun.net.www.protocol.http.HttpURLConnection.plainConnect(HttpURLConnection.java:1056)
[INFO] [stderr]   	at sun.net.www.protocol.https.AbstractDelegateHttpsURLConnection.connect(AbstractDelegateHttpsURLConnection.java:189)
[INFO] [stderr]   	at sun.net.www.protocol.http.HttpURLConnection.getInputStream0(HttpURLConnection.java:1572)
[INFO] [stderr]   	at sun.net.www.protocol.http.HttpURLConnection.getInputStream(HttpURLConnection.java:1500)
[INFO] [stderr]   	at sun.net.www.protocol.https.HttpsURLConnectionImpl.getInputStream(HttpsURLConnectionImpl.java:268)
[INFO] [stderr]   	at org.gradle.wrapper.Download.downloadInternal(Download.java:100)
[INFO] [stderr]   	at org.gradle.wrapper.Download.download(Download.java:80)
[INFO] [stderr]   	at org.gradle.wrapper.Install$1.call(Install.java:83)
[INFO] [stderr]   	at org.gradle.wrapper.Install$1.call(Install.java:63)
[INFO] [stderr]   	at org.gradle.wrapper.ExclusiveFileAccessManager.access(ExclusiveFileAccessManager.java:69)
[INFO] [stderr]   	at org.gradle.wrapper.Install.createDist(Install.java:63)
[INFO] [stderr]   	at org.gradle.wrapper.WrapperExecutor.execute(WrapperExecutor.java:107)
[INFO] [stderr]   	at org.gradle.wrapper.GradleWrapperMain.main(GradleWrapperMain.java:63)
[INFO] [stderr] 
[INFO] [stderr]   Error: Building Java dependency failed
[INFO] [stderr] 
[INFO] [stderr]   Location:
[INFO] [stderr]       /opt/rustwide/cargo-home/registry/src/index.crates.io-6f17d22bba15001f/tracing-slf4j-0.1.0/build.rs:65:13
[INFO] running `Command { std: "docker" "inspect" "b3dbd7d562710678a3f6d3caec36d0fc723ad2ae3a0d30e5c51bf1e88e8e12a6", kill_on_drop: false }`
[INFO] running `Command { std: "docker" "rm" "-f" "b3dbd7d562710678a3f6d3caec36d0fc723ad2ae3a0d30e5c51bf1e88e8e12a6", kill_on_drop: false }`
[INFO] [stdout] b3dbd7d562710678a3f6d3caec36d0fc723ad2ae3a0d30e5c51bf1e88e8e12a6
