[INFO] cloning repository https://github.com/Tim-Nosco/tinysh
[INFO] running `Command { std: "git" "-c" "credential.helper=" "-c" "credential.helper=/workspace/cargo-home/bin/git-credential-null" "clone" "--bare" "https://github.com/Tim-Nosco/tinysh" "/workspace/cache/git-repos/https%3A%2F%2Fgithub.com%2FTim-Nosco%2Ftinysh", kill_on_drop: false }`
[INFO] [stderr] Cloning into bare repository '/workspace/cache/git-repos/https%3A%2F%2Fgithub.com%2FTim-Nosco%2Ftinysh'...
[INFO] running `Command { std: "git" "rev-parse" "HEAD", kill_on_drop: false }`
[INFO] [stdout] 9df638d8d4b4fdfc73170db00db62280edd29891
[INFO] documenting Tim-Nosco/tinysh against 1.75.0 for beta-1.76-rustdoc-1
[INFO] running `Command { std: "git" "clone" "/workspace/cache/git-repos/https%3A%2F%2Fgithub.com%2FTim-Nosco%2Ftinysh" "/workspace/builds/worker-6-tc1/source", kill_on_drop: false }`
[INFO] [stderr] Cloning into '/workspace/builds/worker-6-tc1/source'...
[INFO] [stderr] done.
[INFO] validating manifest of git repo https://github.com/Tim-Nosco/tinysh on toolchain 1.75.0
[INFO] running `Command { std: CARGO_HOME="/workspace/cargo-home" RUSTUP_HOME="/workspace/rustup-home" "/workspace/cargo-home/bin/cargo" "+1.75.0" "metadata" "--manifest-path" "Cargo.toml" "--no-deps", kill_on_drop: false }`
[INFO] removed /workspace/builds/worker-6-tc1/source/.cargo/config.toml
[INFO] removed /workspace/builds/worker-6-tc1/source/rust-toolchain.toml
[INFO] started tweaking git repo https://github.com/Tim-Nosco/tinysh
[INFO] finished tweaking git repo https://github.com/Tim-Nosco/tinysh
[INFO] tweaked toml for git repo https://github.com/Tim-Nosco/tinysh written to /workspace/builds/worker-6-tc1/source/Cargo.toml
[INFO] crate git repo https://github.com/Tim-Nosco/tinysh already has a lockfile, it will not be regenerated
[INFO] running `Command { std: CARGO_HOME="/workspace/cargo-home" RUSTUP_HOME="/workspace/rustup-home" "/workspace/cargo-home/bin/cargo" "+1.75.0" "fetch" "--manifest-path" "Cargo.toml", kill_on_drop: false }`
[INFO] [stderr]  Downloading crates ...
[INFO] [stderr]   Downloaded critical-section v0.2.7
[INFO] [stderr]   Downloaded os_pipe v1.0.1
[INFO] [stderr]   Downloaded atomic-polyfill v0.1.10
[INFO] running `Command { std: "docker" "create" "-v" "/var/lib/crater-agent-workspace/builds/worker-6-tc1/target:/opt/rustwide/target:rw,Z" "-v" "/var/lib/crater-agent-workspace/builds/worker-6-tc1/source:/opt/rustwide/workdir:ro,Z" "-v" "/var/lib/crater-agent-workspace/cargo-home:/opt/rustwide/cargo-home:ro,Z" "-v" "/var/lib/crater-agent-workspace/rustup-home:/opt/rustwide/rustup-home:ro,Z" "-e" "SOURCE_DIR=/opt/rustwide/workdir" "-e" "CARGO_TARGET_DIR=/opt/rustwide/target" "-e" "CARGO_HOME=/opt/rustwide/cargo-home" "-e" "RUSTUP_HOME=/opt/rustwide/rustup-home" "-w" "/opt/rustwide/workdir" "-m" "1610612736" "--user" "0:0" "--network" "none" "ghcr.io/rust-lang/crates-build-env/linux@sha256:2788e3201cd34a07e3172128adcd8b3090168a8e3bcc40d7c032b9dda1df7d1c" "/opt/rustwide/cargo-home/bin/cargo" "+1.75.0" "metadata" "--no-deps" "--format-version=1", kill_on_drop: false }`
[INFO] [stdout] 8d0db687a8bb743ec2158f0edd59ea7f28bc4fcaadb7b60b16ab9f7a0d046872
[INFO] running `Command { std: "docker" "start" "-a" "8d0db687a8bb743ec2158f0edd59ea7f28bc4fcaadb7b60b16ab9f7a0d046872", kill_on_drop: false }`
[INFO] running `Command { std: "docker" "inspect" "8d0db687a8bb743ec2158f0edd59ea7f28bc4fcaadb7b60b16ab9f7a0d046872", kill_on_drop: false }`
[INFO] running `Command { std: "docker" "rm" "-f" "8d0db687a8bb743ec2158f0edd59ea7f28bc4fcaadb7b60b16ab9f7a0d046872", kill_on_drop: false }`
[INFO] [stdout] 8d0db687a8bb743ec2158f0edd59ea7f28bc4fcaadb7b60b16ab9f7a0d046872
[INFO] running `Command { std: "docker" "create" "-v" "/var/lib/crater-agent-workspace/builds/worker-6-tc1/target:/opt/rustwide/target:rw,Z" "-v" "/var/lib/crater-agent-workspace/builds/worker-6-tc1/source:/opt/rustwide/workdir:ro,Z" "-v" "/var/lib/crater-agent-workspace/cargo-home:/opt/rustwide/cargo-home:ro,Z" "-v" "/var/lib/crater-agent-workspace/rustup-home:/opt/rustwide/rustup-home:ro,Z" "-e" "SOURCE_DIR=/opt/rustwide/workdir" "-e" "CARGO_TARGET_DIR=/opt/rustwide/target" "-e" "CARGO_INCREMENTAL=0" "-e" "RUST_BACKTRACE=full" "-e" "RUSTFLAGS=--cap-lints=warn" "-e" "RUSTDOCFLAGS=--cap-lints=warn" "-e" "CARGO_HOME=/opt/rustwide/cargo-home" "-e" "RUSTUP_HOME=/opt/rustwide/rustup-home" "-w" "/opt/rustwide/workdir" "-m" "1610612736" "--user" "0:0" "--network" "none" "ghcr.io/rust-lang/crates-build-env/linux@sha256:2788e3201cd34a07e3172128adcd8b3090168a8e3bcc40d7c032b9dda1df7d1c" "/opt/rustwide/cargo-home/bin/cargo" "+1.75.0" "doc" "--frozen" "--no-deps" "--document-private-items" "--message-format=json", kill_on_drop: false }`
[INFO] [stdout] c43ec3384cb809b23ac4a4cb768ee631770443250079349ad7bec8a83e17c5be
[INFO] running `Command { std: "docker" "start" "-a" "c43ec3384cb809b23ac4a4cb768ee631770443250079349ad7bec8a83e17c5be", kill_on_drop: false }`
[INFO] [stderr]     Checking subtle v2.4.1
[INFO] [stderr]    Compiling proc-macro2 v1.0.42
[INFO] [stderr]    Compiling unicode-ident v1.0.2
[INFO] [stderr]     Checking zeroize v1.5.7
[INFO] [stderr]    Compiling semver v1.0.13
[INFO] [stderr]     Checking getrandom v0.2.7
[INFO] [stderr]     Checking base64ct v1.5.1
[INFO] [stderr]    Compiling syn v1.0.98
[INFO] [stderr]     Checking const-oid v0.9.0
[INFO] [stderr]     Checking inout v0.1.3
[INFO] [stderr]     Checking byteorder v1.4.3
[INFO] [stderr]     Checking rand_core v0.6.3
[INFO] [stderr]     Checking spin v0.9.4
[INFO] [stderr]     Checking stable_deref_trait v1.2.0
[INFO] [stderr]     Checking pem-rfc7468 v0.6.0
[INFO] [stderr]     Checking hash32 v0.2.1
[INFO] [stderr]    Compiling anyhow v1.0.58
[INFO] [stderr]     Checking crypto-common v0.1.6
[INFO] [stderr]     Checking crypto-bigint v0.4.8
[INFO] [stderr]     Checking der v0.6.0
[INFO] [stderr]     Checking ff v0.12.0
[INFO] [stderr]     Checking digest v0.10.3
[INFO] [stderr]     Checking cipher v0.4.3
[INFO] [stderr]     Checking group v0.12.0
[INFO] [stderr]     Checking universal-hash v0.5.0
[INFO] [stderr]     Checking hmac v0.12.1
[INFO] [stderr]    Compiling rustc_version v0.4.0
[INFO] [stderr]     Checking signature v1.5.0
[INFO] [stderr]     Checking polyval v0.6.0
[INFO] [stderr]     Checking hkdf v0.12.3
[INFO] [stderr]     Checking os_str_bytes v6.2.0
[INFO] [stderr]     Checking indexmap v1.9.1
[INFO] [stderr]     Checking aes v0.8.1
[INFO] [stderr]     Checking ghash v0.5.0
[INFO] [stderr]     Checking ctr v0.9.1
[INFO] [stderr]    Compiling quote v1.0.20
[INFO] [stderr]    Compiling heapless v0.7.16
[INFO] [stderr]     Checking clap_lex v0.2.4
[INFO] [stderr]     Checking rfc6979 v0.3.0
[INFO] [stderr]     Checking sha2 v0.10.2
[INFO] [stderr]     Checking once_cell v1.13.0
[INFO] [stderr]     Checking spki v0.6.0
[INFO] [stderr]     Checking termion v1.5.6
[INFO] [stderr]     Checking rand_chacha v0.3.1
[INFO] [stderr]    Compiling proc-macro-error-attr v1.0.4
[INFO] [stderr]     Checking pkcs8 v0.9.0
[INFO] [stderr]     Checking sec1 v0.3.0
[INFO] [stderr]     Checking os_pipe v1.0.1
[INFO] [stderr]     Checking elliptic-curve v0.12.2
[INFO] [stderr]     Checking aead v0.5.1
[INFO] [stderr]     Checking ecdsa v0.14.3
[INFO] [stderr]     Checking aes-gcm v0.10.1
[INFO] [stderr]     Checking p256 v0.11.1
[INFO] [stderr]    Compiling proc-macro-error v1.0.4
[INFO] [stderr]    Compiling thiserror-impl v1.0.31
[INFO] [stderr]    Compiling clap_derive v3.2.15
[INFO] [stderr]     Checking thiserror v1.0.31
[INFO] [stderr]     Checking clap v3.2.16
[INFO] [stderr]  Documenting tinysh v0.1.0 (/opt/rustwide/workdir)
[INFO] [stdout] error[E0554]: `#![feature]` may not be used on the stable release channel
[INFO] [stdout]  --> src/tshr.rs:2:1
[INFO] [stdout]   |
[INFO] [stdout] 2 | #![feature(trait_alias, int_log, int_roundings)]
[INFO] [stdout]   | ^^^^^^^^^^^^^^^^^^^^^^^^^^^^^^^^^^^^^^^^^^^^^^^^
[INFO] [stdout] 
[INFO] [stdout] 
[INFO] [stdout] error[E0554]: `#![feature]` may not be used on the stable release channel
[INFO] [stdout]  --> src/tshl.rs:1:1
[INFO] [stdout]   |
[INFO] [stdout] 1 | #![feature(trait_alias)]
[INFO] [stdout]   | ^^^^^^^^^^^^^^^^^^^^^^^^
[INFO] [stdout] 
[INFO] [stdout] 
[INFO] [stdout] error: aborting due to previous error
[INFO] [stdout] 
[INFO] [stdout] 
[INFO] [stdout] For more information about this error, try `rustc --explain E0554`.
[INFO] [stdout] 
[INFO] [stdout] error: aborting due to previous error
[INFO] [stdout] 
[INFO] [stdout] 
[INFO] [stdout] For more information about this error, try `rustc --explain E0554`.
[INFO] [stdout] 
[INFO] [stderr] error: could not document `tinysh`
[INFO] [stderr] 
[INFO] [stderr] Caused by:
[INFO] [stderr]   process didn't exit successfully: `/opt/rustwide/rustup-home/toolchains/1.75.0-x86_64-unknown-linux-gnu/bin/rustdoc --edition=2021 --crate-type bin --crate-name tshr src/tshr.rs -o /opt/rustwide/target/doc --error-format=json --json=diagnostic-rendered-ansi,artifacts,future-incompat --document-private-items '-Arustdoc::private-intra-doc-links' -C metadata=d2e2334c9e1356da -L dependency=/opt/rustwide/target/debug/deps --extern aes_gcm=/opt/rustwide/target/debug/deps/libaes_gcm-045871cb3ae96f56.rmeta --extern anyhow=/opt/rustwide/target/debug/deps/libanyhow-cb0c1c941370a6e4.rmeta --extern base64ct=/opt/rustwide/target/debug/deps/libbase64ct-c1c5104a5078e33e.rmeta --extern clap=/opt/rustwide/target/debug/deps/libclap-3d041ef4a6d55436.rmeta --extern lazy_static=/opt/rustwide/target/debug/deps/liblazy_static-e7445b4e8703c20b.rmeta --extern libc=/opt/rustwide/target/debug/deps/liblibc-e64380dc17f1cdf9.rmeta --extern os_pipe=/opt/rustwide/target/debug/deps/libos_pipe-78c5728e2ed35dc2.rmeta --extern p256=/opt/rustwide/target/debug/deps/libp256-ed9a4290e0730fdd.rmeta --extern rand_chacha=/opt/rustwide/target/debug/deps/librand_chacha-d6d54de82f387a6a.rmeta --extern rand_core=/opt/rustwide/target/debug/deps/librand_core-f1946466fb1958da.rmeta --extern sha2=/opt/rustwide/target/debug/deps/libsha2-b832d7aaaa9ba08c.rmeta --extern termion=/opt/rustwide/target/debug/deps/libtermion-50fc263de342497f.rmeta --extern thiserror=/opt/rustwide/target/debug/deps/libthiserror-0c6be9690b01113d.rmeta --cap-lints=warn --crate-version 0.1.0` (exit status: 1)
[INFO] [stderr] warning: build failed, waiting for other jobs to finish...
[INFO] [stderr] error: could not document `tinysh`
[INFO] [stderr] 
[INFO] [stderr] Caused by:
[INFO] [stderr]   process didn't exit successfully: `/opt/rustwide/rustup-home/toolchains/1.75.0-x86_64-unknown-linux-gnu/bin/rustdoc --edition=2021 --crate-type bin --crate-name tshl src/tshl.rs -o /opt/rustwide/target/doc --error-format=json --json=diagnostic-rendered-ansi,artifacts,future-incompat --document-private-items '-Arustdoc::private-intra-doc-links' -C metadata=471db6273ec8b798 -L dependency=/opt/rustwide/target/debug/deps --extern aes_gcm=/opt/rustwide/target/debug/deps/libaes_gcm-045871cb3ae96f56.rmeta --extern anyhow=/opt/rustwide/target/debug/deps/libanyhow-cb0c1c941370a6e4.rmeta --extern base64ct=/opt/rustwide/target/debug/deps/libbase64ct-c1c5104a5078e33e.rmeta --extern clap=/opt/rustwide/target/debug/deps/libclap-3d041ef4a6d55436.rmeta --extern lazy_static=/opt/rustwide/target/debug/deps/liblazy_static-e7445b4e8703c20b.rmeta --extern libc=/opt/rustwide/target/debug/deps/liblibc-e64380dc17f1cdf9.rmeta --extern os_pipe=/opt/rustwide/target/debug/deps/libos_pipe-78c5728e2ed35dc2.rmeta --extern p256=/opt/rustwide/target/debug/deps/libp256-ed9a4290e0730fdd.rmeta --extern rand_chacha=/opt/rustwide/target/debug/deps/librand_chacha-d6d54de82f387a6a.rmeta --extern rand_core=/opt/rustwide/target/debug/deps/librand_core-f1946466fb1958da.rmeta --extern sha2=/opt/rustwide/target/debug/deps/libsha2-b832d7aaaa9ba08c.rmeta --extern termion=/opt/rustwide/target/debug/deps/libtermion-50fc263de342497f.rmeta --extern thiserror=/opt/rustwide/target/debug/deps/libthiserror-0c6be9690b01113d.rmeta --cap-lints=warn --crate-version 0.1.0` (exit status: 1)
[INFO] running `Command { std: "docker" "inspect" "c43ec3384cb809b23ac4a4cb768ee631770443250079349ad7bec8a83e17c5be", kill_on_drop: false }`
[INFO] running `Command { std: "docker" "rm" "-f" "c43ec3384cb809b23ac4a4cb768ee631770443250079349ad7bec8a83e17c5be", kill_on_drop: false }`
[INFO] [stdout] c43ec3384cb809b23ac4a4cb768ee631770443250079349ad7bec8a83e17c5be
[INFO] documenting Tim-Nosco/tinysh against beta-2023-12-22 for beta-1.76-rustdoc-1
[INFO] running `Command { std: "git" "clone" "/workspace/cache/git-repos/https%3A%2F%2Fgithub.com%2FTim-Nosco%2Ftinysh" "/workspace/builds/worker-6-tc2/source", kill_on_drop: false }`
[INFO] [stderr] Cloning into '/workspace/builds/worker-6-tc2/source'...
[INFO] [stderr] done.
[INFO] validating manifest of git repo https://github.com/Tim-Nosco/tinysh on toolchain beta-2023-12-22
[INFO] running `Command { std: CARGO_HOME="/workspace/cargo-home" RUSTUP_HOME="/workspace/rustup-home" "/workspace/cargo-home/bin/cargo" "+beta-2023-12-22" "metadata" "--manifest-path" "Cargo.toml" "--no-deps", kill_on_drop: false }`
[INFO] removed /workspace/builds/worker-6-tc2/source/.cargo/config.toml
[INFO] removed /workspace/builds/worker-6-tc2/source/rust-toolchain.toml
[INFO] started tweaking git repo https://github.com/Tim-Nosco/tinysh
[INFO] finished tweaking git repo https://github.com/Tim-Nosco/tinysh
[INFO] tweaked toml for git repo https://github.com/Tim-Nosco/tinysh written to /workspace/builds/worker-6-tc2/source/Cargo.toml
[INFO] crate git repo https://github.com/Tim-Nosco/tinysh already has a lockfile, it will not be regenerated
[INFO] running `Command { std: CARGO_HOME="/workspace/cargo-home" RUSTUP_HOME="/workspace/rustup-home" "/workspace/cargo-home/bin/cargo" "+beta-2023-12-22" "fetch" "--manifest-path" "Cargo.toml", kill_on_drop: false }`
[INFO] running `Command { std: "docker" "create" "-v" "/var/lib/crater-agent-workspace/builds/worker-6-tc2/target:/opt/rustwide/target:rw,Z" "-v" "/var/lib/crater-agent-workspace/builds/worker-6-tc2/source:/opt/rustwide/workdir:ro,Z" "-v" "/var/lib/crater-agent-workspace/cargo-home:/opt/rustwide/cargo-home:ro,Z" "-v" "/var/lib/crater-agent-workspace/rustup-home:/opt/rustwide/rustup-home:ro,Z" "-e" "SOURCE_DIR=/opt/rustwide/workdir" "-e" "CARGO_TARGET_DIR=/opt/rustwide/target" "-e" "CARGO_HOME=/opt/rustwide/cargo-home" "-e" "RUSTUP_HOME=/opt/rustwide/rustup-home" "-w" "/opt/rustwide/workdir" "-m" "1610612736" "--user" "0:0" "--network" "none" "ghcr.io/rust-lang/crates-build-env/linux@sha256:2788e3201cd34a07e3172128adcd8b3090168a8e3bcc40d7c032b9dda1df7d1c" "/opt/rustwide/cargo-home/bin/cargo" "+beta-2023-12-22" "metadata" "--no-deps" "--format-version=1", kill_on_drop: false }`
[INFO] [stdout] b07fad8a5fca91a1dd4418897cd1d1e683c31fee7f6090069151f973706c9b97
[INFO] running `Command { std: "docker" "start" "-a" "b07fad8a5fca91a1dd4418897cd1d1e683c31fee7f6090069151f973706c9b97", kill_on_drop: false }`
[INFO] running `Command { std: "docker" "inspect" "b07fad8a5fca91a1dd4418897cd1d1e683c31fee7f6090069151f973706c9b97", kill_on_drop: false }`
[INFO] running `Command { std: "docker" "rm" "-f" "b07fad8a5fca91a1dd4418897cd1d1e683c31fee7f6090069151f973706c9b97", kill_on_drop: false }`
[INFO] [stdout] b07fad8a5fca91a1dd4418897cd1d1e683c31fee7f6090069151f973706c9b97
[INFO] running `Command { std: "docker" "create" "-v" "/var/lib/crater-agent-workspace/builds/worker-6-tc2/target:/opt/rustwide/target:rw,Z" "-v" "/var/lib/crater-agent-workspace/builds/worker-6-tc2/source:/opt/rustwide/workdir:ro,Z" "-v" "/var/lib/crater-agent-workspace/cargo-home:/opt/rustwide/cargo-home:ro,Z" "-v" "/var/lib/crater-agent-workspace/rustup-home:/opt/rustwide/rustup-home:ro,Z" "-e" "SOURCE_DIR=/opt/rustwide/workdir" "-e" "CARGO_TARGET_DIR=/opt/rustwide/target" "-e" "CARGO_INCREMENTAL=0" "-e" "RUST_BACKTRACE=full" "-e" "RUSTFLAGS=--cap-lints=warn" "-e" "RUSTDOCFLAGS=--cap-lints=warn" "-e" "CARGO_HOME=/opt/rustwide/cargo-home" "-e" "RUSTUP_HOME=/opt/rustwide/rustup-home" "-w" "/opt/rustwide/workdir" "-m" "1610612736" "--user" "0:0" "--network" "none" "ghcr.io/rust-lang/crates-build-env/linux@sha256:2788e3201cd34a07e3172128adcd8b3090168a8e3bcc40d7c032b9dda1df7d1c" "/opt/rustwide/cargo-home/bin/cargo" "+beta-2023-12-22" "doc" "--frozen" "--no-deps" "--document-private-items" "--message-format=json", kill_on_drop: false }`
[INFO] [stdout] bbe9fa9d25ae2dcd5a72be67e2ce1f4960a26946a280803da74639f89b6cb157
[INFO] running `Command { std: "docker" "start" "-a" "bbe9fa9d25ae2dcd5a72be67e2ce1f4960a26946a280803da74639f89b6cb157", kill_on_drop: false }`
[INFO] [stderr]     Checking subtle v2.4.1
[INFO] [stderr]    Compiling proc-macro2 v1.0.42
[INFO] [stderr]     Checking zeroize v1.5.7
[INFO] [stderr]    Compiling unicode-ident v1.0.2
[INFO] [stderr]    Compiling semver v1.0.13
[INFO] [stderr]     Checking getrandom v0.2.7
[INFO] [stderr]     Checking base64ct v1.5.1
[INFO] [stderr]    Compiling syn v1.0.98
[INFO] [stderr]     Checking const-oid v0.9.0
[INFO] [stderr]     Checking inout v0.1.3
[INFO] [stderr]     Checking byteorder v1.4.3
[INFO] [stderr]     Checking rand_core v0.6.3
[INFO] [stderr]     Checking spin v0.9.4
[INFO] [stderr]     Checking pem-rfc7468 v0.6.0
[INFO] [stderr]     Checking stable_deref_trait v1.2.0
[INFO] [stderr]     Checking os_str_bytes v6.2.0
[INFO] [stderr]     Checking crypto-common v0.1.6
[INFO] [stderr]     Checking ff v0.12.0
[INFO] [stderr]     Checking der v0.6.0
[INFO] [stderr]     Checking crypto-bigint v0.4.8
[INFO] [stderr]     Checking digest v0.10.3
[INFO] [stderr]     Checking group v0.12.0
[INFO] [stderr]     Checking universal-hash v0.5.0
[INFO] [stderr]     Checking cipher v0.4.3
[INFO] [stderr]     Checking hash32 v0.2.1
[INFO] [stderr]     Checking polyval v0.6.0
[INFO] [stderr]     Checking hmac v0.12.1
[INFO] [stderr]    Compiling rustc_version v0.4.0
[INFO] [stderr]     Checking signature v1.5.0
[INFO] [stderr]    Compiling anyhow v1.0.58
[INFO] [stderr]     Checking hkdf v0.12.3
[INFO] [stderr]     Checking indexmap v1.9.1
[INFO] [stderr]     Checking aes v0.8.1
[INFO] [stderr]     Checking ctr v0.9.1
[INFO] [stderr]    Compiling quote v1.0.20
[INFO] [stderr]    Compiling heapless v0.7.16
[INFO] [stderr]     Checking rfc6979 v0.3.0
[INFO] [stderr]     Checking ghash v0.5.0
[INFO] [stderr]     Checking sha2 v0.10.2
[INFO] [stderr]     Checking clap_lex v0.2.4
[INFO] [stderr]     Checking once_cell v1.13.0
[INFO] [stderr]     Checking spki v0.6.0
[INFO] [stderr]     Checking termion v1.5.6
[INFO] [stderr]     Checking rand_chacha v0.3.1
[INFO] [stderr]    Compiling proc-macro-error-attr v1.0.4
[INFO] [stderr]     Checking pkcs8 v0.9.0
[INFO] [stderr]     Checking os_pipe v1.0.1
[INFO] [stderr]     Checking sec1 v0.3.0
[INFO] [stderr]     Checking elliptic-curve v0.12.2
[INFO] [stderr]     Checking aead v0.5.1
[INFO] [stderr]     Checking ecdsa v0.14.3
[INFO] [stderr]     Checking aes-gcm v0.10.1
[INFO] [stderr]     Checking p256 v0.11.1
[INFO] [stderr]    Compiling proc-macro-error v1.0.4
[INFO] [stderr]    Compiling thiserror-impl v1.0.31
[INFO] [stderr]    Compiling clap_derive v3.2.15
[INFO] [stderr]     Checking thiserror v1.0.31
[INFO] [stderr]     Checking clap v3.2.16
[INFO] [stderr]  Documenting tinysh v0.1.0 (/opt/rustwide/workdir)
[INFO] [stdout] error[E0554]: `#![feature]` may not be used on the beta release channel
[INFO] [stdout]  --> src/tshr.rs:2:1
[INFO] [stdout]   |
[INFO] [stdout] 2 | #![feature(trait_alias, int_log, int_roundings)]
[INFO] [stdout]   | ^^^^^^^^^^^^^^^^^^^^^^^^^^^^^^^^^^^^^^^^^^^^^^^^
[INFO] [stdout] 
[INFO] [stdout] 
[INFO] [stdout] error[E0554]: `#![feature]` may not be used on the beta release channel
[INFO] [stdout]  --> src/tshl.rs:1:1
[INFO] [stdout]   |
[INFO] [stdout] 1 | #![feature(trait_alias)]
[INFO] [stdout]   | ^^^^^^^^^^^^^^^^^^^^^^^^
[INFO] [stdout] 
[INFO] [stdout] 
[INFO] [stdout] error: aborting due to 1 previous error
[INFO] [stdout] 
[INFO] [stdout] 
[INFO] [stdout] For more information about this error, try `rustc --explain E0554`.
[INFO] [stdout] 
[INFO] [stderr] error: could not document `tinysh`
[INFO] [stderr] 
[INFO] [stderr] Caused by:
[INFO] [stderr]   process didn't exit successfully: `/opt/rustwide/rustup-home/toolchains/beta-2023-12-22-x86_64-unknown-linux-gnu/bin/rustdoc --edition=2021 --crate-type bin --crate-name tshr src/tshr.rs -o /opt/rustwide/target/doc --error-format=json --json=diagnostic-rendered-ansi,artifacts,future-incompat --document-private-items '-Arustdoc::private-intra-doc-links' -C metadata=1d1fec673705266b -L dependency=/opt/rustwide/target/debug/deps --extern aes_gcm=/opt/rustwide/target/debug/deps/libaes_gcm-47e695ec6f56dcc0.rmeta --extern anyhow=/opt/rustwide/target/debug/deps/libanyhow-218350ebaaee9f6e.rmeta --extern base64ct=/opt/rustwide/target/debug/deps/libbase64ct-490ad4b74b43f9b1.rmeta --extern clap=/opt/rustwide/target/debug/deps/libclap-33ba217da3602eee.rmeta --extern lazy_static=/opt/rustwide/target/debug/deps/liblazy_static-cc91e7c9c894213a.rmeta --extern libc=/opt/rustwide/target/debug/deps/liblibc-3cd392ab6bc702ae.rmeta --extern os_pipe=/opt/rustwide/target/debug/deps/libos_pipe-6c58e0390cfaf6b0.rmeta --extern p256=/opt/rustwide/target/debug/deps/libp256-c58556aa2b4ede44.rmeta --extern rand_chacha=/opt/rustwide/target/debug/deps/librand_chacha-319098b9269ccb19.rmeta --extern rand_core=/opt/rustwide/target/debug/deps/librand_core-a4488c9199cfcf03.rmeta --extern sha2=/opt/rustwide/target/debug/deps/libsha2-6f2798cc47636c3d.rmeta --extern termion=/opt/rustwide/target/debug/deps/libtermion-8c4bb48e6b08f9a6.rmeta --extern thiserror=/opt/rustwide/target/debug/deps/libthiserror-e3f1d01b95267a13.rmeta --cap-lints=warn --crate-version 0.1.0` (exit status: 1)
[INFO] [stderr] warning: build failed, waiting for other jobs to finish...
[INFO] [stdout] error: aborting due to 1 previous error
[INFO] [stdout] 
[INFO] [stdout] 
[INFO] [stdout] For more information about this error, try `rustc --explain E0554`.
[INFO] [stdout] 
[INFO] [stderr] error: could not document `tinysh`
[INFO] [stderr] 
[INFO] [stderr] Caused by:
[INFO] [stderr]   process didn't exit successfully: `/opt/rustwide/rustup-home/toolchains/beta-2023-12-22-x86_64-unknown-linux-gnu/bin/rustdoc --edition=2021 --crate-type bin --crate-name tshl src/tshl.rs -o /opt/rustwide/target/doc --error-format=json --json=diagnostic-rendered-ansi,artifacts,future-incompat --document-private-items '-Arustdoc::private-intra-doc-links' -C metadata=8f5b34c2e374f906 -L dependency=/opt/rustwide/target/debug/deps --extern aes_gcm=/opt/rustwide/target/debug/deps/libaes_gcm-47e695ec6f56dcc0.rmeta --extern anyhow=/opt/rustwide/target/debug/deps/libanyhow-218350ebaaee9f6e.rmeta --extern base64ct=/opt/rustwide/target/debug/deps/libbase64ct-490ad4b74b43f9b1.rmeta --extern clap=/opt/rustwide/target/debug/deps/libclap-33ba217da3602eee.rmeta --extern lazy_static=/opt/rustwide/target/debug/deps/liblazy_static-cc91e7c9c894213a.rmeta --extern libc=/opt/rustwide/target/debug/deps/liblibc-3cd392ab6bc702ae.rmeta --extern os_pipe=/opt/rustwide/target/debug/deps/libos_pipe-6c58e0390cfaf6b0.rmeta --extern p256=/opt/rustwide/target/debug/deps/libp256-c58556aa2b4ede44.rmeta --extern rand_chacha=/opt/rustwide/target/debug/deps/librand_chacha-319098b9269ccb19.rmeta --extern rand_core=/opt/rustwide/target/debug/deps/librand_core-a4488c9199cfcf03.rmeta --extern sha2=/opt/rustwide/target/debug/deps/libsha2-6f2798cc47636c3d.rmeta --extern termion=/opt/rustwide/target/debug/deps/libtermion-8c4bb48e6b08f9a6.rmeta --extern thiserror=/opt/rustwide/target/debug/deps/libthiserror-e3f1d01b95267a13.rmeta --cap-lints=warn --crate-version 0.1.0` (exit status: 1)
[INFO] running `Command { std: "docker" "inspect" "bbe9fa9d25ae2dcd5a72be67e2ce1f4960a26946a280803da74639f89b6cb157", kill_on_drop: false }`
[INFO] running `Command { std: "docker" "rm" "-f" "bbe9fa9d25ae2dcd5a72be67e2ce1f4960a26946a280803da74639f89b6cb157", kill_on_drop: false }`
[INFO] [stdout] bbe9fa9d25ae2dcd5a72be67e2ce1f4960a26946a280803da74639f89b6cb157
