[INFO] cloning repository https://github.com/TheSharkhead2/spotify_analytics_dashboard_2
[INFO] running `Command { std: "git" "-c" "credential.helper=" "-c" "credential.helper=/workspace/cargo-home/bin/git-credential-null" "clone" "--bare" "https://github.com/TheSharkhead2/spotify_analytics_dashboard_2" "/workspace/cache/git-repos/https%3A%2F%2Fgithub.com%2FTheSharkhead2%2Fspotify_analytics_dashboard_2", kill_on_drop: false }`
[INFO] [stderr] Cloning into bare repository '/workspace/cache/git-repos/https%3A%2F%2Fgithub.com%2FTheSharkhead2%2Fspotify_analytics_dashboard_2'...
[INFO] running `Command { std: "git" "rev-parse" "HEAD", kill_on_drop: false }`
[INFO] [stdout] 76c91b620fae3e813732f4c68d0661a044f43cd2
[INFO] documenting TheSharkhead2/spotify_analytics_dashboard_2 against 1.75.0 for beta-1.76-rustdoc-1
[INFO] running `Command { std: "git" "clone" "/workspace/cache/git-repos/https%3A%2F%2Fgithub.com%2FTheSharkhead2%2Fspotify_analytics_dashboard_2" "/workspace/builds/worker-3-tc1/source", kill_on_drop: false }`
[INFO] [stderr] Cloning into '/workspace/builds/worker-3-tc1/source'...
[INFO] [stderr] done.
[INFO] validating manifest of git repo https://github.com/TheSharkhead2/spotify_analytics_dashboard_2 on toolchain 1.75.0
[INFO] running `Command { std: CARGO_HOME="/workspace/cargo-home" RUSTUP_HOME="/workspace/rustup-home" "/workspace/cargo-home/bin/cargo" "+1.75.0" "metadata" "--manifest-path" "Cargo.toml" "--no-deps", kill_on_drop: false }`
[INFO] removed /workspace/builds/worker-3-tc1/source/rust-toolchain.toml
[INFO] started tweaking git repo https://github.com/TheSharkhead2/spotify_analytics_dashboard_2
[INFO] finished tweaking git repo https://github.com/TheSharkhead2/spotify_analytics_dashboard_2
[INFO] tweaked toml for git repo https://github.com/TheSharkhead2/spotify_analytics_dashboard_2 written to /workspace/builds/worker-3-tc1/source/Cargo.toml
[INFO] crate git repo https://github.com/TheSharkhead2/spotify_analytics_dashboard_2 already has a lockfile, it will not be regenerated
[INFO] running `Command { std: CARGO_HOME="/workspace/cargo-home" RUSTUP_HOME="/workspace/rustup-home" "/workspace/cargo-home/bin/cargo" "+1.75.0" "fetch" "--manifest-path" "Cargo.toml", kill_on_drop: false }`
[INFO] [stderr]     Updating crates.io index
[INFO] [stderr]  Downloading crates ...
[INFO] [stderr]   Downloaded leptos_reactive v0.2.5
[INFO] [stderr]   Downloaded server_fn_macro_default v0.2.5
[INFO] [stderr]   Downloaded leptos_dom v0.2.5
[INFO] [stderr]   Downloaded proc-macro-utils v0.5.2
[INFO] [stderr]   Downloaded leptos v0.2.5
[INFO] [stderr]   Downloaded educe v0.4.22
[INFO] [stderr]   Downloaded leptos_router v0.2.5
[INFO] [stderr]   Downloaded leptos_config v0.2.5
[INFO] [stderr]   Downloaded leptos_macro v0.2.5
[INFO] [stderr]   Downloaded leptos_hot_reload v0.2.5
[INFO] [stderr]   Downloaded server_fn v0.2.5
[INFO] [stderr]   Downloaded leptos_server v0.2.5
[INFO] [stderr]   Downloaded server_fn_macro v0.2.5
[INFO] [stderr]   Downloaded stylers v0.3.1
[INFO] running `Command { std: "docker" "create" "-v" "/var/lib/crater-agent-workspace/builds/worker-3-tc1/target:/opt/rustwide/target:rw,Z" "-v" "/var/lib/crater-agent-workspace/builds/worker-3-tc1/source:/opt/rustwide/workdir:ro,Z" "-v" "/var/lib/crater-agent-workspace/cargo-home:/opt/rustwide/cargo-home:ro,Z" "-v" "/var/lib/crater-agent-workspace/rustup-home:/opt/rustwide/rustup-home:ro,Z" "-e" "SOURCE_DIR=/opt/rustwide/workdir" "-e" "CARGO_TARGET_DIR=/opt/rustwide/target" "-e" "CARGO_HOME=/opt/rustwide/cargo-home" "-e" "RUSTUP_HOME=/opt/rustwide/rustup-home" "-w" "/opt/rustwide/workdir" "-m" "1610612736" "--user" "0:0" "--network" "none" "ghcr.io/rust-lang/crates-build-env/linux@sha256:2788e3201cd34a07e3172128adcd8b3090168a8e3bcc40d7c032b9dda1df7d1c" "/opt/rustwide/cargo-home/bin/cargo" "+1.75.0" "metadata" "--no-deps" "--format-version=1", kill_on_drop: false }`
[INFO] [stdout] 6fa02d023ef868a9778a8d5982d69685ad2a4f861c19281ce813d1d94bc32681
[INFO] running `Command { std: "docker" "start" "-a" "6fa02d023ef868a9778a8d5982d69685ad2a4f861c19281ce813d1d94bc32681", kill_on_drop: false }`
[INFO] running `Command { std: "docker" "inspect" "6fa02d023ef868a9778a8d5982d69685ad2a4f861c19281ce813d1d94bc32681", kill_on_drop: false }`
[INFO] running `Command { std: "docker" "rm" "-f" "6fa02d023ef868a9778a8d5982d69685ad2a4f861c19281ce813d1d94bc32681", kill_on_drop: false }`
[INFO] [stdout] 6fa02d023ef868a9778a8d5982d69685ad2a4f861c19281ce813d1d94bc32681
[INFO] running `Command { std: "docker" "create" "-v" "/var/lib/crater-agent-workspace/builds/worker-3-tc1/target:/opt/rustwide/target:rw,Z" "-v" "/var/lib/crater-agent-workspace/builds/worker-3-tc1/source:/opt/rustwide/workdir:ro,Z" "-v" "/var/lib/crater-agent-workspace/cargo-home:/opt/rustwide/cargo-home:ro,Z" "-v" "/var/lib/crater-agent-workspace/rustup-home:/opt/rustwide/rustup-home:ro,Z" "-e" "SOURCE_DIR=/opt/rustwide/workdir" "-e" "CARGO_TARGET_DIR=/opt/rustwide/target" "-e" "CARGO_INCREMENTAL=0" "-e" "RUST_BACKTRACE=full" "-e" "RUSTFLAGS=--cap-lints=warn" "-e" "RUSTDOCFLAGS=--cap-lints=warn" "-e" "CARGO_HOME=/opt/rustwide/cargo-home" "-e" "RUSTUP_HOME=/opt/rustwide/rustup-home" "-w" "/opt/rustwide/workdir" "-m" "1610612736" "--user" "0:0" "--network" "none" "ghcr.io/rust-lang/crates-build-env/linux@sha256:2788e3201cd34a07e3172128adcd8b3090168a8e3bcc40d7c032b9dda1df7d1c" "/opt/rustwide/cargo-home/bin/cargo" "+1.75.0" "doc" "--frozen" "--no-deps" "--document-private-items" "--message-format=json", kill_on_drop: false }`
[INFO] [stdout] 8af116e16708d191789eaeaa7d7ad8ba76b19025de12c98fedd72453117a281a
[INFO] running `Command { std: "docker" "start" "-a" "8af116e16708d191789eaeaa7d7ad8ba76b19025de12c98fedd72453117a281a", kill_on_drop: false }`
[INFO] [stderr]    Compiling quote v1.0.26
[INFO] [stderr]    Compiling proc-macro2 v1.0.56
[INFO] [stderr]    Compiling unicode-ident v1.0.8
[INFO] [stderr]    Compiling autocfg v1.1.0
[INFO] [stderr]    Compiling libc v0.2.143
[INFO] [stderr]    Compiling syn v1.0.109
[INFO] [stderr]    Compiling version_check v0.9.4
[INFO] [stderr]    Compiling log v0.4.17
[INFO] [stderr]    Compiling serde_derive v1.0.162
[INFO] [stderr]     Checking once_cell v1.17.1
[INFO] [stderr]    Compiling thiserror v1.0.40
[INFO] [stderr]    Compiling serde v1.0.162
[INFO] [stderr]    Compiling memchr v2.5.0
[INFO] [stderr]    Compiling futures-core v0.3.28
[INFO] [stderr]     Checking itoa v1.0.6
[INFO] [stderr]     Checking pin-project-lite v0.2.9
[INFO] [stderr]    Compiling wasm-bindgen-shared v0.2.84
[INFO] [stderr]     Checking futures-sink v0.3.28
[INFO] [stderr]    Compiling futures-channel v0.3.28
[INFO] [stderr]    Compiling bumpalo v3.12.1
[INFO] [stderr]    Compiling futures-task v0.3.28
[INFO] [stderr]    Compiling slab v0.4.8
[INFO] [stderr]    Compiling cc v1.0.79
[INFO] [stderr]    Compiling pkg-config v0.3.27
[INFO] [stderr]    Compiling ahash v0.7.6
[INFO] [stderr]    Compiling futures-util v0.3.28
[INFO] [stderr]    Compiling proc-macro-error-attr v1.0.4
[INFO] [stderr]     Checking futures-io v0.3.28
[INFO] [stderr]     Checking bytes v1.4.0
[INFO] [stderr]    Compiling wasm-bindgen v0.2.84
[INFO] [stderr]     Checking pin-utils v0.1.0
[INFO] [stderr]     Checking ryu v1.0.13
[INFO] [stderr]    Compiling proc-macro-error v1.0.4
[INFO] [stderr]    Compiling indexmap v1.9.3
[INFO] [stderr]    Compiling tokio v1.28.0
[INFO] [stderr]     Checking tracing-core v0.1.30
[INFO] [stderr]     Checking bitflags v1.3.2
[INFO] [stderr]    Compiling serde_json v1.0.96
[INFO] [stderr]    Compiling openssl v0.10.52
[INFO] [stderr]     Checking foreign-types-shared v0.1.1
[INFO] [stderr]    Compiling unicode-xid v0.2.4
[INFO] [stderr]    Compiling num-traits v0.2.15
[INFO] [stderr]     Checking foreign-types v0.3.2
[INFO] [stderr]    Compiling httparse v1.8.0
[INFO] [stderr]    Compiling smallvec v1.10.0
[INFO] [stderr]    Compiling native-tls v0.2.11
[INFO] [stderr]     Checking http v0.2.9
[INFO] [stderr]    Compiling ucd-trie v0.1.5
[INFO] [stderr]     Checking tinyvec_macros v0.1.1
[INFO] [stderr]     Checking tinyvec v1.6.0
[INFO] [stderr]    Compiling num-integer v0.1.45
[INFO] [stderr]     Checking openssl-probe v0.1.5
[INFO] [stderr]     Checking percent-encoding v2.2.0
[INFO] [stderr]     Checking try-lock v0.2.4
[INFO] [stderr]    Compiling slotmap v1.0.6
[INFO] [stderr]    Compiling num-bigint v0.4.3
[INFO] [stderr]     Checking want v0.3.0
[INFO] [stderr]     Checking form_urlencoded v1.1.0
[INFO] [stderr]    Compiling syn v2.0.15
[INFO] [stderr]    Compiling lock_api v0.4.9
[INFO] [stderr]     Checking httpdate v1.0.2
[INFO] [stderr]     Checking getrandom v0.2.9
[INFO] [stderr]     Checking socket2 v0.4.9
[INFO] [stderr]     Checking mio v0.8.6
[INFO] [stderr]    Compiling const_format_proc_macros v0.2.29
[INFO] [stderr]    Compiling xxhash-rust v0.8.6
[INFO] [stderr]     Checking base64 v0.21.0
[INFO] [stderr]     Checking tower-service v0.3.2
[INFO] [stderr]     Checking unicode-bidi v0.3.13
[INFO] [stderr]    Compiling parking_lot_core v0.9.7
[INFO] [stderr]     Checking hashbrown v0.12.3
[INFO] [stderr]     Checking http-body v0.4.5
[INFO] [stderr]    Compiling openssl-sys v0.9.87
[INFO] [stderr]    Compiling async-trait v0.1.68
[INFO] [stderr]    Compiling anyhow v1.0.71
[INFO] [stderr]     Checking dlv-list v0.3.0
[INFO] [stderr]    Compiling camino v1.1.4
[INFO] [stderr]     Checking unicode-normalization v0.1.22
[INFO] [stderr]     Checking half v1.8.2
[INFO] [stderr]    Compiling scopeguard v1.1.0
[INFO] [stderr]     Checking ciborium-io v0.2.0
[INFO] [stderr]     Checking ciborium-ll v0.2.0
[INFO] [stderr]     Checking iovec v0.1.4
[INFO] [stderr]     Checking ordered-multimap v0.4.3
[INFO] [stderr]     Checking num_cpus v1.15.0
[INFO] [stderr]    Compiling proc-macro-utils v0.5.2
[INFO] [stderr]     Checking encoding_rs v0.8.32
[INFO] [stderr]    Compiling siphasher v0.3.10
[INFO] [stderr]     Checking rustc-hash v1.1.0
[INFO] [stderr]    Compiling prettyplease v0.1.25
[INFO] [stderr]     Checking linked-hash-map v0.5.6
[INFO] [stderr]     Checking mime v0.3.17
[INFO] [stderr]     Checking idna v0.3.0
[INFO] [stderr]    Compiling same-file v1.0.6
[INFO] [stderr]    Compiling interpolator v0.4.0
[INFO] [stderr]     Checking base64 v0.13.1
[INFO] [stderr]     Checking ipnet v2.7.2
[INFO] [stderr]     Checking minimal-lexical v0.2.1
[INFO] [stderr]    Compiling collection_literals v1.0.1
[INFO] [stderr]    Compiling paste v1.0.12
[INFO] [stderr]    Compiling rand_core v0.6.4
[INFO] [stderr]     Checking futures v0.1.31
[INFO] [stderr]    Compiling const_format v0.2.30
[INFO] [stderr]    Compiling rand v0.8.5
[INFO] [stderr]     Checking bytes v0.4.12
[INFO] [stderr]     Checking nom v7.1.3
[INFO] [stderr]     Checking url v2.3.1
[INFO] [stderr]    Compiling walkdir v2.3.3
[INFO] [stderr]     Checking yaml-rust v0.4.5
[INFO] [stderr]     Checking rust-ini v0.18.0
[INFO] [stderr]    Compiling phf_shared v0.11.1
[INFO] [stderr]    Compiling parking_lot v0.12.1
[INFO] [stderr]     Checking aho-corasick v1.0.1
[INFO] [stderr]     Checking utf8-width v0.1.6
[INFO] [stderr]    Compiling either v1.8.1
[INFO] [stderr]     Checking regex-syntax v0.7.1
[INFO] [stderr]    Compiling unicode-segmentation v1.10.1
[INFO] [stderr]     Checking pathdiff v0.2.1
[INFO] [stderr]    Compiling html-escape v0.2.13
[INFO] [stderr]     Checking itertools v0.10.5
[INFO] [stderr]    Compiling uuid v1.3.2
[INFO] [stderr]    Compiling phf_generator v0.11.1
[INFO] [stderr]     Checking futures-cpupool v0.1.8
[INFO] [stderr]    Compiling convert_case v0.6.0
[INFO] [stderr]     Checking fs v0.0.5
[INFO] [stderr]     Checking pad-adapter v0.1.1
[INFO] [stderr]     Checking drain_filter_polyfill v0.1.3
[INFO] [stderr]     Checking common_macros v0.1.1
[INFO] [stderr]     Checking linear-map v1.2.0
[INFO] [stderr]    Compiling stylers v0.3.1
[INFO] [stdout] error[E0554]: `#![feature]` may not be used on the stable release channel
[INFO] [stdout]  --> /opt/rustwide/cargo-home/registry/src/index.crates.io-6f17d22bba15001f/stylers-0.3.1/src/lib.rs:1:12
[INFO] [stdout]   |
[INFO] [stdout] 1 | #![feature(proc_macro_span)]
[INFO] [stdout]   |            ^^^^^^^^^^^^^^^
[INFO] [stdout] 
[INFO] [stdout] 
[INFO] [stdout] error[E0554]: `#![feature]` may not be used on the stable release channel
[INFO] [stdout]  --> /opt/rustwide/cargo-home/registry/src/index.crates.io-6f17d22bba15001f/stylers-0.3.1/src/lib.rs:2:12
[INFO] [stdout]   |
[INFO] [stdout] 2 | #![feature(extend_one)]
[INFO] [stdout]   |            ^^^^^^^^^^
[INFO] [stdout] 
[INFO] [stdout] 
[INFO] [stdout] error[E0615]: attempted to take value of method `column` on type `proc_macro::Span`
[INFO] [stdout]   --> /opt/rustwide/cargo-home/registry/src/index.crates.io-6f17d22bba15001f/stylers-0.3.1/src/style/css_style_rule.rs:74:47
[INFO] [stdout]    |
[INFO] [stdout] 74 | ...                   pre_col = end.column;
[INFO] [stdout]    |                                     ^^^^^^ method, not a field
[INFO] [stdout]    |
[INFO] [stdout] help: use parentheses to call the method
[INFO] [stdout]    |
[INFO] [stdout] 74 |                                 pre_col = end.column();
[INFO] [stdout]    |                                                     ++
[INFO] [stdout] 
[INFO] [stdout] 
[INFO] [stdout] error[E0615]: attempted to take value of method `line` on type `proc_macro::Span`
[INFO] [stdout]   --> /opt/rustwide/cargo-home/registry/src/index.crates.io-6f17d22bba15001f/stylers-0.3.1/src/style/css_style_rule.rs:75:48
[INFO] [stdout]    |
[INFO] [stdout] 75 | ...                   pre_line = end.line;
[INFO] [stdout]    |                                      ^^^^ method, not a field
[INFO] [stdout]    |
[INFO] [stdout] help: use parentheses to call the method
[INFO] [stdout]    |
[INFO] [stdout] 75 |                                 pre_line = end.line();
[INFO] [stdout]    |                                                    ++
[INFO] [stdout] 
[INFO] [stdout] 
[INFO] [stdout] error[E0615]: attempted to take value of method `column` on type `proc_macro::Span`
[INFO] [stdout]   --> /opt/rustwide/cargo-home/registry/src/index.crates.io-6f17d22bba15001f/stylers-0.3.1/src/style/utils.rs:60:25
[INFO] [stdout]    |
[INFO] [stdout] 60 |     let cur_col = start.column;
[INFO] [stdout]    |                         ^^^^^^ method, not a field
[INFO] [stdout]    |
[INFO] [stdout] help: use parentheses to call the method
[INFO] [stdout]    |
[INFO] [stdout] 60 |     let cur_col = start.column();
[INFO] [stdout]    |                               ++
[INFO] [stdout] 
[INFO] [stdout] 
[INFO] [stdout] error[E0615]: attempted to take value of method `line` on type `proc_macro::Span`
[INFO] [stdout]   --> /opt/rustwide/cargo-home/registry/src/index.crates.io-6f17d22bba15001f/stylers-0.3.1/src/style/utils.rs:61:26
[INFO] [stdout]    |
[INFO] [stdout] 61 |     let cur_line = start.line;
[INFO] [stdout]    |                          ^^^^ method, not a field
[INFO] [stdout]    |
[INFO] [stdout] help: use parentheses to call the method
[INFO] [stdout]    |
[INFO] [stdout] 61 |     let cur_line = start.line();
[INFO] [stdout]    |                              ++
[INFO] [stdout] 
[INFO] [stdout] 
[INFO] [stdout] error[E0615]: attempted to take value of method `column` on type `proc_macro::Span`
[INFO] [stdout]   --> /opt/rustwide/cargo-home/registry/src/index.crates.io-6f17d22bba15001f/stylers-0.3.1/src/style/utils.rs:65:20
[INFO] [stdout]    |
[INFO] [stdout] 65 |     *pre_col = end.column;
[INFO] [stdout]    |                    ^^^^^^ method, not a field
[INFO] [stdout]    |
[INFO] [stdout] help: use parentheses to call the method
[INFO] [stdout]    |
[INFO] [stdout] 65 |     *pre_col = end.column();
[INFO] [stdout]    |                          ++
[INFO] [stdout] 
[INFO] [stdout] 
[INFO] [stdout] error[E0615]: attempted to take value of method `line` on type `proc_macro::Span`
[INFO] [stdout]   --> /opt/rustwide/cargo-home/registry/src/index.crates.io-6f17d22bba15001f/stylers-0.3.1/src/style/utils.rs:66:21
[INFO] [stdout]    |
[INFO] [stdout] 66 |     *pre_line = end.line;
[INFO] [stdout]    |                     ^^^^ method, not a field
[INFO] [stdout]    |
[INFO] [stdout] help: use parentheses to call the method
[INFO] [stdout]    |
[INFO] [stdout] 66 |     *pre_line = end.line();
[INFO] [stdout]    |                         ++
[INFO] [stdout] 
[INFO] [stdout] 
[INFO] [stdout] error: aborting due to 8 previous errors
[INFO] [stdout] 
[INFO] [stdout] 
[INFO] [stdout] Some errors have detailed explanations: E0554, E0615.
[INFO] [stdout] 
[INFO] [stdout] For more information about an error, try `rustc --explain E0554`.
[INFO] [stdout] 
[INFO] [stderr] error: could not compile `stylers` (lib) due to 9 previous errors
[INFO] [stderr] warning: build failed, waiting for other jobs to finish...
[INFO] running `Command { std: "docker" "inspect" "8af116e16708d191789eaeaa7d7ad8ba76b19025de12c98fedd72453117a281a", kill_on_drop: false }`
[INFO] running `Command { std: "docker" "rm" "-f" "8af116e16708d191789eaeaa7d7ad8ba76b19025de12c98fedd72453117a281a", kill_on_drop: false }`
[INFO] [stdout] 8af116e16708d191789eaeaa7d7ad8ba76b19025de12c98fedd72453117a281a
[INFO] documenting TheSharkhead2/spotify_analytics_dashboard_2 against beta-2023-12-22 for beta-1.76-rustdoc-1
[INFO] running `Command { std: "git" "clone" "/workspace/cache/git-repos/https%3A%2F%2Fgithub.com%2FTheSharkhead2%2Fspotify_analytics_dashboard_2" "/workspace/builds/worker-3-tc2/source", kill_on_drop: false }`
[INFO] [stderr] Cloning into '/workspace/builds/worker-3-tc2/source'...
[INFO] [stderr] done.
[INFO] validating manifest of git repo https://github.com/TheSharkhead2/spotify_analytics_dashboard_2 on toolchain beta-2023-12-22
[INFO] running `Command { std: CARGO_HOME="/workspace/cargo-home" RUSTUP_HOME="/workspace/rustup-home" "/workspace/cargo-home/bin/cargo" "+beta-2023-12-22" "metadata" "--manifest-path" "Cargo.toml" "--no-deps", kill_on_drop: false }`
[INFO] removed /workspace/builds/worker-3-tc2/source/rust-toolchain.toml
[INFO] started tweaking git repo https://github.com/TheSharkhead2/spotify_analytics_dashboard_2
[INFO] finished tweaking git repo https://github.com/TheSharkhead2/spotify_analytics_dashboard_2
[INFO] tweaked toml for git repo https://github.com/TheSharkhead2/spotify_analytics_dashboard_2 written to /workspace/builds/worker-3-tc2/source/Cargo.toml
[INFO] crate git repo https://github.com/TheSharkhead2/spotify_analytics_dashboard_2 already has a lockfile, it will not be regenerated
[INFO] running `Command { std: CARGO_HOME="/workspace/cargo-home" RUSTUP_HOME="/workspace/rustup-home" "/workspace/cargo-home/bin/cargo" "+beta-2023-12-22" "fetch" "--manifest-path" "Cargo.toml", kill_on_drop: false }`
[INFO] running `Command { std: "docker" "create" "-v" "/var/lib/crater-agent-workspace/builds/worker-3-tc2/target:/opt/rustwide/target:rw,Z" "-v" "/var/lib/crater-agent-workspace/builds/worker-3-tc2/source:/opt/rustwide/workdir:ro,Z" "-v" "/var/lib/crater-agent-workspace/cargo-home:/opt/rustwide/cargo-home:ro,Z" "-v" "/var/lib/crater-agent-workspace/rustup-home:/opt/rustwide/rustup-home:ro,Z" "-e" "SOURCE_DIR=/opt/rustwide/workdir" "-e" "CARGO_TARGET_DIR=/opt/rustwide/target" "-e" "CARGO_HOME=/opt/rustwide/cargo-home" "-e" "RUSTUP_HOME=/opt/rustwide/rustup-home" "-w" "/opt/rustwide/workdir" "-m" "1610612736" "--user" "0:0" "--network" "none" "ghcr.io/rust-lang/crates-build-env/linux@sha256:2788e3201cd34a07e3172128adcd8b3090168a8e3bcc40d7c032b9dda1df7d1c" "/opt/rustwide/cargo-home/bin/cargo" "+beta-2023-12-22" "metadata" "--no-deps" "--format-version=1", kill_on_drop: false }`
[INFO] [stdout] 550682220fa27954ce0d6e6fffd98478a8681d6cf55096428eb30a8a0f7387e9
[INFO] running `Command { std: "docker" "start" "-a" "550682220fa27954ce0d6e6fffd98478a8681d6cf55096428eb30a8a0f7387e9", kill_on_drop: false }`
[INFO] running `Command { std: "docker" "inspect" "550682220fa27954ce0d6e6fffd98478a8681d6cf55096428eb30a8a0f7387e9", kill_on_drop: false }`
[INFO] running `Command { std: "docker" "rm" "-f" "550682220fa27954ce0d6e6fffd98478a8681d6cf55096428eb30a8a0f7387e9", kill_on_drop: false }`
[INFO] [stdout] 550682220fa27954ce0d6e6fffd98478a8681d6cf55096428eb30a8a0f7387e9
[INFO] running `Command { std: "docker" "create" "-v" "/var/lib/crater-agent-workspace/builds/worker-3-tc2/target:/opt/rustwide/target:rw,Z" "-v" "/var/lib/crater-agent-workspace/builds/worker-3-tc2/source:/opt/rustwide/workdir:ro,Z" "-v" "/var/lib/crater-agent-workspace/cargo-home:/opt/rustwide/cargo-home:ro,Z" "-v" "/var/lib/crater-agent-workspace/rustup-home:/opt/rustwide/rustup-home:ro,Z" "-e" "SOURCE_DIR=/opt/rustwide/workdir" "-e" "CARGO_TARGET_DIR=/opt/rustwide/target" "-e" "CARGO_INCREMENTAL=0" "-e" "RUST_BACKTRACE=full" "-e" "RUSTFLAGS=--cap-lints=warn" "-e" "RUSTDOCFLAGS=--cap-lints=warn" "-e" "CARGO_HOME=/opt/rustwide/cargo-home" "-e" "RUSTUP_HOME=/opt/rustwide/rustup-home" "-w" "/opt/rustwide/workdir" "-m" "1610612736" "--user" "0:0" "--network" "none" "ghcr.io/rust-lang/crates-build-env/linux@sha256:2788e3201cd34a07e3172128adcd8b3090168a8e3bcc40d7c032b9dda1df7d1c" "/opt/rustwide/cargo-home/bin/cargo" "+beta-2023-12-22" "doc" "--frozen" "--no-deps" "--document-private-items" "--message-format=json", kill_on_drop: false }`
[INFO] [stdout] b5b343cb6a652e4abad7f06a817ac792db3d9fef47ef666d9b78ef676997970e
[INFO] running `Command { std: "docker" "start" "-a" "b5b343cb6a652e4abad7f06a817ac792db3d9fef47ef666d9b78ef676997970e", kill_on_drop: false }`
[INFO] [stderr]    Compiling quote v1.0.26
[INFO] [stderr]    Compiling proc-macro2 v1.0.56
[INFO] [stderr]    Compiling unicode-ident v1.0.8
[INFO] [stderr]    Compiling autocfg v1.1.0
[INFO] [stderr]    Compiling libc v0.2.143
[INFO] [stderr]    Compiling syn v1.0.109
[INFO] [stderr]    Compiling version_check v0.9.4
[INFO] [stderr]    Compiling log v0.4.17
[INFO] [stderr]    Compiling serde_derive v1.0.162
[INFO] [stderr]     Checking once_cell v1.17.1
[INFO] [stderr]    Compiling serde v1.0.162
[INFO] [stderr]    Compiling thiserror v1.0.40
[INFO] [stderr]    Compiling memchr v2.5.0
[INFO] [stderr]    Compiling futures-core v0.3.28
[INFO] [stderr]     Checking itoa v1.0.6
[INFO] [stderr]     Checking pin-project-lite v0.2.9
[INFO] [stderr]    Compiling wasm-bindgen-shared v0.2.84
[INFO] [stderr]    Compiling futures-channel v0.3.28
[INFO] [stderr]     Checking futures-sink v0.3.28
[INFO] [stderr]    Compiling futures-task v0.3.28
[INFO] [stderr]    Compiling bumpalo v3.12.1
[INFO] [stderr]    Compiling pkg-config v0.3.27
[INFO] [stderr]    Compiling cc v1.0.79
[INFO] [stderr]    Compiling futures-util v0.3.28
[INFO] [stderr]     Checking bytes v1.4.0
[INFO] [stderr]    Compiling slab v0.4.8
[INFO] [stderr]    Compiling ahash v0.7.6
[INFO] [stderr]    Compiling proc-macro-error-attr v1.0.4
[INFO] [stderr]    Compiling wasm-bindgen v0.2.84
[INFO] [stderr]     Checking pin-utils v0.1.0
[INFO] [stderr]     Checking futures-io v0.3.28
[INFO] [stderr]     Checking ryu v1.0.13
[INFO] [stderr]    Compiling proc-macro-error v1.0.4
[INFO] [stderr]    Compiling indexmap v1.9.3
[INFO] [stderr]    Compiling tokio v1.28.0
[INFO] [stderr]     Checking tracing-core v0.1.30
[INFO] [stderr]    Compiling serde_json v1.0.96
[INFO] [stderr]     Checking bitflags v1.3.2
[INFO] [stderr]     Checking foreign-types-shared v0.1.1
[INFO] [stderr]    Compiling unicode-xid v0.2.4
[INFO] [stderr]    Compiling openssl v0.10.52
[INFO] [stderr]     Checking foreign-types v0.3.2
[INFO] [stderr]    Compiling num-traits v0.2.15
[INFO] [stderr]    Compiling native-tls v0.2.11
[INFO] [stderr]    Compiling smallvec v1.10.0
[INFO] [stderr]     Checking http v0.2.9
[INFO] [stderr]    Compiling httparse v1.8.0
[INFO] [stderr]    Compiling ucd-trie v0.1.5
[INFO] [stderr]     Checking tinyvec_macros v0.1.1
[INFO] [stderr]     Checking tinyvec v1.6.0
[INFO] [stderr]    Compiling num-integer v0.1.45
[INFO] [stderr]     Checking try-lock v0.2.4
[INFO] [stderr]     Checking percent-encoding v2.2.0
[INFO] [stderr]     Checking openssl-probe v0.1.5
[INFO] [stderr]    Compiling slotmap v1.0.6
[INFO] [stderr]     Checking want v0.3.0
[INFO] [stderr]    Compiling num-bigint v0.4.3
[INFO] [stderr]    Compiling syn v2.0.15
[INFO] [stderr]     Checking getrandom v0.2.9
[INFO] [stderr]     Checking socket2 v0.4.9
[INFO] [stderr]     Checking mio v0.8.6
[INFO] [stderr]     Checking form_urlencoded v1.1.0
[INFO] [stderr]    Compiling lock_api v0.4.9
[INFO] [stderr]     Checking httpdate v1.0.2
[INFO] [stderr]    Compiling const_format_proc_macros v0.2.29
[INFO] [stderr]     Checking hashbrown v0.12.3
[INFO] [stderr]     Checking unicode-bidi v0.3.13
[INFO] [stderr]     Checking tower-service v0.3.2
[INFO] [stderr]    Compiling xxhash-rust v0.8.6
[INFO] [stderr]    Compiling parking_lot_core v0.9.7
[INFO] [stderr]     Checking base64 v0.21.0
[INFO] [stderr]     Checking http-body v0.4.5
[INFO] [stderr]    Compiling openssl-sys v0.9.87
[INFO] [stderr]     Checking dlv-list v0.3.0
[INFO] [stderr]    Compiling scopeguard v1.1.0
[INFO] [stderr]     Checking unicode-normalization v0.1.22
[INFO] [stderr]    Compiling camino v1.1.4
[INFO] [stderr]    Compiling async-trait v0.1.68
[INFO] [stderr]    Compiling anyhow v1.0.71
[INFO] [stderr]     Checking ciborium-io v0.2.0
[INFO] [stderr]     Checking half v1.8.2
[INFO] [stderr]     Checking ordered-multimap v0.4.3
[INFO] [stderr]     Checking ciborium-ll v0.2.0
[INFO] [stderr]     Checking num_cpus v1.15.0
[INFO] [stderr]     Checking iovec v0.1.4
[INFO] [stderr]    Compiling proc-macro-utils v0.5.2
[INFO] [stderr]     Checking encoding_rs v0.8.32
[INFO] [stderr]     Checking ipnet v2.7.2
[INFO] [stderr]     Checking idna v0.3.0
[INFO] [stderr]    Compiling interpolator v0.4.0
[INFO] [stderr]     Checking base64 v0.13.1
[INFO] [stderr]    Compiling same-file v1.0.6
[INFO] [stderr]     Checking rustc-hash v1.1.0
[INFO] [stderr]     Checking futures v0.1.31
[INFO] [stderr]    Compiling prettyplease v0.1.25
[INFO] [stderr]     Checking mime v0.3.17
[INFO] [stderr]     Checking linked-hash-map v0.5.6
[INFO] [stderr]    Compiling paste v1.0.12
[INFO] [stderr]     Checking minimal-lexical v0.2.1
[INFO] [stderr]    Compiling collection_literals v1.0.1
[INFO] [stderr]    Compiling rand_core v0.6.4
[INFO] [stderr]    Compiling siphasher v0.3.10
[INFO] [stderr]     Checking yaml-rust v0.4.5
[INFO] [stderr]     Checking url v2.3.1
[INFO] [stderr]    Compiling const_format v0.2.30
[INFO] [stderr]    Compiling rand v0.8.5
[INFO] [stderr]     Checking nom v7.1.3
[INFO] [stderr]    Compiling phf_shared v0.11.1
[INFO] [stderr]    Compiling walkdir v2.3.3
[INFO] [stderr]     Checking rust-ini v0.18.0
[INFO] [stderr]     Checking bytes v0.4.12
[INFO] [stderr]    Compiling parking_lot v0.12.1
[INFO] [stderr]     Checking aho-corasick v1.0.1
[INFO] [stderr]     Checking utf8-width v0.1.6
[INFO] [stderr]     Checking regex-syntax v0.7.1
[INFO] [stderr]    Compiling either v1.8.1
[INFO] [stderr]    Compiling unicode-segmentation v1.10.1
[INFO] [stderr]     Checking futures-cpupool v0.1.8
[INFO] [stderr]     Checking pathdiff v0.2.1
[INFO] [stderr]    Compiling itertools v0.10.5
[INFO] [stderr]    Compiling html-escape v0.2.13
[INFO] [stderr]     Checking fs v0.0.5
[INFO] [stderr]    Compiling phf_generator v0.11.1
[INFO] [stderr]    Compiling uuid v1.3.2
[INFO] [stderr]     Checking drain_filter_polyfill v0.1.3
[INFO] [stderr]     Checking pad-adapter v0.1.1
[INFO] [stderr]    Compiling convert_case v0.6.0
[INFO] [stderr]     Checking linear-map v1.2.0
[INFO] [stderr]     Checking common_macros v0.1.1
[INFO] [stderr]    Compiling stylers v0.3.1
[INFO] [stdout] error[E0554]: `#![feature]` may not be used on the beta release channel
[INFO] [stdout]  --> /opt/rustwide/cargo-home/registry/src/index.crates.io-6f17d22bba15001f/stylers-0.3.1/src/lib.rs:1:12
[INFO] [stdout]   |
[INFO] [stdout] 1 | #![feature(proc_macro_span)]
[INFO] [stdout]   |            ^^^^^^^^^^^^^^^
[INFO] [stdout] 
[INFO] [stdout] 
[INFO] [stdout] error[E0554]: `#![feature]` may not be used on the beta release channel
[INFO] [stdout]  --> /opt/rustwide/cargo-home/registry/src/index.crates.io-6f17d22bba15001f/stylers-0.3.1/src/lib.rs:2:12
[INFO] [stdout]   |
[INFO] [stdout] 2 | #![feature(extend_one)]
[INFO] [stdout]   |            ^^^^^^^^^^
[INFO] [stdout] 
[INFO] [stdout] 
[INFO] [stdout] error[E0615]: attempted to take value of method `column` on type `proc_macro::Span`
[INFO] [stdout]   --> /opt/rustwide/cargo-home/registry/src/index.crates.io-6f17d22bba15001f/stylers-0.3.1/src/style/css_style_rule.rs:74:47
[INFO] [stdout]    |
[INFO] [stdout] 74 | ...                   pre_col = end.column;
[INFO] [stdout]    |                                     ^^^^^^ method, not a field
[INFO] [stdout]    |
[INFO] [stdout] help: use parentheses to call the method
[INFO] [stdout]    |
[INFO] [stdout] 74 |                                 pre_col = end.column();
[INFO] [stdout]    |                                                     ++
[INFO] [stdout] 
[INFO] [stdout] 
[INFO] [stdout] error[E0615]: attempted to take value of method `line` on type `proc_macro::Span`
[INFO] [stdout]   --> /opt/rustwide/cargo-home/registry/src/index.crates.io-6f17d22bba15001f/stylers-0.3.1/src/style/css_style_rule.rs:75:48
[INFO] [stdout]    |
[INFO] [stdout] 75 | ...                   pre_line = end.line;
[INFO] [stdout]    |                                      ^^^^ method, not a field
[INFO] [stdout]    |
[INFO] [stdout] help: use parentheses to call the method
[INFO] [stdout]    |
[INFO] [stdout] 75 |                                 pre_line = end.line();
[INFO] [stdout]    |                                                    ++
[INFO] [stdout] 
[INFO] [stdout] 
[INFO] [stdout] error[E0615]: attempted to take value of method `column` on type `proc_macro::Span`
[INFO] [stdout]   --> /opt/rustwide/cargo-home/registry/src/index.crates.io-6f17d22bba15001f/stylers-0.3.1/src/style/utils.rs:60:25
[INFO] [stdout]    |
[INFO] [stdout] 60 |     let cur_col = start.column;
[INFO] [stdout]    |                         ^^^^^^ method, not a field
[INFO] [stdout]    |
[INFO] [stdout] help: use parentheses to call the method
[INFO] [stdout]    |
[INFO] [stdout] 60 |     let cur_col = start.column();
[INFO] [stdout]    |                               ++
[INFO] [stdout] 
[INFO] [stdout] 
[INFO] [stdout] error[E0615]: attempted to take value of method `line` on type `proc_macro::Span`
[INFO] [stdout]   --> /opt/rustwide/cargo-home/registry/src/index.crates.io-6f17d22bba15001f/stylers-0.3.1/src/style/utils.rs:61:26
[INFO] [stdout]    |
[INFO] [stdout] 61 |     let cur_line = start.line;
[INFO] [stdout]    |                          ^^^^ method, not a field
[INFO] [stdout]    |
[INFO] [stdout] help: use parentheses to call the method
[INFO] [stdout]    |
[INFO] [stdout] 61 |     let cur_line = start.line();
[INFO] [stdout]    |                              ++
[INFO] [stdout] 
[INFO] [stdout] 
[INFO] [stdout] error[E0615]: attempted to take value of method `column` on type `proc_macro::Span`
[INFO] [stdout]   --> /opt/rustwide/cargo-home/registry/src/index.crates.io-6f17d22bba15001f/stylers-0.3.1/src/style/utils.rs:65:20
[INFO] [stdout]    |
[INFO] [stdout] 65 |     *pre_col = end.column;
[INFO] [stdout]    |                    ^^^^^^ method, not a field
[INFO] [stdout]    |
[INFO] [stdout] help: use parentheses to call the method
[INFO] [stdout]    |
[INFO] [stdout] 65 |     *pre_col = end.column();
[INFO] [stdout]    |                          ++
[INFO] [stdout] 
[INFO] [stdout] 
[INFO] [stdout] error[E0615]: attempted to take value of method `line` on type `proc_macro::Span`
[INFO] [stdout]   --> /opt/rustwide/cargo-home/registry/src/index.crates.io-6f17d22bba15001f/stylers-0.3.1/src/style/utils.rs:66:21
[INFO] [stdout]    |
[INFO] [stdout] 66 |     *pre_line = end.line;
[INFO] [stdout]    |                     ^^^^ method, not a field
[INFO] [stdout]    |
[INFO] [stdout] help: use parentheses to call the method
[INFO] [stdout]    |
[INFO] [stdout] 66 |     *pre_line = end.line();
[INFO] [stdout]    |                         ++
[INFO] [stdout] 
[INFO] [stdout] 
[INFO] [stdout] error: aborting due to 8 previous errors
[INFO] [stdout] 
[INFO] [stdout] 
[INFO] [stdout] Some errors have detailed explanations: E0554, E0615.
[INFO] [stdout] 
[INFO] [stdout] For more information about an error, try `rustc --explain E0554`.
[INFO] [stdout] 
[INFO] [stderr] error: could not compile `stylers` (lib) due to 9 previous errors
[INFO] [stderr] warning: build failed, waiting for other jobs to finish...
[INFO] running `Command { std: "docker" "inspect" "b5b343cb6a652e4abad7f06a817ac792db3d9fef47ef666d9b78ef676997970e", kill_on_drop: false }`
[INFO] running `Command { std: "docker" "rm" "-f" "b5b343cb6a652e4abad7f06a817ac792db3d9fef47ef666d9b78ef676997970e", kill_on_drop: false }`
[INFO] [stdout] b5b343cb6a652e4abad7f06a817ac792db3d9fef47ef666d9b78ef676997970e
