[INFO] cloning repository https://github.com/TheRealH0/try
[INFO] running `Command { std: "git" "-c" "credential.helper=" "-c" "credential.helper=/workspace/cargo-home/bin/git-credential-null" "clone" "--bare" "https://github.com/TheRealH0/try" "/workspace/cache/git-repos/https%3A%2F%2Fgithub.com%2FTheRealH0%2Ftry", kill_on_drop: false }`
[INFO] [stderr] Cloning into bare repository '/workspace/cache/git-repos/https%3A%2F%2Fgithub.com%2FTheRealH0%2Ftry'...
[INFO] running `Command { std: "git" "rev-parse" "HEAD", kill_on_drop: false }`
[INFO] [stdout] 15d396e7ac9dee318249c734098ea59597469fab
[INFO] documenting TheRealH0/try against 1.75.0 for beta-1.76-rustdoc-1
[INFO] running `Command { std: "git" "clone" "/workspace/cache/git-repos/https%3A%2F%2Fgithub.com%2FTheRealH0%2Ftry" "/workspace/builds/worker-0-tc1/source", kill_on_drop: false }`
[INFO] [stderr] Cloning into '/workspace/builds/worker-0-tc1/source'...
[INFO] [stderr] done.
[INFO] validating manifest of git repo https://github.com/TheRealH0/try on toolchain 1.75.0
[INFO] running `Command { std: CARGO_HOME="/workspace/cargo-home" RUSTUP_HOME="/workspace/rustup-home" "/workspace/cargo-home/bin/cargo" "+1.75.0" "metadata" "--manifest-path" "Cargo.toml" "--no-deps", kill_on_drop: false }`
[INFO] started tweaking git repo https://github.com/TheRealH0/try
[INFO] finished tweaking git repo https://github.com/TheRealH0/try
[INFO] tweaked toml for git repo https://github.com/TheRealH0/try written to /workspace/builds/worker-0-tc1/source/Cargo.toml
[INFO] crate git repo https://github.com/TheRealH0/try already has a lockfile, it will not be regenerated
[INFO] running `Command { std: CARGO_HOME="/workspace/cargo-home" RUSTUP_HOME="/workspace/rustup-home" "/workspace/cargo-home/bin/cargo" "+1.75.0" "fetch" "--manifest-path" "Cargo.toml", kill_on_drop: false }`
[INFO] [stderr]     Updating crates.io index
[INFO] [stderr]  Downloading crates ...
[INFO] [stderr]   Downloaded markup5ever v0.3.2
[INFO] [stderr]   Downloaded zip v0.4.2
[INFO] [stderr]   Downloaded new_debug_unreachable v1.0.1
[INFO] [stderr]   Downloaded serde_json v1.0.28
[INFO] [stderr]   Downloaded string_cache_codegen v0.4.1
[INFO] [stderr]   Downloaded msdos_time v0.1.6
[INFO] [stderr]   Downloaded utf-8 v0.7.4
[INFO] [stderr]   Downloaded tokio-current-thread v0.1.1
[INFO] [stderr]   Downloaded tokio-executor v0.1.4
[INFO] [stderr]   Downloaded tokio-uds v0.2.1
[INFO] [stderr]   Downloaded hyper-tls v0.3.0
[INFO] [stderr]   Downloaded string_cache v0.6.2
[INFO] [stderr]   Downloaded tokio-io v0.1.8
[INFO] [stderr]   Downloaded futures v0.1.24
[INFO] [stderr]   Downloaded encoding_rs v0.8.6
[INFO] [stderr]   Downloaded openssl-sys v0.9.36
[INFO] [stderr]   Downloaded openssl v0.10.12
[INFO] [stderr]   Downloaded hyper v0.12.10
[INFO] [stderr]   Downloaded reqwest v0.9.3
[INFO] [stderr]   Downloaded tokio v0.1.8
[INFO] [stderr]   Downloaded tokio-threadpool v0.1.6
[INFO] [stderr]   Downloaded tokio-reactor v0.1.5
[INFO] [stderr]   Downloaded select v0.4.2
[INFO] [stderr]   Downloaded miniz_oxide_c_api v0.1.3
[INFO] [stderr]   Downloaded schannel v0.1.13
[INFO] [stderr]   Downloaded libflate v0.1.18
[INFO] [stderr]   Downloaded miniz_oxide v0.1.3
[INFO] [stderr]   Downloaded flate2 v1.0.2
[INFO] [stderr]   Downloaded tokio-timer v0.2.6
[INFO] [stderr]   Downloaded native-tls v0.2.1
[INFO] [stderr]   Downloaded tendril v0.3.1
[INFO] [stderr]   Downloaded httparse v1.3.2
[INFO] [stderr]   Downloaded tempfile v3.0.4
[INFO] [stderr]   Downloaded html5ever v0.18.0
[INFO] [stderr]   Downloaded gen-epub-book v2.3.2
[INFO] running `Command { std: "docker" "create" "-v" "/var/lib/crater-agent-workspace/builds/worker-0-tc1/target:/opt/rustwide/target:rw,Z" "-v" "/var/lib/crater-agent-workspace/builds/worker-0-tc1/source:/opt/rustwide/workdir:ro,Z" "-v" "/var/lib/crater-agent-workspace/cargo-home:/opt/rustwide/cargo-home:ro,Z" "-v" "/var/lib/crater-agent-workspace/rustup-home:/opt/rustwide/rustup-home:ro,Z" "-e" "SOURCE_DIR=/opt/rustwide/workdir" "-e" "CARGO_TARGET_DIR=/opt/rustwide/target" "-e" "CARGO_HOME=/opt/rustwide/cargo-home" "-e" "RUSTUP_HOME=/opt/rustwide/rustup-home" "-w" "/opt/rustwide/workdir" "-m" "1610612736" "--user" "0:0" "--network" "none" "ghcr.io/rust-lang/crates-build-env/linux@sha256:2788e3201cd34a07e3172128adcd8b3090168a8e3bcc40d7c032b9dda1df7d1c" "/opt/rustwide/cargo-home/bin/cargo" "+1.75.0" "metadata" "--no-deps" "--format-version=1", kill_on_drop: false }`
[INFO] [stdout] ac7654d08ce163fe30fdbd6046c2c90ffcfe21b7a6d4fa0eec32773c2c3d5d2f
[INFO] running `Command { std: "docker" "start" "-a" "ac7654d08ce163fe30fdbd6046c2c90ffcfe21b7a6d4fa0eec32773c2c3d5d2f", kill_on_drop: false }`
[INFO] running `Command { std: "docker" "inspect" "ac7654d08ce163fe30fdbd6046c2c90ffcfe21b7a6d4fa0eec32773c2c3d5d2f", kill_on_drop: false }`
[INFO] running `Command { std: "docker" "rm" "-f" "ac7654d08ce163fe30fdbd6046c2c90ffcfe21b7a6d4fa0eec32773c2c3d5d2f", kill_on_drop: false }`
[INFO] [stdout] ac7654d08ce163fe30fdbd6046c2c90ffcfe21b7a6d4fa0eec32773c2c3d5d2f
[INFO] running `Command { std: "docker" "create" "-v" "/var/lib/crater-agent-workspace/builds/worker-0-tc1/target:/opt/rustwide/target:rw,Z" "-v" "/var/lib/crater-agent-workspace/builds/worker-0-tc1/source:/opt/rustwide/workdir:ro,Z" "-v" "/var/lib/crater-agent-workspace/cargo-home:/opt/rustwide/cargo-home:ro,Z" "-v" "/var/lib/crater-agent-workspace/rustup-home:/opt/rustwide/rustup-home:ro,Z" "-e" "SOURCE_DIR=/opt/rustwide/workdir" "-e" "CARGO_TARGET_DIR=/opt/rustwide/target" "-e" "CARGO_INCREMENTAL=0" "-e" "RUST_BACKTRACE=full" "-e" "RUSTFLAGS=--cap-lints=warn" "-e" "RUSTDOCFLAGS=--cap-lints=warn" "-e" "CARGO_HOME=/opt/rustwide/cargo-home" "-e" "RUSTUP_HOME=/opt/rustwide/rustup-home" "-w" "/opt/rustwide/workdir" "-m" "1610612736" "--user" "0:0" "--network" "none" "ghcr.io/rust-lang/crates-build-env/linux@sha256:2788e3201cd34a07e3172128adcd8b3090168a8e3bcc40d7c032b9dda1df7d1c" "/opt/rustwide/cargo-home/bin/cargo" "+1.75.0" "doc" "--frozen" "--no-deps" "--document-private-items" "--message-format=json", kill_on_drop: false }`
[INFO] [stdout] 11437c7be01adad0ce3432fd43457cbc2445f7862769452d504a1b13f5372383
[INFO] running `Command { std: "docker" "start" "-a" "11437c7be01adad0ce3432fd43457cbc2445f7862769452d504a1b13f5372383", kill_on_drop: false }`
[INFO] [stderr]    Compiling version_check v0.1.4
[INFO] [stderr]     Checking libc v0.2.43
[INFO] [stderr]     Checking cfg-if v0.1.5
[INFO] [stderr]     Checking void v1.0.2
[INFO] [stderr]    Compiling siphasher v0.2.3
[INFO] [stderr]    Compiling rand_core v0.2.1
[INFO] [stderr]     Checking futures v0.1.24
[INFO] [stderr]    Compiling cc v1.0.25
[INFO] [stderr]     Checking byteorder v1.2.6
[INFO] [stderr]    Compiling semver-parser v0.7.0
[INFO] [stderr]     Checking scopeguard v0.3.3
[INFO] [stderr]     Checking crossbeam-utils v0.5.0
[INFO] [stderr]     Checking slab v0.4.1
[INFO] [stderr]     Checking stable_deref_trait v1.1.1
[INFO] [stderr]     Checking log v0.4.5
[INFO] [stderr]     Checking unreachable v1.0.0
[INFO] [stderr]     Checking lazycell v1.2.0
[INFO] [stderr]     Checking smallvec v0.6.5
[INFO] [stderr]     Checking owning_ref v0.3.3
[INFO] [stderr]    Compiling unicode-xid v0.1.0
[INFO] [stderr]    Compiling pkg-config v0.3.14
[INFO] [stderr]    Compiling semver v0.9.0
[INFO] [stderr]    Compiling proc-macro2 v0.3.8
[INFO] [stderr]    Compiling serde v1.0.79
[INFO] [stderr]     Checking nodrop v0.1.12
[INFO] [stderr]    Compiling string_cache_shared v0.3.0
[INFO] [stderr]     Checking memoffset v0.2.1
[INFO] [stderr]     Checking lock_api v0.1.3
[INFO] [stderr]    Compiling build_const v0.2.1
[INFO] [stderr]    Compiling unicase v1.4.2
[INFO] [stderr]    Compiling lazy_static v1.1.0
[INFO] [stderr]     Checking arrayvec v0.4.7
[INFO] [stderr]     Checking itoa v0.4.3
[INFO] [stderr]     Checking adler32 v1.0.3
[INFO] [stderr]    Compiling rustc_version v0.2.3
[INFO] [stderr]    Compiling unicase v2.1.0
[INFO] [stderr]    Compiling openssl v0.10.12
[INFO] [stderr]    Compiling httparse v1.3.2
[INFO] [stderr]    Compiling rand v0.5.5
[INFO] [stderr]     Checking iovec v0.1.2
[INFO] [stderr]     Checking num_cpus v1.8.0
[INFO] [stderr]     Checking net2 v0.2.33
[INFO] [stderr]     Checking bytes v0.4.10
[INFO] [stderr]    Compiling quote v0.5.2
[INFO] [stderr]    Compiling parking_lot_core v0.3.1
[INFO] [stderr]    Compiling crc v1.8.1
[INFO] [stderr]     Checking mio v0.6.16
[INFO] [stderr]    Compiling phf_shared v0.7.23
[INFO] [stderr]     Checking crossbeam-epoch v0.5.2
[INFO] [stderr]     Checking time v0.1.40
[INFO] [stderr]     Checking matches v0.1.8
[INFO] [stderr]    Compiling unicode-xid v0.0.4
[INFO] [stderr]     Checking bitflags v1.0.4
[INFO] [stderr]     Checking fnv v1.0.6
[INFO] [stderr]    Compiling synom v0.11.3
[INFO] [stderr]     Checking phf v0.7.23
[INFO] [stderr]     Checking unicode-bidi v0.3.4
[INFO] [stderr]     Checking http v0.1.13
[INFO] [stderr]     Checking log v0.3.9
[INFO] [stderr]     Checking new_debug_unreachable v1.0.1
[INFO] [stderr]     Checking unreachable v0.1.1
[INFO] [stderr]     Checking mac v0.1.1
[INFO] [stderr]     Checking crossbeam-deque v0.6.1
[INFO] [stderr]     Checking indexmap v1.0.1
[INFO] [stderr]    Compiling quote v0.3.15
[INFO] [stderr]     Checking string v0.1.1
[INFO] [stderr]    Compiling ryu v0.2.6
[INFO] [stderr]     Checking unicode-normalization v0.1.7
[INFO] [stderr]     Checking try-lock v0.2.2
[INFO] [stderr]    Compiling openssl-sys v0.9.36
[INFO] [stderr]     Checking tokio-executor v0.1.4
[INFO] [stderr]     Checking tokio-io v0.1.8
[INFO] [stderr]    Compiling bzip2-sys v0.1.6
[INFO] [stderr]    Compiling miniz_oxide_c_api v0.1.3
[INFO] [stderr]    Compiling native-tls v0.2.1
[INFO] [stderr]    Compiling rustc-serialize v0.3.24
[INFO] [stderr]     Checking tokio-timer v0.2.6
[INFO] [stderr]     Checking tokio-current-thread v0.1.1
[INFO] [stderr]     Checking mio-uds v0.6.7
[INFO] [stderr]     Checking tokio-threadpool v0.1.6
[INFO] [stderr]    Compiling phf_generator v0.7.23
[INFO] [stderr]     Checking tokio-codec v0.1.0
[INFO] [stderr]    Compiling syn v0.11.11
[INFO] [stderr]     Checking want v0.0.6
[INFO] [stderr]     Checking futf v0.1.4
[INFO] [stderr]     Checking parking_lot v0.6.4
[INFO] [stderr]    Compiling phf_codegen v0.7.23
[INFO] [stderr]    Compiling string_cache_codegen v0.4.1
[INFO] [stderr]     Checking futures-cpupool v0.1.8
[INFO] [stderr]     Checking debug_unreachable v0.1.1
[INFO] [stderr]     Checking miniz_oxide v0.1.3
[INFO] [stderr]     Checking precomputed-hash v0.1.1
[INFO] [stderr]     Checking utf-8 v0.7.4
[INFO] [stderr]     Checking percent-encoding v1.0.1
[INFO] [stderr]     Checking tokio-reactor v0.1.5
[INFO] [stderr]    Compiling mime_guess v2.0.0-alpha.6
[INFO] [stderr]     Checking tokio-fs v0.1.3
[INFO] [stderr]     Checking openssl-probe v0.1.2
[INFO] [stderr]     Checking lazy_static v0.2.11
[INFO] [stderr]     Checking memchr v2.7.1
[INFO] [stderr]     Checking mime v0.3.9
[INFO] [stderr]    Compiling mime_guess v1.8.6
[INFO] [stderr] The following warnings were emitted during compilation:
[INFO] [stderr] 
[INFO] [stderr] warning: openssl-sys@0.9.36: /opt/rustwide/target/debug/build/openssl-sys-b7494702d0ba7381/out/expando.c:4:24: error: pasting "RUST_VERSION_OPENSSL_" and "(" does not give a valid preprocessing token
[INFO] [stderr] warning: openssl-sys@0.9.36:     4 | #define VERSION2(n, v) RUST_VERSION_ ## n ## _ ## v
[INFO] [stderr] warning: openssl-sys@0.9.36:       |                        ^~~~~~~~~~~~~
[INFO] [stderr] warning: openssl-sys@0.9.36: /opt/rustwide/target/debug/build/openssl-sys-b7494702d0ba7381/out/expando.c:5:23: note: in expansion of macro 'VERSION2'
[INFO] [stderr] warning: openssl-sys@0.9.36:     5 | #define VERSION(n, v) VERSION2(n, v)
[INFO] [stderr] warning: openssl-sys@0.9.36:       |                       ^~~~~~~~
[INFO] [stderr] warning: openssl-sys@0.9.36: /opt/rustwide/target/debug/build/openssl-sys-b7494702d0ba7381/out/expando.c:7:1: note: in expansion of macro 'VERSION'
[INFO] [stderr] warning: openssl-sys@0.9.36:     7 | VERSION(OPENSSL, OPENSSL_VERSION_NUMBER)
[INFO] [stderr] warning: openssl-sys@0.9.36:       | ^~~~~~~
[INFO] [stderr] 
[INFO] [stderr] error: failed to run custom build command for `openssl-sys v0.9.36`
[INFO] [stderr] note: To improve backtraces for build dependencies, set the CARGO_PROFILE_DEV_BUILD_OVERRIDE_DEBUG=true environment variable to enable debug information generation.
[INFO] [stderr] 
[INFO] [stderr] Caused by:
[INFO] [stderr]   process didn't exit successfully: `/opt/rustwide/target/debug/build/openssl-sys-57fe902641a47f02/build-script-main` (exit status: 101)
[INFO] [stderr]   --- stdout
[INFO] [stderr]   cargo:rerun-if-env-changed=X86_64_UNKNOWN_LINUX_GNU_OPENSSL_LIB_DIR
[INFO] [stderr]   cargo:rerun-if-env-changed=OPENSSL_LIB_DIR
[INFO] [stderr]   cargo:rerun-if-env-changed=X86_64_UNKNOWN_LINUX_GNU_OPENSSL_INCLUDE_DIR
[INFO] [stderr]   cargo:rerun-if-env-changed=OPENSSL_INCLUDE_DIR
[INFO] [stderr]   cargo:rerun-if-env-changed=X86_64_UNKNOWN_LINUX_GNU_OPENSSL_DIR
[INFO] [stderr]   cargo:rerun-if-env-changed=OPENSSL_DIR
[INFO] [stderr]   cargo:rustc-link-lib=ssl
[INFO] [stderr]   cargo:rustc-link-lib=crypto
[INFO] [stderr]   OPT_LEVEL = Some("0")
[INFO] [stderr]   TARGET = Some("x86_64-unknown-linux-gnu")
[INFO] [stderr]   HOST = Some("x86_64-unknown-linux-gnu")
[INFO] [stderr]   CC_x86_64-unknown-linux-gnu = None
[INFO] [stderr]   CC_x86_64_unknown_linux_gnu = None
[INFO] [stderr]   HOST_CC = None
[INFO] [stderr]   CC = None
[INFO] [stderr]   CFLAGS_x86_64-unknown-linux-gnu = None
[INFO] [stderr]   CFLAGS_x86_64_unknown_linux_gnu = None
[INFO] [stderr]   HOST_CFLAGS = None
[INFO] [stderr]   CFLAGS = None
[INFO] [stderr]   DEBUG = Some("true")
[INFO] [stderr]   running: "cc" "-O0" "-ffunction-sections" "-fdata-sections" "-fPIC" "-g" "-fno-omit-frame-pointer" "-m64" "-Wall" "-Wextra" "-E" "/opt/rustwide/target/debug/build/openssl-sys-b7494702d0ba7381/out/expando.c"
[INFO] [stderr]   cargo:warning=/opt/rustwide/target/debug/build/openssl-sys-b7494702d0ba7381/out/expando.c:4:24: error: pasting "RUST_VERSION_OPENSSL_" and "(" does not give a valid preprocessing token
[INFO] [stderr]   cargo:warning=    4 | #define VERSION2(n, v) RUST_VERSION_ ## n ## _ ## v
[INFO] [stderr]   cargo:warning=      |                        ^~~~~~~~~~~~~
[INFO] [stderr]   cargo:warning=/opt/rustwide/target/debug/build/openssl-sys-b7494702d0ba7381/out/expando.c:5:23: note: in expansion of macro 'VERSION2'
[INFO] [stderr]   cargo:warning=    5 | #define VERSION(n, v) VERSION2(n, v)
[INFO] [stderr]   cargo:warning=      |                       ^~~~~~~~
[INFO] [stderr]   cargo:warning=/opt/rustwide/target/debug/build/openssl-sys-b7494702d0ba7381/out/expando.c:7:1: note: in expansion of macro 'VERSION'
[INFO] [stderr]   cargo:warning=    7 | VERSION(OPENSSL, OPENSSL_VERSION_NUMBER)
[INFO] [stderr]   cargo:warning=      | ^~~~~~~
[INFO] [stderr]   exit status: 1
[INFO] [stderr] 
[INFO] [stderr]   --- stderr
[INFO] [stderr]   thread 'main' panicked at /opt/rustwide/cargo-home/registry/src/index.crates.io-6f17d22bba15001f/openssl-sys-0.9.36/build/main.rs:428:13:
[INFO] [stderr] 
[INFO] [stderr]   Header expansion error:
[INFO] [stderr]   Error { kind: ToolExecError, message: "Command \"cc\" \"-O0\" \"-ffunction-sections\" \"-fdata-sections\" \"-fPIC\" \"-g\" \"-fno-omit-frame-pointer\" \"-m64\" \"-Wall\" \"-Wextra\" \"-E\" \"/opt/rustwide/target/debug/build/openssl-sys-b7494702d0ba7381/out/expando.c\" with args \"cc\" did not execute successfully (status code exit status: 1)." }
[INFO] [stderr] 
[INFO] [stderr]   Failed to find OpenSSL development headers.
[INFO] [stderr] 
[INFO] [stderr]   You can try fixing this setting the `OPENSSL_DIR` environment variable
[INFO] [stderr]   pointing to your OpenSSL installation or installing OpenSSL headers package
[INFO] [stderr]   specific to your distribution:
[INFO] [stderr] 
[INFO] [stderr]       # On Ubuntu
[INFO] [stderr]       sudo apt-get install libssl-dev
[INFO] [stderr]       # On Arch Linux
[INFO] [stderr]       sudo pacman -S openssl
[INFO] [stderr]       # On Fedora
[INFO] [stderr]       sudo dnf install openssl-devel
[INFO] [stderr] 
[INFO] [stderr]   See rust-openssl README for more information:
[INFO] [stderr] 
[INFO] [stderr]       https://github.com/sfackler/rust-openssl#linux
[INFO] [stderr] 
[INFO] [stderr]   stack backtrace:
[INFO] [stderr]      0:     0x55f7a691888c - std::backtrace_rs::backtrace::libunwind::trace::ha637c64ce894333a
[INFO] [stderr]                                  at /rustc/82e1608dfa6e0b5569232559e3d385fea5a93112/library/std/src/../../backtrace/src/backtrace/libunwind.rs:104:5
[INFO] [stderr]      1:     0x55f7a691888c - std::backtrace_rs::backtrace::trace_unsynchronized::h47f62dea28e0c88d
[INFO] [stderr]                                  at /rustc/82e1608dfa6e0b5569232559e3d385fea5a93112/library/std/src/../../backtrace/src/backtrace/mod.rs:66:5
[INFO] [stderr]      2:     0x55f7a691888c - std::sys_common::backtrace::_print_fmt::h9eef0abe20ede486
[INFO] [stderr]                                  at /rustc/82e1608dfa6e0b5569232559e3d385fea5a93112/library/std/src/sys_common/backtrace.rs:67:5
[INFO] [stderr]      3:     0x55f7a691888c - <std::sys_common::backtrace::_print::DisplayBacktrace as core::fmt::Display>::fmt::hed7f999df88cc644
[INFO] [stderr]                                  at /rustc/82e1608dfa6e0b5569232559e3d385fea5a93112/library/std/src/sys_common/backtrace.rs:44:22
[INFO] [stderr]      4:     0x55f7a693e9c0 - core::fmt::rt::Argument::fmt::h1539a9308b8d058d
[INFO] [stderr]                                  at /rustc/82e1608dfa6e0b5569232559e3d385fea5a93112/library/core/src/fmt/rt.rs:142:9
[INFO] [stderr]      5:     0x55f7a693e9c0 - core::fmt::write::h3a39390d8560d9c9
[INFO] [stderr]                                  at /rustc/82e1608dfa6e0b5569232559e3d385fea5a93112/library/core/src/fmt/mod.rs:1120:17
[INFO] [stderr]      6:     0x55f7a69161cf - std::io::Write::write_fmt::h5fc9997dfe05f882
[INFO] [stderr]                                  at /rustc/82e1608dfa6e0b5569232559e3d385fea5a93112/library/std/src/io/mod.rs:1762:15
[INFO] [stderr]      7:     0x55f7a6918674 - std::sys_common::backtrace::_print::h894006fb5c6f3d45
[INFO] [stderr]                                  at /rustc/82e1608dfa6e0b5569232559e3d385fea5a93112/library/std/src/sys_common/backtrace.rs:47:5
[INFO] [stderr]      8:     0x55f7a6918674 - std::sys_common::backtrace::print::h23a2d212c6fff936
[INFO] [stderr]                                  at /rustc/82e1608dfa6e0b5569232559e3d385fea5a93112/library/std/src/sys_common/backtrace.rs:34:9
[INFO] [stderr]      9:     0x55f7a6919e87 - std::panicking::default_hook::{{closure}}::h8a1d2ee00185001a
[INFO] [stderr]     10:     0x55f7a6919bef - std::panicking::default_hook::h6038f2eba384e475
[INFO] [stderr]                                  at /rustc/82e1608dfa6e0b5569232559e3d385fea5a93112/library/std/src/panicking.rs:292:9
[INFO] [stderr]     11:     0x55f7a691a308 - std::panicking::rust_panic_with_hook::h2b5517d590cab22e
[INFO] [stderr]                                  at /rustc/82e1608dfa6e0b5569232559e3d385fea5a93112/library/std/src/panicking.rs:779:13
[INFO] [stderr]     12:     0x55f7a691a1ee - std::panicking::begin_panic_handler::{{closure}}::h233112c06e0ef43e
[INFO] [stderr]                                  at /rustc/82e1608dfa6e0b5569232559e3d385fea5a93112/library/std/src/panicking.rs:657:13
[INFO] [stderr]     13:     0x55f7a6918d56 - std::sys_common::backtrace::__rust_end_short_backtrace::h6e893f24d7ebbff8
[INFO] [stderr]                                  at /rustc/82e1608dfa6e0b5569232559e3d385fea5a93112/library/std/src/sys_common/backtrace.rs:170:18
[INFO] [stderr]     14:     0x55f7a6919f52 - rust_begin_unwind
[INFO] [stderr]                                  at /rustc/82e1608dfa6e0b5569232559e3d385fea5a93112/library/std/src/panicking.rs:645:5
[INFO] [stderr]     15:     0x55f7a6898685 - core::panicking::panic_fmt::hbf0e066aabfa482c
[INFO] [stderr]                                  at /rustc/82e1608dfa6e0b5569232559e3d385fea5a93112/library/core/src/panicking.rs:72:14
[INFO] [stderr]     16:     0x55f7a689f9bb - build_script_main::validate_headers::hdca1269b76bfbbc9
[INFO] [stderr]     17:     0x55f7a68a5a2f - build_script_main::imp::try_pkg_config::hdb8b91f5ebabdb6f
[INFO] [stderr]     18:     0x55f7a68a48f4 - build_script_main::imp::find_openssl_dir::he412fac0791e3876
[INFO] [stderr]     19:     0x55f7a68a4792 - build_script_main::imp::get_openssl::{{closure}}::heec4cc4f2c96876a
[INFO] [stderr]     20:     0x55f7a68a2579 - core::option::Option<T>::unwrap_or_else::hd08440884f1e5519
[INFO] [stderr]     21:     0x55f7a68a4591 - build_script_main::imp::get_openssl::h3f593e65febccaa3
[INFO] [stderr]     22:     0x55f7a689d4e0 - build_script_main::main::h01fd17d86d9155b5
[INFO] [stderr]     23:     0x55f7a68a1b53 - core::ops::function::FnOnce::call_once::h241705afca6c1f6e
[INFO] [stderr]     24:     0x55f7a6899786 - std::sys_common::backtrace::__rust_begin_short_backtrace::h7d4f40b740664331
[INFO] [stderr]     25:     0x55f7a68a1429 - std::rt::lang_start::{{closure}}::h6a2e38386ea5e1f6
[INFO] [stderr]     26:     0x55f7a6912717 - core::ops::function::impls::<impl core::ops::function::FnOnce<A> for &F>::call_once::hd95060ecd5e1ca24
[INFO] [stderr]                                  at /rustc/82e1608dfa6e0b5569232559e3d385fea5a93112/library/core/src/ops/function.rs:284:13
[INFO] [stderr]     27:     0x55f7a6912717 - std::panicking::try::do_call::h6e8cf51db32a6e4b
[INFO] [stderr]                                  at /rustc/82e1608dfa6e0b5569232559e3d385fea5a93112/library/std/src/panicking.rs:552:40
[INFO] [stderr]     28:     0x55f7a6912717 - std::panicking::try::h3a52eefe24fe3c29
[INFO] [stderr]                                  at /rustc/82e1608dfa6e0b5569232559e3d385fea5a93112/library/std/src/panicking.rs:516:19
[INFO] [stderr]     29:     0x55f7a6912717 - std::panic::catch_unwind::h24c28c23c02c3841
[INFO] [stderr]                                  at /rustc/82e1608dfa6e0b5569232559e3d385fea5a93112/library/std/src/panic.rs:142:14
[INFO] [stderr]     30:     0x55f7a6912717 - std::rt::lang_start_internal::{{closure}}::h705d3c9cbc06ef47
[INFO] [stderr]                                  at /rustc/82e1608dfa6e0b5569232559e3d385fea5a93112/library/std/src/rt.rs:148:48
[INFO] [stderr]     31:     0x55f7a6912717 - std::panicking::try::do_call::ha21f52ba13158470
[INFO] [stderr]                                  at /rustc/82e1608dfa6e0b5569232559e3d385fea5a93112/library/std/src/panicking.rs:552:40
[INFO] [stderr]     32:     0x55f7a6912717 - std::panicking::try::h5581346bf6aeb1f8
[INFO] [stderr]                                  at /rustc/82e1608dfa6e0b5569232559e3d385fea5a93112/library/std/src/panicking.rs:516:19
[INFO] [stderr]     33:     0x55f7a6912717 - std::panic::catch_unwind::h7919645a6b72e25b
[INFO] [stderr]                                  at /rustc/82e1608dfa6e0b5569232559e3d385fea5a93112/library/std/src/panic.rs:142:14
[INFO] [stderr]     34:     0x55f7a6912717 - std::rt::lang_start_internal::h12de51168669836e
[INFO] [stderr]                                  at /rustc/82e1608dfa6e0b5569232559e3d385fea5a93112/library/std/src/rt.rs:148:20
[INFO] [stderr]     35:     0x55f7a68a1407 - std::rt::lang_start::h5809ba8f0bea3030
[INFO] [stderr]     36:     0x55f7a68a08e5 - main
[INFO] [stderr]     37:     0x7f0558d49d90 - <unknown>
[INFO] [stderr]     38:     0x7f0558d49e40 - __libc_start_main
[INFO] [stderr]     39:     0x55f7a6898e95 - _start
[INFO] [stderr]     40:                0x0 - <unknown>
[INFO] [stderr] warning: build failed, waiting for other jobs to finish...
[INFO] running `Command { std: "docker" "inspect" "11437c7be01adad0ce3432fd43457cbc2445f7862769452d504a1b13f5372383", kill_on_drop: false }`
[INFO] running `Command { std: "docker" "rm" "-f" "11437c7be01adad0ce3432fd43457cbc2445f7862769452d504a1b13f5372383", kill_on_drop: false }`
[INFO] [stdout] 11437c7be01adad0ce3432fd43457cbc2445f7862769452d504a1b13f5372383
[INFO] documenting TheRealH0/try against beta-2023-12-22 for beta-1.76-rustdoc-1
[INFO] running `Command { std: "git" "clone" "/workspace/cache/git-repos/https%3A%2F%2Fgithub.com%2FTheRealH0%2Ftry" "/workspace/builds/worker-0-tc2/source", kill_on_drop: false }`
[INFO] [stderr] Cloning into '/workspace/builds/worker-0-tc2/source'...
[INFO] [stderr] done.
[INFO] validating manifest of git repo https://github.com/TheRealH0/try on toolchain beta-2023-12-22
[INFO] running `Command { std: CARGO_HOME="/workspace/cargo-home" RUSTUP_HOME="/workspace/rustup-home" "/workspace/cargo-home/bin/cargo" "+beta-2023-12-22" "metadata" "--manifest-path" "Cargo.toml" "--no-deps", kill_on_drop: false }`
[INFO] started tweaking git repo https://github.com/TheRealH0/try
[INFO] finished tweaking git repo https://github.com/TheRealH0/try
[INFO] tweaked toml for git repo https://github.com/TheRealH0/try written to /workspace/builds/worker-0-tc2/source/Cargo.toml
[INFO] crate git repo https://github.com/TheRealH0/try already has a lockfile, it will not be regenerated
[INFO] running `Command { std: CARGO_HOME="/workspace/cargo-home" RUSTUP_HOME="/workspace/rustup-home" "/workspace/cargo-home/bin/cargo" "+beta-2023-12-22" "fetch" "--manifest-path" "Cargo.toml", kill_on_drop: false }`
[INFO] [stderr]     Updating crates.io index
[INFO] running `Command { std: "docker" "create" "-v" "/var/lib/crater-agent-workspace/builds/worker-0-tc2/target:/opt/rustwide/target:rw,Z" "-v" "/var/lib/crater-agent-workspace/builds/worker-0-tc2/source:/opt/rustwide/workdir:ro,Z" "-v" "/var/lib/crater-agent-workspace/cargo-home:/opt/rustwide/cargo-home:ro,Z" "-v" "/var/lib/crater-agent-workspace/rustup-home:/opt/rustwide/rustup-home:ro,Z" "-e" "SOURCE_DIR=/opt/rustwide/workdir" "-e" "CARGO_TARGET_DIR=/opt/rustwide/target" "-e" "CARGO_HOME=/opt/rustwide/cargo-home" "-e" "RUSTUP_HOME=/opt/rustwide/rustup-home" "-w" "/opt/rustwide/workdir" "-m" "1610612736" "--user" "0:0" "--network" "none" "ghcr.io/rust-lang/crates-build-env/linux@sha256:2788e3201cd34a07e3172128adcd8b3090168a8e3bcc40d7c032b9dda1df7d1c" "/opt/rustwide/cargo-home/bin/cargo" "+beta-2023-12-22" "metadata" "--no-deps" "--format-version=1", kill_on_drop: false }`
[INFO] [stdout] 88ead5fbf1545bf7bb59243acca4a621410dcd3a0c7d80520300ceeddfadede9
[INFO] running `Command { std: "docker" "start" "-a" "88ead5fbf1545bf7bb59243acca4a621410dcd3a0c7d80520300ceeddfadede9", kill_on_drop: false }`
[INFO] running `Command { std: "docker" "inspect" "88ead5fbf1545bf7bb59243acca4a621410dcd3a0c7d80520300ceeddfadede9", kill_on_drop: false }`
[INFO] running `Command { std: "docker" "rm" "-f" "88ead5fbf1545bf7bb59243acca4a621410dcd3a0c7d80520300ceeddfadede9", kill_on_drop: false }`
[INFO] [stdout] 88ead5fbf1545bf7bb59243acca4a621410dcd3a0c7d80520300ceeddfadede9
[INFO] running `Command { std: "docker" "create" "-v" "/var/lib/crater-agent-workspace/builds/worker-0-tc2/target:/opt/rustwide/target:rw,Z" "-v" "/var/lib/crater-agent-workspace/builds/worker-0-tc2/source:/opt/rustwide/workdir:ro,Z" "-v" "/var/lib/crater-agent-workspace/cargo-home:/opt/rustwide/cargo-home:ro,Z" "-v" "/var/lib/crater-agent-workspace/rustup-home:/opt/rustwide/rustup-home:ro,Z" "-e" "SOURCE_DIR=/opt/rustwide/workdir" "-e" "CARGO_TARGET_DIR=/opt/rustwide/target" "-e" "CARGO_INCREMENTAL=0" "-e" "RUST_BACKTRACE=full" "-e" "RUSTFLAGS=--cap-lints=warn" "-e" "RUSTDOCFLAGS=--cap-lints=warn" "-e" "CARGO_HOME=/opt/rustwide/cargo-home" "-e" "RUSTUP_HOME=/opt/rustwide/rustup-home" "-w" "/opt/rustwide/workdir" "-m" "1610612736" "--user" "0:0" "--network" "none" "ghcr.io/rust-lang/crates-build-env/linux@sha256:2788e3201cd34a07e3172128adcd8b3090168a8e3bcc40d7c032b9dda1df7d1c" "/opt/rustwide/cargo-home/bin/cargo" "+beta-2023-12-22" "doc" "--frozen" "--no-deps" "--document-private-items" "--message-format=json", kill_on_drop: false }`
[INFO] [stdout] a4b903ac8b4bcf20f94bc6bb24e3602c655144149aaa345c31e495ad86a04558
[INFO] running `Command { std: "docker" "start" "-a" "a4b903ac8b4bcf20f94bc6bb24e3602c655144149aaa345c31e495ad86a04558", kill_on_drop: false }`
[INFO] [stderr]    Compiling version_check v0.1.4
[INFO] [stderr]     Checking libc v0.2.43
[INFO] [stderr]     Checking cfg-if v0.1.5
[INFO] [stderr]     Checking void v1.0.2
[INFO] [stderr]    Compiling rand_core v0.2.1
[INFO] [stderr]    Compiling siphasher v0.2.3
[INFO] [stderr]     Checking futures v0.1.24
[INFO] [stderr]    Compiling cc v1.0.25
[INFO] [stderr]     Checking byteorder v1.2.6
[INFO] [stderr]     Checking scopeguard v0.3.3
[INFO] [stderr]    Compiling semver-parser v0.7.0
[INFO] [stderr]     Checking crossbeam-utils v0.5.0
[INFO] [stderr]     Checking slab v0.4.1
[INFO] [stderr]     Checking stable_deref_trait v1.1.1
[INFO] [stderr]     Checking log v0.4.5
[INFO] [stderr]     Checking unreachable v1.0.0
[INFO] [stderr]     Checking lazycell v1.2.0
[INFO] [stderr]     Checking owning_ref v0.3.3
[INFO] [stderr]    Compiling unicode-xid v0.1.0
[INFO] [stderr]     Checking nodrop v0.1.12
[INFO] [stderr]     Checking smallvec v0.6.5
[INFO] [stderr]    Compiling pkg-config v0.3.14
[INFO] [stderr]    Compiling serde v1.0.79
[INFO] [stderr]    Compiling semver v0.9.0
[INFO] [stderr]     Checking arrayvec v0.4.7
[INFO] [stderr]    Compiling proc-macro2 v0.3.8
[INFO] [stderr]    Compiling string_cache_shared v0.3.0
[INFO] [stderr]     Checking memoffset v0.2.1
[INFO] [stderr]     Checking lock_api v0.1.3
[INFO] [stderr]    Compiling build_const v0.2.1
[INFO] [stderr]     Checking itoa v0.4.3
[INFO] [stderr]     Checking adler32 v1.0.3
[INFO] [stderr]    Compiling unicase v1.4.2
[INFO] [stderr]    Compiling lazy_static v1.1.0
[INFO] [stderr]    Compiling rustc_version v0.2.3
[INFO] [stderr]    Compiling unicase v2.1.0
[INFO] [stderr]     Checking fnv v1.0.6
[INFO] [stderr]    Compiling crc v1.8.1
[INFO] [stderr]    Compiling openssl v0.10.12
[INFO] [stderr]     Checking bitflags v1.0.4
[INFO] [stderr]    Compiling rand v0.5.5
[INFO] [stderr]    Compiling unicode-xid v0.0.4
[INFO] [stderr]     Checking iovec v0.1.2
[INFO] [stderr]     Checking num_cpus v1.8.0
[INFO] [stderr]     Checking bytes v0.4.10
[INFO] [stderr]    Compiling parking_lot_core v0.3.1
[INFO] [stderr]     Checking net2 v0.2.33
[INFO] [stderr]    Compiling quote v0.5.2
[INFO] [stderr]     Checking time v0.1.40
[INFO] [stderr]     Checking crossbeam-epoch v0.5.2
[INFO] [stderr]     Checking matches v0.1.8
[INFO] [stderr]    Compiling phf_shared v0.7.23
[INFO] [stderr]     Checking mio v0.6.16
[INFO] [stderr]    Compiling httparse v1.3.2
[INFO] [stderr]     Checking unicode-bidi v0.3.4
[INFO] [stderr]     Checking http v0.1.13
[INFO] [stderr]    Compiling synom v0.11.3
[INFO] [stderr]     Checking log v0.3.9
[INFO] [stderr]     Checking phf v0.7.23
[INFO] [stderr]     Checking new_debug_unreachable v1.0.1
[INFO] [stderr]     Checking crossbeam-deque v0.6.1
[INFO] [stderr]     Checking unreachable v0.1.1
[INFO] [stderr]     Checking string v0.1.1
[INFO] [stderr]    Compiling quote v0.3.15
[INFO] [stderr]     Checking mac v0.1.1
[INFO] [stderr]     Checking unicode-normalization v0.1.7
[INFO] [stderr]     Checking try-lock v0.2.2
[INFO] [stderr]    Compiling rustc-serialize v0.3.24
[INFO] [stderr]    Compiling ryu v0.2.6
[INFO] [stderr]     Checking indexmap v1.0.1
[INFO] [stderr]    Compiling native-tls v0.2.1
[INFO] [stderr]     Checking futf v0.1.4
[INFO] [stderr]     Checking debug_unreachable v0.1.1
[INFO] [stderr]     Checking miniz_oxide v0.1.3
[INFO] [stderr]    Compiling openssl-sys v0.9.36
[INFO] [stderr]     Checking tokio-executor v0.1.4
[INFO] [stderr]     Checking tokio-io v0.1.8
[INFO] [stderr]     Checking mio-uds v0.6.7
[INFO] [stderr]     Checking tokio-timer v0.2.6
[INFO] [stderr]     Checking tokio-current-thread v0.1.1
[INFO] [stderr]    Compiling miniz_oxide_c_api v0.1.3
[INFO] [stderr]    Compiling bzip2-sys v0.1.6
[INFO] [stdout] error[E0310]: the parameter type `T` may not live long enough
[INFO] [stdout]     --> /opt/rustwide/cargo-home/registry/src/index.crates.io-6f17d22bba15001f/rustc-serialize-0.3.24/src/serialize.rs:1155:5
[INFO] [stdout]      |
[INFO] [stdout] 1155 |     fn decode<D: Decoder>(d: &mut D) -> Result<Cow<'static, T>, D::Error> {
[INFO] [stdout]      |     ^^^^^^^^^^^^^^^^^^^^^^^^^^^^^^^^^^^^^^^^^^^^^^^^^^^^^^^^^^^^^^^^^^^^^
[INFO] [stdout]      |     |
[INFO] [stdout]      |     the parameter type `T` must be valid for the static lifetime...
[INFO] [stdout]      |     ...so that the type `T` will meet its required lifetime bounds...
[INFO] [stdout]      |
[INFO] [stdout] note: ...that is required by this bound
[INFO] [stdout]     --> /rustc/0e09125c6c3c2fd70d7de961bcf0e51575235fad/library/alloc/src/borrow.rs:180:30
[INFO] [stdout] help: consider adding an explicit lifetime bound
[INFO] [stdout]      |
[INFO] [stdout] 1151 | impl<'a, T: ?Sized + 'static> Decodable for Cow<'a, T>
[INFO] [stdout]      |                    +++++++++
[INFO] [stdout] 
[INFO] [stdout] 
[INFO] [stderr]    Compiling phf_generator v0.7.23
[INFO] [stderr]     Checking tokio-threadpool v0.1.6
[INFO] [stderr]    Compiling phf_codegen v0.7.23
[INFO] [stderr]    Compiling string_cache_codegen v0.4.1
[INFO] [stderr]     Checking futures-cpupool v0.1.8
[INFO] [stderr]     Checking want v0.0.6
[INFO] [stderr]    Compiling syn v0.11.11
[INFO] [stderr]     Checking parking_lot v0.6.4
[INFO] [stderr]     Checking tokio-codec v0.1.0
[INFO] [stderr]     Checking precomputed-hash v0.1.1
[INFO] [stderr]     Checking percent-encoding v1.0.1
[INFO] [stderr]     Checking openssl-probe v0.1.2
[INFO] [stderr]     Checking memchr v2.7.1
[INFO] [stderr]     Checking utf-8 v0.7.4
[INFO] [stderr]     Checking lazy_static v0.2.11
[INFO] [stderr]     Checking tendril v0.3.1
[INFO] [stderr]    Compiling mime_guess v2.0.0-alpha.6
[INFO] [stderr]     Checking tokio-reactor v0.1.5
[INFO] [stderr]    Compiling mime_guess v1.8.6
[INFO] [stderr]     Checking tokio-fs v0.1.3
[INFO] [stderr] The following warnings were emitted during compilation:
[INFO] [stderr] 
[INFO] [stderr] warning: openssl-sys@0.9.36: /opt/rustwide/target/debug/build/openssl-sys-4000fcddeb7fd8b0/out/expando.c:4:24: error: pasting "RUST_VERSION_OPENSSL_" and "(" does not give a valid preprocessing token
[INFO] [stderr] warning: openssl-sys@0.9.36:     4 | #define VERSION2(n, v) RUST_VERSION_ ## n ## _ ## v
[INFO] [stderr] warning: openssl-sys@0.9.36:       |                        ^~~~~~~~~~~~~
[INFO] [stderr] warning: openssl-sys@0.9.36: /opt/rustwide/target/debug/build/openssl-sys-4000fcddeb7fd8b0/out/expando.c:5:23: note: in expansion of macro 'VERSION2'
[INFO] [stderr] warning: openssl-sys@0.9.36:     5 | #define VERSION(n, v) VERSION2(n, v)
[INFO] [stderr] warning: openssl-sys@0.9.36:       |                       ^~~~~~~~
[INFO] [stderr] warning: openssl-sys@0.9.36: /opt/rustwide/target/debug/build/openssl-sys-4000fcddeb7fd8b0/out/expando.c:7:1: note: in expansion of macro 'VERSION'
[INFO] [stderr] warning: openssl-sys@0.9.36:     7 | VERSION(OPENSSL, OPENSSL_VERSION_NUMBER)
[INFO] [stderr] warning: openssl-sys@0.9.36:       | ^~~~~~~
[INFO] [stderr] 
[INFO] [stderr] error: failed to run custom build command for `openssl-sys v0.9.36`
[INFO] [stderr] note: To improve backtraces for build dependencies, set the CARGO_PROFILE_DEV_BUILD_OVERRIDE_DEBUG=true environment variable to enable debug information generation.
[INFO] [stderr] 
[INFO] [stderr] Caused by:
[INFO] [stderr]   process didn't exit successfully: `/opt/rustwide/target/debug/build/openssl-sys-652a35c89e9810a6/build-script-main` (exit status: 101)
[INFO] [stderr]   --- stdout
[INFO] [stderr]   cargo:rerun-if-env-changed=X86_64_UNKNOWN_LINUX_GNU_OPENSSL_LIB_DIR
[INFO] [stderr]   cargo:rerun-if-env-changed=OPENSSL_LIB_DIR
[INFO] [stderr]   cargo:rerun-if-env-changed=X86_64_UNKNOWN_LINUX_GNU_OPENSSL_INCLUDE_DIR
[INFO] [stderr]   cargo:rerun-if-env-changed=OPENSSL_INCLUDE_DIR
[INFO] [stderr]   cargo:rerun-if-env-changed=X86_64_UNKNOWN_LINUX_GNU_OPENSSL_DIR
[INFO] [stderr]   cargo:rerun-if-env-changed=OPENSSL_DIR
[INFO] [stderr]   cargo:rustc-link-lib=ssl
[INFO] [stderr]   cargo:rustc-link-lib=crypto
[INFO] [stderr]   OPT_LEVEL = Some("0")
[INFO] [stderr]   TARGET = Some("x86_64-unknown-linux-gnu")
[INFO] [stderr]   HOST = Some("x86_64-unknown-linux-gnu")
[INFO] [stderr]   CC_x86_64-unknown-linux-gnu = None
[INFO] [stderr]   CC_x86_64_unknown_linux_gnu = None
[INFO] [stderr]   HOST_CC = None
[INFO] [stderr]   CC = None
[INFO] [stderr]   CFLAGS_x86_64-unknown-linux-gnu = None
[INFO] [stderr]   CFLAGS_x86_64_unknown_linux_gnu = None
[INFO] [stderr]   HOST_CFLAGS = None
[INFO] [stderr]   CFLAGS = None
[INFO] [stderr]   DEBUG = Some("true")
[INFO] [stderr]   running: "cc" "-O0" "-ffunction-sections" "-fdata-sections" "-fPIC" "-g" "-fno-omit-frame-pointer" "-m64" "-Wall" "-Wextra" "-E" "/opt/rustwide/target/debug/build/openssl-sys-4000fcddeb7fd8b0/out/expando.c"
[INFO] [stderr]   cargo:warning=/opt/rustwide/target/debug/build/openssl-sys-4000fcddeb7fd8b0/out/expando.c:4:24: error: pasting "RUST_VERSION_OPENSSL_" and "(" does not give a valid preprocessing token
[INFO] [stderr]   cargo:warning=    4 | #define VERSION2(n, v) RUST_VERSION_ ## n ## _ ## v
[INFO] [stderr]   cargo:warning=      |                        ^~~~~~~~~~~~~
[INFO] [stderr]   cargo:warning=/opt/rustwide/target/debug/build/openssl-sys-4000fcddeb7fd8b0/out/expando.c:5:23: note: in expansion of macro 'VERSION2'
[INFO] [stderr]   cargo:warning=    5 | #define VERSION(n, v) VERSION2(n, v)
[INFO] [stderr]   cargo:warning=      |                       ^~~~~~~~
[INFO] [stderr]   cargo:warning=/opt/rustwide/target/debug/build/openssl-sys-4000fcddeb7fd8b0/out/expando.c:7:1: note: in expansion of macro 'VERSION'
[INFO] [stderr]   cargo:warning=    7 | VERSION(OPENSSL, OPENSSL_VERSION_NUMBER)
[INFO] [stderr]   cargo:warning=      | ^~~~~~~
[INFO] [stderr]   exit status: 1
[INFO] [stderr] 
[INFO] [stderr]   --- stderr
[INFO] [stderr]   thread 'main' panicked at /opt/rustwide/cargo-home/registry/src/index.crates.io-6f17d22bba15001f/openssl-sys-0.9.36/build/main.rs:428:13:
[INFO] [stderr] 
[INFO] [stderr]   Header expansion error:
[INFO] [stderr]   Error { kind: ToolExecError, message: "Command \"cc\" \"-O0\" \"-ffunction-sections\" \"-fdata-sections\" \"-fPIC\" \"-g\" \"-fno-omit-frame-pointer\" \"-m64\" \"-Wall\" \"-Wextra\" \"-E\" \"/opt/rustwide/target/debug/build/openssl-sys-4000fcddeb7fd8b0/out/expando.c\" with args \"cc\" did not execute successfully (status code exit status: 1)." }
[INFO] [stderr] 
[INFO] [stderr]   Failed to find OpenSSL development headers.
[INFO] [stderr] 
[INFO] [stderr]   You can try fixing this setting the `OPENSSL_DIR` environment variable
[INFO] [stderr]   pointing to your OpenSSL installation or installing OpenSSL headers package
[INFO] [stderr]   specific to your distribution:
[INFO] [stderr] 
[INFO] [stderr]       # On Ubuntu
[INFO] [stderr]       sudo apt-get install libssl-dev
[INFO] [stderr]       # On Arch Linux
[INFO] [stderr]       sudo pacman -S openssl
[INFO] [stderr]       # On Fedora
[INFO] [stderr]       sudo dnf install openssl-devel
[INFO] [stderr] 
[INFO] [stderr]   See rust-openssl README for more information:
[INFO] [stderr] 
[INFO] [stderr]       https://github.com/sfackler/rust-openssl#linux
[INFO] [stderr] 
[INFO] [stderr]   stack backtrace:
[INFO] [stderr]      0:     0x55c4ef7fd486 - std::backtrace_rs::backtrace::libunwind::trace::h261606ad26a499c1
[INFO] [stderr]                                  at /rustc/0e09125c6c3c2fd70d7de961bcf0e51575235fad/library/std/src/../../backtrace/src/backtrace/libunwind.rs:104:5
[INFO] [stderr]      1:     0x55c4ef7fd486 - std::backtrace_rs::backtrace::trace_unsynchronized::hd183f0625477fb28
[INFO] [stderr]                                  at /rustc/0e09125c6c3c2fd70d7de961bcf0e51575235fad/library/std/src/../../backtrace/src/backtrace/mod.rs:66:5
[INFO] [stderr]      2:     0x55c4ef7fd486 - std::sys_common::backtrace::_print_fmt::hd7f8fef21b4eda67
[INFO] [stderr]                                  at /rustc/0e09125c6c3c2fd70d7de961bcf0e51575235fad/library/std/src/sys_common/backtrace.rs:68:5
[INFO] [stderr]      3:     0x55c4ef7fd486 - <std::sys_common::backtrace::_print::DisplayBacktrace as core::fmt::Display>::fmt::h623d9b51f2f453f1
[INFO] [stderr]                                  at /rustc/0e09125c6c3c2fd70d7de961bcf0e51575235fad/library/std/src/sys_common/backtrace.rs:44:22
[INFO] [stderr]      4:     0x55c4ef8229a0 - core::fmt::rt::Argument::fmt::h9f417ac76a86f368
[INFO] [stderr]                                  at /rustc/0e09125c6c3c2fd70d7de961bcf0e51575235fad/library/core/src/fmt/rt.rs:142:9
[INFO] [stderr]      5:     0x55c4ef8229a0 - core::fmt::write::hc9b6faf4ac2aeff7
[INFO] [stderr]                                  at /rustc/0e09125c6c3c2fd70d7de961bcf0e51575235fad/library/core/src/fmt/mod.rs:1120:17
[INFO] [stderr]      6:     0x55c4ef7faeef - std::io::Write::write_fmt::hfead1eee52c2e65e
[INFO] [stderr]                                  at /rustc/0e09125c6c3c2fd70d7de961bcf0e51575235fad/library/std/src/io/mod.rs:1810:15
[INFO] [stderr]      7:     0x55c4ef7fd264 - std::sys_common::backtrace::_print::hd5d66399c7df88a2
[INFO] [stderr]                                  at /rustc/0e09125c6c3c2fd70d7de961bcf0e51575235fad/library/std/src/sys_common/backtrace.rs:47:5
[INFO] [stderr]      8:     0x55c4ef7fd264 - std::sys_common::backtrace::print::he81ed2da642d37e5
[INFO] [stderr]                                  at /rustc/0e09125c6c3c2fd70d7de961bcf0e51575235fad/library/std/src/sys_common/backtrace.rs:34:9
[INFO] [stderr]      9:     0x55c4ef7feb47 - std::panicking::default_hook::{{closure}}::h85773f4fa117163d
[INFO] [stderr]     10:     0x55c4ef7fe8a9 - std::panicking::default_hook::h6a1694a91d09b278
[INFO] [stderr]                                  at /rustc/0e09125c6c3c2fd70d7de961bcf0e51575235fad/library/std/src/panicking.rs:292:9
[INFO] [stderr]     11:     0x55c4ef7fefd8 - std::panicking::rust_panic_with_hook::h0a7ad96e90f7145b
[INFO] [stderr]                                  at /rustc/0e09125c6c3c2fd70d7de961bcf0e51575235fad/library/std/src/panicking.rs:779:13
[INFO] [stderr]     12:     0x55c4ef7feeb2 - std::panicking::begin_panic_handler::{{closure}}::h7919090525c6485e
[INFO] [stderr]                                  at /rustc/0e09125c6c3c2fd70d7de961bcf0e51575235fad/library/std/src/panicking.rs:657:13
[INFO] [stderr]     13:     0x55c4ef7fd986 - std::sys_common::backtrace::__rust_end_short_backtrace::hf3289479464f7dfe
[INFO] [stderr]                                  at /rustc/0e09125c6c3c2fd70d7de961bcf0e51575235fad/library/std/src/sys_common/backtrace.rs:171:18
[INFO] [stderr]     14:     0x55c4ef7fec10 - rust_begin_unwind
[INFO] [stderr]                                  at /rustc/0e09125c6c3c2fd70d7de961bcf0e51575235fad/library/std/src/panicking.rs:645:5
[INFO] [stderr]     15:     0x55c4ef77c685 - core::panicking::panic_fmt::hcc9f77c5c132af55
[INFO] [stderr]                                  at /rustc/0e09125c6c3c2fd70d7de961bcf0e51575235fad/library/core/src/panicking.rs:72:14
[INFO] [stderr]     16:     0x55c4ef7833a3 - build_script_main::validate_headers::h10f5a6795d7c881e
[INFO] [stderr]     17:     0x55c4ef789a15 - build_script_main::imp::try_pkg_config::h608c1ce513ef49b3
[INFO] [stderr]     18:     0x55c4ef7888c4 - build_script_main::imp::find_openssl_dir::h9fec7f939077c6f9
[INFO] [stderr]     19:     0x55c4ef788762 - build_script_main::imp::get_openssl::{{closure}}::h094bfe0adc604486
[INFO] [stderr]     20:     0x55c4ef77e43f - core::option::Option<T>::unwrap_or_else::h05408c601b792c04
[INFO] [stderr]     21:     0x55c4ef78855f - build_script_main::imp::get_openssl::h4f942a23ad45fbf6
[INFO] [stderr]     22:     0x55c4ef780ed0 - build_script_main::main::heaa63aea2c2a9250
[INFO] [stderr]     23:     0x55c4ef7854d3 - core::ops::function::FnOnce::call_once::h9c47f5dfbfd5d77c
[INFO] [stderr]     24:     0x55c4ef77d2a6 - std::sys_common::backtrace::__rust_begin_short_backtrace::hc33e94d12ae0d30c
[INFO] [stderr]     25:     0x55c4ef784d69 - std::rt::lang_start::{{closure}}::h1641f0e44ae71134
[INFO] [stderr]     26:     0x55c4ef7f71e1 - core::ops::function::impls::<impl core::ops::function::FnOnce<A> for &F>::call_once::h4eb4c5e1620f29b0
[INFO] [stderr]                                  at /rustc/0e09125c6c3c2fd70d7de961bcf0e51575235fad/library/core/src/ops/function.rs:284:13
[INFO] [stderr]     27:     0x55c4ef7f71e1 - std::panicking::try::do_call::h73fd26535faffcdf
[INFO] [stderr]                                  at /rustc/0e09125c6c3c2fd70d7de961bcf0e51575235fad/library/std/src/panicking.rs:552:40
[INFO] [stderr]     28:     0x55c4ef7f71e1 - std::panicking::try::h77ff1d98f0fb9f39
[INFO] [stderr]                                  at /rustc/0e09125c6c3c2fd70d7de961bcf0e51575235fad/library/std/src/panicking.rs:516:19
[INFO] [stderr]     29:     0x55c4ef7f71e1 - std::panic::catch_unwind::hab3caf2448b95e37
[INFO] [stderr]                                  at /rustc/0e09125c6c3c2fd70d7de961bcf0e51575235fad/library/std/src/panic.rs:142:14
[INFO] [stderr]     30:     0x55c4ef7f71e1 - std::rt::lang_start_internal::{{closure}}::h8086711f9c783f78
[INFO] [stderr]                                  at /rustc/0e09125c6c3c2fd70d7de961bcf0e51575235fad/library/std/src/rt.rs:148:48
[INFO] [stderr]     31:     0x55c4ef7f71e1 - std::panicking::try::do_call::hf920d4dc291cd6ca
[INFO] [stderr]                                  at /rustc/0e09125c6c3c2fd70d7de961bcf0e51575235fad/library/std/src/panicking.rs:552:40
[INFO] [stderr]     32:     0x55c4ef7f71e1 - std::panicking::try::h2b806ccc0a85db74
[INFO] [stderr]                                  at /rustc/0e09125c6c3c2fd70d7de961bcf0e51575235fad/library/std/src/panicking.rs:516:19
[INFO] [stderr]     33:     0x55c4ef7f71e1 - std::panic::catch_unwind::h038489539c507df2
[INFO] [stderr]                                  at /rustc/0e09125c6c3c2fd70d7de961bcf0e51575235fad/library/std/src/panic.rs:142:14
[INFO] [stderr]     34:     0x55c4ef7f71e1 - std::rt::lang_start_internal::h28503b88912e8a5c
[INFO] [stderr]                                  at /rustc/0e09125c6c3c2fd70d7de961bcf0e51575235fad/library/std/src/rt.rs:148:20
[INFO] [stderr]     35:     0x55c4ef784d47 - std::rt::lang_start::h0a00c3214b422f09
[INFO] [stderr]     36:     0x55c4ef7842c5 - main
[INFO] [stderr]     37:     0x7f8b6bfc4d90 - <unknown>
[INFO] [stderr]     38:     0x7f8b6bfc4e40 - __libc_start_main
[INFO] [stderr]     39:     0x55c4ef77cea5 - _start
[INFO] [stderr]     40:                0x0 - <unknown>
[INFO] [stderr] warning: build failed, waiting for other jobs to finish...
[INFO] [stdout] error[E0793]: reference to packed field is unaligned
[INFO] [stdout]    --> /opt/rustwide/cargo-home/registry/src/index.crates.io-6f17d22bba15001f/tendril-0.3.1/src/tendril.rs:217:16
[INFO] [stdout]     |
[INFO] [stdout] 217 |             if self.ptr.get().get() > MAX_INLINE_TAG {
[INFO] [stdout]     |                ^^^^^^^^
[INFO] [stdout]     |
[INFO] [stdout]     = note: packed structs are only aligned by one byte, and many modern architectures penalize unaligned field accesses
[INFO] [stdout]     = note: creating a misaligned reference is undefined behavior (even if that reference is never dereferenced)
[INFO] [stdout]     = help: copy the field contents to a local variable, or replace the reference with a raw pointer and use `read_unaligned`/`write_unaligned` (loads and stores via `*p` must be properly aligned even when using raw pointers)
[INFO] [stdout] 
[INFO] [stdout] 
[INFO] [stdout] error[E0793]: reference to packed field is unaligned
[INFO] [stdout]    --> /opt/rustwide/cargo-home/registry/src/index.crates.io-6f17d22bba15001f/tendril-0.3.1/src/tendril.rs:234:21
[INFO] [stdout]     |
[INFO] [stdout] 234 |             let p = self.ptr.get().get();
[INFO] [stdout]     |                     ^^^^^^^^
[INFO] [stdout]     |
[INFO] [stdout]     = note: packed structs are only aligned by one byte, and many modern architectures penalize unaligned field accesses
[INFO] [stdout]     = note: creating a misaligned reference is undefined behavior (even if that reference is never dereferenced)
[INFO] [stdout]     = help: copy the field contents to a local variable, or replace the reference with a raw pointer and use `read_unaligned`/`write_unaligned` (loads and stores via `*p` must be properly aligned even when using raw pointers)
[INFO] [stdout] 
[INFO] [stdout] 
[INFO] [stdout] error[E0793]: reference to packed field is unaligned
[INFO] [stdout]    --> /opt/rustwide/cargo-home/registry/src/index.crates.io-6f17d22bba15001f/tendril-0.3.1/src/tendril.rs:242:20
[INFO] [stdout]     |
[INFO] [stdout] 242 |                 if (*header).refcount.decrement() == 1 {
[INFO] [stdout]     |                    ^^^^^^^^^^^^^^^^^^
[INFO] [stdout]     |
[INFO] [stdout]     = note: packed structs are only aligned by one byte, and many modern architectures penalize unaligned field accesses
[INFO] [stdout]     = note: creating a misaligned reference is undefined behavior (even if that reference is never dereferenced)
[INFO] [stdout]     = help: copy the field contents to a local variable, or replace the reference with a raw pointer and use `read_unaligned`/`write_unaligned` (loads and stores via `*p` must be properly aligned even when using raw pointers)
[INFO] [stdout] 
[INFO] [stdout] 
[INFO] [stdout] error[E0793]: reference to packed field is unaligned
[INFO] [stdout]    --> /opt/rustwide/cargo-home/registry/src/index.crates.io-6f17d22bba15001f/tendril-0.3.1/src/tendril.rs:486:26
[INFO] [stdout]     |
[INFO] [stdout] 486 |         let kind = match self.ptr.get().get() {
[INFO] [stdout]     |                          ^^^^^^^^
[INFO] [stdout]     |
[INFO] [stdout]     = note: packed structs are only aligned by one byte, and many modern architectures penalize unaligned field accesses
[INFO] [stdout]     = note: creating a misaligned reference is undefined behavior (even if that reference is never dereferenced)
[INFO] [stdout]     = help: copy the field contents to a local variable, or replace the reference with a raw pointer and use `read_unaligned`/`write_unaligned` (loads and stores via `*p` must be properly aligned even when using raw pointers)
[INFO] [stdout] 
[INFO] [stdout] 
[INFO] [stdout] error[E0793]: reference to packed field is unaligned
[INFO] [stdout]    --> /opt/rustwide/cargo-home/registry/src/index.crates.io-6f17d22bba15001f/tendril-0.3.1/src/tendril.rs:562:15
[INFO] [stdout]     |
[INFO] [stdout] 562 |         match self.ptr.get().get() {
[INFO] [stdout]     |               ^^^^^^^^
[INFO] [stdout]     |
[INFO] [stdout]     = note: packed structs are only aligned by one byte, and many modern architectures penalize unaligned field accesses
[INFO] [stdout]     = note: creating a misaligned reference is undefined behavior (even if that reference is never dereferenced)
[INFO] [stdout]     = help: copy the field contents to a local variable, or replace the reference with a raw pointer and use `read_unaligned`/`write_unaligned` (loads and stores via `*p` must be properly aligned even when using raw pointers)
[INFO] [stdout] 
[INFO] [stdout] 
[INFO] [stdout] error[E0793]: reference to packed field is unaligned
[INFO] [stdout]    --> /opt/rustwide/cargo-home/registry/src/index.crates.io-6f17d22bba15001f/tendril-0.3.1/src/tendril.rs:572:17
[INFO] [stdout]     |
[INFO] [stdout] 572 |         let n = self.ptr.get().get();
[INFO] [stdout]     |                 ^^^^^^^^
[INFO] [stdout]     |
[INFO] [stdout]     = note: packed structs are only aligned by one byte, and many modern architectures penalize unaligned field accesses
[INFO] [stdout]     = note: creating a misaligned reference is undefined behavior (even if that reference is never dereferenced)
[INFO] [stdout]     = help: copy the field contents to a local variable, or replace the reference with a raw pointer and use `read_unaligned`/`write_unaligned` (loads and stores via `*p` must be properly aligned even when using raw pointers)
[INFO] [stdout] 
[INFO] [stdout] 
[INFO] [stdout] error[E0793]: reference to packed field is unaligned
[INFO] [stdout]    --> /opt/rustwide/cargo-home/registry/src/index.crates.io-6f17d22bba15001f/tendril-0.3.1/src/tendril.rs:580:17
[INFO] [stdout]     |
[INFO] [stdout] 580 |         let n = self.ptr.get().get();
[INFO] [stdout]     |                 ^^^^^^^^
[INFO] [stdout]     |
[INFO] [stdout]     = note: packed structs are only aligned by one byte, and many modern architectures penalize unaligned field accesses
[INFO] [stdout]     = note: creating a misaligned reference is undefined behavior (even if that reference is never dereferenced)
[INFO] [stdout]     = help: copy the field contents to a local variable, or replace the reference with a raw pointer and use `read_unaligned`/`write_unaligned` (loads and stores via `*p` must be properly aligned even when using raw pointers)
[INFO] [stdout] 
[INFO] [stdout] 
[INFO] [stdout] error[E0793]: reference to packed field is unaligned
[INFO] [stdout]    --> /opt/rustwide/cargo-home/registry/src/index.crates.io-6f17d22bba15001f/tendril-0.3.1/src/tendril.rs:582:39
[INFO] [stdout]     |
[INFO] [stdout] 582 |         (n > MAX_INLINE_TAG) && (n == other.ptr.get().get())
[INFO] [stdout]     |                                       ^^^^^^^^^
[INFO] [stdout]     |
[INFO] [stdout]     = note: packed structs are only aligned by one byte, and many modern architectures penalize unaligned field accesses
[INFO] [stdout]     = note: creating a misaligned reference is undefined behavior (even if that reference is never dereferenced)
[INFO] [stdout]     = help: copy the field contents to a local variable, or replace the reference with a raw pointer and use `read_unaligned`/`write_unaligned` (loads and stores via `*p` must be properly aligned even when using raw pointers)
[INFO] [stdout] 
[INFO] [stdout] 
[INFO] [stdout] error[E0793]: reference to packed field is unaligned
[INFO] [stdout]    --> /opt/rustwide/cargo-home/registry/src/index.crates.io-6f17d22bba15001f/tendril-0.3.1/src/tendril.rs:588:12
[INFO] [stdout]     |
[INFO] [stdout] 588 |         if self.ptr.get().get() <= MAX_INLINE_TAG {
[INFO] [stdout]     |            ^^^^^^^^
[INFO] [stdout]     |
[INFO] [stdout]     = note: packed structs are only aligned by one byte, and many modern architectures penalize unaligned field accesses
[INFO] [stdout]     = note: creating a misaligned reference is undefined behavior (even if that reference is never dereferenced)
[INFO] [stdout]     = help: copy the field contents to a local variable, or replace the reference with a raw pointer and use `read_unaligned`/`write_unaligned` (loads and stores via `*p` must be properly aligned even when using raw pointers)
[INFO] [stdout] 
[INFO] [stdout] 
[INFO] [stdout] error[E0793]: reference to packed field is unaligned
[INFO] [stdout]    --> /opt/rustwide/cargo-home/registry/src/index.crates.io-6f17d22bba15001f/tendril-0.3.1/src/tendril.rs:589:13
[INFO] [stdout]     |
[INFO] [stdout] 589 |             self.ptr.set(unsafe { NonZeroUsize::new(EMPTY_TAG) });
[INFO] [stdout]     |             ^^^^^^^^
[INFO] [stdout]     |
[INFO] [stdout]     = note: packed structs are only aligned by one byte, and many modern architectures penalize unaligned field accesses
[INFO] [stdout]     = note: creating a misaligned reference is undefined behavior (even if that reference is never dereferenced)
[INFO] [stdout]     = help: copy the field contents to a local variable, or replace the reference with a raw pointer and use `read_unaligned`/`write_unaligned` (loads and stores via `*p` must be properly aligned even when using raw pointers)
[INFO] [stdout] 
[INFO] [stdout] 
[INFO] [stdout] error[E0793]: reference to packed field is unaligned
[INFO] [stdout]    --> /opt/rustwide/cargo-home/registry/src/index.crates.io-6f17d22bba15001f/tendril-0.3.1/src/tendril.rs:723:17
[INFO] [stdout]     |
[INFO] [stdout] 723 |             if (self.ptr.get().get() > MAX_INLINE_TAG) && (other.ptr.get().get() > MAX_INLINE_TAG) {
[INFO] [stdout]     |                 ^^^^^^^^
[INFO] [stdout]     |
[INFO] [stdout]     = note: packed structs are only aligned by one byte, and many modern architectures penalize unaligned field accesses
[INFO] [stdout]     = note: creating a misaligned reference is undefined behavior (even if that reference is never dereferenced)
[INFO] [stdout]     = help: copy the field contents to a local variable, or replace the reference with a raw pointer and use `read_unaligned`/`write_unaligned` (loads and stores via `*p` must be properly aligned even when using raw pointers)
[INFO] [stdout] 
[INFO] [stdout] 
[INFO] [stdout] error[E0793]: reference to packed field is unaligned
[INFO] [stdout]    --> /opt/rustwide/cargo-home/registry/src/index.crates.io-6f17d22bba15001f/tendril-0.3.1/src/tendril.rs:723:60
[INFO] [stdout]     |
[INFO] [stdout] 723 |             if (self.ptr.get().get() > MAX_INLINE_TAG) && (other.ptr.get().get() > MAX_INLINE_TAG) {
[INFO] [stdout]     |                                                            ^^^^^^^^^
[INFO] [stdout]     |
[INFO] [stdout]     = note: packed structs are only aligned by one byte, and many modern architectures penalize unaligned field accesses
[INFO] [stdout]     = note: creating a misaligned reference is undefined behavior (even if that reference is never dereferenced)
[INFO] [stdout]     = help: copy the field contents to a local variable, or replace the reference with a raw pointer and use `read_unaligned`/`write_unaligned` (loads and stores via `*p` must be properly aligned even when using raw pointers)
[INFO] [stdout] 
[INFO] [stdout] 
[INFO] [stdout] error[E0793]: reference to packed field is unaligned
[INFO] [stdout]    --> /opt/rustwide/cargo-home/registry/src/index.crates.io-6f17d22bba15001f/tendril-0.3.1/src/tendril.rs:729:25
[INFO] [stdout]     |
[INFO] [stdout] 729 |                     && (other.aux.get() == self.aux.get() + self.len)
[INFO] [stdout]     |                         ^^^^^^^^^
[INFO] [stdout]     |
[INFO] [stdout]     = note: packed structs are only aligned by one byte, and many modern architectures penalize unaligned field accesses
[INFO] [stdout]     = note: creating a misaligned reference is undefined behavior (even if that reference is never dereferenced)
[INFO] [stdout]     = help: copy the field contents to a local variable, or replace the reference with a raw pointer and use `read_unaligned`/`write_unaligned` (loads and stores via `*p` must be properly aligned even when using raw pointers)
[INFO] [stdout] 
[INFO] [stdout] 
[INFO] [stdout] error[E0793]: reference to packed field is unaligned
[INFO] [stdout]    --> /opt/rustwide/cargo-home/registry/src/index.crates.io-6f17d22bba15001f/tendril-0.3.1/src/tendril.rs:729:44
[INFO] [stdout]     |
[INFO] [stdout] 729 |                     && (other.aux.get() == self.aux.get() + self.len)
[INFO] [stdout]     |                                            ^^^^^^^^
[INFO] [stdout]     |
[INFO] [stdout]     = note: packed structs are only aligned by one byte, and many modern architectures penalize unaligned field accesses
[INFO] [stdout]     = note: creating a misaligned reference is undefined behavior (even if that reference is never dereferenced)
[INFO] [stdout]     = help: copy the field contents to a local variable, or replace the reference with a raw pointer and use `read_unaligned`/`write_unaligned` (loads and stores via `*p` must be properly aligned even when using raw pointers)
[INFO] [stdout] 
[INFO] [stdout] 
[INFO] [stdout] error[E0793]: reference to packed field is unaligned
[INFO] [stdout]    --> /opt/rustwide/cargo-home/registry/src/index.crates.io-6f17d22bba15001f/tendril-0.3.1/src/tendril.rs:922:34
[INFO] [stdout]     |
[INFO] [stdout] 922 |             Tendril::shared(buf, self.aux.get() + offset, length)
[INFO] [stdout]     |                                  ^^^^^^^^
[INFO] [stdout]     |
[INFO] [stdout]     = note: packed structs are only aligned by one byte, and many modern architectures penalize unaligned field accesses
[INFO] [stdout]     = note: creating a misaligned reference is undefined behavior (even if that reference is never dereferenced)
[INFO] [stdout]     = help: copy the field contents to a local variable, or replace the reference with a raw pointer and use `read_unaligned`/`write_unaligned` (loads and stores via `*p` must be properly aligned even when using raw pointers)
[INFO] [stdout] 
[INFO] [stdout] 
[INFO] [stdout] error[E0793]: reference to packed field is unaligned
[INFO] [stdout]    --> /opt/rustwide/cargo-home/registry/src/index.crates.io-6f17d22bba15001f/tendril-0.3.1/src/tendril.rs:937:13
[INFO] [stdout]     |
[INFO] [stdout] 937 |             self.aux.set(self.aux.get() + n);
[INFO] [stdout]     |             ^^^^^^^^
[INFO] [stdout]     |
[INFO] [stdout]     = note: packed structs are only aligned by one byte, and many modern architectures penalize unaligned field accesses
[INFO] [stdout]     = note: creating a misaligned reference is undefined behavior (even if that reference is never dereferenced)
[INFO] [stdout]     = help: copy the field contents to a local variable, or replace the reference with a raw pointer and use `read_unaligned`/`write_unaligned` (loads and stores via `*p` must be properly aligned even when using raw pointers)
[INFO] [stdout] 
[INFO] [stdout] 
[INFO] [stdout] error[E0793]: reference to packed field is unaligned
[INFO] [stdout]    --> /opt/rustwide/cargo-home/registry/src/index.crates.io-6f17d22bba15001f/tendril-0.3.1/src/tendril.rs:937:26
[INFO] [stdout]     |
[INFO] [stdout] 937 |             self.aux.set(self.aux.get() + n);
[INFO] [stdout]     |                          ^^^^^^^^
[INFO] [stdout]     |
[INFO] [stdout]     = note: packed structs are only aligned by one byte, and many modern architectures penalize unaligned field accesses
[INFO] [stdout]     = note: creating a misaligned reference is undefined behavior (even if that reference is never dereferenced)
[INFO] [stdout]     = help: copy the field contents to a local variable, or replace the reference with a raw pointer and use `read_unaligned`/`write_unaligned` (loads and stores via `*p` must be properly aligned even when using raw pointers)
[INFO] [stdout] 
[INFO] [stdout] 
[INFO] [stdout] error[E0793]: reference to packed field is unaligned
[INFO] [stdout]    --> /opt/rustwide/cargo-home/registry/src/index.crates.io-6f17d22bba15001f/tendril-0.3.1/src/tendril.rs:959:9
[INFO] [stdout]     |
[INFO] [stdout] 959 |         (*self.header()).refcount.increment();
[INFO] [stdout]     |         ^^^^^^^^^^^^^^^^^^^^^^^^^
[INFO] [stdout]     |
[INFO] [stdout]     = note: packed structs are only aligned by one byte, and many modern architectures penalize unaligned field accesses
[INFO] [stdout]     = note: creating a misaligned reference is undefined behavior (even if that reference is never dereferenced)
[INFO] [stdout]     = help: copy the field contents to a local variable, or replace the reference with a raw pointer and use `read_unaligned`/`write_unaligned` (loads and stores via `*p` must be properly aligned even when using raw pointers)
[INFO] [stdout] 
[INFO] [stdout] 
[INFO] [stdout] error[E0793]: reference to packed field is unaligned
[INFO] [stdout]    --> /opt/rustwide/cargo-home/registry/src/index.crates.io-6f17d22bba15001f/tendril-0.3.1/src/tendril.rs:964:17
[INFO] [stdout]     |
[INFO] [stdout] 964 |         let p = self.ptr.get().get();
[INFO] [stdout]     |                 ^^^^^^^^
[INFO] [stdout]     |
[INFO] [stdout]     = note: packed structs are only aligned by one byte, and many modern architectures penalize unaligned field accesses
[INFO] [stdout]     = note: creating a misaligned reference is undefined behavior (even if that reference is never dereferenced)
[INFO] [stdout]     = help: copy the field contents to a local variable, or replace the reference with a raw pointer and use `read_unaligned`/`write_unaligned` (loads and stores via `*p` must be properly aligned even when using raw pointers)
[INFO] [stdout] 
[INFO] [stdout] 
[INFO] [stdout] error[E0793]: reference to packed field is unaligned
[INFO] [stdout]    --> /opt/rustwide/cargo-home/registry/src/index.crates.io-6f17d22bba15001f/tendril-0.3.1/src/tendril.rs:967:29
[INFO] [stdout]     |
[INFO] [stdout] 967 |             (*header).cap = self.aux.get();
[INFO] [stdout]     |                             ^^^^^^^^
[INFO] [stdout]     |
[INFO] [stdout]     = note: packed structs are only aligned by one byte, and many modern architectures penalize unaligned field accesses
[INFO] [stdout]     = note: creating a misaligned reference is undefined behavior (even if that reference is never dereferenced)
[INFO] [stdout]     = help: copy the field contents to a local variable, or replace the reference with a raw pointer and use `read_unaligned`/`write_unaligned` (loads and stores via `*p` must be properly aligned even when using raw pointers)
[INFO] [stdout] 
[INFO] [stdout] 
[INFO] [stdout] error[E0793]: reference to packed field is unaligned
[INFO] [stdout]    --> /opt/rustwide/cargo-home/registry/src/index.crates.io-6f17d22bba15001f/tendril-0.3.1/src/tendril.rs:969:13
[INFO] [stdout]     |
[INFO] [stdout] 969 |             self.ptr.set(NonZeroUsize::new(p | 1));
[INFO] [stdout]     |             ^^^^^^^^
[INFO] [stdout]     |
[INFO] [stdout]     = note: packed structs are only aligned by one byte, and many modern architectures penalize unaligned field accesses
[INFO] [stdout]     = note: creating a misaligned reference is undefined behavior (even if that reference is never dereferenced)
[INFO] [stdout]     = help: copy the field contents to a local variable, or replace the reference with a raw pointer and use `read_unaligned`/`write_unaligned` (loads and stores via `*p` must be properly aligned even when using raw pointers)
[INFO] [stdout] 
[INFO] [stdout] 
[INFO] [stdout] error[E0793]: reference to packed field is unaligned
[INFO] [stdout]    --> /opt/rustwide/cargo-home/registry/src/index.crates.io-6f17d22bba15001f/tendril-0.3.1/src/tendril.rs:970:13
[INFO] [stdout]     |
[INFO] [stdout] 970 |             self.aux.set(0);
[INFO] [stdout]     |             ^^^^^^^^
[INFO] [stdout]     |
[INFO] [stdout]     = note: packed structs are only aligned by one byte, and many modern architectures penalize unaligned field accesses
[INFO] [stdout]     = note: creating a misaligned reference is undefined behavior (even if that reference is never dereferenced)
[INFO] [stdout]     = help: copy the field contents to a local variable, or replace the reference with a raw pointer and use `read_unaligned`/`write_unaligned` (loads and stores via `*p` must be properly aligned even when using raw pointers)
[INFO] [stdout] 
[INFO] [stdout] 
[INFO] [stdout] error[E0793]: reference to packed field is unaligned
[INFO] [stdout]    --> /opt/rustwide/cargo-home/registry/src/index.crates.io-6f17d22bba15001f/tendril-0.3.1/src/tendril.rs:980:23
[INFO] [stdout]     |
[INFO] [stdout] 980 |             let ptr = self.ptr.get().get();
[INFO] [stdout]     |                       ^^^^^^^^
[INFO] [stdout]     |
[INFO] [stdout]     = note: packed structs are only aligned by one byte, and many modern architectures penalize unaligned field accesses
[INFO] [stdout]     = note: creating a misaligned reference is undefined behavior (even if that reference is never dereferenced)
[INFO] [stdout]     = help: copy the field contents to a local variable, or replace the reference with a raw pointer and use `read_unaligned`/`write_unaligned` (loads and stores via `*p` must be properly aligned even when using raw pointers)
[INFO] [stdout] 
[INFO] [stdout] 
[INFO] [stdout] error[E0793]: reference to packed field is unaligned
[INFO] [stdout]    --> /opt/rustwide/cargo-home/registry/src/index.crates.io-6f17d22bba15001f/tendril-0.3.1/src/tendril.rs:992:9
[INFO] [stdout]     |
[INFO] [stdout] 992 |         self.ptr.set(NonZeroUsize::new(buf.ptr as usize));
[INFO] [stdout]     |         ^^^^^^^^
[INFO] [stdout]     |
[INFO] [stdout]     = note: packed structs are only aligned by one byte, and many modern architectures penalize unaligned field accesses
[INFO] [stdout]     = note: creating a misaligned reference is undefined behavior (even if that reference is never dereferenced)
[INFO] [stdout]     = help: copy the field contents to a local variable, or replace the reference with a raw pointer and use `read_unaligned`/`write_unaligned` (loads and stores via `*p` must be properly aligned even when using raw pointers)
[INFO] [stdout] 
[INFO] [stdout] 
[INFO] [stdout] error[E0793]: reference to packed field is unaligned
[INFO] [stdout]    --> /opt/rustwide/cargo-home/registry/src/index.crates.io-6f17d22bba15001f/tendril-0.3.1/src/tendril.rs:993:9
[INFO] [stdout]     |
[INFO] [stdout] 993 |         self.aux.set(buf.cap);
[INFO] [stdout]     |         ^^^^^^^^
[INFO] [stdout]     |
[INFO] [stdout]     = note: packed structs are only aligned by one byte, and many modern architectures penalize unaligned field accesses
[INFO] [stdout]     = note: creating a misaligned reference is undefined behavior (even if that reference is never dereferenced)
[INFO] [stdout]     = help: copy the field contents to a local variable, or replace the reference with a raw pointer and use `read_unaligned`/`write_unaligned` (loads and stores via `*p` must be properly aligned even when using raw pointers)
[INFO] [stdout] 
[INFO] [stdout] 
[INFO] [stdout] error[E0793]: reference to packed field is unaligned
[INFO] [stdout]    --> /opt/rustwide/cargo-home/registry/src/index.crates.io-6f17d22bba15001f/tendril-0.3.1/src/tendril.rs:998:10
[INFO] [stdout]     |
[INFO] [stdout] 998 |         (self.ptr.get().get() & !1) as *mut Header<A>
[INFO] [stdout]     |          ^^^^^^^^
[INFO] [stdout]     |
[INFO] [stdout]     = note: packed structs are only aligned by one byte, and many modern architectures penalize unaligned field accesses
[INFO] [stdout]     = note: creating a misaligned reference is undefined behavior (even if that reference is never dereferenced)
[INFO] [stdout]     = help: copy the field contents to a local variable, or replace the reference with a raw pointer and use `read_unaligned`/`write_unaligned` (loads and stores via `*p` must be properly aligned even when using raw pointers)
[INFO] [stdout] 
[INFO] [stdout] 
[INFO] [stdout] error[E0793]: reference to packed field is unaligned
[INFO] [stdout]     --> /opt/rustwide/cargo-home/registry/src/index.crates.io-6f17d22bba15001f/tendril-0.3.1/src/tendril.rs:1003:19
[INFO] [stdout]      |
[INFO] [stdout] 1003 |         let ptr = self.ptr.get().get();
[INFO] [stdout]      |                   ^^^^^^^^
[INFO] [stdout]      |
[INFO] [stdout]      = note: packed structs are only aligned by one byte, and many modern architectures penalize unaligned field accesses
[INFO] [stdout]      = note: creating a misaligned reference is undefined behavior (even if that reference is never dereferenced)
[INFO] [stdout]      = help: copy the field contents to a local variable, or replace the reference with a raw pointer and use `read_unaligned`/`write_unaligned` (loads and stores via `*p` must be properly aligned even when using raw pointers)
[INFO] [stdout] 
[INFO] [stdout] 
[INFO] [stdout] error[E0793]: reference to packed field is unaligned
[INFO] [stdout]     --> /opt/rustwide/cargo-home/registry/src/index.crates.io-6f17d22bba15001f/tendril-0.3.1/src/tendril.rs:1008:23
[INFO] [stdout]      |
[INFO] [stdout] 1008 |             false => (self.aux.get(), 0),
[INFO] [stdout]      |                       ^^^^^^^^
[INFO] [stdout]      |
[INFO] [stdout]      = note: packed structs are only aligned by one byte, and many modern architectures penalize unaligned field accesses
[INFO] [stdout]      = note: creating a misaligned reference is undefined behavior (even if that reference is never dereferenced)
[INFO] [stdout]      = help: copy the field contents to a local variable, or replace the reference with a raw pointer and use `read_unaligned`/`write_unaligned` (loads and stores via `*p` must be properly aligned even when using raw pointers)
[INFO] [stdout] 
[INFO] [stdout] 
[INFO] [stdout] error[E0793]: reference to packed field is unaligned
[INFO] [stdout]     --> /opt/rustwide/cargo-home/registry/src/index.crates.io-6f17d22bba15001f/tendril-0.3.1/src/tendril.rs:1007:37
[INFO] [stdout]      |
[INFO] [stdout] 1007 |             true => ((*header).cap, self.aux.get()),
[INFO] [stdout]      |                                     ^^^^^^^^
[INFO] [stdout]      |
[INFO] [stdout]      = note: packed structs are only aligned by one byte, and many modern architectures penalize unaligned field accesses
[INFO] [stdout]      = note: creating a misaligned reference is undefined behavior (even if that reference is never dereferenced)
[INFO] [stdout]      = help: copy the field contents to a local variable, or replace the reference with a raw pointer and use `read_unaligned`/`write_unaligned` (loads and stores via `*p` must be properly aligned even when using raw pointers)
[INFO] [stdout] 
[INFO] [stdout] 
[INFO] [stdout] error[E0793]: reference to packed field is unaligned
[INFO] [stdout]     --> /opt/rustwide/cargo-home/registry/src/index.crates.io-6f17d22bba15001f/tendril-0.3.1/src/tendril.rs:1028:46
[INFO] [stdout]      |
[INFO] [stdout] 1028 |         ptr::copy_nonoverlapping(x.as_ptr(), &mut t.len as *mut u32 as *mut u8, len);
[INFO] [stdout]      |                                              ^^^^^^^^^^
[INFO] [stdout]      |
[INFO] [stdout]      = note: packed structs are only aligned by one byte, and many modern architectures penalize unaligned field accesses
[INFO] [stdout]      = note: creating a misaligned reference is undefined behavior (even if that reference is never dereferenced)
[INFO] [stdout]      = help: copy the field contents to a local variable, or replace the reference with a raw pointer and use `read_unaligned`/`write_unaligned` (loads and stores via `*p` must be properly aligned even when using raw pointers)
[INFO] [stdout] 
[INFO] [stdout] 
[INFO] [stdout] error[E0793]: reference to packed field is unaligned
[INFO] [stdout]     --> /opt/rustwide/cargo-home/registry/src/index.crates.io-6f17d22bba15001f/tendril-0.3.1/src/tendril.rs:1066:19
[INFO] [stdout]      |
[INFO] [stdout] 1066 |             match self.ptr.get().get() {
[INFO] [stdout]      |                   ^^^^^^^^
[INFO] [stdout]      |
[INFO] [stdout]      = note: packed structs are only aligned by one byte, and many modern architectures penalize unaligned field accesses
[INFO] [stdout]      = note: creating a misaligned reference is undefined behavior (even if that reference is never dereferenced)
[INFO] [stdout]      = help: copy the field contents to a local variable, or replace the reference with a raw pointer and use `read_unaligned`/`write_unaligned` (loads and stores via `*p` must be properly aligned even when using raw pointers)
[INFO] [stdout] 
[INFO] [stdout] 
[INFO] [stdout] error[E0793]: reference to packed field is unaligned
[INFO] [stdout]     --> /opt/rustwide/cargo-home/registry/src/index.crates.io-6f17d22bba15001f/tendril-0.3.1/src/tendril.rs:1069:43
[INFO] [stdout]      |
[INFO] [stdout] 1069 |                     slice::from_raw_parts(&self.len as *const u32 as *const u8, n)
[INFO] [stdout]      |                                           ^^^^^^^^^
[INFO] [stdout]      |
[INFO] [stdout]      = note: packed structs are only aligned by one byte, and many modern architectures penalize unaligned field accesses
[INFO] [stdout]      = note: creating a misaligned reference is undefined behavior (even if that reference is never dereferenced)
[INFO] [stdout]      = help: copy the field contents to a local variable, or replace the reference with a raw pointer and use `read_unaligned`/`write_unaligned` (loads and stores via `*p` must be properly aligned even when using raw pointers)
[INFO] [stdout] 
[INFO] [stdout] 
[INFO] [stdout] error[E0793]: reference to packed field is unaligned
[INFO] [stdout]     --> /opt/rustwide/cargo-home/registry/src/index.crates.io-6f17d22bba15001f/tendril-0.3.1/src/tendril.rs:1085:19
[INFO] [stdout]      |
[INFO] [stdout] 1085 |             match self.ptr.get().get() {
[INFO] [stdout]      |                   ^^^^^^^^
[INFO] [stdout]      |
[INFO] [stdout]      = note: packed structs are only aligned by one byte, and many modern architectures penalize unaligned field accesses
[INFO] [stdout]      = note: creating a misaligned reference is undefined behavior (even if that reference is never dereferenced)
[INFO] [stdout]      = help: copy the field contents to a local variable, or replace the reference with a raw pointer and use `read_unaligned`/`write_unaligned` (loads and stores via `*p` must be properly aligned even when using raw pointers)
[INFO] [stdout] 
[INFO] [stdout] 
[INFO] [stdout] error[E0793]: reference to packed field is unaligned
[INFO] [stdout]     --> /opt/rustwide/cargo-home/registry/src/index.crates.io-6f17d22bba15001f/tendril-0.3.1/src/tendril.rs:1088:47
[INFO] [stdout]      |
[INFO] [stdout] 1088 |                     slice::from_raw_parts_mut(&mut self.len as *mut u32 as *mut u8, n)
[INFO] [stdout]      |                                               ^^^^^^^^^^^^^
[INFO] [stdout]      |
[INFO] [stdout]      = note: packed structs are only aligned by one byte, and many modern architectures penalize unaligned field accesses
[INFO] [stdout]      = note: creating a misaligned reference is undefined behavior (even if that reference is never dereferenced)
[INFO] [stdout]      = help: copy the field contents to a local variable, or replace the reference with a raw pointer and use `read_unaligned`/`write_unaligned` (loads and stores via `*p` must be properly aligned even when using raw pointers)
[INFO] [stdout] 
[INFO] [stdout] 
[INFO] [stdout] error[E0793]: reference to packed field is unaligned
[INFO] [stdout]     --> /opt/rustwide/cargo-home/registry/src/index.crates.io-6f17d22bba15001f/tendril-0.3.1/src/tendril.rs:1385:16
[INFO] [stdout]      |
[INFO] [stdout] 1385 |             && self.ptr.get().get() <= MAX_INLINE_TAG
[INFO] [stdout]      |                ^^^^^^^^
[INFO] [stdout]      |
[INFO] [stdout]      = note: packed structs are only aligned by one byte, and many modern architectures penalize unaligned field accesses
[INFO] [stdout]      = note: creating a misaligned reference is undefined behavior (even if that reference is never dereferenced)
[INFO] [stdout]      = help: copy the field contents to a local variable, or replace the reference with a raw pointer and use `read_unaligned`/`write_unaligned` (loads and stores via `*p` must be properly aligned even when using raw pointers)
[INFO] [stdout] 
[INFO] [stdout] 
[INFO] [stdout] error[E0793]: reference to packed field is unaligned
[INFO] [stdout]     --> /opt/rustwide/cargo-home/registry/src/index.crates.io-6f17d22bba15001f/tendril-0.3.1/src/tendril.rs:1387:13
[INFO] [stdout]      |
[INFO] [stdout] 1387 |             self.ptr.set(inline_tag(new_len))
[INFO] [stdout]      |             ^^^^^^^^
[INFO] [stdout]      |
[INFO] [stdout]      = note: packed structs are only aligned by one byte, and many modern architectures penalize unaligned field accesses
[INFO] [stdout]      = note: creating a misaligned reference is undefined behavior (even if that reference is never dereferenced)
[INFO] [stdout]      = help: copy the field contents to a local variable, or replace the reference with a raw pointer and use `read_unaligned`/`write_unaligned` (loads and stores via `*p` must be properly aligned even when using raw pointers)
[INFO] [stdout] 
[INFO] [stdout] 
[INFO] [stdout] error: aborting due to 36 previous errors
[INFO] [stdout] 
[INFO] [stdout] 
[INFO] [stdout] For more information about this error, try `rustc --explain E0793`.
[INFO] [stdout] 
[INFO] [stderr] error: could not compile `tendril` (lib) due to 37 previous errors
[INFO] [stdout] error: aborting due to 1 previous error
[INFO] [stdout] 
[INFO] [stdout] 
[INFO] [stdout] For more information about this error, try `rustc --explain E0310`.
[INFO] [stdout] 
[INFO] [stderr] error: could not compile `rustc-serialize` (lib) due to 2 previous errors
[INFO] running `Command { std: "docker" "inspect" "a4b903ac8b4bcf20f94bc6bb24e3602c655144149aaa345c31e495ad86a04558", kill_on_drop: false }`
[INFO] running `Command { std: "docker" "rm" "-f" "a4b903ac8b4bcf20f94bc6bb24e3602c655144149aaa345c31e495ad86a04558", kill_on_drop: false }`
[INFO] [stdout] a4b903ac8b4bcf20f94bc6bb24e3602c655144149aaa345c31e495ad86a04558
