[INFO] cloning repository https://github.com/TheNeikos/simple_rgb
[INFO] running `Command { std: "git" "-c" "credential.helper=" "-c" "credential.helper=/workspace/cargo-home/bin/git-credential-null" "clone" "--bare" "https://github.com/TheNeikos/simple_rgb" "/workspace/cache/git-repos/https%3A%2F%2Fgithub.com%2FTheNeikos%2Fsimple_rgb", kill_on_drop: false }`
[INFO] [stderr] Cloning into bare repository '/workspace/cache/git-repos/https%3A%2F%2Fgithub.com%2FTheNeikos%2Fsimple_rgb'...
[INFO] running `Command { std: "git" "rev-parse" "HEAD", kill_on_drop: false }`
[INFO] [stdout] c1e7aa1bff2049920229729208d46eab1ea15126
[INFO] documenting TheNeikos/simple_rgb against 1.75.0 for beta-1.76-rustdoc-1
[INFO] running `Command { std: "git" "clone" "/workspace/cache/git-repos/https%3A%2F%2Fgithub.com%2FTheNeikos%2Fsimple_rgb" "/workspace/builds/worker-1-tc1/source", kill_on_drop: false }`
[INFO] [stderr] Cloning into '/workspace/builds/worker-1-tc1/source'...
[INFO] [stderr] done.
[INFO] validating manifest of git repo https://github.com/TheNeikos/simple_rgb on toolchain 1.75.0
[INFO] running `Command { std: CARGO_HOME="/workspace/cargo-home" RUSTUP_HOME="/workspace/rustup-home" "/workspace/cargo-home/bin/cargo" "+1.75.0" "metadata" "--manifest-path" "Cargo.toml" "--no-deps", kill_on_drop: false }`
[INFO] removed /workspace/builds/worker-1-tc1/source/.cargo/config.toml
[INFO] started tweaking git repo https://github.com/TheNeikos/simple_rgb
[INFO] finished tweaking git repo https://github.com/TheNeikos/simple_rgb
[INFO] tweaked toml for git repo https://github.com/TheNeikos/simple_rgb written to /workspace/builds/worker-1-tc1/source/Cargo.toml
[INFO] crate git repo https://github.com/TheNeikos/simple_rgb already has a lockfile, it will not be regenerated
[INFO] running `Command { std: CARGO_HOME="/workspace/cargo-home" RUSTUP_HOME="/workspace/rustup-home" "/workspace/cargo-home/bin/cargo" "+1.75.0" "fetch" "--manifest-path" "Cargo.toml", kill_on_drop: false }`
[INFO] [stderr]     Updating crates.io index
[INFO] [stderr]  Downloading crates ...
[INFO] [stderr]   Downloaded esp-backtrace v0.2.0
[INFO] [stderr]   Downloaded esp-hal-procmacros v0.1.0
[INFO] [stderr]   Downloaded esp-println v0.2.2
[INFO] [stderr]   Downloaded riscv v0.8.0
[INFO] [stderr]   Downloaded riscv-rt-macros v0.2.0
[INFO] [stderr]   Downloaded riscv-rt v0.9.0
[INFO] [stderr]   Downloaded embedded-hal v1.0.0-alpha.8
[INFO] [stderr]   Downloaded r0 v1.0.0
[INFO] [stderr]   Downloaded rgb v0.8.33
[INFO] [stderr]   Downloaded esp32c3 v0.5.0
[INFO] [stderr]   Downloaded critical-section v1.1.0
[INFO] [stderr]   Downloaded riscv-atomic-emulation-trap v0.1.1
[INFO] [stderr]   Downloaded esp32c3-hal v0.1.0
[INFO] [stderr]   Downloaded esp-hal-common v0.1.0
[INFO] running `Command { std: "docker" "create" "-v" "/var/lib/crater-agent-workspace/builds/worker-1-tc1/target:/opt/rustwide/target:rw,Z" "-v" "/var/lib/crater-agent-workspace/builds/worker-1-tc1/source:/opt/rustwide/workdir:ro,Z" "-v" "/var/lib/crater-agent-workspace/cargo-home:/opt/rustwide/cargo-home:ro,Z" "-v" "/var/lib/crater-agent-workspace/rustup-home:/opt/rustwide/rustup-home:ro,Z" "-e" "SOURCE_DIR=/opt/rustwide/workdir" "-e" "CARGO_TARGET_DIR=/opt/rustwide/target" "-e" "CARGO_HOME=/opt/rustwide/cargo-home" "-e" "RUSTUP_HOME=/opt/rustwide/rustup-home" "-w" "/opt/rustwide/workdir" "-m" "1610612736" "--user" "0:0" "--network" "none" "ghcr.io/rust-lang/crates-build-env/linux@sha256:2788e3201cd34a07e3172128adcd8b3090168a8e3bcc40d7c032b9dda1df7d1c" "/opt/rustwide/cargo-home/bin/cargo" "+1.75.0" "metadata" "--no-deps" "--format-version=1", kill_on_drop: false }`
[INFO] [stdout] 079db726bb9d1d072e39218d594785e5b4b73fd27bbf2c3894ed3368b51755bd
[INFO] running `Command { std: "docker" "start" "-a" "079db726bb9d1d072e39218d594785e5b4b73fd27bbf2c3894ed3368b51755bd", kill_on_drop: false }`
[INFO] running `Command { std: "docker" "inspect" "079db726bb9d1d072e39218d594785e5b4b73fd27bbf2c3894ed3368b51755bd", kill_on_drop: false }`
[INFO] running `Command { std: "docker" "rm" "-f" "079db726bb9d1d072e39218d594785e5b4b73fd27bbf2c3894ed3368b51755bd", kill_on_drop: false }`
[INFO] [stdout] 079db726bb9d1d072e39218d594785e5b4b73fd27bbf2c3894ed3368b51755bd
[INFO] running `Command { std: "docker" "create" "-v" "/var/lib/crater-agent-workspace/builds/worker-1-tc1/target:/opt/rustwide/target:rw,Z" "-v" "/var/lib/crater-agent-workspace/builds/worker-1-tc1/source:/opt/rustwide/workdir:ro,Z" "-v" "/var/lib/crater-agent-workspace/cargo-home:/opt/rustwide/cargo-home:ro,Z" "-v" "/var/lib/crater-agent-workspace/rustup-home:/opt/rustwide/rustup-home:ro,Z" "-e" "SOURCE_DIR=/opt/rustwide/workdir" "-e" "CARGO_TARGET_DIR=/opt/rustwide/target" "-e" "CARGO_INCREMENTAL=0" "-e" "RUST_BACKTRACE=full" "-e" "RUSTFLAGS=--cap-lints=warn" "-e" "RUSTDOCFLAGS=--cap-lints=warn" "-e" "CARGO_HOME=/opt/rustwide/cargo-home" "-e" "RUSTUP_HOME=/opt/rustwide/rustup-home" "-w" "/opt/rustwide/workdir" "-m" "1610612736" "--user" "0:0" "--network" "none" "ghcr.io/rust-lang/crates-build-env/linux@sha256:2788e3201cd34a07e3172128adcd8b3090168a8e3bcc40d7c032b9dda1df7d1c" "/opt/rustwide/cargo-home/bin/cargo" "+1.75.0" "doc" "--frozen" "--no-deps" "--document-private-items" "--message-format=json", kill_on_drop: false }`
[INFO] [stdout] e6af6d9c8f10d32328a514b07cd023274cf095eccf365f63f96f4341f0008328
[INFO] running `Command { std: "docker" "start" "-a" "e6af6d9c8f10d32328a514b07cd023274cf095eccf365f63f96f4341f0008328", kill_on_drop: false }`
[INFO] [stderr]    Compiling proc-macro2 v1.0.43
[INFO] [stderr]    Compiling unicode-ident v1.0.3
[INFO] [stderr]    Compiling syn v1.0.99
[INFO] [stderr]    Compiling regex-syntax v0.6.27
[INFO] [stderr]     Checking nb v1.0.0
[INFO] [stderr]     Checking void v1.0.2
[INFO] [stderr]    Compiling riscv v0.8.0
[INFO] [stderr]     Checking bit_field v0.10.1
[INFO] [stderr]     Checking bare-metal v1.0.0
[INFO] [stderr]    Compiling memchr v2.5.0
[INFO] [stderr]     Checking r0 v1.0.0
[INFO] [stderr]     Checking bytemuck v1.12.1
[INFO] [stderr]    Compiling paste v1.0.8
[INFO] [stderr]    Compiling esp32c3 v0.5.0
[INFO] [stderr]    Compiling esp-println v0.2.2
[INFO] [stderr]    Compiling esp-hal-common v0.1.0
[INFO] [stderr]     Checking vcell v0.1.3
[INFO] [stderr]     Checking nb v0.1.3
[INFO] [stderr]     Checking critical-section v1.1.0
[INFO] [stderr]    Compiling esp32c3-hal v0.1.0
[INFO] [stderr]    Compiling esp-backtrace v0.2.0
[INFO] [stderr]     Checking embedded-hal v1.0.0-alpha.8
[INFO] [stderr]     Checking embedded-hal v0.2.7
[INFO] [stderr]     Checking rgb v0.8.33
[INFO] [stderr]     Checking smart-leds-trait v0.2.1
[INFO] [stderr]     Checking smart-leds v0.3.0
[INFO] [stderr]    Compiling aho-corasick v0.7.19
[INFO] [stderr]     Checking gcd v2.1.0
[INFO] [stderr]     Checking fugit v0.3.6
[INFO] [stdout] error[E0583]: file not found for module `arch`
[INFO] [stdout]  --> /opt/rustwide/cargo-home/registry/src/index.crates.io-6f17d22bba15001f/esp-backtrace-0.2.0/src/lib.rs:8:1
[INFO] [stdout]   |
[INFO] [stdout] 8 | pub mod arch;
[INFO] [stdout]   | ^^^^^^^^^^^^^
[INFO] [stdout]   |
[INFO] [stdout]   = help: to create the module `arch`, create file "/opt/rustwide/cargo-home/registry/src/index.crates.io-6f17d22bba15001f/esp-backtrace-0.2.0/src/arch.rs" or "/opt/rustwide/cargo-home/registry/src/index.crates.io-6f17d22bba15001f/esp-backtrace-0.2.0/src/arch/mod.rs"
[INFO] [stdout]   = note: if there is a `mod arch` elsewhere in the crate already, import it with `use crate::...` instead
[INFO] [stdout] 
[INFO] [stdout] 
[INFO] [stdout] error[E0425]: cannot find function `backtrace` in module `crate::arch`
[INFO] [stdout]   --> /opt/rustwide/cargo-home/registry/src/index.crates.io-6f17d22bba15001f/esp-backtrace-0.2.0/src/lib.rs:31:34
[INFO] [stdout]    |
[INFO] [stdout] 31 |     let backtrace = crate::arch::backtrace();
[INFO] [stdout]    |                                  ^^^^^^^^^ not found in `crate::arch`
[INFO] [stdout] 
[INFO] [stdout] 
[INFO] [stdout] error: aborting due to 2 previous errors
[INFO] [stdout] 
[INFO] [stdout] 
[INFO] [stdout] Some errors have detailed explanations: E0425, E0583.
[INFO] [stdout] 
[INFO] [stdout] For more information about an error, try `rustc --explain E0425`.
[INFO] [stdout] 
[INFO] [stderr] error: could not compile `esp-backtrace` (lib) due to 3 previous errors
[INFO] [stderr] warning: build failed, waiting for other jobs to finish...
[INFO] running `Command { std: "docker" "inspect" "e6af6d9c8f10d32328a514b07cd023274cf095eccf365f63f96f4341f0008328", kill_on_drop: false }`
[INFO] running `Command { std: "docker" "rm" "-f" "e6af6d9c8f10d32328a514b07cd023274cf095eccf365f63f96f4341f0008328", kill_on_drop: false }`
[INFO] [stdout] e6af6d9c8f10d32328a514b07cd023274cf095eccf365f63f96f4341f0008328
[INFO] documenting TheNeikos/simple_rgb against beta-2023-12-22 for beta-1.76-rustdoc-1
[INFO] running `Command { std: "git" "clone" "/workspace/cache/git-repos/https%3A%2F%2Fgithub.com%2FTheNeikos%2Fsimple_rgb" "/workspace/builds/worker-1-tc2/source", kill_on_drop: false }`
[INFO] [stderr] Cloning into '/workspace/builds/worker-1-tc2/source'...
[INFO] [stderr] done.
[INFO] validating manifest of git repo https://github.com/TheNeikos/simple_rgb on toolchain beta-2023-12-22
[INFO] running `Command { std: CARGO_HOME="/workspace/cargo-home" RUSTUP_HOME="/workspace/rustup-home" "/workspace/cargo-home/bin/cargo" "+beta-2023-12-22" "metadata" "--manifest-path" "Cargo.toml" "--no-deps", kill_on_drop: false }`
[INFO] removed /workspace/builds/worker-1-tc2/source/.cargo/config.toml
[INFO] started tweaking git repo https://github.com/TheNeikos/simple_rgb
[INFO] finished tweaking git repo https://github.com/TheNeikos/simple_rgb
[INFO] tweaked toml for git repo https://github.com/TheNeikos/simple_rgb written to /workspace/builds/worker-1-tc2/source/Cargo.toml
[INFO] crate git repo https://github.com/TheNeikos/simple_rgb already has a lockfile, it will not be regenerated
[INFO] running `Command { std: CARGO_HOME="/workspace/cargo-home" RUSTUP_HOME="/workspace/rustup-home" "/workspace/cargo-home/bin/cargo" "+beta-2023-12-22" "fetch" "--manifest-path" "Cargo.toml", kill_on_drop: false }`
[INFO] running `Command { std: "docker" "create" "-v" "/var/lib/crater-agent-workspace/builds/worker-1-tc2/target:/opt/rustwide/target:rw,Z" "-v" "/var/lib/crater-agent-workspace/builds/worker-1-tc2/source:/opt/rustwide/workdir:ro,Z" "-v" "/var/lib/crater-agent-workspace/cargo-home:/opt/rustwide/cargo-home:ro,Z" "-v" "/var/lib/crater-agent-workspace/rustup-home:/opt/rustwide/rustup-home:ro,Z" "-e" "SOURCE_DIR=/opt/rustwide/workdir" "-e" "CARGO_TARGET_DIR=/opt/rustwide/target" "-e" "CARGO_HOME=/opt/rustwide/cargo-home" "-e" "RUSTUP_HOME=/opt/rustwide/rustup-home" "-w" "/opt/rustwide/workdir" "-m" "1610612736" "--user" "0:0" "--network" "none" "ghcr.io/rust-lang/crates-build-env/linux@sha256:2788e3201cd34a07e3172128adcd8b3090168a8e3bcc40d7c032b9dda1df7d1c" "/opt/rustwide/cargo-home/bin/cargo" "+beta-2023-12-22" "metadata" "--no-deps" "--format-version=1", kill_on_drop: false }`
[INFO] [stdout] e716408cdf4794446dc7ba0faf4b36cf5420266ee1568c0afa211549c2442455
[INFO] running `Command { std: "docker" "start" "-a" "e716408cdf4794446dc7ba0faf4b36cf5420266ee1568c0afa211549c2442455", kill_on_drop: false }`
[INFO] running `Command { std: "docker" "inspect" "e716408cdf4794446dc7ba0faf4b36cf5420266ee1568c0afa211549c2442455", kill_on_drop: false }`
[INFO] running `Command { std: "docker" "rm" "-f" "e716408cdf4794446dc7ba0faf4b36cf5420266ee1568c0afa211549c2442455", kill_on_drop: false }`
[INFO] [stdout] e716408cdf4794446dc7ba0faf4b36cf5420266ee1568c0afa211549c2442455
[INFO] running `Command { std: "docker" "create" "-v" "/var/lib/crater-agent-workspace/builds/worker-1-tc2/target:/opt/rustwide/target:rw,Z" "-v" "/var/lib/crater-agent-workspace/builds/worker-1-tc2/source:/opt/rustwide/workdir:ro,Z" "-v" "/var/lib/crater-agent-workspace/cargo-home:/opt/rustwide/cargo-home:ro,Z" "-v" "/var/lib/crater-agent-workspace/rustup-home:/opt/rustwide/rustup-home:ro,Z" "-e" "SOURCE_DIR=/opt/rustwide/workdir" "-e" "CARGO_TARGET_DIR=/opt/rustwide/target" "-e" "CARGO_INCREMENTAL=0" "-e" "RUST_BACKTRACE=full" "-e" "RUSTFLAGS=--cap-lints=warn" "-e" "RUSTDOCFLAGS=--cap-lints=warn" "-e" "CARGO_HOME=/opt/rustwide/cargo-home" "-e" "RUSTUP_HOME=/opt/rustwide/rustup-home" "-w" "/opt/rustwide/workdir" "-m" "1610612736" "--user" "0:0" "--network" "none" "ghcr.io/rust-lang/crates-build-env/linux@sha256:2788e3201cd34a07e3172128adcd8b3090168a8e3bcc40d7c032b9dda1df7d1c" "/opt/rustwide/cargo-home/bin/cargo" "+beta-2023-12-22" "doc" "--frozen" "--no-deps" "--document-private-items" "--message-format=json", kill_on_drop: false }`
[INFO] [stdout] 9414030ed326dff72deaff052020cb138c17098c0512e9e237387a0c9326a7fc
[INFO] running `Command { std: "docker" "start" "-a" "9414030ed326dff72deaff052020cb138c17098c0512e9e237387a0c9326a7fc", kill_on_drop: false }`
[INFO] [stderr]    Compiling proc-macro2 v1.0.43
[INFO] [stderr]    Compiling unicode-ident v1.0.3
[INFO] [stderr]    Compiling syn v1.0.99
[INFO] [stderr]    Compiling regex-syntax v0.6.27
[INFO] [stderr]     Checking nb v1.0.0
[INFO] [stderr]    Compiling riscv v0.8.0
[INFO] [stderr]     Checking void v1.0.2
[INFO] [stderr]     Checking bare-metal v1.0.0
[INFO] [stderr]     Checking bit_field v0.10.1
[INFO] [stderr]    Compiling memchr v2.5.0
[INFO] [stderr]     Checking r0 v1.0.0
[INFO] [stderr]     Checking bytemuck v1.12.1
[INFO] [stderr]    Compiling paste v1.0.8
[INFO] [stderr]    Compiling esp32c3 v0.5.0
[INFO] [stderr]    Compiling esp-hal-common v0.1.0
[INFO] [stderr]    Compiling esp-println v0.2.2
[INFO] [stderr]     Checking vcell v0.1.3
[INFO] [stderr]    Compiling esp32c3-hal v0.1.0
[INFO] [stderr]     Checking nb v0.1.3
[INFO] [stderr]    Compiling esp-backtrace v0.2.0
[INFO] [stderr]     Checking critical-section v1.1.0
[INFO] [stderr]     Checking embedded-hal v1.0.0-alpha.8
[INFO] [stderr]     Checking embedded-hal v0.2.7
[INFO] [stderr]     Checking rgb v0.8.33
[INFO] [stderr]     Checking smart-leds-trait v0.2.1
[INFO] [stderr]     Checking smart-leds v0.3.0
[INFO] [stderr]    Compiling aho-corasick v0.7.19
[INFO] [stderr]     Checking gcd v2.1.0
[INFO] [stderr]     Checking fugit v0.3.6
[INFO] [stdout] error[E0583]: file not found for module `arch`
[INFO] [stdout]  --> /opt/rustwide/cargo-home/registry/src/index.crates.io-6f17d22bba15001f/esp-backtrace-0.2.0/src/lib.rs:8:1
[INFO] [stdout]   |
[INFO] [stdout] 8 | pub mod arch;
[INFO] [stdout]   | ^^^^^^^^^^^^^
[INFO] [stdout]   |
[INFO] [stdout]   = help: to create the module `arch`, create file "/opt/rustwide/cargo-home/registry/src/index.crates.io-6f17d22bba15001f/esp-backtrace-0.2.0/src/arch.rs" or "/opt/rustwide/cargo-home/registry/src/index.crates.io-6f17d22bba15001f/esp-backtrace-0.2.0/src/arch/mod.rs"
[INFO] [stdout]   = note: if there is a `mod arch` elsewhere in the crate already, import it with `use crate::...` instead
[INFO] [stdout] 
[INFO] [stdout] 
[INFO] [stdout] error[E0425]: cannot find function `backtrace` in module `crate::arch`
[INFO] [stdout]   --> /opt/rustwide/cargo-home/registry/src/index.crates.io-6f17d22bba15001f/esp-backtrace-0.2.0/src/lib.rs:31:34
[INFO] [stdout]    |
[INFO] [stdout] 31 |     let backtrace = crate::arch::backtrace();
[INFO] [stdout]    |                                  ^^^^^^^^^ not found in `crate::arch`
[INFO] [stdout] 
[INFO] [stdout] 
[INFO] [stdout] error: aborting due to 2 previous errors
[INFO] [stdout] 
[INFO] [stdout] 
[INFO] [stdout] Some errors have detailed explanations: E0425, E0583.
[INFO] [stdout] 
[INFO] [stdout] For more information about an error, try `rustc --explain E0425`.
[INFO] [stdout] 
[INFO] [stderr] error: could not compile `esp-backtrace` (lib) due to 3 previous errors
[INFO] [stderr] warning: build failed, waiting for other jobs to finish...
[INFO] running `Command { std: "docker" "inspect" "9414030ed326dff72deaff052020cb138c17098c0512e9e237387a0c9326a7fc", kill_on_drop: false }`
[INFO] running `Command { std: "docker" "rm" "-f" "9414030ed326dff72deaff052020cb138c17098c0512e9e237387a0c9326a7fc", kill_on_drop: false }`
[INFO] [stdout] 9414030ed326dff72deaff052020cb138c17098c0512e9e237387a0c9326a7fc
