[INFO] cloning repository https://github.com/TheLuckyCoder/zip_password_cracker
[INFO] running `Command { std: "git" "-c" "credential.helper=" "-c" "credential.helper=/workspace/cargo-home/bin/git-credential-null" "clone" "--bare" "https://github.com/TheLuckyCoder/zip_password_cracker" "/workspace/cache/git-repos/https%3A%2F%2Fgithub.com%2FTheLuckyCoder%2Fzip_password_cracker", kill_on_drop: false }`
[INFO] [stderr] Cloning into bare repository '/workspace/cache/git-repos/https%3A%2F%2Fgithub.com%2FTheLuckyCoder%2Fzip_password_cracker'...
[INFO] running `Command { std: "git" "rev-parse" "HEAD", kill_on_drop: false }`
[INFO] [stdout] 9b9107e4388223caf2096388da4e596efa7aafff
[INFO] documenting TheLuckyCoder/zip_password_cracker against 1.75.0 for beta-1.76-rustdoc-1
[INFO] running `Command { std: "git" "clone" "/workspace/cache/git-repos/https%3A%2F%2Fgithub.com%2FTheLuckyCoder%2Fzip_password_cracker" "/workspace/builds/worker-6-tc1/source", kill_on_drop: false }`
[INFO] [stderr] Cloning into '/workspace/builds/worker-6-tc1/source'...
[INFO] [stderr] done.
[INFO] validating manifest of git repo https://github.com/TheLuckyCoder/zip_password_cracker on toolchain 1.75.0
[INFO] running `Command { std: CARGO_HOME="/workspace/cargo-home" RUSTUP_HOME="/workspace/rustup-home" "/workspace/cargo-home/bin/cargo" "+1.75.0" "metadata" "--manifest-path" "Cargo.toml" "--no-deps", kill_on_drop: false }`
[INFO] started tweaking git repo https://github.com/TheLuckyCoder/zip_password_cracker
[INFO] finished tweaking git repo https://github.com/TheLuckyCoder/zip_password_cracker
[INFO] tweaked toml for git repo https://github.com/TheLuckyCoder/zip_password_cracker written to /workspace/builds/worker-6-tc1/source/Cargo.toml
[INFO] crate git repo https://github.com/TheLuckyCoder/zip_password_cracker already has a lockfile, it will not be regenerated
[INFO] running `Command { std: CARGO_HOME="/workspace/cargo-home" RUSTUP_HOME="/workspace/rustup-home" "/workspace/cargo-home/bin/cargo" "+1.75.0" "fetch" "--manifest-path" "Cargo.toml", kill_on_drop: false }`
[INFO] [stderr]     Updating crates.io index
[INFO] [stderr]  Downloading crates ...
[INFO] [stderr]   Downloaded clap_derive v4.0.10
[INFO] [stderr]   Downloaded bruteforce v0.2.1
[INFO] [stderr]   Downloaded clap v4.0.10
[INFO] running `Command { std: "docker" "create" "-v" "/var/lib/crater-agent-workspace/builds/worker-6-tc1/target:/opt/rustwide/target:rw,Z" "-v" "/var/lib/crater-agent-workspace/builds/worker-6-tc1/source:/opt/rustwide/workdir:ro,Z" "-v" "/var/lib/crater-agent-workspace/cargo-home:/opt/rustwide/cargo-home:ro,Z" "-v" "/var/lib/crater-agent-workspace/rustup-home:/opt/rustwide/rustup-home:ro,Z" "-e" "SOURCE_DIR=/opt/rustwide/workdir" "-e" "CARGO_TARGET_DIR=/opt/rustwide/target" "-e" "CARGO_HOME=/opt/rustwide/cargo-home" "-e" "RUSTUP_HOME=/opt/rustwide/rustup-home" "-w" "/opt/rustwide/workdir" "-m" "1610612736" "--user" "0:0" "--network" "none" "ghcr.io/rust-lang/crates-build-env/linux@sha256:2788e3201cd34a07e3172128adcd8b3090168a8e3bcc40d7c032b9dda1df7d1c" "/opt/rustwide/cargo-home/bin/cargo" "+1.75.0" "metadata" "--no-deps" "--format-version=1", kill_on_drop: false }`
[INFO] [stdout] 26bc4cd71334c8778e3d52f6d9b326c8118068ccec1222394987da58218a72a6
[INFO] running `Command { std: "docker" "start" "-a" "26bc4cd71334c8778e3d52f6d9b326c8118068ccec1222394987da58218a72a6", kill_on_drop: false }`
[INFO] running `Command { std: "docker" "inspect" "26bc4cd71334c8778e3d52f6d9b326c8118068ccec1222394987da58218a72a6", kill_on_drop: false }`
[INFO] running `Command { std: "docker" "rm" "-f" "26bc4cd71334c8778e3d52f6d9b326c8118068ccec1222394987da58218a72a6", kill_on_drop: false }`
[INFO] [stdout] 26bc4cd71334c8778e3d52f6d9b326c8118068ccec1222394987da58218a72a6
[INFO] running `Command { std: "docker" "create" "-v" "/var/lib/crater-agent-workspace/builds/worker-6-tc1/target:/opt/rustwide/target:rw,Z" "-v" "/var/lib/crater-agent-workspace/builds/worker-6-tc1/source:/opt/rustwide/workdir:ro,Z" "-v" "/var/lib/crater-agent-workspace/cargo-home:/opt/rustwide/cargo-home:ro,Z" "-v" "/var/lib/crater-agent-workspace/rustup-home:/opt/rustwide/rustup-home:ro,Z" "-e" "SOURCE_DIR=/opt/rustwide/workdir" "-e" "CARGO_TARGET_DIR=/opt/rustwide/target" "-e" "CARGO_INCREMENTAL=0" "-e" "RUST_BACKTRACE=full" "-e" "RUSTFLAGS=--cap-lints=warn" "-e" "RUSTDOCFLAGS=--cap-lints=warn" "-e" "CARGO_HOME=/opt/rustwide/cargo-home" "-e" "RUSTUP_HOME=/opt/rustwide/rustup-home" "-w" "/opt/rustwide/workdir" "-m" "1610612736" "--user" "0:0" "--network" "none" "ghcr.io/rust-lang/crates-build-env/linux@sha256:2788e3201cd34a07e3172128adcd8b3090168a8e3bcc40d7c032b9dda1df7d1c" "/opt/rustwide/cargo-home/bin/cargo" "+1.75.0" "doc" "--frozen" "--no-deps" "--document-private-items" "--message-format=json", kill_on_drop: false }`
[INFO] [stdout] 43ec2446d7fedd93298800741665249dee06747cea3661f03b9f4d62795011d7
[INFO] running `Command { std: "docker" "start" "-a" "43ec2446d7fedd93298800741665249dee06747cea3661f03b9f4d62795011d7", kill_on_drop: false }`
[INFO] [stderr]    Compiling libc v0.2.134
[INFO] [stderr]    Compiling generic-array v0.14.6
[INFO] [stderr]    Compiling proc-macro2 v1.0.46
[INFO] [stderr]    Compiling syn v1.0.102
[INFO] [stderr]     Checking cpufeatures v0.2.5
[INFO] [stderr]    Compiling zstd-safe v4.1.6+zstd.1.5.2
[INFO] [stderr]    Compiling crc32fast v1.3.2
[INFO] [stderr]     Checking adler v1.0.2
[INFO] [stderr]     Checking base64ct v1.0.1
[INFO] [stderr]     Checking rand_core v0.6.4
[INFO] [stderr]     Checking miniz_oxide v0.5.4
[INFO] [stderr]     Checking password-hash v0.3.2
[INFO] [stderr]     Checking os_str_bytes v6.3.0
[INFO] [stderr]    Compiling time-macros v0.2.4
[INFO] [stderr]     Checking num_threads v0.1.6
[INFO] [stderr]     Checking clap_lex v0.3.0
[INFO] [stderr]     Checking cache-padded v1.2.0
[INFO] [stderr]     Checking flate2 v1.0.24
[INFO] [stderr]     Checking no-std-compat v0.4.1
[INFO] [stderr]     Checking constant_time_eq v0.1.5
[INFO] [stderr]     Checking concurrent-queue v1.2.4
[INFO] [stderr]     Checking bruteforce v0.2.1
[INFO] [stdout] error[E0557]: feature has been removed
[INFO] [stdout]  --> /opt/rustwide/cargo-home/registry/src/index.crates.io-6f17d22bba15001f/bruteforce-0.2.1/src/lib.rs:4:18
[INFO] [stdout]   |
[INFO] [stdout] 4 | #![feature(test, generators, proc_macro_hygiene)]
[INFO] [stdout]   |                  ^^^^^^^^^^ feature has been removed
[INFO] [stdout]   |
[INFO] [stdout]   = note: renamed to `coroutines`
[INFO] [stdout] 
[INFO] [stdout] 
[INFO] [stdout] error[E0554]: `#![feature]` may not be used on the stable release channel
[INFO] [stdout]  --> /opt/rustwide/cargo-home/registry/src/index.crates.io-6f17d22bba15001f/bruteforce-0.2.1/src/lib.rs:4:1
[INFO] [stdout]   |
[INFO] [stdout] 4 | #![feature(test, generators, proc_macro_hygiene)]
[INFO] [stdout]   | ^^^^^^^^^^^^^^^^^^^^^^^^^^^^^^^^^^^^^^^^^^^^^^^^^
[INFO] [stdout] 
[INFO] [stdout] 
[INFO] [stdout] error[E0554]: `#![feature]` may not be used on the stable release channel
[INFO] [stdout]  --> /opt/rustwide/cargo-home/registry/src/index.crates.io-6f17d22bba15001f/bruteforce-0.2.1/src/lib.rs:4:12
[INFO] [stdout]   |
[INFO] [stdout] 4 | #![feature(test, generators, proc_macro_hygiene)]
[INFO] [stdout]   |            ^^^^
[INFO] [stdout] 
[INFO] [stdout] 
[INFO] [stdout] error: aborting due to 3 previous errors
[INFO] [stdout] 
[INFO] [stdout] 
[INFO] [stdout] Some errors have detailed explanations: E0554, E0557.
[INFO] [stdout] 
[INFO] [stdout] For more information about an error, try `rustc --explain E0554`.
[INFO] [stdout] 
[INFO] [stderr]    Compiling quote v1.0.21
[INFO] [stderr] error: could not compile `bruteforce` (lib) due to 4 previous errors
[INFO] [stderr] warning: build failed, waiting for other jobs to finish...
[INFO] running `Command { std: "docker" "inspect" "43ec2446d7fedd93298800741665249dee06747cea3661f03b9f4d62795011d7", kill_on_drop: false }`
[INFO] running `Command { std: "docker" "rm" "-f" "43ec2446d7fedd93298800741665249dee06747cea3661f03b9f4d62795011d7", kill_on_drop: false }`
[INFO] [stdout] 43ec2446d7fedd93298800741665249dee06747cea3661f03b9f4d62795011d7
[INFO] documenting TheLuckyCoder/zip_password_cracker against beta-2023-12-22 for beta-1.76-rustdoc-1
[INFO] running `Command { std: "git" "clone" "/workspace/cache/git-repos/https%3A%2F%2Fgithub.com%2FTheLuckyCoder%2Fzip_password_cracker" "/workspace/builds/worker-6-tc2/source", kill_on_drop: false }`
[INFO] [stderr] Cloning into '/workspace/builds/worker-6-tc2/source'...
[INFO] [stderr] done.
[INFO] validating manifest of git repo https://github.com/TheLuckyCoder/zip_password_cracker on toolchain beta-2023-12-22
[INFO] running `Command { std: CARGO_HOME="/workspace/cargo-home" RUSTUP_HOME="/workspace/rustup-home" "/workspace/cargo-home/bin/cargo" "+beta-2023-12-22" "metadata" "--manifest-path" "Cargo.toml" "--no-deps", kill_on_drop: false }`
[INFO] started tweaking git repo https://github.com/TheLuckyCoder/zip_password_cracker
[INFO] finished tweaking git repo https://github.com/TheLuckyCoder/zip_password_cracker
[INFO] tweaked toml for git repo https://github.com/TheLuckyCoder/zip_password_cracker written to /workspace/builds/worker-6-tc2/source/Cargo.toml
[INFO] crate git repo https://github.com/TheLuckyCoder/zip_password_cracker already has a lockfile, it will not be regenerated
[INFO] running `Command { std: CARGO_HOME="/workspace/cargo-home" RUSTUP_HOME="/workspace/rustup-home" "/workspace/cargo-home/bin/cargo" "+beta-2023-12-22" "fetch" "--manifest-path" "Cargo.toml", kill_on_drop: false }`
[INFO] running `Command { std: "docker" "create" "-v" "/var/lib/crater-agent-workspace/builds/worker-6-tc2/target:/opt/rustwide/target:rw,Z" "-v" "/var/lib/crater-agent-workspace/builds/worker-6-tc2/source:/opt/rustwide/workdir:ro,Z" "-v" "/var/lib/crater-agent-workspace/cargo-home:/opt/rustwide/cargo-home:ro,Z" "-v" "/var/lib/crater-agent-workspace/rustup-home:/opt/rustwide/rustup-home:ro,Z" "-e" "SOURCE_DIR=/opt/rustwide/workdir" "-e" "CARGO_TARGET_DIR=/opt/rustwide/target" "-e" "CARGO_HOME=/opt/rustwide/cargo-home" "-e" "RUSTUP_HOME=/opt/rustwide/rustup-home" "-w" "/opt/rustwide/workdir" "-m" "1610612736" "--user" "0:0" "--network" "none" "ghcr.io/rust-lang/crates-build-env/linux@sha256:2788e3201cd34a07e3172128adcd8b3090168a8e3bcc40d7c032b9dda1df7d1c" "/opt/rustwide/cargo-home/bin/cargo" "+beta-2023-12-22" "metadata" "--no-deps" "--format-version=1", kill_on_drop: false }`
[INFO] [stdout] b73f7e05be56286d946802cc2468f1b858ada80e70338784cc98fcb9b08289ff
[INFO] running `Command { std: "docker" "start" "-a" "b73f7e05be56286d946802cc2468f1b858ada80e70338784cc98fcb9b08289ff", kill_on_drop: false }`
[INFO] running `Command { std: "docker" "inspect" "b73f7e05be56286d946802cc2468f1b858ada80e70338784cc98fcb9b08289ff", kill_on_drop: false }`
[INFO] running `Command { std: "docker" "rm" "-f" "b73f7e05be56286d946802cc2468f1b858ada80e70338784cc98fcb9b08289ff", kill_on_drop: false }`
[INFO] [stdout] b73f7e05be56286d946802cc2468f1b858ada80e70338784cc98fcb9b08289ff
[INFO] running `Command { std: "docker" "create" "-v" "/var/lib/crater-agent-workspace/builds/worker-6-tc2/target:/opt/rustwide/target:rw,Z" "-v" "/var/lib/crater-agent-workspace/builds/worker-6-tc2/source:/opt/rustwide/workdir:ro,Z" "-v" "/var/lib/crater-agent-workspace/cargo-home:/opt/rustwide/cargo-home:ro,Z" "-v" "/var/lib/crater-agent-workspace/rustup-home:/opt/rustwide/rustup-home:ro,Z" "-e" "SOURCE_DIR=/opt/rustwide/workdir" "-e" "CARGO_TARGET_DIR=/opt/rustwide/target" "-e" "CARGO_INCREMENTAL=0" "-e" "RUST_BACKTRACE=full" "-e" "RUSTFLAGS=--cap-lints=warn" "-e" "RUSTDOCFLAGS=--cap-lints=warn" "-e" "CARGO_HOME=/opt/rustwide/cargo-home" "-e" "RUSTUP_HOME=/opt/rustwide/rustup-home" "-w" "/opt/rustwide/workdir" "-m" "1610612736" "--user" "0:0" "--network" "none" "ghcr.io/rust-lang/crates-build-env/linux@sha256:2788e3201cd34a07e3172128adcd8b3090168a8e3bcc40d7c032b9dda1df7d1c" "/opt/rustwide/cargo-home/bin/cargo" "+beta-2023-12-22" "doc" "--frozen" "--no-deps" "--document-private-items" "--message-format=json", kill_on_drop: false }`
[INFO] [stdout] 200392c9f5b8a33ff1df4bfb828861d97c9ecfa1710703e5b41d3cf8b7ebe5d4
[INFO] running `Command { std: "docker" "start" "-a" "200392c9f5b8a33ff1df4bfb828861d97c9ecfa1710703e5b41d3cf8b7ebe5d4", kill_on_drop: false }`
[INFO] [stderr]    Compiling libc v0.2.134
[INFO] [stderr]    Compiling generic-array v0.14.6
[INFO] [stderr]    Compiling proc-macro2 v1.0.46
[INFO] [stderr]     Checking cpufeatures v0.2.5
[INFO] [stderr]    Compiling syn v1.0.102
[INFO] [stderr]    Compiling crc32fast v1.3.2
[INFO] [stderr]    Compiling zstd-safe v4.1.6+zstd.1.5.2
[INFO] [stderr]     Checking adler v1.0.2
[INFO] [stderr]     Checking rand_core v0.6.4
[INFO] [stderr]     Checking base64ct v1.0.1
[INFO] [stderr]     Checking miniz_oxide v0.5.4
[INFO] [stderr]     Checking password-hash v0.3.2
[INFO] [stderr]     Checking os_str_bytes v6.3.0
[INFO] [stderr]    Compiling time-macros v0.2.4
[INFO] [stderr]     Checking num_threads v0.1.6
[INFO] [stderr]     Checking no-std-compat v0.4.1
[INFO] [stderr]     Checking flate2 v1.0.24
[INFO] [stderr]     Checking cache-padded v1.2.0
[INFO] [stderr]     Checking constant_time_eq v0.1.5
[INFO] [stderr]     Checking clap_lex v0.3.0
[INFO] [stderr]     Checking concurrent-queue v1.2.4
[INFO] [stderr]    Compiling quote v1.0.21
[INFO] [stderr]     Checking bruteforce v0.2.1
[INFO] [stderr]    Compiling jobserver v0.1.25
[INFO] [stderr]     Checking block-buffer v0.10.3
[INFO] [stdout] error[E0557]: feature has been removed
[INFO] [stdout]  --> /opt/rustwide/cargo-home/registry/src/index.crates.io-6f17d22bba15001f/bruteforce-0.2.1/src/lib.rs:4:18
[INFO] [stdout]   |
[INFO] [stdout] 4 | #![feature(test, generators, proc_macro_hygiene)]
[INFO] [stdout]   |                  ^^^^^^^^^^ feature has been removed
[INFO] [stdout]   |
[INFO] [stdout]   = note: renamed to `coroutines`
[INFO] [stdout] 
[INFO] [stdout] 
[INFO] [stdout] error[E0554]: `#![feature]` may not be used on the beta release channel
[INFO] [stdout]  --> /opt/rustwide/cargo-home/registry/src/index.crates.io-6f17d22bba15001f/bruteforce-0.2.1/src/lib.rs:4:1
[INFO] [stdout]   |
[INFO] [stdout] 4 | #![feature(test, generators, proc_macro_hygiene)]
[INFO] [stdout]   | ^^^^^^^^^^^^^^^^^^^^^^^^^^^^^^^^^^^^^^^^^^^^^^^^^
[INFO] [stdout] 
[INFO] [stdout] 
[INFO] [stdout] error[E0554]: `#![feature]` may not be used on the beta release channel
[INFO] [stdout]  --> /opt/rustwide/cargo-home/registry/src/index.crates.io-6f17d22bba15001f/bruteforce-0.2.1/src/lib.rs:4:12
[INFO] [stdout]   |
[INFO] [stdout] 4 | #![feature(test, generators, proc_macro_hygiene)]
[INFO] [stdout]   |            ^^^^
[INFO] [stdout] 
[INFO] [stdout] 
[INFO] [stderr]     Checking crypto-common v0.1.6
[INFO] [stdout] error: aborting due to 3 previous errors
[INFO] [stdout] 
[INFO] [stdout] 
[INFO] [stdout] Some errors have detailed explanations: E0554, E0557.
[INFO] [stdout] 
[INFO] [stdout] For more information about an error, try `rustc --explain E0554`.
[INFO] [stdout] 
[INFO] [stderr] error: could not compile `bruteforce` (lib) due to 4 previous errors
[INFO] [stderr] warning: build failed, waiting for other jobs to finish...
[INFO] running `Command { std: "docker" "inspect" "200392c9f5b8a33ff1df4bfb828861d97c9ecfa1710703e5b41d3cf8b7ebe5d4", kill_on_drop: false }`
[INFO] running `Command { std: "docker" "rm" "-f" "200392c9f5b8a33ff1df4bfb828861d97c9ecfa1710703e5b41d3cf8b7ebe5d4", kill_on_drop: false }`
[INFO] [stdout] 200392c9f5b8a33ff1df4bfb828861d97c9ecfa1710703e5b41d3cf8b7ebe5d4
