[INFO] cloning repository https://github.com/TheJakeSchmidt/wikipedia-minus-wikipedians
[INFO] running `Command { std: "git" "-c" "credential.helper=" "-c" "credential.helper=/workspace/cargo-home/bin/git-credential-null" "clone" "--bare" "https://github.com/TheJakeSchmidt/wikipedia-minus-wikipedians" "/workspace/cache/git-repos/https%3A%2F%2Fgithub.com%2FTheJakeSchmidt%2Fwikipedia-minus-wikipedians", kill_on_drop: false }`
[INFO] [stderr] Cloning into bare repository '/workspace/cache/git-repos/https%3A%2F%2Fgithub.com%2FTheJakeSchmidt%2Fwikipedia-minus-wikipedians'...
[INFO] running `Command { std: "git" "rev-parse" "HEAD", kill_on_drop: false }`
[INFO] [stdout] 60410fa53241a78411821b7d76fb9ba9488043bf
[INFO] documenting TheJakeSchmidt/wikipedia-minus-wikipedians against 1.75.0 for beta-1.76-rustdoc-1
[INFO] running `Command { std: "git" "clone" "/workspace/cache/git-repos/https%3A%2F%2Fgithub.com%2FTheJakeSchmidt%2Fwikipedia-minus-wikipedians" "/workspace/builds/worker-0-tc1/source", kill_on_drop: false }`
[INFO] [stderr] Cloning into '/workspace/builds/worker-0-tc1/source'...
[INFO] [stderr] done.
[INFO] validating manifest of git repo https://github.com/TheJakeSchmidt/wikipedia-minus-wikipedians on toolchain 1.75.0
[INFO] running `Command { std: CARGO_HOME="/workspace/cargo-home" RUSTUP_HOME="/workspace/rustup-home" "/workspace/cargo-home/bin/cargo" "+1.75.0" "metadata" "--manifest-path" "Cargo.toml" "--no-deps", kill_on_drop: false }`
[INFO] started tweaking git repo https://github.com/TheJakeSchmidt/wikipedia-minus-wikipedians
[INFO] finished tweaking git repo https://github.com/TheJakeSchmidt/wikipedia-minus-wikipedians
[INFO] tweaked toml for git repo https://github.com/TheJakeSchmidt/wikipedia-minus-wikipedians written to /workspace/builds/worker-0-tc1/source/Cargo.toml
[INFO] crate git repo https://github.com/TheJakeSchmidt/wikipedia-minus-wikipedians already has a lockfile, it will not be regenerated
[INFO] running `Command { std: CARGO_HOME="/workspace/cargo-home" RUSTUP_HOME="/workspace/rustup-home" "/workspace/cargo-home/bin/cargo" "+1.75.0" "fetch" "--manifest-path" "Cargo.toml", kill_on_drop: false }`
[INFO] [stderr]     Blocking waiting for file lock on package cache
[INFO] [stderr]     Updating crates.io index
[INFO] [stderr]  Downloading crates ...
[INFO] [stderr]   Downloaded bitflags v0.3.2
[INFO] [stderr]   Downloaded unsafe-any v0.4.1
[INFO] [stderr]   Downloaded rand v0.3.9
[INFO] [stderr]   Downloaded error v0.1.7
[INFO] [stderr]   Downloaded mac v0.0.2
[INFO] [stderr]   Downloaded uuid v0.1.17
[INFO] [stderr]   Downloaded kernel32-sys v0.1.3
[INFO] [stderr]   Downloaded aho-corasick v0.3.0
[INFO] [stderr]   Downloaded num v0.1.25
[INFO] [stderr]   Downloaded regex-syntax v0.2.1
[INFO] [stderr]   Downloaded winapi v0.1.23
[INFO] [stderr]   Downloaded tempfile v1.1.0
[INFO] [stderr]   Downloaded encoding v0.2.32
[INFO] [stderr]   Downloaded regex v0.1.41
[INFO] [stderr]   Downloaded rustc-serialize v0.3.15
[INFO] [stderr]   Downloaded toml v0.1.21
[INFO] [stderr]   Downloaded time v0.1.32
[INFO] [stderr]   Downloaded httparse v0.1.5
[INFO] [stderr]   Downloaded iron v0.1.20
[INFO] [stderr]   Downloaded futf v0.1.1
[INFO] [stderr]   Downloaded pkg-config v0.3.5
[INFO] [stderr]   Downloaded openssl-sys v0.6.4
[INFO] [stderr]   Downloaded tempdir v0.3.4
[INFO] [stderr]   Downloaded byteorder v0.3.11
[INFO] [stderr]   Downloaded winapi v0.2.1
[INFO] [stderr]   Downloaded unicase v0.1.0
[INFO] [stderr]   Downloaded lazy_static v0.1.14
[INFO] [stderr]   Downloaded num_cpus v0.2.6
[INFO] [stderr]   Downloaded traitobject v0.0.3
[INFO] [stderr]   Downloaded url v0.2.36
[INFO] [stderr]   Downloaded openssl v0.6.4
[INFO] [stderr]   Downloaded mime v0.1.0
[INFO] [stderr]   Downloaded unreachable v0.0.2
[INFO] [stderr]   Downloaded gcc v0.3.12
[INFO] [stderr]   Downloaded phf_generator v0.7.4
[INFO] [stderr]   Downloaded string_cache v0.1.11
[INFO] [stderr]   Downloaded argparse v0.2.0
[INFO] [stderr]   Downloaded phf_shared v0.7.4
[INFO] [stderr]   Downloaded memchr v0.1.3
[INFO] [stderr]   Downloaded phf_codegen v0.7.4
[INFO] [stderr]   Downloaded rc v0.1.1
[INFO] [stderr]   Downloaded debug_unreachable v0.0.6
[INFO] [stderr]   Downloaded log4rs v0.3.3
[INFO] [stderr]   Downloaded string_cache_shared v0.1.5
[INFO] [stderr]   Downloaded html5ever_dom_sink v0.2.0
[INFO] [stderr]   Downloaded void v0.0.5
[INFO] [stderr]   Downloaded phf v0.7.4
[INFO] [stderr]   Downloaded tendril v0.1.4
[INFO] [stderr]   Downloaded regex_macros v0.1.21
[INFO] [stderr]   Downloaded serde v0.5.0
[INFO] [stderr]   Downloaded solicit v0.4.1
[INFO] [stderr]   Downloaded redis v0.5.0
[INFO] [stderr]   Downloaded hyper v0.6.8
[INFO] [stderr]   Downloaded html5ever v0.2.1
[INFO] running `Command { std: "docker" "create" "-v" "/var/lib/crater-agent-workspace/builds/worker-0-tc1/target:/opt/rustwide/target:rw,Z" "-v" "/var/lib/crater-agent-workspace/builds/worker-0-tc1/source:/opt/rustwide/workdir:ro,Z" "-v" "/var/lib/crater-agent-workspace/cargo-home:/opt/rustwide/cargo-home:ro,Z" "-v" "/var/lib/crater-agent-workspace/rustup-home:/opt/rustwide/rustup-home:ro,Z" "-e" "SOURCE_DIR=/opt/rustwide/workdir" "-e" "CARGO_TARGET_DIR=/opt/rustwide/target" "-e" "CARGO_HOME=/opt/rustwide/cargo-home" "-e" "RUSTUP_HOME=/opt/rustwide/rustup-home" "-w" "/opt/rustwide/workdir" "-m" "1610612736" "--user" "0:0" "--network" "none" "ghcr.io/rust-lang/crates-build-env/linux@sha256:2788e3201cd34a07e3172128adcd8b3090168a8e3bcc40d7c032b9dda1df7d1c" "/opt/rustwide/cargo-home/bin/cargo" "+1.75.0" "metadata" "--no-deps" "--format-version=1", kill_on_drop: false }`
[INFO] [stdout] 052e112588bd9a5eb485d349a61e82f7b8a7ddcc49bc4fd6bdc4190d8912e27d
[INFO] running `Command { std: "docker" "start" "-a" "052e112588bd9a5eb485d349a61e82f7b8a7ddcc49bc4fd6bdc4190d8912e27d", kill_on_drop: false }`
[INFO] running `Command { std: "docker" "inspect" "052e112588bd9a5eb485d349a61e82f7b8a7ddcc49bc4fd6bdc4190d8912e27d", kill_on_drop: false }`
[INFO] running `Command { std: "docker" "rm" "-f" "052e112588bd9a5eb485d349a61e82f7b8a7ddcc49bc4fd6bdc4190d8912e27d", kill_on_drop: false }`
[INFO] [stdout] 052e112588bd9a5eb485d349a61e82f7b8a7ddcc49bc4fd6bdc4190d8912e27d
[INFO] running `Command { std: "docker" "create" "-v" "/var/lib/crater-agent-workspace/builds/worker-0-tc1/target:/opt/rustwide/target:rw,Z" "-v" "/var/lib/crater-agent-workspace/builds/worker-0-tc1/source:/opt/rustwide/workdir:ro,Z" "-v" "/var/lib/crater-agent-workspace/cargo-home:/opt/rustwide/cargo-home:ro,Z" "-v" "/var/lib/crater-agent-workspace/rustup-home:/opt/rustwide/rustup-home:ro,Z" "-e" "SOURCE_DIR=/opt/rustwide/workdir" "-e" "CARGO_TARGET_DIR=/opt/rustwide/target" "-e" "CARGO_INCREMENTAL=0" "-e" "RUST_BACKTRACE=full" "-e" "RUSTFLAGS=--cap-lints=warn" "-e" "RUSTDOCFLAGS=--cap-lints=warn" "-e" "CARGO_HOME=/opt/rustwide/cargo-home" "-e" "RUSTUP_HOME=/opt/rustwide/rustup-home" "-w" "/opt/rustwide/workdir" "-m" "1610612736" "--user" "0:0" "--network" "none" "ghcr.io/rust-lang/crates-build-env/linux@sha256:2788e3201cd34a07e3172128adcd8b3090168a8e3bcc40d7c032b9dda1df7d1c" "/opt/rustwide/cargo-home/bin/cargo" "+1.75.0" "doc" "--frozen" "--no-deps" "--document-private-items" "--message-format=json", kill_on_drop: false }`
[INFO] [stdout] e1ce2c39045ecd48f4686ca42fcdbafd9f922c10c3743c0bfeb45cf0a0d0f290
[INFO] running `Command { std: "docker" "start" "-a" "e1ce2c39045ecd48f4686ca42fcdbafd9f922c10c3743c0bfeb45cf0a0d0f290", kill_on_drop: false }`
[INFO] [stderr]    Compiling winapi-build v0.1.1
[INFO] [stderr]     Checking libc v0.1.8
[INFO] [stderr]     Checking winapi v0.2.1
[INFO] [stderr]    Compiling phf_shared v0.7.4
[INFO] [stderr]     Checking rustc-serialize v0.3.15
[INFO] [stderr]     Checking encoding_index_tests v0.1.4
[INFO] [stderr]    Compiling void v0.0.5
[INFO] [stderr]    Compiling debug-builders v0.1.0
[INFO] [stderr]    Compiling gcc v0.3.12
[INFO] [stderr]     Checking lazy_static v0.1.14
[INFO] [stderr]    Compiling pkg-config v0.3.5
[INFO] [stderr]     Checking traitobject v0.0.3
[INFO] [stderr]     Checking matches v0.1.2
[INFO] [stderr]     Checking unreachable v0.0.2
[INFO] [stderr]     Checking encoding-index-singlebyte v1.20141219.5
[INFO] [stderr]     Checking encoding-index-japanese v1.20141219.5
[INFO] [stderr]     Checking encoding-index-korean v1.20141219.5
[INFO] [stderr]     Checking encoding-index-tradchinese v1.20141219.5
[INFO] [stderr]     Checking encoding-index-simpchinese v1.20141219.5
[INFO] [stderr]    Compiling advapi32-sys v0.1.2
[INFO] [stderr]    Compiling kernel32-sys v0.1.3
[INFO] [stdout] error[E0642]: patterns aren't allowed in functions without bodies
[INFO] [stdout]    --> /opt/rustwide/cargo-home/registry/src/index.crates.io-6f17d22bba15001f/rustc-serialize-0.3.15/src/serialize.rs:145:45
[INFO] [stdout]     |
[INFO] [stdout] 145 | ...                   &f_name: &str,
[INFO] [stdout]     |                       ^^^^^^^ pattern not allowed in function without body
[INFO] [stdout] 
[INFO] [stdout] 
[INFO] [stderr]    Compiling debug_unreachable v0.0.6
[INFO] [stderr]     Checking log v0.3.1
[INFO] [stderr]    Compiling phf v0.7.4
[INFO] [stderr]     Checking mac v0.0.2
[INFO] [stderr]     Checking bitflags v0.3.2
[INFO] [stderr]     Checking futf v0.1.1
[INFO] [stderr]    Compiling memchr v0.1.3
[INFO] [stderr]     Checking unsafe-any v0.4.1
[INFO] [stderr]     Checking hpack v0.2.0
[INFO] [stderr]     Checking typeable v0.1.2
[INFO] [stderr]    Compiling aho-corasick v0.3.0
[INFO] [stderr]     Checking mime v0.1.0
[INFO] [stderr]     Checking num_cpus v0.2.6
[INFO] [stderr]     Checking typemap v0.3.3
[INFO] [stderr]     Checking rc v0.1.1
[INFO] [stderr]     Checking httparse v0.1.5
[INFO] [stderr]     Checking unicase v0.1.0
[INFO] [stdout] error[E0277]: the size for values of type `Self` cannot be known at compilation time
[INFO] [stdout]    --> /opt/rustwide/cargo-home/registry/src/index.crates.io-6f17d22bba15001f/rustc-serialize-0.3.15/src/serialize.rs:201:41
[INFO] [stdout]     |
[INFO] [stdout] 201 |     fn decode<D: Decoder>(d: &mut D) -> Result<Self, D::Error>;
[INFO] [stdout]     |                                         ^^^^^^^^^^^^^^^^^^^^^^ doesn't have a size known at compile-time
[INFO] [stdout]     |
[INFO] [stdout] note: required by a bound in `Result`
[INFO] [stdout]    --> /rustc/82e1608dfa6e0b5569232559e3d385fea5a93112/library/core/src/result.rs:502:1
[INFO] [stdout] help: consider further restricting `Self`
[INFO] [stdout]     |
[INFO] [stdout] 201 |     fn decode<D: Decoder>(d: &mut D) -> Result<Self, D::Error> where Self: Sized;
[INFO] [stdout]     |                                                                +++++++++++++++++
[INFO] [stdout] 
[INFO] [stdout] 
[INFO] [stdout] error[E0642]: patterns aren't allowed in functions without bodies
[INFO] [stdout]    --> /opt/rustwide/cargo-home/registry/src/index.crates.io-6f17d22bba15001f/rustc-serialize-0.3.15/src/serialize.rs:145:45
[INFO] [stdout]     |
[INFO] [stdout] 145 | ...                   &f_name: &str,
[INFO] [stdout]     |                       ^^^^^^^ pattern not allowed in function without body
[INFO] [stdout] 
[INFO] [stdout] 
[INFO] [stderr]     Checking language-tags v0.0.7
[INFO] [stderr]    Compiling openssl-sys v0.6.4
[INFO] [stderr]     Checking encoding v0.2.32
[INFO] [stdout] error: aborting due to 2 previous errors
[INFO] [stdout] 
[INFO] [stdout] 
[INFO] [stdout] Some errors have detailed explanations: E0277, E0642.
[INFO] [stdout] 
[INFO] [stdout] For more information about an error, try `rustc --explain E0277`.
[INFO] [stdout] 
[INFO] [stderr] error: could not compile `rustc-serialize` (lib) due to 3 previous errors; 1 warning emitted
[INFO] [stderr] warning: build failed, waiting for other jobs to finish...
[INFO] [stdout] error[E0277]: the size for values of type `Self` cannot be known at compilation time
[INFO] [stdout]    --> /opt/rustwide/cargo-home/registry/src/index.crates.io-6f17d22bba15001f/rustc-serialize-0.3.15/src/serialize.rs:201:41
[INFO] [stdout]     |
[INFO] [stdout] 201 |     fn decode<D: Decoder>(d: &mut D) -> Result<Self, D::Error>;
[INFO] [stdout]     |                                         ^^^^^^^^^^^^^^^^^^^^^^ doesn't have a size known at compile-time
[INFO] [stdout]     |
[INFO] [stdout] note: required by a bound in `Result`
[INFO] [stdout]    --> /rustc/82e1608dfa6e0b5569232559e3d385fea5a93112/library/core/src/result.rs:502:1
[INFO] [stdout] help: consider further restricting `Self`
[INFO] [stdout]     |
[INFO] [stdout] 201 |     fn decode<D: Decoder>(d: &mut D) -> Result<Self, D::Error> where Self: Sized;
[INFO] [stdout]     |                                                                +++++++++++++++++
[INFO] [stdout] 
[INFO] [stdout] 
[INFO] [stdout] error: aborting due to 2 previous errors
[INFO] [stdout] 
[INFO] [stdout] 
[INFO] [stdout] Some errors have detailed explanations: E0277, E0642.
[INFO] [stdout] 
[INFO] [stdout] For more information about an error, try `rustc --explain E0277`.
[INFO] [stdout] 
[INFO] [stderr] error: could not compile `rustc-serialize` (lib) due to 3 previous errors; 1 warning emitted
[INFO] running `Command { std: "docker" "inspect" "e1ce2c39045ecd48f4686ca42fcdbafd9f922c10c3743c0bfeb45cf0a0d0f290", kill_on_drop: false }`
[INFO] running `Command { std: "docker" "rm" "-f" "e1ce2c39045ecd48f4686ca42fcdbafd9f922c10c3743c0bfeb45cf0a0d0f290", kill_on_drop: false }`
[INFO] [stdout] e1ce2c39045ecd48f4686ca42fcdbafd9f922c10c3743c0bfeb45cf0a0d0f290
[INFO] documenting TheJakeSchmidt/wikipedia-minus-wikipedians against beta-2023-12-22 for beta-1.76-rustdoc-1
[INFO] running `Command { std: "git" "clone" "/workspace/cache/git-repos/https%3A%2F%2Fgithub.com%2FTheJakeSchmidt%2Fwikipedia-minus-wikipedians" "/workspace/builds/worker-0-tc2/source", kill_on_drop: false }`
[INFO] [stderr] Cloning into '/workspace/builds/worker-0-tc2/source'...
[INFO] [stderr] done.
[INFO] validating manifest of git repo https://github.com/TheJakeSchmidt/wikipedia-minus-wikipedians on toolchain beta-2023-12-22
[INFO] running `Command { std: CARGO_HOME="/workspace/cargo-home" RUSTUP_HOME="/workspace/rustup-home" "/workspace/cargo-home/bin/cargo" "+beta-2023-12-22" "metadata" "--manifest-path" "Cargo.toml" "--no-deps", kill_on_drop: false }`
[INFO] started tweaking git repo https://github.com/TheJakeSchmidt/wikipedia-minus-wikipedians
[INFO] finished tweaking git repo https://github.com/TheJakeSchmidt/wikipedia-minus-wikipedians
[INFO] tweaked toml for git repo https://github.com/TheJakeSchmidt/wikipedia-minus-wikipedians written to /workspace/builds/worker-0-tc2/source/Cargo.toml
[INFO] crate git repo https://github.com/TheJakeSchmidt/wikipedia-minus-wikipedians already has a lockfile, it will not be regenerated
[INFO] running `Command { std: CARGO_HOME="/workspace/cargo-home" RUSTUP_HOME="/workspace/rustup-home" "/workspace/cargo-home/bin/cargo" "+beta-2023-12-22" "fetch" "--manifest-path" "Cargo.toml", kill_on_drop: false }`
[INFO] running `Command { std: "docker" "create" "-v" "/var/lib/crater-agent-workspace/builds/worker-0-tc2/target:/opt/rustwide/target:rw,Z" "-v" "/var/lib/crater-agent-workspace/builds/worker-0-tc2/source:/opt/rustwide/workdir:ro,Z" "-v" "/var/lib/crater-agent-workspace/cargo-home:/opt/rustwide/cargo-home:ro,Z" "-v" "/var/lib/crater-agent-workspace/rustup-home:/opt/rustwide/rustup-home:ro,Z" "-e" "SOURCE_DIR=/opt/rustwide/workdir" "-e" "CARGO_TARGET_DIR=/opt/rustwide/target" "-e" "CARGO_HOME=/opt/rustwide/cargo-home" "-e" "RUSTUP_HOME=/opt/rustwide/rustup-home" "-w" "/opt/rustwide/workdir" "-m" "1610612736" "--user" "0:0" "--network" "none" "ghcr.io/rust-lang/crates-build-env/linux@sha256:2788e3201cd34a07e3172128adcd8b3090168a8e3bcc40d7c032b9dda1df7d1c" "/opt/rustwide/cargo-home/bin/cargo" "+beta-2023-12-22" "metadata" "--no-deps" "--format-version=1", kill_on_drop: false }`
[INFO] [stdout] 6055604a2d213bfcf1ba61ffd9c4f06f733c82291afbb07a9fde1230a7fa44e2
[INFO] running `Command { std: "docker" "start" "-a" "6055604a2d213bfcf1ba61ffd9c4f06f733c82291afbb07a9fde1230a7fa44e2", kill_on_drop: false }`
[INFO] running `Command { std: "docker" "inspect" "6055604a2d213bfcf1ba61ffd9c4f06f733c82291afbb07a9fde1230a7fa44e2", kill_on_drop: false }`
[INFO] running `Command { std: "docker" "rm" "-f" "6055604a2d213bfcf1ba61ffd9c4f06f733c82291afbb07a9fde1230a7fa44e2", kill_on_drop: false }`
[INFO] [stdout] 6055604a2d213bfcf1ba61ffd9c4f06f733c82291afbb07a9fde1230a7fa44e2
[INFO] running `Command { std: "docker" "create" "-v" "/var/lib/crater-agent-workspace/builds/worker-0-tc2/target:/opt/rustwide/target:rw,Z" "-v" "/var/lib/crater-agent-workspace/builds/worker-0-tc2/source:/opt/rustwide/workdir:ro,Z" "-v" "/var/lib/crater-agent-workspace/cargo-home:/opt/rustwide/cargo-home:ro,Z" "-v" "/var/lib/crater-agent-workspace/rustup-home:/opt/rustwide/rustup-home:ro,Z" "-e" "SOURCE_DIR=/opt/rustwide/workdir" "-e" "CARGO_TARGET_DIR=/opt/rustwide/target" "-e" "CARGO_INCREMENTAL=0" "-e" "RUST_BACKTRACE=full" "-e" "RUSTFLAGS=--cap-lints=warn" "-e" "RUSTDOCFLAGS=--cap-lints=warn" "-e" "CARGO_HOME=/opt/rustwide/cargo-home" "-e" "RUSTUP_HOME=/opt/rustwide/rustup-home" "-w" "/opt/rustwide/workdir" "-m" "1610612736" "--user" "0:0" "--network" "none" "ghcr.io/rust-lang/crates-build-env/linux@sha256:2788e3201cd34a07e3172128adcd8b3090168a8e3bcc40d7c032b9dda1df7d1c" "/opt/rustwide/cargo-home/bin/cargo" "+beta-2023-12-22" "doc" "--frozen" "--no-deps" "--document-private-items" "--message-format=json", kill_on_drop: false }`
[INFO] [stdout] 8553ed7d021a5dc9dc5dcb9f86c0b7bd799c0fa62ffb3248addc93d658b3ca69
[INFO] running `Command { std: "docker" "start" "-a" "8553ed7d021a5dc9dc5dcb9f86c0b7bd799c0fa62ffb3248addc93d658b3ca69", kill_on_drop: false }`
[INFO] [stderr]    Compiling winapi-build v0.1.1
[INFO] [stderr]     Checking libc v0.1.8
[INFO] [stderr]    Compiling winapi v0.2.1
[INFO] [stderr]    Compiling phf_shared v0.7.4
[INFO] [stderr]     Checking rustc-serialize v0.3.15
[INFO] [stderr]     Checking encoding_index_tests v0.1.4
[INFO] [stderr]    Compiling void v0.0.5
[INFO] [stderr]     Checking lazy_static v0.1.14
[INFO] [stderr]    Compiling debug-builders v0.1.0
[INFO] [stderr]    Compiling gcc v0.3.12
[INFO] [stderr]    Compiling pkg-config v0.3.5
[INFO] [stderr]     Checking traitobject v0.0.3
[INFO] [stderr]     Checking matches v0.1.2
[INFO] [stderr]     Checking encoding-index-tradchinese v1.20141219.5
[INFO] [stderr]    Compiling unreachable v0.0.2
[INFO] [stderr]     Checking encoding-index-japanese v1.20141219.5
[INFO] [stderr]     Checking encoding-index-singlebyte v1.20141219.5
[INFO] [stderr]     Checking encoding-index-simpchinese v1.20141219.5
[INFO] [stderr]     Checking encoding-index-korean v1.20141219.5
[INFO] [stderr]    Compiling phf v0.7.4
[INFO] [stdout] error[E0642]: patterns aren't allowed in functions without bodies
[INFO] [stdout]    --> /opt/rustwide/cargo-home/registry/src/index.crates.io-6f17d22bba15001f/rustc-serialize-0.3.15/src/serialize.rs:145:45
[INFO] [stdout]     |
[INFO] [stdout] 145 | ...                   &f_name: &str,
[INFO] [stdout]     |                       ^^^^^^^ pattern not allowed in function without body
[INFO] [stdout] 
[INFO] [stdout] 
[INFO] [stderr]    Compiling advapi32-sys v0.1.2
[INFO] [stderr]    Compiling kernel32-sys v0.1.3
[INFO] [stderr]     Checking log v0.3.1
[INFO] [stderr]    Compiling debug_unreachable v0.0.6
[INFO] [stderr]     Checking mac v0.0.2
[INFO] [stderr]     Checking bitflags v0.3.2
[INFO] [stderr]    Compiling memchr v0.1.3
[INFO] [stderr]     Checking hpack v0.2.0
[INFO] [stderr]     Checking unsafe-any v0.4.1
[INFO] [stderr]     Checking futf v0.1.1
[INFO] [stderr]     Checking typeable v0.1.2
[INFO] [stdout] error[E0642]: patterns aren't allowed in functions without bodies
[INFO] [stdout]    --> /opt/rustwide/cargo-home/registry/src/index.crates.io-6f17d22bba15001f/rustc-serialize-0.3.15/src/serialize.rs:145:45
[INFO] [stdout]     |
[INFO] [stdout] 145 | ...                   &f_name: &str,
[INFO] [stdout]     |                       ^^^^^^^ pattern not allowed in function without body
[INFO] [stdout] 
[INFO] [stdout] 
[INFO] [stderr]    Compiling aho-corasick v0.3.0
[INFO] [stderr]     Checking mime v0.1.0
[INFO] [stderr]     Checking typemap v0.3.3
[INFO] [stderr]     Checking num_cpus v0.2.6
[INFO] [stderr]     Checking traitobject v0.0.1
[INFO] [stderr]     Checking httparse v0.1.5
[INFO] [stderr]     Checking encoding v0.2.32
[INFO] [stdout] error[E0277]: the size for values of type `Self` cannot be known at compilation time
[INFO] [stdout]    --> /opt/rustwide/cargo-home/registry/src/index.crates.io-6f17d22bba15001f/rustc-serialize-0.3.15/src/serialize.rs:201:41
[INFO] [stdout]     |
[INFO] [stdout] 201 |     fn decode<D: Decoder>(d: &mut D) -> Result<Self, D::Error>;
[INFO] [stdout]     |                                         ^^^^^^^^^^^^^^^^^^^^^^ doesn't have a size known at compile-time
[INFO] [stdout]     |
[INFO] [stdout] note: required by a bound in `Result`
[INFO] [stdout]    --> /rustc/0e09125c6c3c2fd70d7de961bcf0e51575235fad/library/core/src/result.rs:502:1
[INFO] [stdout] help: consider further restricting `Self`
[INFO] [stdout]     |
[INFO] [stdout] 201 |     fn decode<D: Decoder>(d: &mut D) -> Result<Self, D::Error> where Self: Sized;
[INFO] [stdout]     |                                                                +++++++++++++++++
[INFO] [stdout] 
[INFO] [stdout] 
[INFO] [stdout] error[E0310]: the parameter type `T` may not live long enough
[INFO] [stdout]    --> /opt/rustwide/cargo-home/registry/src/index.crates.io-6f17d22bba15001f/rustc-serialize-0.3.15/src/serialize.rs:452:5
[INFO] [stdout]     |
[INFO] [stdout] 452 |     fn decode<D: Decoder>(d: &mut D) -> Result<Cow<'static, T>, D::Error> {
[INFO] [stdout]     |     ^^^^^^^^^^^^^^^^^^^^^^^^^^^^^^^^^^^^^^^^^^^^^^^^^^^^^^^^^^^^^^^^^^^^^
[INFO] [stdout]     |     |
[INFO] [stdout]     |     the parameter type `T` must be valid for the static lifetime...
[INFO] [stdout]     |     ...so that the type `T` will meet its required lifetime bounds...
[INFO] [stdout]     |
[INFO] [stdout] note: ...that is required by this bound
[INFO] [stdout]    --> /rustc/0e09125c6c3c2fd70d7de961bcf0e51575235fad/library/alloc/src/borrow.rs:180:30
[INFO] [stdout] help: consider adding an explicit lifetime bound
[INFO] [stdout]     |
[INFO] [stdout] 448 | impl<'a, T: ?Sized + 'static> Decodable for Cow<'a, T>
[INFO] [stdout]     |                    +++++++++
[INFO] [stdout] 
[INFO] [stdout] 
[INFO] [stderr]     Checking unicase v0.1.0
[INFO] [stderr]     Checking language-tags v0.0.7
[INFO] [stdout] error: aborting due to 3 previous errors
[INFO] [stdout] 
[INFO] [stdout] 
[INFO] [stdout] Some errors have detailed explanations: E0277, E0310, E0642.
[INFO] [stdout] 
[INFO] [stdout] For more information about an error, try `rustc --explain E0277`.
[INFO] [stdout] 
[INFO] [stderr]     Checking byteorder v0.3.11
[INFO] [stderr] error: could not compile `rustc-serialize` (lib) due to 4 previous errors
[INFO] [stderr] warning: build failed, waiting for other jobs to finish...
[INFO] [stdout] error[E0277]: the size for values of type `Self` cannot be known at compilation time
[INFO] [stdout]    --> /opt/rustwide/cargo-home/registry/src/index.crates.io-6f17d22bba15001f/rustc-serialize-0.3.15/src/serialize.rs:201:41
[INFO] [stdout]     |
[INFO] [stdout] 201 |     fn decode<D: Decoder>(d: &mut D) -> Result<Self, D::Error>;
[INFO] [stdout]     |                                         ^^^^^^^^^^^^^^^^^^^^^^ doesn't have a size known at compile-time
[INFO] [stdout]     |
[INFO] [stdout] note: required by a bound in `Result`
[INFO] [stdout]    --> /rustc/0e09125c6c3c2fd70d7de961bcf0e51575235fad/library/core/src/result.rs:502:1
[INFO] [stdout] help: consider further restricting `Self`
[INFO] [stdout]     |
[INFO] [stdout] 201 |     fn decode<D: Decoder>(d: &mut D) -> Result<Self, D::Error> where Self: Sized;
[INFO] [stdout]     |                                                                +++++++++++++++++
[INFO] [stdout] 
[INFO] [stdout] 
[INFO] [stdout] error[E0310]: the parameter type `T` may not live long enough
[INFO] [stdout]    --> /opt/rustwide/cargo-home/registry/src/index.crates.io-6f17d22bba15001f/rustc-serialize-0.3.15/src/serialize.rs:452:5
[INFO] [stdout]     |
[INFO] [stdout] 452 |     fn decode<D: Decoder>(d: &mut D) -> Result<Cow<'static, T>, D::Error> {
[INFO] [stdout]     |     ^^^^^^^^^^^^^^^^^^^^^^^^^^^^^^^^^^^^^^^^^^^^^^^^^^^^^^^^^^^^^^^^^^^^^
[INFO] [stdout]     |     |
[INFO] [stdout]     |     the parameter type `T` must be valid for the static lifetime...
[INFO] [stdout]     |     ...so that the type `T` will meet its required lifetime bounds...
[INFO] [stdout]     |
[INFO] [stdout] note: ...that is required by this bound
[INFO] [stdout]    --> /rustc/0e09125c6c3c2fd70d7de961bcf0e51575235fad/library/alloc/src/borrow.rs:180:30
[INFO] [stdout] help: consider adding an explicit lifetime bound
[INFO] [stdout]     |
[INFO] [stdout] 448 | impl<'a, T: ?Sized + 'static> Decodable for Cow<'a, T>
[INFO] [stdout]     |                    +++++++++
[INFO] [stdout] 
[INFO] [stdout] 
[INFO] [stdout] error: aborting due to 3 previous errors
[INFO] [stdout] 
[INFO] [stdout] 
[INFO] [stdout] Some errors have detailed explanations: E0277, E0310, E0642.
[INFO] [stdout] 
[INFO] [stdout] For more information about an error, try `rustc --explain E0277`.
[INFO] [stdout] 
[INFO] [stderr] error: could not compile `rustc-serialize` (lib) due to 4 previous errors
[INFO] running `Command { std: "docker" "inspect" "8553ed7d021a5dc9dc5dcb9f86c0b7bd799c0fa62ffb3248addc93d658b3ca69", kill_on_drop: false }`
[INFO] running `Command { std: "docker" "rm" "-f" "8553ed7d021a5dc9dc5dcb9f86c0b7bd799c0fa62ffb3248addc93d658b3ca69", kill_on_drop: false }`
[INFO] [stdout] 8553ed7d021a5dc9dc5dcb9f86c0b7bd799c0fa62ffb3248addc93d658b3ca69
