[INFO] cloning repository https://github.com/TheDrJosh/Stratego
[INFO] running `Command { std: "git" "-c" "credential.helper=" "-c" "credential.helper=/workspace/cargo-home/bin/git-credential-null" "clone" "--bare" "https://github.com/TheDrJosh/Stratego" "/workspace/cache/git-repos/https%3A%2F%2Fgithub.com%2FTheDrJosh%2FStratego", kill_on_drop: false }`
[INFO] [stderr] Cloning into bare repository '/workspace/cache/git-repos/https%3A%2F%2Fgithub.com%2FTheDrJosh%2FStratego'...
[INFO] running `Command { std: "git" "rev-parse" "HEAD", kill_on_drop: false }`
[INFO] [stdout] 7aca5f8b4185a2a84b983fc7d4d2b031eda4dab8
[INFO] documenting TheDrJosh/Stratego against 1.75.0 for beta-1.76-rustdoc-1
[INFO] running `Command { std: "git" "clone" "/workspace/cache/git-repos/https%3A%2F%2Fgithub.com%2FTheDrJosh%2FStratego" "/workspace/builds/worker-3-tc1/source", kill_on_drop: false }`
[INFO] [stderr] Cloning into '/workspace/builds/worker-3-tc1/source'...
[INFO] [stderr] done.
[INFO] validating manifest of git repo https://github.com/TheDrJosh/Stratego on toolchain 1.75.0
[INFO] running `Command { std: CARGO_HOME="/workspace/cargo-home" RUSTUP_HOME="/workspace/rustup-home" "/workspace/cargo-home/bin/cargo" "+1.75.0" "metadata" "--manifest-path" "Cargo.toml" "--no-deps", kill_on_drop: false }`
[INFO] removed /workspace/builds/worker-3-tc1/source/rust-toolchain.toml
[INFO] started tweaking git repo https://github.com/TheDrJosh/Stratego
[INFO] finished tweaking git repo https://github.com/TheDrJosh/Stratego
[INFO] tweaked toml for git repo https://github.com/TheDrJosh/Stratego written to /workspace/builds/worker-3-tc1/source/Cargo.toml
[INFO] crate git repo https://github.com/TheDrJosh/Stratego already has a lockfile, it will not be regenerated
[INFO] running `Command { std: CARGO_HOME="/workspace/cargo-home" RUSTUP_HOME="/workspace/rustup-home" "/workspace/cargo-home/bin/cargo" "+1.75.0" "fetch" "--manifest-path" "Cargo.toml", kill_on_drop: false }`
[INFO] [stderr] warning: virtual workspace defaulting to `resolver = "1"` despite one or more workspace members being on edition 2021 which implies `resolver = "2"`
[INFO] [stderr] note: to keep the current resolver, specify `workspace.resolver = "1"` in the workspace root's manifest
[INFO] [stderr] note: to use the edition 2021 resolver, specify `workspace.resolver = "2"` in the workspace root's manifest
[INFO] [stderr] note: for more details see https://doc.rust-lang.org/cargo/reference/resolver.html#resolver-versions
[INFO] [stderr]  Downloading crates ...
[INFO] [stderr]   Downloaded rustix v0.37.3
[INFO] [stderr]   Downloaded console_log v1.0.0
[INFO] running `Command { std: "docker" "create" "-v" "/var/lib/crater-agent-workspace/builds/worker-3-tc1/target:/opt/rustwide/target:rw,Z" "-v" "/var/lib/crater-agent-workspace/builds/worker-3-tc1/source:/opt/rustwide/workdir:ro,Z" "-v" "/var/lib/crater-agent-workspace/cargo-home:/opt/rustwide/cargo-home:ro,Z" "-v" "/var/lib/crater-agent-workspace/rustup-home:/opt/rustwide/rustup-home:ro,Z" "-e" "SOURCE_DIR=/opt/rustwide/workdir" "-e" "CARGO_TARGET_DIR=/opt/rustwide/target" "-e" "CARGO_HOME=/opt/rustwide/cargo-home" "-e" "RUSTUP_HOME=/opt/rustwide/rustup-home" "-w" "/opt/rustwide/workdir" "-m" "1610612736" "--user" "0:0" "--network" "none" "ghcr.io/rust-lang/crates-build-env/linux@sha256:2788e3201cd34a07e3172128adcd8b3090168a8e3bcc40d7c032b9dda1df7d1c" "/opt/rustwide/cargo-home/bin/cargo" "+1.75.0" "metadata" "--no-deps" "--format-version=1", kill_on_drop: false }`
[INFO] [stdout] 39f5c89f29732376bfaf25e5060418c831e8b8ea975e62e348c95fbecfa1ed9a
[INFO] running `Command { std: "docker" "start" "-a" "39f5c89f29732376bfaf25e5060418c831e8b8ea975e62e348c95fbecfa1ed9a", kill_on_drop: false }`
[INFO] running `Command { std: "docker" "inspect" "39f5c89f29732376bfaf25e5060418c831e8b8ea975e62e348c95fbecfa1ed9a", kill_on_drop: false }`
[INFO] running `Command { std: "docker" "rm" "-f" "39f5c89f29732376bfaf25e5060418c831e8b8ea975e62e348c95fbecfa1ed9a", kill_on_drop: false }`
[INFO] [stdout] 39f5c89f29732376bfaf25e5060418c831e8b8ea975e62e348c95fbecfa1ed9a
[INFO] running `Command { std: "docker" "create" "-v" "/var/lib/crater-agent-workspace/builds/worker-3-tc1/target:/opt/rustwide/target:rw,Z" "-v" "/var/lib/crater-agent-workspace/builds/worker-3-tc1/source:/opt/rustwide/workdir:ro,Z" "-v" "/var/lib/crater-agent-workspace/cargo-home:/opt/rustwide/cargo-home:ro,Z" "-v" "/var/lib/crater-agent-workspace/rustup-home:/opt/rustwide/rustup-home:ro,Z" "-e" "SOURCE_DIR=/opt/rustwide/workdir" "-e" "CARGO_TARGET_DIR=/opt/rustwide/target" "-e" "CARGO_INCREMENTAL=0" "-e" "RUST_BACKTRACE=full" "-e" "RUSTFLAGS=--cap-lints=warn" "-e" "RUSTDOCFLAGS=--cap-lints=warn" "-e" "CARGO_HOME=/opt/rustwide/cargo-home" "-e" "RUSTUP_HOME=/opt/rustwide/rustup-home" "-w" "/opt/rustwide/workdir" "-m" "1610612736" "--user" "0:0" "--network" "none" "ghcr.io/rust-lang/crates-build-env/linux@sha256:2788e3201cd34a07e3172128adcd8b3090168a8e3bcc40d7c032b9dda1df7d1c" "/opt/rustwide/cargo-home/bin/cargo" "+1.75.0" "doc" "--frozen" "--no-deps" "--document-private-items" "--message-format=json", kill_on_drop: false }`
[INFO] [stdout] 682b53f60c656304b3591e727d37bca1ab24c672e56cd9c75d1965b1db681f15
[INFO] running `Command { std: "docker" "start" "-a" "682b53f60c656304b3591e727d37bca1ab24c672e56cd9c75d1965b1db681f15", kill_on_drop: false }`
[INFO] [stderr] warning: virtual workspace defaulting to `resolver = "1"` despite one or more workspace members being on edition 2021 which implies `resolver = "2"`
[INFO] [stderr] note: to keep the current resolver, specify `workspace.resolver = "1"` in the workspace root's manifest
[INFO] [stderr] note: to use the edition 2021 resolver, specify `workspace.resolver = "2"` in the workspace root's manifest
[INFO] [stderr] note: for more details see https://doc.rust-lang.org/cargo/reference/resolver.html#resolver-versions
[INFO] [stderr]    Compiling proc-macro2 v1.0.51
[INFO] [stderr]    Compiling unicode-ident v1.0.7
[INFO] [stderr]    Compiling syn v1.0.109
[INFO] [stderr]    Compiling value-bag v1.0.0-alpha.9
[INFO] [stderr]    Compiling log v0.4.17
[INFO] [stderr]    Compiling futures-core v0.3.26
[INFO] [stderr]    Compiling serde_derive v1.0.153
[INFO] [stderr]    Compiling once_cell v1.17.1
[INFO] [stderr]    Compiling serde v1.0.153
[INFO] [stderr]    Compiling futures-channel v0.3.26
[INFO] [stderr]     Checking getrandom v0.2.8
[INFO] [stderr]     Checking itoa v1.0.6
[INFO] [stderr]    Compiling futures-task v0.3.26
[INFO] [stderr]    Compiling tokio v1.26.0
[INFO] [stderr]    Compiling futures-util v0.3.26
[INFO] [stderr]     Checking futures-io v0.3.26
[INFO] [stderr]     Checking socket2 v0.4.9
[INFO] [stderr]     Checking ryu v1.0.13
[INFO] [stderr]    Compiling rand_core v0.6.4
[INFO] [stderr]    Compiling serde_json v1.0.94
[INFO] [stderr]    Compiling proc-macro2-diagnostics v0.9.1
[INFO] [stderr]    Compiling thiserror v1.0.39
[INFO] [stderr]    Compiling yansi v0.5.1
[INFO] [stderr]    Compiling pin-project-lite v0.2.9
[INFO] [stderr]    Compiling crypto-common v0.1.6
[INFO] [stderr]    Compiling io-lifetimes v1.0.5
[INFO] [stderr]    Compiling time-core v0.1.0
[INFO] [stderr]     Checking hashbrown v0.12.3
[INFO] [stderr]     Checking fastrand v1.9.0
[INFO] [stderr]     Checking tracing-core v0.1.30
[INFO] [stderr]    Compiling futures-sink v0.3.26
[INFO] [stderr]    Compiling time-macros v0.2.8
[INFO] [stderr]     Checking rand_chacha v0.3.1
[INFO] [stderr]    Compiling inout v0.1.3
[INFO] [stderr]    Compiling uncased v0.9.7
[INFO] [stderr]    Compiling digest v0.10.6
[INFO] [stderr]    Compiling universal-hash v0.5.0
[INFO] [stderr]    Compiling cipher v0.4.3
[INFO] [stderr]    Compiling slab v0.4.8
[INFO] [stderr]    Compiling signal-hook-registry v1.4.1
[INFO] [stderr]    Compiling num_cpus v1.15.0
[INFO] [stderr]    Compiling cookie v0.16.2
[INFO] [stderr]     Checking event-listener v2.5.3
[INFO] [stderr]     Checking rand v0.8.5
[INFO] [stderr]    Compiling ref-cast v1.0.15
[INFO] [stderr]    Compiling fnv v1.0.7
[INFO] [stderr]    Compiling pin-utils v0.1.0
[INFO] [stderr]    Compiling http v0.2.9
[INFO] [stderr]    Compiling polyval v0.6.0
[INFO] [stderr]     Checking concurrent-queue v2.1.0
[INFO] [stderr]    Compiling quote v1.0.23
[INFO] [stderr]     Checking waker-fn v1.1.0
[INFO] [stderr]     Checking parking v2.0.0
[INFO] [stderr]    Compiling ghash v0.5.0
[INFO] [stderr]    Compiling ctr v0.9.2
[INFO] [stderr]     Checking futures-lite v1.12.0
[INFO] [stderr]    Compiling aes v0.8.2
[INFO] [stderr]     Checking async-lock v2.7.0
[INFO] [stderr]    Compiling hmac v0.12.1
[INFO] [stderr]    Compiling aead v0.5.1
[INFO] [stderr]    Compiling polling v2.6.0
[INFO] [stderr]    Compiling num-traits v0.2.15
[INFO] [stderr]    Compiling rustix v0.37.3
[INFO] [stderr]    Compiling try-lock v0.2.4
[INFO] [stderr]    Compiling hkdf v0.12.3
[INFO] [stderr]    Compiling proc-macro-error-attr v1.0.4
[INFO] [stderr]    Compiling sha2 v0.10.6
[INFO] [stderr]    Compiling aes-gcm v0.10.1
[INFO] [stderr]    Compiling httparse v1.8.0
[INFO] [stderr]    Compiling async-io v1.13.0
[INFO] [stderr]    Compiling base64 v0.20.0
[INFO] [stderr]    Compiling tower-service v0.3.2
[INFO] [stderr]     Checking inlinable_string v0.1.15
[INFO] [stderr]    Compiling http-body v0.4.5
[INFO] [stderr]    Compiling rustix v0.36.9
[INFO] [stderr]     Checking anymap2 v0.13.0
[INFO] [stderr]    Compiling percent-encoding v2.2.0
[INFO] [stderr]    Compiling httpdate v1.0.2
[INFO] [stderr]     Checking smallvec v1.10.0
[INFO] [stderr]     Checking linux-raw-sys v0.3.0
[INFO] [stderr]     Checking async-task v4.3.0
[INFO] [stderr]     Checking async-channel v1.8.0
[INFO] [stderr]    Compiling stable-pattern v0.1.0
[INFO] [stderr]    Compiling atomic v0.5.1
[INFO] [stderr]    Compiling multer v2.0.4
[INFO] [stderr]    Compiling figment v0.10.8
[INFO] [stderr]     Checking atomic-waker v1.1.0
[INFO] [stderr]    Compiling async-trait v0.1.65
[INFO] [stderr]    Compiling boolinator v2.4.0
[INFO] [stderr]    Compiling state v0.5.3
[INFO] [stderr]     Checking blocking v1.3.0
[INFO] [stderr]     Checking parking_lot_core v0.9.7
[INFO] [stderr]     Checking async-executor v1.5.0
[INFO] [stderr]     Checking encoding_rs v0.8.32
[INFO] [stderr]    Compiling rocket v0.5.0-rc.2
[INFO] [stderr]     Checking spin v0.9.5
[INFO] [stderr]     Checking parking_lot v0.12.1
[INFO] [stderr]     Checking atty v0.2.14
[INFO] [stderr]     Checking binascii v0.1.4
[INFO] [stderr]     Checking route-recognizer v0.3.1
[INFO] [stderr]  Documenting client v0.1.0 (/opt/rustwide/workdir/client)
[INFO] [stderr]    Compiling time v0.3.20
[INFO] [stderr]     Checking tempfile v3.4.0
[INFO] [stderr]    Compiling prettyplease v0.1.23
[INFO] [stderr]    Compiling proc-macro-error v1.0.4
[INFO] [stderr]    Compiling devise_core v0.3.1
[INFO] [stderr]    Compiling ctor v0.1.26
[INFO] [stderr]    Compiling tokio-macros v1.8.2
[INFO] [stderr]    Compiling futures-macro v0.3.26
[INFO] [stderr]    Compiling tracing-attributes v0.1.23
[INFO] [stderr]    Compiling thiserror-impl v1.0.39
[INFO] [stderr]    Compiling pin-project-internal v1.0.12
[INFO] [stderr]    Compiling pear_codegen v0.2.3
[INFO] [stderr]    Compiling ref-cast-impl v1.0.15
[INFO] [stderr]    Compiling strum_macros v0.24.3
[INFO] [stderr]    Compiling devise_codegen v0.3.1
[INFO] [stderr]    Compiling async-stream-impl v0.3.4
[INFO] [stderr]    Compiling yew-macro v0.20.0
[INFO] [stderr]    Compiling yew-router-macro v0.17.0
[INFO] [stderr]     Checking pear v0.2.3
[INFO] [stderr]    Compiling devise v0.3.1
[INFO] [stderr]     Checking async-stream v0.3.4
[INFO] [stderr]     Checking mio v0.8.6
[INFO] [stderr]     Checking want v0.3.0
[INFO] [stderr]    Compiling wasm-bindgen-backend v0.2.84
[INFO] [stderr]     Checking pin-project v1.0.12
[INFO] [stderr]     Checking kv-log-macro v1.0.7
[INFO] [stderr]     Checking async-global-executor v2.3.1
[INFO] [stderr]     Checking tracing v0.1.37
[INFO] [stderr]     Checking strum v0.24.1
[INFO] [stderr]     Checking async-std v1.12.0
[INFO] [stderr]    Compiling wasm-bindgen-macro-support v0.2.84
[INFO] [stderr]    Compiling wasm-bindgen-macro v0.2.84
[INFO] [stderr]     Checking futures v0.3.26
[INFO] [stderr]     Checking wasm-bindgen v0.2.84
[INFO] [stderr]     Checking pinned v0.1.0
[INFO] [stderr]     Checking js-sys v0.3.61
[INFO] [stderr]     Checking console_error_panic_hook v0.1.7
[INFO] [stderr]     Checking tokio-stream v0.1.12
[INFO] [stderr]     Checking tokio-util v0.7.7
[INFO] [stderr]     Checking prokio v0.1.0
[INFO] [stderr]     Checking indexmap v1.9.2
[INFO] [stderr]     Checking serde_urlencoded v0.7.1
[INFO] [stderr]     Checking bincode v1.3.3
[INFO] [stderr]     Checking uuid v1.3.0
[INFO] [stderr]     Checking toml v0.5.11
[INFO] [stderr]     Checking ubyte v0.10.3
[INFO] [stderr]     Checking web-sys v0.3.61
[INFO] [stderr]     Checking wasm-bindgen-futures v0.4.34
[INFO] [stderr]     Checking serde-wasm-bindgen v0.4.5
[INFO] [stderr]     Checking gloo-timers v0.2.6
[INFO] [stderr]     Checking h2 v0.3.16
[INFO] [stderr]     Checking implicit-clone v0.3.5
[INFO] [stderr]     Checking hyper v0.14.24
[INFO] [stderr]     Checking rocket_http v0.5.0-rc.2
[INFO] [stderr]     Checking gloo-utils v0.1.6
[INFO] [stderr]     Checking gloo-events v0.1.2
[INFO] [stderr]     Checking gloo-render v0.1.1
[INFO] [stderr]     Checking gloo-dialogs v0.1.1
[INFO] [stderr]     Checking console_log v1.0.0
[INFO] [stderr]     Checking gloo-file v0.2.3
[INFO] [stderr]     Checking gloo-net v0.2.6
[INFO] [stderr]     Checking gloo-console v0.2.3
[INFO] [stderr]     Checking gloo-history v0.1.3
[INFO] [stderr]     Checking gloo-storage v0.2.2
[INFO] [stderr]     Checking gloo-worker v0.2.1
[INFO] [stderr]     Checking common v0.1.0 (/opt/rustwide/workdir/common)
[INFO] [stderr]  Documenting common v0.1.0 (/opt/rustwide/workdir/common)
[INFO] [stderr]     Checking gloo v0.8.0
[INFO] [stderr]     Checking yew v0.20.0
[INFO] [stdout] error[E0554]: `#![feature]` may not be used on the stable release channel
[INFO] [stdout]  --> common/src/lib.rs:1:1
[INFO] [stdout]   |
[INFO] [stdout] 1 | #![feature(inline_const)]
[INFO] [stdout]   | ^^^^^^^^^^^^^^^^^^^^^^^^^
[INFO] [stdout] 
[INFO] [stdout] 
[INFO] [stdout] error[E0554]: `#![feature]` may not be used on the stable release channel
[INFO] [stdout]  --> common/src/lib.rs:1:1
[INFO] [stdout]   |
[INFO] [stdout] 1 | #![feature(inline_const)]
[INFO] [stdout]   | ^^^^^^^^^^^^^^^^^^^^^^^^^
[INFO] [stdout] 
[INFO] [stdout] 
[INFO] [stdout] error[E0554]: `#![feature]` may not be used on the stable release channel
[INFO] [stdout]  --> common/src/lib.rs:2:1
[INFO] [stdout]   |
[INFO] [stdout] 2 | #![feature(const_trait_impl)]
[INFO] [stdout]   | ^^^^^^^^^^^^^^^^^^^^^^^^^^^^^
[INFO] [stdout] 
[INFO] [stdout] 
[INFO] [stdout] error[E0554]: `#![feature]` may not be used on the stable release channel
[INFO] [stdout]  --> common/src/lib.rs:2:1
[INFO] [stdout]   |
[INFO] [stdout] 2 | #![feature(const_trait_impl)]
[INFO] [stdout]   | ^^^^^^^^^^^^^^^^^^^^^^^^^^^^^
[INFO] [stdout] 
[INFO] [stdout] 
[INFO] [stdout] error: ~const can only be applied to `#[const_trait]` traits
[INFO] [stdout]   --> common/src/utils.rs:10:36
[INFO] [stdout]    |
[INFO] [stdout] 10 | pub struct SendibleArray<T: ~const Default + Serialize + for<'a> Deserialize<'a>, const SIZE: usize>(
[INFO] [stdout]    |                                    ^^^^^^^
[INFO] [stdout] 
[INFO] [stdout] 
[INFO] [stdout] error: ~const can only be applied to `#[const_trait]` traits
[INFO] [stdout]   --> common/src/utils.rs:10:36
[INFO] [stdout]    |
[INFO] [stdout] 10 | pub struct SendibleArray<T: ~const Default + Serialize + for<'a> Deserialize<'a>, const SIZE: usize>(
[INFO] [stdout]    |                                    ^^^^^^^
[INFO] [stdout] 
[INFO] [stdout] 
[INFO] [stdout] error: ~const can only be applied to `#[const_trait]` traits
[INFO] [stdout]   --> common/src/utils.rs:14:16
[INFO] [stdout]    |
[INFO] [stdout] 14 | impl<T: ~const Default + Serialize + for<'de> Deserialize<'de>, const SIZE: usize> Serialize
[INFO] [stdout]    |                ^^^^^^^
[INFO] [stdout] 
[INFO] [stdout] 
[INFO] [stdout] error: ~const can only be applied to `#[const_trait]` traits
[INFO] [stdout]   --> common/src/utils.rs:33:21
[INFO] [stdout]    |
[INFO] [stdout] 33 | impl<'de, T: ~const Default + Serialize + for<'a> Deserialize<'a>, const SIZE: usize> Visitor<'de>
[INFO] [stdout]    |                     ^^^^^^^
[INFO] [stdout] 
[INFO] [stdout] 
[INFO] [stdout] error: ~const can only be applied to `#[const_trait]` traits
[INFO] [stdout]   --> common/src/utils.rs:65:21
[INFO] [stdout]    |
[INFO] [stdout] 65 | impl<'de, T: ~const Default + Serialize + for<'a> Deserialize<'a>, const SIZE: usize>
[INFO] [stdout]    |                     ^^^^^^^
[INFO] [stdout] 
[INFO] [stdout] 
[INFO] [stdout] error: ~const can only be applied to `#[const_trait]` traits
[INFO] [stdout]   --> common/src/utils.rs:76:16
[INFO] [stdout]    |
[INFO] [stdout] 76 | impl<T: ~const Default + Serialize + for<'a> Deserialize<'a>, const SIZE: usize> Default
[INFO] [stdout]    |                ^^^^^^^
[INFO] [stdout] 
[INFO] [stdout] 
[INFO] [stdout] error: ~const can only be applied to `#[const_trait]` traits
[INFO] [stdout]   --> common/src/utils.rs:85:16
[INFO] [stdout]    |
[INFO] [stdout] 85 | impl<T: ~const Default + Serialize + for<'a> Deserialize<'a>, const SIZE: usize>
[INFO] [stdout]    |                ^^^^^^^
[INFO] [stdout] 
[INFO] [stdout] 
[INFO] [stdout] error: ~const can only be applied to `#[const_trait]` traits
[INFO] [stdout]   --> common/src/utils.rs:95:16
[INFO] [stdout]    |
[INFO] [stdout] 95 | impl<T: ~const Default + Serialize + for<'a> Deserialize<'a>, const SIZE: usize>
[INFO] [stdout]    |                ^^^^^^^
[INFO] [stdout] 
[INFO] [stdout] 
[INFO] [stdout] error: ~const can only be applied to `#[const_trait]` traits
[INFO] [stdout]    --> common/src/utils.rs:103:16
[INFO] [stdout]     |
[INFO] [stdout] 103 | impl<T: ~const Default + Serialize + for<'a> Deserialize<'a>, const SIZE: usize> From<[T; SIZE]>
[INFO] [stdout]     |                ^^^^^^^
[INFO] [stdout] 
[INFO] [stdout] 
[INFO] [stdout] error: ~const can only be applied to `#[const_trait]` traits
[INFO] [stdout]   --> common/src/utils.rs:14:16
[INFO] [stdout]    |
[INFO] [stdout] 14 | impl<T: ~const Default + Serialize + for<'de> Deserialize<'de>, const SIZE: usize> Serialize
[INFO] [stdout]    |                ^^^^^^^
[INFO] [stdout] 
[INFO] [stdout] 
[INFO] [stdout] error: ~const can only be applied to `#[const_trait]` traits
[INFO] [stdout]   --> common/src/utils.rs:33:21
[INFO] [stdout]    |
[INFO] [stdout] 33 | impl<'de, T: ~const Default + Serialize + for<'a> Deserialize<'a>, const SIZE: usize> Visitor<'de>
[INFO] [stdout]    |                     ^^^^^^^
[INFO] [stdout] 
[INFO] [stdout] 
[INFO] [stdout] error: ~const can only be applied to `#[const_trait]` traits
[INFO] [stdout]   --> common/src/utils.rs:65:21
[INFO] [stdout]    |
[INFO] [stdout] 65 | impl<'de, T: ~const Default + Serialize + for<'a> Deserialize<'a>, const SIZE: usize>
[INFO] [stdout]    |                     ^^^^^^^
[INFO] [stdout] 
[INFO] [stdout] 
[INFO] [stdout] error: ~const can only be applied to `#[const_trait]` traits
[INFO] [stdout]   --> common/src/utils.rs:76:16
[INFO] [stdout]    |
[INFO] [stdout] 76 | impl<T: ~const Default + Serialize + for<'a> Deserialize<'a>, const SIZE: usize> Default
[INFO] [stdout]    |                ^^^^^^^
[INFO] [stdout] 
[INFO] [stdout] 
[INFO] [stdout] error: ~const can only be applied to `#[const_trait]` traits
[INFO] [stdout]   --> common/src/utils.rs:85:16
[INFO] [stdout]    |
[INFO] [stdout] 85 | impl<T: ~const Default + Serialize + for<'a> Deserialize<'a>, const SIZE: usize>
[INFO] [stdout]    |                ^^^^^^^
[INFO] [stdout] 
[INFO] [stdout] 
[INFO] [stdout] error: ~const can only be applied to `#[const_trait]` traits
[INFO] [stdout]   --> common/src/utils.rs:95:16
[INFO] [stdout]    |
[INFO] [stdout] 95 | impl<T: ~const Default + Serialize + for<'a> Deserialize<'a>, const SIZE: usize>
[INFO] [stdout]    |                ^^^^^^^
[INFO] [stdout] 
[INFO] [stdout] 
[INFO] [stdout] error: ~const can only be applied to `#[const_trait]` traits
[INFO] [stdout]    --> common/src/utils.rs:103:16
[INFO] [stdout]     |
[INFO] [stdout] 103 | impl<T: ~const Default + Serialize + for<'a> Deserialize<'a>, const SIZE: usize> From<[T; SIZE]>
[INFO] [stdout]     |                ^^^^^^^
[INFO] [stdout] 
[INFO] [stdout] 
[INFO] [stdout] error: aborting due to 10 previous errors
[INFO] [stdout] 
[INFO] [stdout] 
[INFO] [stdout] For more information about this error, try `rustc --explain E0554`.
[INFO] [stdout] 
[INFO] [stderr] error: could not compile `common` (lib) due to 11 previous errors
[INFO] [stderr] warning: build failed, waiting for other jobs to finish...
[INFO] [stdout] error: aborting due to 10 previous errors
[INFO] [stdout] 
[INFO] [stdout] 
[INFO] [stdout] For more information about this error, try `rustc --explain E0554`.
[INFO] [stdout] 
[INFO] [stderr] error: could not document `common`
[INFO] [stderr] 
[INFO] [stderr] Caused by:
[INFO] [stderr]   process didn't exit successfully: `/opt/rustwide/rustup-home/toolchains/1.75.0-x86_64-unknown-linux-gnu/bin/rustdoc --edition=2021 --crate-type lib --crate-name common common/src/lib.rs -o /opt/rustwide/target/doc --cfg 'feature="client"' --error-format=json --json=diagnostic-rendered-ansi,artifacts,future-incompat --document-private-items -C metadata=e638c69bb3dda1cc -L dependency=/opt/rustwide/target/debug/deps --extern anyhow=/opt/rustwide/target/debug/deps/libanyhow-635a9aee8b7d9846.rmeta --extern gloo_net=/opt/rustwide/target/debug/deps/libgloo_net-2d56056612d90f6d.rmeta --extern num_traits=/opt/rustwide/target/debug/deps/libnum_traits-6e6d03c61507ed6a.rmeta --extern serde=/opt/rustwide/target/debug/deps/libserde-90f4e28ce6b44b3c.rmeta --extern strum=/opt/rustwide/target/debug/deps/libstrum-fba8f1b7d8308fd5.rmeta --extern thiserror=/opt/rustwide/target/debug/deps/libthiserror-b06185d89dec9a32.rmeta --extern uuid=/opt/rustwide/target/debug/deps/libuuid-d830faff54ddeb5b.rmeta --cap-lints=warn --crate-version 0.1.0` (exit status: 1)
[INFO] running `Command { std: "docker" "inspect" "682b53f60c656304b3591e727d37bca1ab24c672e56cd9c75d1965b1db681f15", kill_on_drop: false }`
[INFO] running `Command { std: "docker" "rm" "-f" "682b53f60c656304b3591e727d37bca1ab24c672e56cd9c75d1965b1db681f15", kill_on_drop: false }`
[INFO] [stdout] 682b53f60c656304b3591e727d37bca1ab24c672e56cd9c75d1965b1db681f15
[INFO] documenting TheDrJosh/Stratego against beta-2023-12-22 for beta-1.76-rustdoc-1
[INFO] running `Command { std: "git" "clone" "/workspace/cache/git-repos/https%3A%2F%2Fgithub.com%2FTheDrJosh%2FStratego" "/workspace/builds/worker-3-tc2/source", kill_on_drop: false }`
[INFO] [stderr] Cloning into '/workspace/builds/worker-3-tc2/source'...
[INFO] [stderr] done.
[INFO] validating manifest of git repo https://github.com/TheDrJosh/Stratego on toolchain beta-2023-12-22
[INFO] running `Command { std: CARGO_HOME="/workspace/cargo-home" RUSTUP_HOME="/workspace/rustup-home" "/workspace/cargo-home/bin/cargo" "+beta-2023-12-22" "metadata" "--manifest-path" "Cargo.toml" "--no-deps", kill_on_drop: false }`
[INFO] removed /workspace/builds/worker-3-tc2/source/rust-toolchain.toml
[INFO] started tweaking git repo https://github.com/TheDrJosh/Stratego
[INFO] finished tweaking git repo https://github.com/TheDrJosh/Stratego
[INFO] tweaked toml for git repo https://github.com/TheDrJosh/Stratego written to /workspace/builds/worker-3-tc2/source/Cargo.toml
[INFO] crate git repo https://github.com/TheDrJosh/Stratego already has a lockfile, it will not be regenerated
[INFO] running `Command { std: CARGO_HOME="/workspace/cargo-home" RUSTUP_HOME="/workspace/rustup-home" "/workspace/cargo-home/bin/cargo" "+beta-2023-12-22" "fetch" "--manifest-path" "Cargo.toml", kill_on_drop: false }`
[INFO] [stderr] warning: virtual workspace defaulting to `resolver = "1"` despite one or more workspace members being on edition 2021 which implies `resolver = "2"`
[INFO] [stderr] note: to keep the current resolver, specify `workspace.resolver = "1"` in the workspace root's manifest
[INFO] [stderr] note: to use the edition 2021 resolver, specify `workspace.resolver = "2"` in the workspace root's manifest
[INFO] [stderr] note: for more details see https://doc.rust-lang.org/cargo/reference/resolver.html#resolver-versions
[INFO] running `Command { std: "docker" "create" "-v" "/var/lib/crater-agent-workspace/builds/worker-3-tc2/target:/opt/rustwide/target:rw,Z" "-v" "/var/lib/crater-agent-workspace/builds/worker-3-tc2/source:/opt/rustwide/workdir:ro,Z" "-v" "/var/lib/crater-agent-workspace/cargo-home:/opt/rustwide/cargo-home:ro,Z" "-v" "/var/lib/crater-agent-workspace/rustup-home:/opt/rustwide/rustup-home:ro,Z" "-e" "SOURCE_DIR=/opt/rustwide/workdir" "-e" "CARGO_TARGET_DIR=/opt/rustwide/target" "-e" "CARGO_HOME=/opt/rustwide/cargo-home" "-e" "RUSTUP_HOME=/opt/rustwide/rustup-home" "-w" "/opt/rustwide/workdir" "-m" "1610612736" "--user" "0:0" "--network" "none" "ghcr.io/rust-lang/crates-build-env/linux@sha256:2788e3201cd34a07e3172128adcd8b3090168a8e3bcc40d7c032b9dda1df7d1c" "/opt/rustwide/cargo-home/bin/cargo" "+beta-2023-12-22" "metadata" "--no-deps" "--format-version=1", kill_on_drop: false }`
[INFO] [stdout] 23601ea8cf6e840c41267b7db02a5add6f9422a81052d4649c07b508d2c29309
[INFO] running `Command { std: "docker" "start" "-a" "23601ea8cf6e840c41267b7db02a5add6f9422a81052d4649c07b508d2c29309", kill_on_drop: false }`
[INFO] running `Command { std: "docker" "inspect" "23601ea8cf6e840c41267b7db02a5add6f9422a81052d4649c07b508d2c29309", kill_on_drop: false }`
[INFO] running `Command { std: "docker" "rm" "-f" "23601ea8cf6e840c41267b7db02a5add6f9422a81052d4649c07b508d2c29309", kill_on_drop: false }`
[INFO] [stdout] 23601ea8cf6e840c41267b7db02a5add6f9422a81052d4649c07b508d2c29309
[INFO] running `Command { std: "docker" "create" "-v" "/var/lib/crater-agent-workspace/builds/worker-3-tc2/target:/opt/rustwide/target:rw,Z" "-v" "/var/lib/crater-agent-workspace/builds/worker-3-tc2/source:/opt/rustwide/workdir:ro,Z" "-v" "/var/lib/crater-agent-workspace/cargo-home:/opt/rustwide/cargo-home:ro,Z" "-v" "/var/lib/crater-agent-workspace/rustup-home:/opt/rustwide/rustup-home:ro,Z" "-e" "SOURCE_DIR=/opt/rustwide/workdir" "-e" "CARGO_TARGET_DIR=/opt/rustwide/target" "-e" "CARGO_INCREMENTAL=0" "-e" "RUST_BACKTRACE=full" "-e" "RUSTFLAGS=--cap-lints=warn" "-e" "RUSTDOCFLAGS=--cap-lints=warn" "-e" "CARGO_HOME=/opt/rustwide/cargo-home" "-e" "RUSTUP_HOME=/opt/rustwide/rustup-home" "-w" "/opt/rustwide/workdir" "-m" "1610612736" "--user" "0:0" "--network" "none" "ghcr.io/rust-lang/crates-build-env/linux@sha256:2788e3201cd34a07e3172128adcd8b3090168a8e3bcc40d7c032b9dda1df7d1c" "/opt/rustwide/cargo-home/bin/cargo" "+beta-2023-12-22" "doc" "--frozen" "--no-deps" "--document-private-items" "--message-format=json", kill_on_drop: false }`
[INFO] [stdout] 3e925558e9e9e464aa72e18f7ebcde09dd0927bf4dc6b6b39aa68018643e24fc
[INFO] running `Command { std: "docker" "start" "-a" "3e925558e9e9e464aa72e18f7ebcde09dd0927bf4dc6b6b39aa68018643e24fc", kill_on_drop: false }`
[INFO] [stderr] warning: virtual workspace defaulting to `resolver = "1"` despite one or more workspace members being on edition 2021 which implies `resolver = "2"`
[INFO] [stderr] note: to keep the current resolver, specify `workspace.resolver = "1"` in the workspace root's manifest
[INFO] [stderr] note: to use the edition 2021 resolver, specify `workspace.resolver = "2"` in the workspace root's manifest
[INFO] [stderr] note: for more details see https://doc.rust-lang.org/cargo/reference/resolver.html#resolver-versions
[INFO] [stderr]    Compiling proc-macro2 v1.0.51
[INFO] [stderr]    Compiling unicode-ident v1.0.7
[INFO] [stderr]    Compiling syn v1.0.109
[INFO] [stderr]    Compiling value-bag v1.0.0-alpha.9
[INFO] [stderr]    Compiling log v0.4.17
[INFO] [stderr]    Compiling futures-core v0.3.26
[INFO] [stderr]    Compiling once_cell v1.17.1
[INFO] [stderr]    Compiling serde_derive v1.0.153
[INFO] [stderr]    Compiling serde v1.0.153
[INFO] [stderr]    Compiling futures-channel v0.3.26
[INFO] [stderr]     Checking getrandom v0.2.8
[INFO] [stderr]     Checking itoa v1.0.6
[INFO] [stderr]    Compiling futures-task v0.3.26
[INFO] [stderr]    Compiling tokio v1.26.0
[INFO] [stderr]    Compiling futures-util v0.3.26
[INFO] [stderr]     Checking futures-io v0.3.26
[INFO] [stderr]     Checking socket2 v0.4.9
[INFO] [stderr]     Checking ryu v1.0.13
[INFO] [stderr]     Checking rand_core v0.6.4
[INFO] [stderr]    Compiling serde_json v1.0.94
[INFO] [stderr]    Compiling proc-macro2-diagnostics v0.9.1
[INFO] [stderr]    Compiling thiserror v1.0.39
[INFO] [stderr]    Compiling yansi v0.5.1
[INFO] [stderr]    Compiling pin-project-lite v0.2.9
[INFO] [stderr]    Compiling io-lifetimes v1.0.5
[INFO] [stderr]     Checking crypto-common v0.1.6
[INFO] [stderr]     Checking hashbrown v0.12.3
[INFO] [stderr]     Checking tracing-core v0.1.30
[INFO] [stderr]     Checking fastrand v1.9.0
[INFO] [stderr]    Compiling time-core v0.1.0
[INFO] [stderr]    Compiling futures-sink v0.3.26
[INFO] [stderr]     Checking rand_chacha v0.3.1
[INFO] [stderr]    Compiling inout v0.1.3
[INFO] [stderr]    Compiling uncased v0.9.7
[INFO] [stderr]    Compiling universal-hash v0.5.0
[INFO] [stderr]    Compiling time-macros v0.2.8
[INFO] [stderr]    Compiling digest v0.10.6
[INFO] [stderr]    Compiling cipher v0.4.3
[INFO] [stderr]    Compiling slab v0.4.8
[INFO] [stderr]     Checking rand v0.8.5
[INFO] [stderr]    Compiling num_cpus v1.15.0
[INFO] [stderr]    Compiling quote v1.0.23
[INFO] [stderr]    Compiling signal-hook-registry v1.4.1
[INFO] [stderr]    Compiling cookie v0.16.2
[INFO] [stderr]    Compiling ref-cast v1.0.15
[INFO] [stderr]     Checking event-listener v2.5.3
[INFO] [stderr]    Compiling pin-utils v0.1.0
[INFO] [stderr]    Compiling fnv v1.0.7
[INFO] [stderr]     Checking http v0.2.9
[INFO] [stderr]    Compiling polyval v0.6.0
[INFO] [stderr]     Checking concurrent-queue v2.1.0
[INFO] [stderr]     Checking waker-fn v1.1.0
[INFO] [stderr]     Checking parking v2.0.0
[INFO] [stderr]    Compiling ghash v0.5.0
[INFO] [stderr]     Checking async-lock v2.7.0
[INFO] [stderr]    Compiling aes v0.8.2
[INFO] [stderr]    Compiling ctr v0.9.2
[INFO] [stderr]     Checking futures-lite v1.12.0
[INFO] [stderr]    Compiling hmac v0.12.1
[INFO] [stderr]    Compiling aead v0.5.1
[INFO] [stderr]    Compiling num-traits v0.2.15
[INFO] [stderr]    Compiling polling v2.6.0
[INFO] [stderr]    Compiling try-lock v0.2.4
[INFO] [stderr]    Compiling rustix v0.37.3
[INFO] [stderr]    Compiling hkdf v0.12.3
[INFO] [stderr]    Compiling proc-macro-error-attr v1.0.4
[INFO] [stderr]    Compiling sha2 v0.10.6
[INFO] [stderr]    Compiling httparse v1.8.0
[INFO] [stderr]    Compiling async-io v1.13.0
[INFO] [stderr]    Compiling base64 v0.20.0
[INFO] [stderr]    Compiling aes-gcm v0.10.1
[INFO] [stderr]    Compiling http-body v0.4.5
[INFO] [stderr]    Compiling inlinable_string v0.1.15
[INFO] [stderr]    Compiling percent-encoding v2.2.0
[INFO] [stderr]    Compiling rustix v0.36.9
[INFO] [stderr]     Checking linux-raw-sys v0.3.0
[INFO] [stderr]    Compiling tower-service v0.3.2
[INFO] [stderr]     Checking anymap2 v0.13.0
[INFO] [stderr]    Compiling httpdate v1.0.2
[INFO] [stderr]     Checking async-task v4.3.0
[INFO] [stderr]     Checking smallvec v1.10.0
[INFO] [stderr]     Checking async-channel v1.8.0
[INFO] [stderr]    Compiling stable-pattern v0.1.0
[INFO] [stderr]    Compiling atomic v0.5.1
[INFO] [stderr]    Compiling figment v0.10.8
[INFO] [stderr]    Compiling multer v2.0.4
[INFO] [stderr]    Compiling state v0.5.3
[INFO] [stderr]     Checking atomic-waker v1.1.0
[INFO] [stderr]    Compiling async-trait v0.1.65
[INFO] [stderr]    Compiling boolinator v2.4.0
[INFO] [stderr]     Checking blocking v1.3.0
[INFO] [stderr]     Checking parking_lot_core v0.9.7
[INFO] [stderr]     Checking async-executor v1.5.0
[INFO] [stderr]     Checking encoding_rs v0.8.32
[INFO] [stderr]    Compiling rocket v0.5.0-rc.2
[INFO] [stderr]     Checking spin v0.9.5
[INFO] [stderr]     Checking atty v0.2.14
[INFO] [stderr]     Checking binascii v0.1.4
[INFO] [stderr]     Checking parking_lot v0.12.1
[INFO] [stderr]     Checking route-recognizer v0.3.1
[INFO] [stderr]  Documenting client v0.1.0 (/opt/rustwide/workdir/client)
[INFO] [stderr]    Compiling time v0.3.20
[INFO] [stderr]     Checking tempfile v3.4.0
[INFO] [stderr]    Compiling proc-macro-error v1.0.4
[INFO] [stderr]    Compiling prettyplease v0.1.23
[INFO] [stderr]    Compiling devise_core v0.3.1
[INFO] [stderr]    Compiling ctor v0.1.26
[INFO] [stderr]    Compiling tokio-macros v1.8.2
[INFO] [stderr]    Compiling futures-macro v0.3.26
[INFO] [stderr]    Compiling tracing-attributes v0.1.23
[INFO] [stderr]    Compiling thiserror-impl v1.0.39
[INFO] [stderr]    Compiling pin-project-internal v1.0.12
[INFO] [stderr]    Compiling pear_codegen v0.2.3
[INFO] [stderr]    Compiling ref-cast-impl v1.0.15
[INFO] [stderr]    Compiling strum_macros v0.24.3
[INFO] [stderr]    Compiling yew-macro v0.20.0
[INFO] [stderr]    Compiling async-stream-impl v0.3.4
[INFO] [stderr]    Compiling yew-router-macro v0.17.0
[INFO] [stderr]    Compiling devise_codegen v0.3.1
[INFO] [stderr]     Checking async-stream v0.3.4
[INFO] [stderr]    Compiling devise v0.3.1
[INFO] [stderr]    Compiling pear v0.2.3
[INFO] [stderr]    Compiling wasm-bindgen-backend v0.2.84
[INFO] [stderr]    Compiling mio v0.8.6
[INFO] [stderr]    Compiling want v0.3.0
[INFO] [stderr]     Checking kv-log-macro v1.0.7
[INFO] [stderr]     Checking pin-project v1.0.12
[INFO] [stderr]     Checking tracing v0.1.37
[INFO] [stderr]     Checking async-global-executor v2.3.1
[INFO] [stderr]     Checking strum v0.24.1
[INFO] [stderr]     Checking async-std v1.12.0
[INFO] [stderr]    Compiling wasm-bindgen-macro-support v0.2.84
[INFO] [stderr]    Compiling wasm-bindgen-macro v0.2.84
[INFO] [stderr]     Checking wasm-bindgen v0.2.84
[INFO] [stderr]     Checking futures v0.3.26
[INFO] [stderr]     Checking pinned v0.1.0
[INFO] [stderr]     Checking js-sys v0.3.61
[INFO] [stderr]     Checking console_error_panic_hook v0.1.7
[INFO] [stderr]     Checking tokio-stream v0.1.12
[INFO] [stderr]     Checking tokio-util v0.7.7
[INFO] [stderr]     Checking prokio v0.1.0
[INFO] [stderr]     Checking indexmap v1.9.2
[INFO] [stderr]     Checking serde_urlencoded v0.7.1
[INFO] [stderr]     Checking bincode v1.3.3
[INFO] [stderr]     Checking uuid v1.3.0
[INFO] [stderr]     Checking toml v0.5.11
[INFO] [stderr]     Checking ubyte v0.10.3
[INFO] [stderr]     Checking web-sys v0.3.61
[INFO] [stderr]     Checking wasm-bindgen-futures v0.4.34
[INFO] [stderr]     Checking serde-wasm-bindgen v0.4.5
[INFO] [stderr]     Checking gloo-timers v0.2.6
[INFO] [stderr]     Checking h2 v0.3.16
[INFO] [stderr]     Checking implicit-clone v0.3.5
[INFO] [stderr]     Checking hyper v0.14.24
[INFO] [stderr]     Checking rocket_http v0.5.0-rc.2
[INFO] [stderr]     Checking gloo-utils v0.1.6
[INFO] [stderr]     Checking gloo-events v0.1.2
[INFO] [stderr]     Checking gloo-render v0.1.1
[INFO] [stderr]     Checking gloo-dialogs v0.1.1
[INFO] [stderr]     Checking console_log v1.0.0
[INFO] [stderr]     Checking gloo-net v0.2.6
[INFO] [stderr]     Checking gloo-console v0.2.3
[INFO] [stderr]     Checking gloo-storage v0.2.2
[INFO] [stderr]     Checking gloo-file v0.2.3
[INFO] [stderr]     Checking gloo-history v0.1.3
[INFO] [stderr]     Checking gloo-worker v0.2.1
[INFO] [stderr]     Checking common v0.1.0 (/opt/rustwide/workdir/common)
[INFO] [stderr]  Documenting common v0.1.0 (/opt/rustwide/workdir/common)
[INFO] [stderr]     Checking gloo v0.8.0
[INFO] [stdout] error: `~const` is not allowed here
[INFO] [stdout]   --> common/src/utils.rs:10:29
[INFO] [stdout]    |
[INFO] [stdout] 10 | pub struct SendibleArray<T: ~const Default + Serialize + for<'a> Deserialize<'a>, const SIZE: usize>(
[INFO] [stdout]    |                             ^^^^^^
[INFO] [stdout]    |
[INFO] [stdout]    = note: this item cannot have `~const` trait bounds
[INFO] [stdout] 
[INFO] [stdout] 
[INFO] [stdout] error: `~const` is not allowed here
[INFO] [stdout]   --> common/src/utils.rs:10:29
[INFO] [stdout]    |
[INFO] [stdout] 10 | pub struct SendibleArray<T: ~const Default + Serialize + for<'a> Deserialize<'a>, const SIZE: usize>(
[INFO] [stdout]    |                             ^^^^^^
[INFO] [stdout]    |
[INFO] [stdout] note: this impl is not `const`, so it cannot have `~const` trait bounds
[INFO] [stdout]   --> common/src/utils.rs:9:10
[INFO] [stdout]    |
[INFO] [stdout] 9  | #[derive(Clone, Debug, PartialEq)]
[INFO] [stdout]    |          ^^^^^
[INFO] [stdout]    = note: this error originates in the derive macro `Clone` (in Nightly builds, run with -Z macro-backtrace for more info)
[INFO] [stdout] 
[INFO] [stdout] 
[INFO] [stdout] error: `~const` is not allowed here
[INFO] [stdout]   --> common/src/utils.rs:10:29
[INFO] [stdout]    |
[INFO] [stdout] 10 | pub struct SendibleArray<T: ~const Default + Serialize + for<'a> Deserialize<'a>, const SIZE: usize>(
[INFO] [stdout]    |                             ^^^^^^
[INFO] [stdout]    |
[INFO] [stdout] note: this impl is not `const`, so it cannot have `~const` trait bounds
[INFO] [stdout]   --> common/src/utils.rs:9:17
[INFO] [stdout]    |
[INFO] [stdout] 9  | #[derive(Clone, Debug, PartialEq)]
[INFO] [stdout]    |                 ^^^^^
[INFO] [stdout]    = note: this error originates in the derive macro `Debug` (in Nightly builds, run with -Z macro-backtrace for more info)
[INFO] [stdout] 
[INFO] [stdout] 
[INFO] [stdout] error: `~const` is not allowed here
[INFO] [stdout]   --> common/src/utils.rs:10:29
[INFO] [stdout]    |
[INFO] [stdout] 10 | pub struct SendibleArray<T: ~const Default + Serialize + for<'a> Deserialize<'a>, const SIZE: usize>(
[INFO] [stdout]    |                             ^^^^^^
[INFO] [stdout]    |
[INFO] [stdout] note: this impl is not `const`, so it cannot have `~const` trait bounds
[INFO] [stdout]   --> common/src/utils.rs:9:24
[INFO] [stdout]    |
[INFO] [stdout] 9  | #[derive(Clone, Debug, PartialEq)]
[INFO] [stdout]    |                        ^^^^^^^^^
[INFO] [stdout]    = note: this error originates in the derive macro `PartialEq` (in Nightly builds, run with -Z macro-backtrace for more info)
[INFO] [stdout] 
[INFO] [stdout] 
[INFO] [stdout] error: `~const` is not allowed here
[INFO] [stdout]   --> common/src/utils.rs:10:29
[INFO] [stdout]    |
[INFO] [stdout] 10 | pub struct SendibleArray<T: ~const Default + Serialize + for<'a> Deserialize<'a>, const SIZE: usize>(
[INFO] [stdout]    |                             ^^^^^^
[INFO] [stdout]    |
[INFO] [stdout]    = note: this item cannot have `~const` trait bounds
[INFO] [stdout] 
[INFO] [stdout] 
[INFO] [stdout] error: `~const` is not allowed here
[INFO] [stdout]   --> common/src/utils.rs:10:29
[INFO] [stdout]    |
[INFO] [stdout] 10 | pub struct SendibleArray<T: ~const Default + Serialize + for<'a> Deserialize<'a>, const SIZE: usize>(
[INFO] [stdout]    |                             ^^^^^^
[INFO] [stdout]    |
[INFO] [stdout] note: this impl is not `const`, so it cannot have `~const` trait bounds
[INFO] [stdout]   --> common/src/utils.rs:9:10
[INFO] [stdout]    |
[INFO] [stdout] 9  | #[derive(Clone, Debug, PartialEq)]
[INFO] [stdout]    |          ^^^^^
[INFO] [stdout]    = note: this error originates in the derive macro `Clone` (in Nightly builds, run with -Z macro-backtrace for more info)
[INFO] [stdout] 
[INFO] [stdout] 
[INFO] [stdout] error: `~const` is not allowed here
[INFO] [stdout]   --> common/src/utils.rs:10:29
[INFO] [stdout]    |
[INFO] [stdout] 10 | pub struct SendibleArray<T: ~const Default + Serialize + for<'a> Deserialize<'a>, const SIZE: usize>(
[INFO] [stdout]    |                             ^^^^^^
[INFO] [stdout]    |
[INFO] [stdout] note: this impl is not `const`, so it cannot have `~const` trait bounds
[INFO] [stdout]   --> common/src/utils.rs:9:17
[INFO] [stdout]    |
[INFO] [stdout] 9  | #[derive(Clone, Debug, PartialEq)]
[INFO] [stdout]    |                 ^^^^^
[INFO] [stdout]    = note: this error originates in the derive macro `Debug` (in Nightly builds, run with -Z macro-backtrace for more info)
[INFO] [stdout] 
[INFO] [stdout] 
[INFO] [stdout] error: `~const` is not allowed here
[INFO] [stdout]   --> common/src/utils.rs:10:29
[INFO] [stdout]    |
[INFO] [stdout] 10 | pub struct SendibleArray<T: ~const Default + Serialize + for<'a> Deserialize<'a>, const SIZE: usize>(
[INFO] [stdout]    |                             ^^^^^^
[INFO] [stdout]    |
[INFO] [stdout] note: this impl is not `const`, so it cannot have `~const` trait bounds
[INFO] [stdout]   --> common/src/utils.rs:9:24
[INFO] [stdout]    |
[INFO] [stdout] 9  | #[derive(Clone, Debug, PartialEq)]
[INFO] [stdout]    |                        ^^^^^^^^^
[INFO] [stdout]    = note: this error originates in the derive macro `PartialEq` (in Nightly builds, run with -Z macro-backtrace for more info)
[INFO] [stdout] 
[INFO] [stdout] 
[INFO] [stdout] error: `~const` is not allowed here
[INFO] [stdout]   --> common/src/utils.rs:14:9
[INFO] [stdout]    |
[INFO] [stdout] 14 | impl<T: ~const Default + Serialize + for<'de> Deserialize<'de>, const SIZE: usize> Serialize
[INFO] [stdout]    |         ^^^^^^
[INFO] [stdout]    |
[INFO] [stdout] note: this impl is not `const`, so it cannot have `~const` trait bounds
[INFO] [stdout]   --> common/src/utils.rs:14:1
[INFO] [stdout]    |
[INFO] [stdout] 14 | / impl<T: ~const Default + Serialize + for<'de> Deserialize<'de>, const SIZE: usize> Serialize
[INFO] [stdout] 15 | |     for SendibleArray<T, SIZE>
[INFO] [stdout] 16 | | {
[INFO] [stdout] 17 | |     fn serialize<S>(&self, serializer: S) -> Result<S::Ok, S::Error>
[INFO] [stdout] ...  |
[INFO] [stdout] 26 | |     }
[INFO] [stdout] 27 | | }
[INFO] [stdout]    | |_^
[INFO] [stdout] 
[INFO] [stdout] 
[INFO] [stdout] error: `~const` is not allowed here
[INFO] [stdout]   --> common/src/utils.rs:33:14
[INFO] [stdout]    |
[INFO] [stdout] 33 | impl<'de, T: ~const Default + Serialize + for<'a> Deserialize<'a>, const SIZE: usize> Visitor<'de>
[INFO] [stdout]    |              ^^^^^^
[INFO] [stdout]    |
[INFO] [stdout] note: this impl is not `const`, so it cannot have `~const` trait bounds
[INFO] [stdout]   --> common/src/utils.rs:33:1
[INFO] [stdout]    |
[INFO] [stdout] 33 | / impl<'de, T: ~const Default + Serialize + for<'a> Deserialize<'a>, const SIZE: usize> Visitor<'de>
[INFO] [stdout] 34 | |     for BoardVisitor<T, SIZE>
[INFO] [stdout] 35 | | {
[INFO] [stdout] 36 | |     type Value = SendibleArray<T, SIZE>;
[INFO] [stdout] ...  |
[INFO] [stdout] 62 | |     }
[INFO] [stdout] 63 | | }
[INFO] [stdout]    | |_^
[INFO] [stdout] 
[INFO] [stdout] 
[INFO] [stdout] error: `~const` is not allowed here
[INFO] [stdout]   --> common/src/utils.rs:65:14
[INFO] [stdout]    |
[INFO] [stdout] 65 | impl<'de, T: ~const Default + Serialize + for<'a> Deserialize<'a>, const SIZE: usize>
[INFO] [stdout]    |              ^^^^^^
[INFO] [stdout]    |
[INFO] [stdout] note: this impl is not `const`, so it cannot have `~const` trait bounds
[INFO] [stdout]   --> common/src/utils.rs:65:1
[INFO] [stdout]    |
[INFO] [stdout] 65 | / impl<'de, T: ~const Default + Serialize + for<'a> Deserialize<'a>, const SIZE: usize>
[INFO] [stdout] 66 | |     Deserialize<'de> for SendibleArray<T, SIZE>
[INFO] [stdout] 67 | | {
[INFO] [stdout] 68 | |     fn deserialize<D>(deserializer: D) -> Result<Self, D::Error>
[INFO] [stdout] ...  |
[INFO] [stdout] 73 | |     }
[INFO] [stdout] 74 | | }
[INFO] [stdout]    | |_^
[INFO] [stdout] 
[INFO] [stdout] 
[INFO] [stdout] error: `~const` is not allowed here
[INFO] [stdout]   --> common/src/utils.rs:76:9
[INFO] [stdout]    |
[INFO] [stdout] 76 | impl<T: ~const Default + Serialize + for<'a> Deserialize<'a>, const SIZE: usize> Default
[INFO] [stdout]    |         ^^^^^^
[INFO] [stdout]    |
[INFO] [stdout] note: this impl is not `const`, so it cannot have `~const` trait bounds
[INFO] [stdout]   --> common/src/utils.rs:76:1
[INFO] [stdout]    |
[INFO] [stdout] 76 | / impl<T: ~const Default + Serialize + for<'a> Deserialize<'a>, const SIZE: usize> Default
[INFO] [stdout] 77 | |     for SendibleArray<T, SIZE>
[INFO] [stdout] 78 | | {
[INFO] [stdout] 79 | |     fn default() -> Self {
[INFO] [stdout] ...  |
[INFO] [stdout] 82 | |     }
[INFO] [stdout] 83 | | }
[INFO] [stdout]    | |_^
[INFO] [stdout] 
[INFO] [stdout] 
[INFO] [stdout] error: `~const` is not allowed here
[INFO] [stdout]   --> common/src/utils.rs:85:9
[INFO] [stdout]    |
[INFO] [stdout] 85 | impl<T: ~const Default + Serialize + for<'a> Deserialize<'a>, const SIZE: usize>
[INFO] [stdout]    |         ^^^^^^
[INFO] [stdout]    |
[INFO] [stdout] note: this impl is not `const`, so it cannot have `~const` trait bounds
[INFO] [stdout]   --> common/src/utils.rs:85:1
[INFO] [stdout]    |
[INFO] [stdout] 85 | / impl<T: ~const Default + Serialize + for<'a> Deserialize<'a>, const SIZE: usize>
[INFO] [stdout] 86 | |     std::ops::Index<usize> for SendibleArray<T, SIZE>
[INFO] [stdout] 87 | | {
[INFO] [stdout] 88 | |     type Output = T;
[INFO] [stdout] ...  |
[INFO] [stdout] 92 | |     }
[INFO] [stdout] 93 | | }
[INFO] [stdout]    | |_^
[INFO] [stdout] 
[INFO] [stdout] 
[INFO] [stdout] error: `~const` is not allowed here
[INFO] [stdout]    --> common/src/utils.rs:95:9
[INFO] [stdout]     |
[INFO] [stdout] 95  | impl<T: ~const Default + Serialize + for<'a> Deserialize<'a>, const SIZE: usize>
[INFO] [stdout]     |         ^^^^^^
[INFO] [stdout]     |
[INFO] [stdout] note: this impl is not `const`, so it cannot have `~const` trait bounds
[INFO] [stdout]    --> common/src/utils.rs:95:1
[INFO] [stdout]     |
[INFO] [stdout] 95  | / impl<T: ~const Default + Serialize + for<'a> Deserialize<'a>, const SIZE: usize>
[INFO] [stdout] 96  | |     std::ops::IndexMut<usize> for SendibleArray<T, SIZE>
[INFO] [stdout] 97  | | {
[INFO] [stdout] 98  | |     fn index_mut(&mut self, index: usize) -> &mut Self::Output {
[INFO] [stdout] 99  | |         &mut self.0[index]
[INFO] [stdout] 100 | |     }
[INFO] [stdout] 101 | | }
[INFO] [stdout]     | |_^
[INFO] [stdout] 
[INFO] [stdout] 
[INFO] [stdout] error: `~const` is not allowed here
[INFO] [stdout]    --> common/src/utils.rs:103:9
[INFO] [stdout]     |
[INFO] [stdout] 103 | impl<T: ~const Default + Serialize + for<'a> Deserialize<'a>, const SIZE: usize> From<[T; SIZE]>
[INFO] [stdout]     |         ^^^^^^
[INFO] [stdout]     |
[INFO] [stdout] note: this impl is not `const`, so it cannot have `~const` trait bounds
[INFO] [stdout]    --> common/src/utils.rs:103:1
[INFO] [stdout]     |
[INFO] [stdout] 103 | / impl<T: ~const Default + Serialize + for<'a> Deserialize<'a>, const SIZE: usize> From<[T; SIZE]>
[INFO] [stdout] 104 | |     for SendibleArray<T, SIZE>
[INFO] [stdout] 105 | | {
[INFO] [stdout] 106 | |     fn from(value: [T; SIZE]) -> Self {
[INFO] [stdout] 107 | |         SendibleArray(value)
[INFO] [stdout] 108 | |     }
[INFO] [stdout] 109 | | }
[INFO] [stdout]     | |_^
[INFO] [stdout] 
[INFO] [stdout] 
[INFO] [stdout] error: `~const` is not allowed here
[INFO] [stdout]   --> common/src/utils.rs:14:9
[INFO] [stdout]    |
[INFO] [stdout] 14 | impl<T: ~const Default + Serialize + for<'de> Deserialize<'de>, const SIZE: usize> Serialize
[INFO] [stdout]    |         ^^^^^^
[INFO] [stdout]    |
[INFO] [stdout] note: this impl is not `const`, so it cannot have `~const` trait bounds
[INFO] [stdout]   --> common/src/utils.rs:14:1
[INFO] [stdout]    |
[INFO] [stdout] 14 | / impl<T: ~const Default + Serialize + for<'de> Deserialize<'de>, const SIZE: usize> Serialize
[INFO] [stdout] 15 | |     for SendibleArray<T, SIZE>
[INFO] [stdout] 16 | | {
[INFO] [stdout] 17 | |     fn serialize<S>(&self, serializer: S) -> Result<S::Ok, S::Error>
[INFO] [stdout] ...  |
[INFO] [stdout] 26 | |     }
[INFO] [stdout] 27 | | }
[INFO] [stdout]    | |_^
[INFO] [stdout] 
[INFO] [stdout] 
[INFO] [stdout] error: `~const` is not allowed here
[INFO] [stdout]   --> common/src/utils.rs:33:14
[INFO] [stdout]    |
[INFO] [stdout] 33 | impl<'de, T: ~const Default + Serialize + for<'a> Deserialize<'a>, const SIZE: usize> Visitor<'de>
[INFO] [stdout]    |              ^^^^^^
[INFO] [stdout]    |
[INFO] [stdout] note: this impl is not `const`, so it cannot have `~const` trait bounds
[INFO] [stdout]   --> common/src/utils.rs:33:1
[INFO] [stdout]    |
[INFO] [stdout] 33 | / impl<'de, T: ~const Default + Serialize + for<'a> Deserialize<'a>, const SIZE: usize> Visitor<'de>
[INFO] [stdout] 34 | |     for BoardVisitor<T, SIZE>
[INFO] [stdout] 35 | | {
[INFO] [stdout] 36 | |     type Value = SendibleArray<T, SIZE>;
[INFO] [stdout] ...  |
[INFO] [stdout] 62 | |     }
[INFO] [stdout] 63 | | }
[INFO] [stdout]    | |_^
[INFO] [stdout] 
[INFO] [stdout] 
[INFO] [stdout] error: `~const` is not allowed here
[INFO] [stdout]   --> common/src/utils.rs:65:14
[INFO] [stdout]    |
[INFO] [stdout] 65 | impl<'de, T: ~const Default + Serialize + for<'a> Deserialize<'a>, const SIZE: usize>
[INFO] [stdout]    |              ^^^^^^
[INFO] [stdout]    |
[INFO] [stdout] note: this impl is not `const`, so it cannot have `~const` trait bounds
[INFO] [stdout]   --> common/src/utils.rs:65:1
[INFO] [stdout]    |
[INFO] [stdout] 65 | / impl<'de, T: ~const Default + Serialize + for<'a> Deserialize<'a>, const SIZE: usize>
[INFO] [stdout] 66 | |     Deserialize<'de> for SendibleArray<T, SIZE>
[INFO] [stdout] 67 | | {
[INFO] [stdout] 68 | |     fn deserialize<D>(deserializer: D) -> Result<Self, D::Error>
[INFO] [stdout] ...  |
[INFO] [stdout] 73 | |     }
[INFO] [stdout] 74 | | }
[INFO] [stdout]    | |_^
[INFO] [stdout] 
[INFO] [stdout] 
[INFO] [stdout] error: `~const` is not allowed here
[INFO] [stdout]   --> common/src/utils.rs:76:9
[INFO] [stdout]    |
[INFO] [stdout] 76 | impl<T: ~const Default + Serialize + for<'a> Deserialize<'a>, const SIZE: usize> Default
[INFO] [stdout]    |         ^^^^^^
[INFO] [stdout]    |
[INFO] [stdout] note: this impl is not `const`, so it cannot have `~const` trait bounds
[INFO] [stdout]   --> common/src/utils.rs:76:1
[INFO] [stdout]    |
[INFO] [stdout] 76 | / impl<T: ~const Default + Serialize + for<'a> Deserialize<'a>, const SIZE: usize> Default
[INFO] [stdout] 77 | |     for SendibleArray<T, SIZE>
[INFO] [stdout] 78 | | {
[INFO] [stdout] 79 | |     fn default() -> Self {
[INFO] [stdout] ...  |
[INFO] [stdout] 82 | |     }
[INFO] [stdout] 83 | | }
[INFO] [stdout]    | |_^
[INFO] [stdout] 
[INFO] [stdout] 
[INFO] [stdout] error: `~const` is not allowed here
[INFO] [stdout]   --> common/src/utils.rs:85:9
[INFO] [stdout]    |
[INFO] [stdout] 85 | impl<T: ~const Default + Serialize + for<'a> Deserialize<'a>, const SIZE: usize>
[INFO] [stdout]    |         ^^^^^^
[INFO] [stdout]    |
[INFO] [stdout] note: this impl is not `const`, so it cannot have `~const` trait bounds
[INFO] [stdout]   --> common/src/utils.rs:85:1
[INFO] [stdout]    |
[INFO] [stdout] 85 | / impl<T: ~const Default + Serialize + for<'a> Deserialize<'a>, const SIZE: usize>
[INFO] [stdout] 86 | |     std::ops::Index<usize> for SendibleArray<T, SIZE>
[INFO] [stdout] 87 | | {
[INFO] [stdout] 88 | |     type Output = T;
[INFO] [stdout] ...  |
[INFO] [stdout] 92 | |     }
[INFO] [stdout] 93 | | }
[INFO] [stdout]    | |_^
[INFO] [stdout] 
[INFO] [stdout] 
[INFO] [stdout] error: `~const` is not allowed here
[INFO] [stdout]    --> common/src/utils.rs:95:9
[INFO] [stdout]     |
[INFO] [stdout] 95  | impl<T: ~const Default + Serialize + for<'a> Deserialize<'a>, const SIZE: usize>
[INFO] [stdout]     |         ^^^^^^
[INFO] [stdout]     |
[INFO] [stdout] note: this impl is not `const`, so it cannot have `~const` trait bounds
[INFO] [stdout]    --> common/src/utils.rs:95:1
[INFO] [stdout]     |
[INFO] [stdout] 95  | / impl<T: ~const Default + Serialize + for<'a> Deserialize<'a>, const SIZE: usize>
[INFO] [stdout] 96  | |     std::ops::IndexMut<usize> for SendibleArray<T, SIZE>
[INFO] [stdout] 97  | | {
[INFO] [stdout] 98  | |     fn index_mut(&mut self, index: usize) -> &mut Self::Output {
[INFO] [stdout] 99  | |         &mut self.0[index]
[INFO] [stdout] 100 | |     }
[INFO] [stdout] 101 | | }
[INFO] [stdout]     | |_^
[INFO] [stdout] 
[INFO] [stdout] 
[INFO] [stdout] error: `~const` is not allowed here
[INFO] [stdout]    --> common/src/utils.rs:103:9
[INFO] [stdout]     |
[INFO] [stdout] 103 | impl<T: ~const Default + Serialize + for<'a> Deserialize<'a>, const SIZE: usize> From<[T; SIZE]>
[INFO] [stdout]     |         ^^^^^^
[INFO] [stdout]     |
[INFO] [stdout] note: this impl is not `const`, so it cannot have `~const` trait bounds
[INFO] [stdout]    --> common/src/utils.rs:103:1
[INFO] [stdout]     |
[INFO] [stdout] 103 | / impl<T: ~const Default + Serialize + for<'a> Deserialize<'a>, const SIZE: usize> From<[T; SIZE]>
[INFO] [stdout] 104 | |     for SendibleArray<T, SIZE>
[INFO] [stdout] 105 | | {
[INFO] [stdout] 106 | |     fn from(value: [T; SIZE]) -> Self {
[INFO] [stdout] 107 | |         SendibleArray(value)
[INFO] [stdout] 108 | |     }
[INFO] [stdout] 109 | | }
[INFO] [stdout]     | |_^
[INFO] [stdout] 
[INFO] [stdout] 
[INFO] [stderr]     Checking yew v0.20.0
[INFO] [stdout] error[E0554]: `#![feature]` may not be used on the beta release channel
[INFO] [stdout]  --> common/src/lib.rs:1:1
[INFO] [stdout]   |
[INFO] [stdout] 1 | #![feature(inline_const)]
[INFO] [stdout]   | ^^^^^^^^^^^^^^^^^^^^^^^^^
[INFO] [stdout] 
[INFO] [stdout] 
[INFO] [stdout] error[E0554]: `#![feature]` may not be used on the beta release channel
[INFO] [stdout]  --> common/src/lib.rs:2:1
[INFO] [stdout]   |
[INFO] [stdout] 2 | #![feature(const_trait_impl)]
[INFO] [stdout]   | ^^^^^^^^^^^^^^^^^^^^^^^^^^^^^
[INFO] [stdout] 
[INFO] [stdout] 
[INFO] [stdout] error[E0554]: `#![feature]` may not be used on the beta release channel
[INFO] [stdout]  --> common/src/lib.rs:1:1
[INFO] [stdout]   |
[INFO] [stdout] 1 | #![feature(inline_const)]
[INFO] [stdout]   | ^^^^^^^^^^^^^^^^^^^^^^^^^
[INFO] [stdout] 
[INFO] [stdout] 
[INFO] [stdout] error[E0554]: `#![feature]` may not be used on the beta release channel
[INFO] [stdout]  --> common/src/lib.rs:2:1
[INFO] [stdout]   |
[INFO] [stdout] 2 | #![feature(const_trait_impl)]
[INFO] [stdout]   | ^^^^^^^^^^^^^^^^^^^^^^^^^^^^^
[INFO] [stdout] 
[INFO] [stdout] 
[INFO] [stdout] error: ~const can only be applied to `#[const_trait]` traits
[INFO] [stdout]   --> common/src/utils.rs:10:36
[INFO] [stdout]    |
[INFO] [stdout] 10 | pub struct SendibleArray<T: ~const Default + Serialize + for<'a> Deserialize<'a>, const SIZE: usize>(
[INFO] [stdout]    |                                    ^^^^^^^
[INFO] [stdout] 
[INFO] [stdout] 
[INFO] [stdout] error: ~const can only be applied to `#[const_trait]` traits
[INFO] [stdout]   --> common/src/utils.rs:10:36
[INFO] [stdout]    |
[INFO] [stdout] 10 | pub struct SendibleArray<T: ~const Default + Serialize + for<'a> Deserialize<'a>, const SIZE: usize>(
[INFO] [stdout]    |                                    ^^^^^^^
[INFO] [stdout] 
[INFO] [stdout] 
[INFO] [stdout] error: ~const can only be applied to `#[const_trait]` traits
[INFO] [stdout]   --> common/src/utils.rs:14:16
[INFO] [stdout]    |
[INFO] [stdout] 14 | impl<T: ~const Default + Serialize + for<'de> Deserialize<'de>, const SIZE: usize> Serialize
[INFO] [stdout]    |                ^^^^^^^
[INFO] [stdout] 
[INFO] [stdout] 
[INFO] [stdout] error: ~const can only be applied to `#[const_trait]` traits
[INFO] [stdout]   --> common/src/utils.rs:33:21
[INFO] [stdout]    |
[INFO] [stdout] 33 | impl<'de, T: ~const Default + Serialize + for<'a> Deserialize<'a>, const SIZE: usize> Visitor<'de>
[INFO] [stdout]    |                     ^^^^^^^
[INFO] [stdout] 
[INFO] [stdout] 
[INFO] [stdout] error: ~const can only be applied to `#[const_trait]` traits
[INFO] [stdout]   --> common/src/utils.rs:65:21
[INFO] [stdout]    |
[INFO] [stdout] 65 | impl<'de, T: ~const Default + Serialize + for<'a> Deserialize<'a>, const SIZE: usize>
[INFO] [stdout]    |                     ^^^^^^^
[INFO] [stdout] 
[INFO] [stdout] 
[INFO] [stdout] error: ~const can only be applied to `#[const_trait]` traits
[INFO] [stdout]   --> common/src/utils.rs:76:16
[INFO] [stdout]    |
[INFO] [stdout] 76 | impl<T: ~const Default + Serialize + for<'a> Deserialize<'a>, const SIZE: usize> Default
[INFO] [stdout]    |                ^^^^^^^
[INFO] [stdout] 
[INFO] [stdout] 
[INFO] [stdout] error: ~const can only be applied to `#[const_trait]` traits
[INFO] [stdout]   --> common/src/utils.rs:85:16
[INFO] [stdout]    |
[INFO] [stdout] 85 | impl<T: ~const Default + Serialize + for<'a> Deserialize<'a>, const SIZE: usize>
[INFO] [stdout]    |                ^^^^^^^
[INFO] [stdout] 
[INFO] [stdout] 
[INFO] [stdout] error: ~const can only be applied to `#[const_trait]` traits
[INFO] [stdout]   --> common/src/utils.rs:95:16
[INFO] [stdout]    |
[INFO] [stdout] 95 | impl<T: ~const Default + Serialize + for<'a> Deserialize<'a>, const SIZE: usize>
[INFO] [stdout]    |                ^^^^^^^
[INFO] [stdout] 
[INFO] [stdout] 
[INFO] [stdout] error: ~const can only be applied to `#[const_trait]` traits
[INFO] [stdout]    --> common/src/utils.rs:103:16
[INFO] [stdout]     |
[INFO] [stdout] 103 | impl<T: ~const Default + Serialize + for<'a> Deserialize<'a>, const SIZE: usize> From<[T; SIZE]>
[INFO] [stdout]     |                ^^^^^^^
[INFO] [stdout] 
[INFO] [stdout] 
[INFO] [stdout] error: ~const can only be applied to `#[const_trait]` traits
[INFO] [stdout]   --> common/src/utils.rs:14:16
[INFO] [stdout]    |
[INFO] [stdout] 14 | impl<T: ~const Default + Serialize + for<'de> Deserialize<'de>, const SIZE: usize> Serialize
[INFO] [stdout]    |                ^^^^^^^
[INFO] [stdout] 
[INFO] [stdout] 
[INFO] [stdout] error: ~const can only be applied to `#[const_trait]` traits
[INFO] [stdout]   --> common/src/utils.rs:33:21
[INFO] [stdout]    |
[INFO] [stdout] 33 | impl<'de, T: ~const Default + Serialize + for<'a> Deserialize<'a>, const SIZE: usize> Visitor<'de>
[INFO] [stdout]    |                     ^^^^^^^
[INFO] [stdout] 
[INFO] [stdout] 
[INFO] [stdout] error: ~const can only be applied to `#[const_trait]` traits
[INFO] [stdout]   --> common/src/utils.rs:65:21
[INFO] [stdout]    |
[INFO] [stdout] 65 | impl<'de, T: ~const Default + Serialize + for<'a> Deserialize<'a>, const SIZE: usize>
[INFO] [stdout]    |                     ^^^^^^^
[INFO] [stdout] 
[INFO] [stdout] 
[INFO] [stdout] error: ~const can only be applied to `#[const_trait]` traits
[INFO] [stdout]   --> common/src/utils.rs:76:16
[INFO] [stdout]    |
[INFO] [stdout] 76 | impl<T: ~const Default + Serialize + for<'a> Deserialize<'a>, const SIZE: usize> Default
[INFO] [stdout]    |                ^^^^^^^
[INFO] [stdout] 
[INFO] [stdout] 
[INFO] [stdout] error: ~const can only be applied to `#[const_trait]` traits
[INFO] [stdout]   --> common/src/utils.rs:85:16
[INFO] [stdout]    |
[INFO] [stdout] 85 | impl<T: ~const Default + Serialize + for<'a> Deserialize<'a>, const SIZE: usize>
[INFO] [stdout]    |                ^^^^^^^
[INFO] [stdout] 
[INFO] [stdout] 
[INFO] [stdout] error: ~const can only be applied to `#[const_trait]` traits
[INFO] [stdout]   --> common/src/utils.rs:95:16
[INFO] [stdout]    |
[INFO] [stdout] 95 | impl<T: ~const Default + Serialize + for<'a> Deserialize<'a>, const SIZE: usize>
[INFO] [stdout]    |                ^^^^^^^
[INFO] [stdout] 
[INFO] [stdout] 
[INFO] [stdout] error: ~const can only be applied to `#[const_trait]` traits
[INFO] [stdout]    --> common/src/utils.rs:103:16
[INFO] [stdout]     |
[INFO] [stdout] 103 | impl<T: ~const Default + Serialize + for<'a> Deserialize<'a>, const SIZE: usize> From<[T; SIZE]>
[INFO] [stdout]     |                ^^^^^^^
[INFO] [stdout] 
[INFO] [stdout] 
[INFO] [stdout] error: aborting due to 21 previous errors
[INFO] [stdout] 
[INFO] [stdout] 
[INFO] [stdout] For more information about this error, try `rustc --explain E0554`.
[INFO] [stdout] 
[INFO] [stderr] error: could not compile `common` (lib) due to 22 previous errors
[INFO] [stderr] warning: build failed, waiting for other jobs to finish...
[INFO] [stdout] error: aborting due to 21 previous errors
[INFO] [stdout] 
[INFO] [stdout] 
[INFO] [stdout] For more information about this error, try `rustc --explain E0554`.
[INFO] [stdout] 
[INFO] [stderr] error: could not document `common`
[INFO] [stderr] 
[INFO] [stderr] Caused by:
[INFO] [stderr]   process didn't exit successfully: `/opt/rustwide/rustup-home/toolchains/beta-2023-12-22-x86_64-unknown-linux-gnu/bin/rustdoc --edition=2021 --crate-type lib --crate-name common common/src/lib.rs -o /opt/rustwide/target/doc --cfg 'feature="client"' --error-format=json --json=diagnostic-rendered-ansi,artifacts,future-incompat --document-private-items -C metadata=f771b69771c56bd0 -L dependency=/opt/rustwide/target/debug/deps --extern anyhow=/opt/rustwide/target/debug/deps/libanyhow-51fdd9860498ecb6.rmeta --extern gloo_net=/opt/rustwide/target/debug/deps/libgloo_net-84a22e034305ed62.rmeta --extern num_traits=/opt/rustwide/target/debug/deps/libnum_traits-fb092f062ef58d9d.rmeta --extern serde=/opt/rustwide/target/debug/deps/libserde-195a30bea3e13c00.rmeta --extern strum=/opt/rustwide/target/debug/deps/libstrum-818d81aff7251909.rmeta --extern thiserror=/opt/rustwide/target/debug/deps/libthiserror-e042d7611aadefc7.rmeta --extern uuid=/opt/rustwide/target/debug/deps/libuuid-8fc38e8189428bd6.rmeta --cap-lints=warn --crate-version 0.1.0` (exit status: 1)
[INFO] running `Command { std: "docker" "inspect" "3e925558e9e9e464aa72e18f7ebcde09dd0927bf4dc6b6b39aa68018643e24fc", kill_on_drop: false }`
[INFO] running `Command { std: "docker" "rm" "-f" "3e925558e9e9e464aa72e18f7ebcde09dd0927bf4dc6b6b39aa68018643e24fc", kill_on_drop: false }`
[INFO] [stdout] 3e925558e9e9e464aa72e18f7ebcde09dd0927bf4dc6b6b39aa68018643e24fc
