[INFO] cloning repository https://github.com/The-Blockbuster/bustercore
[INFO] running `Command { std: "git" "-c" "credential.helper=" "-c" "credential.helper=/workspace/cargo-home/bin/git-credential-null" "clone" "--bare" "https://github.com/The-Blockbuster/bustercore" "/workspace/cache/git-repos/https%3A%2F%2Fgithub.com%2FThe-Blockbuster%2Fbustercore", kill_on_drop: false }`
[INFO] [stderr] Cloning into bare repository '/workspace/cache/git-repos/https%3A%2F%2Fgithub.com%2FThe-Blockbuster%2Fbustercore'...
[INFO] running `Command { std: "git" "rev-parse" "HEAD", kill_on_drop: false }`
[INFO] [stdout] 152bc86df2fae0f63f7b0acf88e364a6ab9e6c52
[INFO] documenting The-Blockbuster/bustercore against 1.75.0 for beta-1.76-rustdoc-1
[INFO] running `Command { std: "git" "clone" "/workspace/cache/git-repos/https%3A%2F%2Fgithub.com%2FThe-Blockbuster%2Fbustercore" "/workspace/builds/worker-5-tc1/source", kill_on_drop: false }`
[INFO] [stderr] Cloning into '/workspace/builds/worker-5-tc1/source'...
[INFO] [stderr] done.
[INFO] validating manifest of git repo https://github.com/The-Blockbuster/bustercore on toolchain 1.75.0
[INFO] running `Command { std: CARGO_HOME="/workspace/cargo-home" RUSTUP_HOME="/workspace/rustup-home" "/workspace/cargo-home/bin/cargo" "+1.75.0" "metadata" "--manifest-path" "Cargo.toml" "--no-deps", kill_on_drop: false }`
[INFO] removed /workspace/builds/worker-5-tc1/source/.cargo/config.toml
[INFO] removed /workspace/builds/worker-5-tc1/source/rust-toolchain.toml
[INFO] started tweaking git repo https://github.com/The-Blockbuster/bustercore
[INFO] finished tweaking git repo https://github.com/The-Blockbuster/bustercore
[INFO] tweaked toml for git repo https://github.com/The-Blockbuster/bustercore written to /workspace/builds/worker-5-tc1/source/Cargo.toml
[INFO] crate git repo https://github.com/The-Blockbuster/bustercore already has a lockfile, it will not be regenerated
[INFO] running `Command { std: CARGO_HOME="/workspace/cargo-home" RUSTUP_HOME="/workspace/rustup-home" "/workspace/cargo-home/bin/cargo" "+1.75.0" "fetch" "--manifest-path" "Cargo.toml", kill_on_drop: false }`
[INFO] [stderr] warning: virtual workspace defaulting to `resolver = "1"` despite one or more workspace members being on edition 2021 which implies `resolver = "2"`
[INFO] [stderr] note: to keep the current resolver, specify `workspace.resolver = "1"` in the workspace root's manifest
[INFO] [stderr] note: to use the edition 2021 resolver, specify `workspace.resolver = "2"` in the workspace root's manifest
[INFO] [stderr] note: for more details see https://doc.rust-lang.org/cargo/reference/resolver.html#resolver-versions
[INFO] [stderr]     Updating crates.io index
[INFO] [stderr]  Downloading crates ...
[INFO] [stderr]   Downloaded cranelift-bforest v0.96.4
[INFO] [stderr]   Downloaded paperclip-core v0.6.0
[INFO] [stderr]   Downloaded derive_arbitrary v1.3.1
[INFO] [stderr]   Downloaded wasmtime-types v9.0.4
[INFO] [stderr]   Downloaded rxml v0.9.1
[INFO] [stderr]   Downloaded tracing-span-tree v0.1.1
[INFO] [stderr]   Downloaded wasmtime-asm-macros v9.0.4
[INFO] [stderr]   Downloaded bolero-engine v0.8.1
[INFO] [stderr]   Downloaded wasmer-engine-universal-near v2.4.1
[INFO] [stderr]   Downloaded trybuild v1.0.82
[INFO] [stderr]   Downloaded cranelift-entity v0.96.4
[INFO] [stderr]   Downloaded wast v40.0.0
[INFO] [stderr]   Downloaded wasmtime-runtime v9.0.4
[INFO] [stderr]   Downloaded cranelift-codegen v0.96.4
[INFO] [stderr]   Downloaded libfuzzer-sys v0.4.6
[INFO] [stderr]   Downloaded bolero-honggfuzz v0.8.0
[INFO] [stderr]   Downloaded paperclip v0.8.0
[INFO] [stderr]   Downloaded tqdm v0.4.4
[INFO] [stderr]   Downloaded wasm-encoder v0.12.0
[INFO] [stderr]   Downloaded bolero-libfuzzer v0.8.0
[INFO] [stderr]   Downloaded wasm-smith v0.10.1
[INFO] [stderr]   Downloaded paperclip-actix v0.6.0
[INFO] [stderr]   Downloaded finite-wasm v0.5.0
[INFO] [stderr]   Downloaded cranelift-wasm v0.96.4
[INFO] [stderr]   Downloaded redis v0.23.1
[INFO] [stderr]   Downloaded wasmtime v9.0.4
[INFO] [stderr]   Downloaded wasmtime-environ v9.0.4
[INFO] [stderr]   Downloaded wasm-encoder v0.27.0
[INFO] [stderr]   Downloaded bolero-afl v0.8.0
[INFO] [stderr]   Downloaded wasmer-runtime-core-near v0.18.3
[INFO] [stderr]   Downloaded sysinfo v0.24.7
[INFO] [stderr]   Downloaded wasmer-runtime-near v0.18.0
[INFO] [stderr]   Downloaded opentelemetry-otlp v0.10.0
[INFO] [stderr]   Downloaded zeropool-bn v0.5.11
[INFO] [stderr]   Downloaded wasmer-compiler-singlepass-near v2.4.1
[INFO] [stderr]   Downloaded dynasm v2.0.0
[INFO] [stderr]   Downloaded wasmer-singlepass-backend-near v0.18.1
[INFO] [stderr]   Downloaded cranelift-isle v0.96.4
[INFO] [stderr]   Downloaded regalloc2 v0.8.1
[INFO] [stderr]   Downloaded serde_with v3.2.0
[INFO] [stderr]   Downloaded wasmtime-cranelift v9.0.4
[INFO] [stderr]   Downloaded wast v62.0.1
[INFO] [stderr]   Downloaded wasmparser v0.105.0
[INFO] [stderr]   Downloaded wasmparser v0.99.0
[INFO] [stderr]   Downloaded wasmparser v0.103.0
[INFO] [stderr]   Downloaded wasm-encoder v0.31.1
[INFO] [stderr]   Downloaded arbitrary v1.3.0
[INFO] [stderr]   Downloaded rlimit v0.7.0
[INFO] [stderr]   Downloaded cloud-storage v0.11.1
[INFO] [stderr]   Downloaded paperclip-macros v0.6.2
[INFO] [stderr]   Downloaded rxml_validation v0.9.1
[INFO] [stderr]   Downloaded opentelemetry-semantic-conventions v0.9.0
[INFO] [stderr]   Downloaded enum-map-derive v0.13.0
[INFO] [stderr]   Downloaded serde_with_macros v3.2.0
[INFO] [stderr]   Downloaded rand_hc v0.3.2
[INFO] [stderr]   Downloaded minidom v0.15.2
[INFO] [stderr]   Downloaded aws-region v0.25.3
[INFO] [stderr]   Downloaded test-log v0.2.12
[INFO] [stderr]   Downloaded dynasmrt v2.0.0
[INFO] [stderr]   Downloaded serde_ignored v0.1.9
[INFO] [stderr]   Downloaded prefix-sum-vec v0.1.2
[INFO] [stderr]   Downloaded wat v1.0.69
[INFO] [stderr]   Downloaded cranelift-native v0.96.4
[INFO] [stderr]   Downloaded enum-map v2.6.1
[INFO] [stderr]   Downloaded bolero-kani v0.8.0
[INFO] [stderr]   Downloaded wasmtime-cranelift-shared v9.0.4
[INFO] [stderr]   Downloaded wasmtime-jit v9.0.4
[INFO] [stderr]   Downloaded cranelift-frontend v0.96.4
[INFO] [stderr]   Downloaded cranelift-codegen-shared v0.96.4
[INFO] [stderr]   Downloaded block_on_proc v0.2.0
[INFO] [stderr]   Downloaded wasmprinter v0.2.57
[INFO] [stderr]   Downloaded bolero-generator v0.8.0
[INFO] [stderr]   Downloaded json_comments v0.2.1
[INFO] [stderr]   Downloaded cranelift-control v0.96.4
[INFO] [stderr]   Downloaded bolero-generator-derive v0.8.0
[INFO] [stderr]   Downloaded derive-enum-from-into v0.1.1
[INFO] [stderr]   Downloaded bolero v0.8.0
[INFO] [stderr]   Downloaded wasmtime-jit-icache-coherence v9.0.4
[INFO] [stderr]   Downloaded wasmtime-jit-debug v9.0.4
[INFO] [stderr]   Downloaded cranelift-codegen-meta v0.96.4
[INFO] running `Command { std: "docker" "create" "-v" "/var/lib/crater-agent-workspace/builds/worker-5-tc1/target:/opt/rustwide/target:rw,Z" "-v" "/var/lib/crater-agent-workspace/builds/worker-5-tc1/source:/opt/rustwide/workdir:ro,Z" "-v" "/var/lib/crater-agent-workspace/cargo-home:/opt/rustwide/cargo-home:ro,Z" "-v" "/var/lib/crater-agent-workspace/rustup-home:/opt/rustwide/rustup-home:ro,Z" "-e" "SOURCE_DIR=/opt/rustwide/workdir" "-e" "CARGO_TARGET_DIR=/opt/rustwide/target" "-e" "CARGO_HOME=/opt/rustwide/cargo-home" "-e" "RUSTUP_HOME=/opt/rustwide/rustup-home" "-w" "/opt/rustwide/workdir" "-m" "1610612736" "--user" "0:0" "--network" "none" "ghcr.io/rust-lang/crates-build-env/linux@sha256:2788e3201cd34a07e3172128adcd8b3090168a8e3bcc40d7c032b9dda1df7d1c" "/opt/rustwide/cargo-home/bin/cargo" "+1.75.0" "metadata" "--no-deps" "--format-version=1", kill_on_drop: false }`
[INFO] [stdout] 3533c9e92d1ee399c1c888bca5108f762549004806b2b0d18736ab81da3eb1c0
[INFO] running `Command { std: "docker" "start" "-a" "3533c9e92d1ee399c1c888bca5108f762549004806b2b0d18736ab81da3eb1c0", kill_on_drop: false }`
[INFO] running `Command { std: "docker" "inspect" "3533c9e92d1ee399c1c888bca5108f762549004806b2b0d18736ab81da3eb1c0", kill_on_drop: false }`
[INFO] running `Command { std: "docker" "rm" "-f" "3533c9e92d1ee399c1c888bca5108f762549004806b2b0d18736ab81da3eb1c0", kill_on_drop: false }`
[INFO] [stdout] 3533c9e92d1ee399c1c888bca5108f762549004806b2b0d18736ab81da3eb1c0
[INFO] running `Command { std: "docker" "create" "-v" "/var/lib/crater-agent-workspace/builds/worker-5-tc1/target:/opt/rustwide/target:rw,Z" "-v" "/var/lib/crater-agent-workspace/builds/worker-5-tc1/source:/opt/rustwide/workdir:ro,Z" "-v" "/var/lib/crater-agent-workspace/cargo-home:/opt/rustwide/cargo-home:ro,Z" "-v" "/var/lib/crater-agent-workspace/rustup-home:/opt/rustwide/rustup-home:ro,Z" "-e" "SOURCE_DIR=/opt/rustwide/workdir" "-e" "CARGO_TARGET_DIR=/opt/rustwide/target" "-e" "CARGO_INCREMENTAL=0" "-e" "RUST_BACKTRACE=full" "-e" "RUSTFLAGS=--cap-lints=warn" "-e" "RUSTDOCFLAGS=--cap-lints=warn" "-e" "CARGO_HOME=/opt/rustwide/cargo-home" "-e" "RUSTUP_HOME=/opt/rustwide/rustup-home" "-w" "/opt/rustwide/workdir" "-m" "1610612736" "--user" "0:0" "--network" "none" "ghcr.io/rust-lang/crates-build-env/linux@sha256:2788e3201cd34a07e3172128adcd8b3090168a8e3bcc40d7c032b9dda1df7d1c" "/opt/rustwide/cargo-home/bin/cargo" "+1.75.0" "doc" "--frozen" "--no-deps" "--document-private-items" "--message-format=json", kill_on_drop: false }`
[INFO] [stdout] bc592ea84b8037fc30ff6f97f9773e9c79ca4e021ddcf34fb925d83412a14b9b
[INFO] running `Command { std: "docker" "start" "-a" "bc592ea84b8037fc30ff6f97f9773e9c79ca4e021ddcf34fb925d83412a14b9b", kill_on_drop: false }`
[INFO] [stderr] warning: virtual workspace defaulting to `resolver = "1"` despite one or more workspace members being on edition 2021 which implies `resolver = "2"`
[INFO] [stderr] note: to keep the current resolver, specify `workspace.resolver = "1"` in the workspace root's manifest
[INFO] [stderr] note: to use the edition 2021 resolver, specify `workspace.resolver = "2"` in the workspace root's manifest
[INFO] [stderr] note: for more details see https://doc.rust-lang.org/cargo/reference/resolver.html#resolver-versions
[INFO] [stderr]     Checking cfg-if v1.0.0
[INFO] [stderr]    Compiling serde v1.0.183
[INFO] [stderr]    Compiling serde_derive v1.0.183
[INFO] [stderr]    Compiling proc-macro2 v1.0.66
[INFO] [stderr]     Checking libc v0.2.147
[INFO] [stderr]     Checking once_cell v1.18.0
[INFO] [stderr]    Compiling syn v1.0.109
[INFO] [stderr]     Checking log v0.4.19
[INFO] [stderr]     Checking memchr v2.5.0
[INFO] [stderr]    Compiling indexmap v1.9.3
[INFO] [stderr]     Checking smallvec v1.11.0
[INFO] [stderr]     Checking pin-project-lite v0.2.11
[INFO] [stderr]     Checking scopeguard v1.2.0
[INFO] [stderr]     Checking bitflags v1.3.2
[INFO] [stderr]     Checking tracing-core v0.1.31
[INFO] [stderr]     Checking percent-encoding v2.3.0
[INFO] [stderr]    Compiling anyhow v1.0.72
[INFO] [stderr]    Compiling quote v1.0.32
[INFO] [stderr]     Checking typenum v1.16.0
[INFO] [stderr]    Compiling syn v2.0.28
[INFO] [stderr]     Checking tinyvec_macros v0.1.1
[INFO] [stderr]     Checking tinyvec v1.6.0
[INFO] [stderr]     Checking getrandom v0.2.10
[INFO] [stderr]     Checking ahash v0.7.6
[INFO] [stderr]     Checking num_cpus v1.16.0
[INFO] [stderr]     Checking hashbrown v0.12.3
[INFO] [stderr]     Checking form_urlencoded v1.2.0
[INFO] [stderr]     Checking itoa v1.0.9
[INFO] [stderr]     Checking unicode-bidi v0.3.13
[INFO] [stderr]    Compiling jobserver v0.1.26
[INFO] [stderr]     Checking unicode-normalization v0.1.22
[INFO] [stderr]     Checking generic-array v0.14.7
[INFO] [stderr]    Compiling cc v1.0.82
[INFO] [stderr]     Checking bytes v1.4.0
[INFO] [stderr]     Checking idna v0.4.0
[INFO] [stderr]     Checking spin v0.5.2
[INFO] [stderr]    Compiling ahash v0.8.3
[INFO] [stderr]     Checking subtle v2.5.0
[INFO] [stderr]     Checking lazy_static v1.4.0
[INFO] [stderr]     Checking lock_api v0.4.10
[INFO] [stderr]     Checking parking_lot_core v0.9.8
[INFO] [stderr]     Checking url v2.4.0
[INFO] [stderr]     Checking rand_core v0.6.4
[INFO] [stderr]     Checking signal-hook-registry v1.4.1
[INFO] [stderr]    Compiling num-traits v0.2.16
[INFO] [stderr]     Checking fnv v1.0.7
[INFO] [stderr]     Checking ppv-lite86 v0.2.17
[INFO] [stderr]     Checking fallible-iterator v0.2.0
[INFO] [stderr]     Checking parking_lot v0.12.1
[INFO] [stderr]     Checking mio v0.8.8
[INFO] [stderr]     Checking futures-core v0.3.28
[INFO] [stderr]    Compiling target-lexicon v0.12.11
[INFO] [stderr]     Checking stable_deref_trait v1.2.0
[INFO] [stderr]     Checking gimli v0.27.3
[INFO] [stderr]     Checking socket2 v0.4.9
[INFO] [stderr]    Compiling tokio v1.28.2
[INFO] [stderr]    Compiling crossbeam-utils v0.8.16
[INFO] [stderr]     Checking rand_chacha v0.3.1
[INFO] [stderr]     Checking ryu v1.0.15
[INFO] [stderr]     Checking futures-sink v0.3.28
[INFO] [stderr]     Checking adler v1.0.2
[INFO] [stderr]    Compiling ident_case v1.0.1
[INFO] [stderr]     Checking rand v0.8.5
[INFO] [stderr]    Compiling strsim v0.10.0
[INFO] [stderr]     Checking miniz_oxide v0.7.1
[INFO] [stderr]    Compiling darling_core v0.20.3
[INFO] [stderr]     Checking byteorder v1.4.3
[INFO] [stderr]     Checking equivalent v1.0.1
[INFO] [stderr]     Checking hashbrown v0.14.0
[INFO] [stderr]    Compiling serde_json v1.0.104
[INFO] [stderr]     Checking hashbrown v0.13.2
[INFO] [stderr]     Checking crypto-common v0.1.6
[INFO] [stderr]     Checking block-buffer v0.10.4
[INFO] [stderr]    Compiling futures-util v0.3.28
[INFO] [stderr]    Compiling rustversion v1.0.14
[INFO] [stderr]     Checking indexmap v2.0.0
[INFO] [stderr]     Checking digest v0.10.7
[INFO] [stderr]     Checking slab v0.4.8
[INFO] [stderr]     Checking futures-task v0.3.28
[INFO] [stderr]     Checking futures-channel v0.3.28
[INFO] [stderr]     Checking leb128 v0.2.5
[INFO] [stderr]     Checking pin-utils v0.1.0
[INFO] [stderr]     Checking futures-io v0.3.28
[INFO] [stderr]    Compiling rustix v0.38.7
[INFO] [stderr]     Checking crossbeam-channel v0.5.8
[INFO] [stderr]    Compiling rkyv v0.7.42
[INFO] [stderr]     Checking cpufeatures v0.2.9
[INFO] [stderr]     Checking seahash v4.1.0
[INFO] [stderr]    Compiling toml v0.5.11
[INFO] [stderr]     Checking rustc-demangle v0.1.23
[INFO] [stderr]    Compiling backtrace v0.3.68
[INFO] [stderr]     Checking base64 v0.21.2
[INFO] [stderr]    Compiling proc-macro-error-attr v1.0.4
[INFO] [stderr]     Checking addr2line v0.20.0
[INFO] [stderr]     Checking object v0.31.1
[INFO] [stderr]     Checking region v3.0.0
[INFO] [stderr]    Compiling memoffset v0.8.0
[INFO] [stderr]     Checking more-asserts v0.2.2
[INFO] [stderr]     Checking crc32fast v1.3.2
[INFO] [stderr]    Compiling proc-macro-error v1.0.4
[INFO] [stderr]    Compiling paste v1.0.14
[INFO] [stderr]    Compiling radium v0.7.0
[INFO] [stderr]     Checking wasm-encoder v0.27.0
[INFO] [stderr]     Checking memmap2 v0.5.10
[INFO] [stderr]    Compiling proc-macro-crate v0.1.5
[INFO] [stderr]    Compiling thiserror-impl v1.0.44
[INFO] [stderr]    Compiling tracing-attributes v0.1.26
[INFO] [stderr]    Compiling tokio-macros v2.1.0
[INFO] [stderr]    Compiling futures-macro v0.3.28
[INFO] [stderr]    Compiling darling_macro v0.20.3
[INFO] [stderr]    Compiling ptr_meta_derive v0.1.4
[INFO] [stderr]    Compiling rkyv_derive v0.7.42
[INFO] [stderr]     Checking ptr_meta v0.1.4
[INFO] [stderr]    Compiling darling v0.20.3
[INFO] [stderr]    Compiling strum_macros v0.24.3
[INFO] [stderr]    Compiling derive_arbitrary v1.3.1
[INFO] [stderr]     Checking thiserror v1.0.44
[INFO] [stderr]    Compiling derive_more v0.99.17
[INFO] [stderr]     Checking tracing v0.1.37
[INFO] [stderr]    Compiling enumset_derive v0.8.1
[INFO] [stderr]     Checking arbitrary v1.3.0
[INFO] [stderr]     Checking either v1.9.0
[INFO] [stderr]     Checking tap v1.0.1
[INFO] [stderr]     Checking wyz v0.5.1
[INFO] [stderr]     Checking memoffset v0.9.0
[INFO] [stderr]    Compiling aho-corasick v1.0.2
[INFO] [stderr]     Checking strum v0.24.1
[INFO] [stderr]     Checking enumset v1.1.2
[INFO] [stderr]     Checking wasmparser v0.105.0
[INFO] [stderr]     Checking http v0.2.9
[INFO] [stderr]    Compiling finite-wasm v0.5.0
[INFO] [stderr]    Compiling regex-syntax v0.7.4
[INFO] [stderr]     Checking funty v2.0.0
[INFO] [stderr]     Checking crossbeam-epoch v0.9.15
[INFO] [stderr]     Checking num-integer v0.1.45
[INFO] [stderr]    Compiling borsh-derive-internal v0.10.3
[INFO] [stderr]     Checking bitvec v1.0.1
[INFO] [stderr]    Compiling borsh-schema-derive-internal v0.10.3
[INFO] [stderr]     Checking tokio-util v0.7.8
[INFO] [stderr]    Compiling near-vm-vm v0.0.0 (/opt/rustwide/workdir/runtime/near-vm/vm)
[INFO] [stderr]     Checking cranelift-entity v0.96.4
[INFO] [stderr]     Checking digest v0.9.0
[INFO] [stderr]    Compiling io-lifetimes v1.0.11
[INFO] [stderr]     Checking prefix-sum-vec v0.1.2
[INFO] [stderr]     Checking bitflags v2.3.3
[INFO] [stderr]    Compiling time-core v0.1.1
[INFO] [stderr]     Checking dissimilar v1.0.7
[INFO] [stderr]    Compiling time-macros v0.2.11
[INFO] [stderr]    Compiling regex-automata v0.3.6
[INFO] [stderr]    Compiling borsh-derive v0.10.3
[INFO] [stderr]     Checking near-vm-types v0.0.0 (/opt/rustwide/workdir/runtime/near-vm/types)
[INFO] [stderr]     Checking crossbeam-deque v0.8.3
[INFO] [stderr]     Checking wasmparser v0.99.0
[INFO] [stderr]     Checking hex v0.4.3
[INFO] [stderr]     Checking wasmprinter v0.2.57
[INFO] [stderr]     Checking deranged v0.3.7
[INFO] [stderr]    Compiling rayon-core v1.11.0
[INFO] [stderr]     Checking static_assertions v1.1.0
[INFO] [stderr]    Compiling getrandom v0.1.16
[INFO] [stderr]    Compiling rustix v0.37.23
[INFO] [stderr]    Compiling cranelift-isle v0.96.4
[INFO] [stderr]     Checking borsh v0.10.3
[INFO] [stderr]    Compiling cranelift-codegen-shared v0.96.4
[INFO] [stderr]     Checking linux-raw-sys v0.3.8
[INFO] [stderr]     Checking linux-raw-sys v0.4.5
[INFO] [stderr]    Compiling cranelift-codegen-meta v0.96.4
[INFO] [stderr]     Checking time v0.3.25
[INFO] [stderr]    Compiling regex v1.9.3
[INFO] [stdout] warning: unused import: `WeakInstanceRef`
[INFO] [stdout]   --> runtime/near-vm/vm/src/instance/mod.rs:14:30
[INFO] [stdout]    |
[INFO] [stdout] 14 | pub use r#ref::{InstanceRef, WeakInstanceRef, WeakOrStrongInstanceRef};
[INFO] [stdout]    |                              ^^^^^^^^^^^^^^^
[INFO] [stdout]    |
[INFO] [stdout]    = note: `#[warn(unused_imports)]` on by default
[INFO] [stdout] 
[INFO] [stdout] 
[INFO] [stderr]     Checking memoffset v0.6.5
[INFO] [stdout] warning: 1 warning emitted
[INFO] [stdout] 
[INFO] [stdout] 
[INFO] [stderr]     Checking crypto-mac v0.8.0
[INFO] [stderr]    Compiling num-bigint v0.3.3
[INFO] [stderr]    Compiling crunchy v0.2.2
[INFO] [stderr]     Checking rand_core v0.5.1
[INFO] [stderr]     Checking rayon v1.7.0
[INFO] [stderr]     Checking near-account-id v0.0.0 (/opt/rustwide/workdir/core/account-id)
[INFO] [stderr]    Compiling blake3 v0.3.8
[INFO] [stderr]     Checking wasmparser v0.103.0
[INFO] [stderr]     Checking hashbrown v0.11.2
[INFO] [stderr]    Compiling num-rational v0.3.2
[INFO] [stderr]     Checking rustc-hash v1.1.0
[INFO] [stderr]     Checking bs58 v0.4.0
[INFO] [stderr]     Checking slice-group-by v0.3.1
[INFO] [stderr]     Checking regalloc2 v0.8.1
[INFO] [stderr]     Checking httparse v1.8.0
[INFO] [stderr]     Checking near-vm-compiler v0.0.0 (/opt/rustwide/workdir/runtime/near-vm/compiler)
[INFO] [stdout] warning: unused import: `collections`
[INFO] [stdout]   --> runtime/near-vm/compiler/src/lib.rs:27:38
[INFO] [stdout]    |
[INFO] [stdout] 27 |         pub use std::{borrow, boxed, collections, fmt, str, string, sync, vec};
[INFO] [stdout]    |                                      ^^^^^^^^^^^
[INFO] [stdout]    |
[INFO] [stdout]    = note: `#[warn(unused_imports)]` on by default
[INFO] [stdout] 
[INFO] [stdout] 
[INFO] [stderr]     Checking h2 v0.3.20
[INFO] [stderr]    Compiling cranelift-codegen v0.96.4
[INFO] [stdout] warning: 1 warning emitted
[INFO] [stdout] 
[INFO] [stdout] 
[INFO] [stderr]     Checking cranelift-bforest v0.96.4
[INFO] [stderr]     Checking cranelift-control v0.96.4
[INFO] [stderr]    Compiling serde_with_macros v3.2.0
[INFO] [stderr]    Compiling zeroize_derive v1.4.2
[INFO] [stderr]    Compiling enum-map-derive v0.13.0
[INFO] [stderr]     Checking sha2 v0.10.7
[INFO] [stderr]    Compiling secp256k1-sys v0.8.1
[INFO] [stderr]     Checking utf8parse v0.2.1
[INFO] [stderr]     Checking opaque-debug v0.3.0
[INFO] [stderr]    Compiling semver-parser v0.7.0
[INFO] [stderr]     Checking httpdate v1.0.2
[INFO] [stderr]     Checking wasmtime-types v9.0.4
[INFO] [stderr]     Checking cfg-if v0.1.10
[INFO] [stderr]     Checking bumpalo v3.13.0
[INFO] [stderr]    Compiling semver v0.9.0
[INFO] [stderr]     Checking anstyle-parse v0.2.1
[INFO] [stderr]     Checking enum-map v2.6.1
[INFO] [stderr]     Checking serde_with v3.2.0
[INFO] [stderr]     Checking zeroize v1.3.0
[INFO] [stderr]     Checking crossbeam-queue v0.3.8
[INFO] [stderr]     Checking is-terminal v0.4.9
[INFO] [stderr]     Checking rand_chacha v0.2.2
[INFO] [stderr]    Compiling dynasm v2.0.0
[INFO] [stderr]    Compiling serde_repr v0.1.16
[INFO] [stderr]     Checking object v0.30.4
[INFO] [stderr]    Compiling borsh-derive-internal v0.9.3
[INFO] [stderr]    Compiling borsh-schema-derive-internal v0.9.3
[INFO] [stderr]    Compiling wasmer-vm-near v2.4.1
[INFO] [stderr]     Checking block-buffer v0.9.0
[INFO] [stderr]     Checking json_comments v0.2.1
[INFO] [stderr]    Compiling constant_time_eq v0.1.5
[INFO] [stderr]     Checking anstyle-query v1.0.0
[INFO] [stderr]     Checking colorchoice v1.0.0
[INFO] [stderr]    Compiling arrayvec v0.5.2
[INFO] [stderr]     Checking signature v1.6.4
[INFO] [stderr]     Checking anstyle v1.0.1
[INFO] [stderr]    Compiling arrayref v0.3.7
[INFO] [stderr]     Checking ed25519 v1.5.3
[INFO] [stderr]    Compiling borsh-derive v0.9.3
[INFO] [stderr]     Checking anstream v0.3.2
[INFO] [stderr]     Checking sha2 v0.9.9
[INFO] [stderr]     Checking rand v0.7.3
[INFO] [stderr]     Checking curve25519-dalek v3.2.1
[INFO] [stderr]    Compiling rustc_version v0.2.3
[INFO] [stderr]     Checking uint v0.9.5
[INFO] [stderr]     Checking fixed-hash v0.7.0
[INFO] [stderr]     Checking wasmer-types-near v2.4.1
[INFO] [stderr]     Checking bincode v1.3.3
[INFO] [stderr]     Checking cipher v0.2.5
[INFO] [stderr]     Checking clap_lex v0.5.0
[INFO] [stderr]    Compiling nix v0.15.0
[INFO] [stderr]    Compiling target-lexicon v0.10.0
[INFO] [stderr]     Checking ed25519-dalek v1.0.1
[INFO] [stderr]     Checking clap_builder v4.3.19
[INFO] [stderr]     Checking c2-chacha v0.3.3
[INFO] [stderr]     Checking borsh v0.9.3
[INFO] [stderr]     Checking primitive-types v0.10.1
[INFO] [stderr]     Checking near-primitives-core v0.0.0 (/opt/rustwide/workdir/core/primitives-core)
[INFO] [stderr]     Checking near-config-utils v0.0.0 (/opt/rustwide/workdir/utils/config)
[INFO] [stderr]     Checking parking_lot_core v0.7.3
[INFO] [stderr]     Checking blake2 v0.9.2
[INFO] [stderr]    Compiling dynasm v1.2.3
[INFO] [stderr]     Checking wasmtime-environ v9.0.4
[INFO] [stderr]     Checking itertools v0.10.5
[INFO] [stderr]    Compiling actix-macros v0.2.4
[INFO] [stderr]    Compiling clap_derive v4.3.12
[INFO] [stderr]    Compiling wasmtime-runtime v9.0.4
[INFO] [stderr]     Checking generic-array v0.12.4
[INFO] [stderr]     Checking time v0.1.45
[INFO] [stderr]     Checking lock_api v0.3.4
[INFO] [stderr]     Checking near-stdx v0.0.0 (/opt/rustwide/workdir/utils/stdx)
[INFO] [stderr]    Compiling cpp_demangle v0.3.5
[INFO] [stderr]     Checking iana-time-zone v0.1.57
[INFO] [stderr]     Checking void v1.0.2
[INFO] [stderr]     Checking wasmparser v0.78.2
[INFO] [stderr]     Checking chrono v0.4.26
[INFO] [stderr]     Checking parking_lot v0.10.2
[INFO] [stderr]     Checking digest v0.8.1
[INFO] [stderr]     Checking actix-rt v2.8.0
[INFO] [stderr]     Checking wasmer-compiler-near v2.4.1
[INFO] [stderr]     Checking clap v4.3.19
[INFO] [stderr]     Checking near-vm-engine v0.0.0 (/opt/rustwide/workdir/runtime/near-vm/engine)
[INFO] [stderr]     Checking memfd v0.6.3
[INFO] [stderr]     Checking serde-bench v0.0.7
[INFO] [stderr]    Compiling psm v0.1.21
[INFO] [stderr]     Checking serde_bytes v0.11.12
[INFO] [stderr]     Checking page_size v0.4.2
[INFO] [stderr]     Checking errno v0.2.8
[INFO] [stderr]     Checking wasmtime-jit-debug v9.0.4
[INFO] [stderr]     Checking wasmtime-asm-macros v9.0.4
[INFO] [stderr]     Checking uuid v1.4.1
[INFO] [stderr]     Checking wasmparser v0.51.4
[INFO] [stderr]     Checking debugid v0.8.0
[INFO] [stderr]     Checking dynasmrt v2.0.0
[INFO] [stderr]    Compiling which v4.4.0
[INFO] [stderr]     Checking addr2line v0.19.0
[INFO] [stderr]     Checking near-vm-compiler-singlepass v0.0.0 (/opt/rustwide/workdir/runtime/near-vm/compiler-singlepass)
[INFO] [stderr]     Checking fxhash v0.2.1
[INFO] [stderr]     Checking wasmtime-jit-icache-coherence v9.0.4
[INFO] [stderr]     Checking unsafe-libyaml v0.2.9
[INFO] [stderr]    Compiling wasmtime v9.0.4
[INFO] [stderr]    Compiling async-trait v0.1.72
[INFO] [stderr]     Checking fxprof-processed-profile v0.6.0
[INFO] [stderr]     Checking wasmtime-jit v9.0.4
[INFO] [stderr]     Checking wasmer-engine-near v2.4.1
[INFO] [stderr]     Checking serde_yaml v0.9.25
[INFO] [stderr]    Compiling loupe-derive v0.1.3
[INFO] [stderr]     Checking memmap v0.7.0
[INFO] [stderr]     Checking parity-wasm v0.41.0
[INFO] [stderr]     Checking keccak v0.1.4
[INFO] [stderr]    Compiling fastrand v2.0.0
[INFO] [stderr]     Checking tower-service v0.3.2
[INFO] [stderr]     Checking try-lock v0.2.4
[INFO] [stderr]     Checking rustc-hex v2.1.0
[INFO] [stderr]     Checking want v0.3.1
[INFO] [stderr]     Checking zeropool-bn v0.5.11
[INFO] [stderr]     Checking pwasm-utils v0.12.0
[INFO] [stderr]     Checking sha3 v0.10.8
[INFO] [stderr]    Compiling prost-derive v0.9.0
[INFO] [stderr]     Checking loupe v0.1.3
[INFO] [stderr]     Checking wasmer-engine-universal-near v2.4.1
[INFO] [stderr]     Checking near-fmt v0.0.0 (/opt/rustwide/workdir/utils/fmt)
[INFO] [stderr]     Checking http-body v0.4.5
[INFO] [stderr]     Checking dynasmrt v1.2.3
[INFO] [stderr]     Checking futures-executor v0.3.28
[INFO] [stderr]     Checking ripemd v0.1.3
[INFO] [stderr]    Compiling reed-solomon-erasure v4.0.2
[INFO] [stderr]    Compiling tempfile v3.7.1
[INFO] [stderr]     Checking wasmer-compiler-singlepass-near v2.4.1
[INFO] [stderr]     Checking parity-wasm v0.42.2
[INFO] [stderr]     Checking hyper v0.14.27
[INFO] [stderr]    Compiling pin-project-internal v1.1.3
[INFO] [stderr]    Compiling near-rpc-error-core v0.0.0 (/opt/rustwide/workdir/tools/rpctypegen/core)
[INFO] [stderr]    Compiling fs2 v0.4.3
[INFO] [stderr]    Compiling near-rpc-error-macro v0.0.0 (/opt/rustwide/workdir/tools/rpctypegen/macro)
[INFO] [stderr]    Compiling smart-default v0.6.0
[INFO] [stderr]     Checking bytesize v1.2.0
[INFO] [stderr]     Checking base64 v0.13.1
[INFO] [stderr]    Compiling easy-ext v0.2.9
[INFO] [stderr]    Compiling prost v0.9.0
[INFO] [stderr]    Compiling prost-build v0.9.0
[INFO] [stderr]     Checking tokio-stream v0.1.14
[INFO] [stderr]    Compiling fixedbitset v0.4.2
[INFO] [stderr]     Checking regex-syntax v0.6.29
[INFO] [stderr]    Compiling heck v0.3.3
[INFO] [stderr]    Compiling prost-types v0.9.0
[INFO] [stderr]     Checking pin-project v1.1.3
[INFO] [stderr]    Compiling petgraph v0.6.3
[INFO] [stderr]     Checking futures v0.3.28
[INFO] [stderr]    Compiling multimap v0.8.3
[INFO] [stderr]     Checking overload v0.1.1
[INFO] [stderr]     Checking nu-ansi-term v0.46.0
[INFO] [stderr]     Checking sharded-slab v0.1.4
[INFO] [stderr]     Checking tracing-log v0.1.3
[INFO] [stderr]     Checking thread_local v1.1.7
[INFO] [stderr]     Checking opentelemetry v0.17.0
[INFO] [stderr]     Checking tokio-io-timeout v1.2.0
[INFO] [stderr]    Compiling actix_derive v0.6.0
[INFO] [stderr]     Checking cranelift-native v0.96.4
[INFO] [stderr]     Checking cranelift-frontend v0.96.4
[INFO] [stderr]     Checking wasmtime-cranelift-shared v9.0.4
[INFO] [stderr]    Compiling async-stream-impl v0.3.5
[INFO] [stderr]     Checking cranelift-wasm v0.96.4
[INFO] [stderr]     Checking regex-automata v0.1.10
[INFO] [stderr]    Compiling protobuf v2.28.0
[INFO] [stderr]     Checking tower-layer v0.3.2
[INFO] [stderr]     Checking tower v0.4.13
[INFO] [stderr]     Checking hyper-timeout v0.4.1
[INFO] [stderr]     Checking tracing-futures v0.2.5
[INFO] [stderr]     Checking actix v0.13.0
[INFO] [stderr]     Checking tokio-util v0.6.10
[INFO] [stderr]     Checking matchers v0.1.0
[INFO] [stderr]    Compiling tonic-build v0.6.2
[INFO] [stderr]    Compiling prometheus v0.13.3
[INFO] [stderr]     Checking tracing-subscriber v0.3.17
[INFO] [stderr]     Checking wasmtime-cranelift v9.0.4
[INFO] [stderr]     Checking async-stream v0.3.5
[INFO] [stderr]     Checking opentelemetry-semantic-conventions v0.9.0
[INFO] [stderr]     Checking atty v0.2.14
[INFO] [stderr]    Compiling zstd-sys v2.0.8+zstd.1.5.5
[INFO] [stderr]    Compiling glob v0.3.1
[INFO] [stderr]    Compiling prettyplease v0.2.12
[INFO] [stderr]    Compiling nom v7.1.3
[INFO] [stderr]     Checking tonic v0.6.2
[INFO] [stderr]    Compiling libloading v0.7.4
[INFO] [stderr]    Compiling clang-sys v1.6.1
[INFO] [stderr]    Compiling opentelemetry-otlp v0.10.0
[INFO] [stderr]    Compiling tikv-jemalloc-sys v0.5.4+5.3.0-patched
[INFO] [stderr]     Checking tracing-opentelemetry v0.17.4
[INFO] [stderr]     Checking tracing-appender v0.2.2
[INFO] [stderr]    Compiling bindgen v0.65.1
[INFO] [stderr]    Compiling libz-sys v1.1.12
[INFO] [stderr]    Compiling lz4-sys v1.9.4
[INFO] [stderr]    Compiling cexpr v0.6.0
[INFO] [stderr]    Compiling openssl-src v111.27.0+1.1.1v
[INFO] [stderr]    Compiling shlex v1.1.0
[INFO] [stderr]    Compiling lazycell v1.3.0
[INFO] [stderr]    Compiling peeking_take_while v0.1.2
[INFO] [stderr]    Compiling openssl-sys v0.9.91
[INFO] [stderr]    Compiling heapsize v0.4.2
[INFO] [stderr]     Checking lru v0.7.8
[INFO] [stderr]     Checking elastic-array v0.11.0
[INFO] [stderr]     Checking crossbeam v0.8.2
[INFO] [stderr]     Checking rlimit v0.7.0
[INFO] [stderr]    Compiling wasmer-runtime-core-near v0.18.3
[INFO] [stderr]    Compiling openssl v0.10.56
[INFO] [stderr]     Checking foreign-types-shared v0.1.1
[INFO] [stderr]     Checking foreign-types v0.3.2
[INFO] [stderr]    Compiling openssl-macros v0.1.1
[INFO] [stderr]     Checking mime v0.3.17
[INFO] [stderr]     Checking encoding_rs v0.8.32
[INFO] [stderr]     Checking local-waker v0.1.3
[INFO] [stderr]     Checking serde_urlencoded v0.7.1
[INFO] [stderr]     Checking alloc-no-stdlib v2.0.4
[INFO] [stderr]    Compiling zstd-safe v6.0.6
[INFO] [stderr]     Checking alloc-stdlib v0.2.2
[INFO] [stderr]     Checking actix-utils v3.0.1
[INFO] [stderr]     Checking actix-service v2.0.2
[INFO] [stderr]     Checking brotli-decompressor v2.3.4
[INFO] [stderr]     Checking actix-codec v0.5.1
[INFO] [stderr]     Checking bytestring v1.3.0
[INFO] [stderr]    Compiling cookie v0.16.2
[INFO] [stderr]    Compiling protobuf v3.2.0
[INFO] [stderr]     Checking ansi_term v0.12.1
[INFO] [stderr]     Checking brotli v3.3.4
[INFO] [stderr]     Checking local-channel v0.1.3
[INFO] [stderr]     Checking flate2 v1.0.26
[INFO] [stderr]     Checking sha1 v0.10.5
[INFO] [stderr]     Checking cpu-time v1.0.0
[INFO] [stderr]     Checking ipnet v2.8.0
[INFO] [stderr]     Checking language-tags v0.3.2
[INFO] [stderr]    Compiling protobuf-support v3.2.0
[INFO] [stderr]    Compiling ring v0.16.20
[INFO] [stderr]     Checking wasmer-singlepass-backend-near v0.18.1
[INFO] [stderr]     Checking delay-detector v0.0.0 (/opt/rustwide/workdir/tools/delay-detector)
[INFO] [stderr]     Checking near-performance-metrics v0.0.0 (/opt/rustwide/workdir/utils/near-performance-metrics)
[INFO] [stderr]     Checking openssl-probe v0.1.5
[INFO] [stderr]     Checking assert_matches v1.5.0
[INFO] [stderr]    Compiling librocksdb-sys v0.11.0+8.1.1
[INFO] [stderr]     Checking untrusted v0.7.1
[INFO] [stderr]     Checking near-cache v0.0.0 (/opt/rustwide/workdir/utils/near-cache)
[INFO] [stderr]     Checking nix v0.24.3
[INFO] [stderr]    Compiling protobuf-parse v3.2.0
[INFO] [stderr]    Compiling webrtc-util v0.7.0
[INFO] [stderr]     Checking wasmer-runtime-near v0.18.0
[INFO] [stderr]     Checking rand_hc v0.3.2
[INFO] [stderr]    Compiling tokio-openssl v0.6.3
[INFO] [stderr]    Compiling derive-enum-from-into v0.1.1
[INFO] [stderr]    Compiling protobuf-codegen v3.2.0
[INFO] [stderr]    Compiling near-performance-metrics-macros v0.0.0 (/opt/rustwide/workdir/utils/near-performance-metrics-macros)
[INFO] [stderr]     Checking bitmaps v2.1.0
[INFO] [stderr]    Compiling im v15.1.0
[INFO] [stderr]     Checking crc-catalog v2.2.0
[INFO] [stderr]     Checking crc v3.0.1
[INFO] [stderr]     Checking sized-chunks v0.6.5
[INFO] [stderr]     Checking md-5 v0.10.5
[INFO] [stderr]     Checking rand_xoshiro v0.6.0
[INFO] [stderr]     Checking rand_xorshift v0.3.0
[INFO] [stderr]     Checking stun v0.4.4
[INFO] [stderr]    Compiling smartstring v1.0.1
[INFO] [stderr]    Compiling num-bigint v0.2.6
[INFO] [stderr]     Checking arc-swap v1.6.0
[INFO] [stderr]     Checking near-stable-hasher v0.0.0 (/opt/rustwide/workdir/utils/near-stable-hasher)
[INFO] [stderr]    Compiling actix-router v0.5.1
[INFO] [stderr]    Compiling near-network v0.0.0 (/opt/rustwide/workdir/chain/network)
[INFO] [stderr]     Checking dlv-list v0.3.0
[INFO] [stderr]     Checking ordered-multimap v0.4.3
[INFO] [stderr]     Checking actix-server v2.2.0
[INFO] [stderr]     Checking dirs-sys v0.3.7
[INFO] [stderr]    Compiling actix-web-codegen v4.2.0
[INFO] [stderr]     Checking rxml_validation v0.9.1
[INFO] [stderr]     Checking xml-rs v0.8.16
[INFO] [stderr]     Checking wildmatch v2.1.1
[INFO] [stderr]     Checking rxml v0.9.1
[INFO] [stderr]     Checking simple_asn1 v0.4.1
[INFO] [stderr]     Checking dirs v4.0.0
[INFO] [stderr]     Checking serde-xml-rs v0.5.1
[INFO] [stderr]     Checking rust-ini v0.18.0
[INFO] [stderr]     Checking pem v0.8.3
[INFO] [stderr]     Checking hmac v0.12.1
[INFO] [stderr]    Compiling sysinfo v0.24.7
[INFO] [stderr]     Checking unicode-width v0.1.10
[INFO] [stderr]     Checking base64 v0.12.3
[INFO] [stderr]     Checking minidom v0.15.2
[INFO] [stderr]     Checking aws-region v0.25.3
[INFO] [stderr]    Compiling maybe-async v0.2.7
[INFO] [stderr]    Compiling block_on_proc v0.2.0
[INFO] [stderr]     Checking jsonwebtoken v7.2.0
[INFO] [stderr]     Checking dotenv v0.15.0
[INFO] [stderr]     Checking md5 v0.7.0
[INFO] [stderr]    Compiling semver v1.0.18
[INFO] [stderr]    Compiling mime_guess v2.0.4
[INFO] [stderr]     Checking unicase v2.6.0
[INFO] [stderr]     Checking matches v0.1.10
[INFO] [stderr]    Compiling paperclip v0.8.0
[INFO] [stderr]     Checking idna v0.2.3
[INFO] [stderr]    Compiling lzma-sys v0.1.20
[INFO] [stderr]    Compiling paperclip-macros v0.6.2
[INFO] [stderr]     Checking validator_types v0.12.0
[INFO] [stderr]     Checking console v0.15.7
[INFO] [stderr]     Checking number_prefix v0.3.0
[INFO] [stderr]     Checking serde_ignored v0.1.9
[INFO] [stderr]     Checking wasm-encoder v0.31.1
[INFO] [stderr]     Checking validator v0.12.0
[INFO] [stderr]     Checking wasm-encoder v0.12.0
[INFO] [stderr]     Checking xz2 v0.1.7
[INFO] [stderr]     Checking indicatif v0.15.0
[INFO] [stderr]     Checking wasmparser v0.85.0
[INFO] [stderr]    Compiling near-test-contracts v0.0.0 (/opt/rustwide/workdir/runtime/near-test-contracts)
[INFO] [stderr]     Checking flagset v0.4.3
[INFO] [stderr]    Compiling signal-hook v0.3.17
[INFO] [stderr]     Checking unicode-ident v1.0.11
[INFO] [stderr]     Checking wast v62.0.1
[INFO] [stderr]    Compiling async-recursion v1.0.4
[INFO] [stderr]    Compiling near-vm-test-generator v0.0.0 (/opt/rustwide/workdir/runtime/near-vm/test-generator)
[INFO] [stderr]     Checking signal-hook-mio v0.2.3
[INFO] [stderr]     Checking crossterm v0.25.0
[INFO] [stderr]     Checking wasm-smith v0.10.1
[INFO] [stderr] error: failed to run custom build command for `near-test-contracts v0.0.0 (/opt/rustwide/workdir/runtime/near-test-contracts)`
[INFO] [stderr] note: To improve backtraces for build dependencies, set the CARGO_PROFILE_DEV_BUILD_OVERRIDE_DEBUG=true environment variable to enable debug information generation.
[INFO] [stderr] 
[INFO] [stderr] Caused by:
[INFO] [stderr]   process didn't exit successfully: `/opt/rustwide/target/debug/build/near-test-contracts-c632dd5e96cf0633/build-script-build` (exit status: 1)
[INFO] [stderr]   --- stderr
[INFO] [stderr]      Compiling ryu v1.0.0
[INFO] [stderr]      Compiling serde v1.0.101
[INFO] [stderr]      Compiling serde_json v1.0.62
[INFO] [stderr]   error[E0463]: can't find crate for `core`
[INFO] [stderr]     |
[INFO] [stderr]     = note: the `wasm32-unknown-unknown` target may not be installed
[INFO] [stderr]     = help: consider downloading the target with `rustup target add wasm32-unknown-unknown`
[INFO] [stderr] 
[INFO] [stderr]   error[E0463]: can't find crate for `compiler_builtins`
[INFO] [stderr] 
[INFO] [stderr]   error: cannot find macro `debug_assert` in this scope
[INFO] [stderr]      --> /opt/rustwide/cargo-home/registry/src/index.crates.io-6f17d22bba15001f/ryu-1.0.0/src/pretty/mod.rs:181:5
[INFO] [stderr]       |
[INFO] [stderr]   181 |     debug_assert!(k >= -45);
[INFO] [stderr]       |     ^^^^^^^^^^^^
[INFO] [stderr] 
[INFO] [stderr]   error: cannot find macro `debug_assert` in this scope
[INFO] [stderr]     --> /opt/rustwide/cargo-home/registry/src/index.crates.io-6f17d22bba15001f/ryu-1.0.0/src/pretty/mod.rs:76:5
[INFO] [stderr]      |
[INFO] [stderr]   76 |     debug_assert!(k >= -324);
[INFO] [stderr]      |     ^^^^^^^^^^^^
[INFO] [stderr] 
[INFO] [stderr]   error: cannot find macro `debug_assert` in this scope
[INFO] [stderr]     --> /opt/rustwide/cargo-home/registry/src/index.crates.io-6f17d22bba15001f/ryu-1.0.0/src/pretty/exponent.rs:40:5
[INFO] [stderr]      |
[INFO] [stderr]   40 |     debug_assert!(k < 100);
[INFO] [stderr]      |     ^^^^^^^^^^^^
[INFO] [stderr] 
[INFO] [stderr]   error: cannot find macro `debug_assert` in this scope
[INFO] [stderr]     --> /opt/rustwide/cargo-home/registry/src/index.crates.io-6f17d22bba15001f/ryu-1.0.0/src/pretty/exponent.rs:14:5
[INFO] [stderr]      |
[INFO] [stderr]   14 |     debug_assert!(k < 1000);
[INFO] [stderr]      |     ^^^^^^^^^^^^
[INFO] [stderr] 
[INFO] [stderr]   error: cannot find macro `debug_assert` in this scope
[INFO] [stderr]      --> /opt/rustwide/cargo-home/registry/src/index.crates.io-6f17d22bba15001f/ryu-1.0.0/src/f2s.rs:172:5
[INFO] [stderr]       |
[INFO] [stderr]   172 |     debug_assert!(i < FLOAT_POW5_SPLIT.len() as u32);
[INFO] [stderr]       |     ^^^^^^^^^^^^
[INFO] [stderr] 
[INFO] [stderr]   error: cannot find macro `debug_assert` in this scope
[INFO] [stderr]      --> /opt/rustwide/cargo-home/registry/src/index.crates.io-6f17d22bba15001f/ryu-1.0.0/src/f2s.rs:166:5
[INFO] [stderr]       |
[INFO] [stderr]   166 |     debug_assert!(q < FLOAT_POW5_INV_SPLIT.len() as u32);
[INFO] [stderr]       |     ^^^^^^^^^^^^
[INFO] [stderr] 
[INFO] [stderr]   error: cannot find macro `debug_assert` in this scope
[INFO] [stderr]      --> /opt/rustwide/cargo-home/registry/src/index.crates.io-6f17d22bba15001f/ryu-1.0.0/src/f2s.rs:160:5
[INFO] [stderr]       |
[INFO] [stderr]   160 |     debug_assert!(shifted_sum <= u32::max_value() as u64);
[INFO] [stderr]       |     ^^^^^^^^^^^^
[INFO] [stderr] 
[INFO] [stderr]   error: cannot find macro `debug_assert` in this scope
[INFO] [stderr]      --> /opt/rustwide/cargo-home/registry/src/index.crates.io-6f17d22bba15001f/ryu-1.0.0/src/f2s.rs:149:5
[INFO] [stderr]       |
[INFO] [stderr]   149 |     debug_assert!(shift > 32);
[INFO] [stderr]       |     ^^^^^^^^^^^^
[INFO] [stderr] 
[INFO] [stderr]   error: cannot find macro `debug_assert` in this scope
[INFO] [stderr]      --> /opt/rustwide/cargo-home/registry/src/index.crates.io-6f17d22bba15001f/ryu-1.0.0/src/f2s.rs:120:9
[INFO] [stderr]       |
[INFO] [stderr]   120 |         debug_assert!(value != 0);
[INFO] [stderr]       |         ^^^^^^^^^^^^
[INFO] [stderr] 
[INFO] [stderr]   error: cannot find macro `debug_assert` in this scope
[INFO] [stderr]      --> /opt/rustwide/cargo-home/registry/src/index.crates.io-6f17d22bba15001f/ryu-1.0.0/src/d2s_intrinsics.rs:102:5
[INFO] [stderr]       |
[INFO] [stderr]   102 |     debug_assert!(value != 0);
[INFO] [stderr]       |     ^^^^^^^^^^^^
[INFO] [stderr] 
[INFO] [stderr]   error: cannot find macro `debug_assert` in this scope
[INFO] [stderr]     --> /opt/rustwide/cargo-home/registry/src/index.crates.io-6f17d22bba15001f/ryu-1.0.0/src/d2s_intrinsics.rs:80:9
[INFO] [stderr]      |
[INFO] [stderr]   80 |         debug_assert!(value != 0);
[INFO] [stderr]      |         ^^^^^^^^^^^^
[INFO] [stderr] 
[INFO] [stderr]   error: cannot find macro `debug_assert` in this scope
[INFO] [stderr]      --> /opt/rustwide/cargo-home/registry/src/index.crates.io-6f17d22bba15001f/ryu-1.0.0/src/d2s.rs:240:17
[INFO] [stderr]       |
[INFO] [stderr]   240 |                 debug_assert!(i < DOUBLE_POW5_SPLIT.len() as i32);
[INFO] [stderr]       |                 ^^^^^^^^^^^^
[INFO] [stderr] 
[INFO] [stderr]   error: cannot find macro `debug_assert` in this scope
[INFO] [stderr]      --> /opt/rustwide/cargo-home/registry/src/index.crates.io-6f17d22bba15001f/ryu-1.0.0/src/d2s.rs:200:17
[INFO] [stderr]       |
[INFO] [stderr]   200 |                 debug_assert!(q < DOUBLE_POW5_INV_SPLIT.len() as u32);
[INFO] [stderr]       |                 ^^^^^^^^^^^^
[INFO] [stderr] 
[INFO] [stderr]   error: cannot find macro `debug_assert` in this scope
[INFO] [stderr]      --> /opt/rustwide/cargo-home/registry/src/index.crates.io-6f17d22bba15001f/ryu-1.0.0/src/d2s.rs:106:5
[INFO] [stderr]       |
[INFO] [stderr]   106 |     debug_assert!(v < 100000000000000000);
[INFO] [stderr]       |     ^^^^^^^^^^^^
[INFO] [stderr] 
[INFO] [stderr]   error: cannot find macro `debug_assert` in this scope
[INFO] [stderr]     --> /opt/rustwide/cargo-home/registry/src/index.crates.io-6f17d22bba15001f/ryu-1.0.0/src/common.rs:73:5
[INFO] [stderr]      |
[INFO] [stderr]   73 |     debug_assert!(e <= 2620);
[INFO] [stderr]      |     ^^^^^^^^^^^^
[INFO] [stderr] 
[INFO] [stderr]   error: cannot find macro `debug_assert` in this scope
[INFO] [stderr]     --> /opt/rustwide/cargo-home/registry/src/index.crates.io-6f17d22bba15001f/ryu-1.0.0/src/common.rs:72:5
[INFO] [stderr]      |
[INFO] [stderr]   72 |     debug_assert!(e >= 0);
[INFO] [stderr]      |     ^^^^^^^^^^^^
[INFO] [stderr] 
[INFO] [stderr]   error: cannot find macro `debug_assert` in this scope
[INFO] [stderr]     --> /opt/rustwide/cargo-home/registry/src/index.crates.io-6f17d22bba15001f/ryu-1.0.0/src/common.rs:64:5
[INFO] [stderr]      |
[INFO] [stderr]   64 |     debug_assert!(e <= 1650);
[INFO] [stderr]      |     ^^^^^^^^^^^^
[INFO] [stderr] 
[INFO] [stderr]   error: cannot find macro `debug_assert` in this scope
[INFO] [stderr]     --> /opt/rustwide/cargo-home/registry/src/index.crates.io-6f17d22bba15001f/ryu-1.0.0/src/common.rs:63:5
[INFO] [stderr]      |
[INFO] [stderr]   63 |     debug_assert!(e >= 0);
[INFO] [stderr]      |     ^^^^^^^^^^^^
[INFO] [stderr] 
[INFO] [stderr]   error: cannot find macro `debug_assert` in this scope
[INFO] [stderr]     --> /opt/rustwide/cargo-home/registry/src/index.crates.io-6f17d22bba15001f/ryu-1.0.0/src/common.rs:55:5
[INFO] [stderr]      |
[INFO] [stderr]   55 |     debug_assert!(e <= 3528);
[INFO] [stderr]      |     ^^^^^^^^^^^^
[INFO] [stderr] 
[INFO] [stderr]   error: cannot find macro `debug_assert` in this scope
[INFO] [stderr]     --> /opt/rustwide/cargo-home/registry/src/index.crates.io-6f17d22bba15001f/ryu-1.0.0/src/common.rs:54:5
[INFO] [stderr]      |
[INFO] [stderr]   54 |     debug_assert!(e >= 0);
[INFO] [stderr]      |     ^^^^^^^^^^^^
[INFO] [stderr] 
[INFO] [stderr]   error: cannot find macro `debug_assert` in this scope
[INFO] [stderr]     --> /opt/rustwide/cargo-home/registry/src/index.crates.io-6f17d22bba15001f/ryu-1.0.0/src/common.rs:25:5
[INFO] [stderr]      |
[INFO] [stderr]   25 |     debug_assert!(v < 1000000000);
[INFO] [stderr]      |     ^^^^^^^^^^^^
[INFO] [stderr] 
[INFO] [stderr]   error: cannot find macro `debug_assert` in this scope
[INFO] [stderr]     --> /opt/rustwide/cargo-home/registry/src/index.crates.io-6f17d22bba15001f/ryu-1.0.0/src/buffer/mod.rs:78:13
[INFO] [stderr]      |
[INFO] [stderr]   78 |             debug_assert!(n <= self.bytes.len());
[INFO] [stderr]      |             ^^^^^^^^^^^^
[INFO] [stderr] 
[INFO] [stderr]   error: cannot find attribute `derive` in this scope
[INFO] [stderr]     --> /opt/rustwide/cargo-home/registry/src/index.crates.io-6f17d22bba15001f/ryu-1.0.0/src/buffer/mod.rs:21:3
[INFO] [stderr]      |
[INFO] [stderr]   21 | #[derive(Copy, Clone)]
[INFO] [stderr]      |   ^^^^^^
[INFO] [stderr] 
[INFO] [stderr]   error[E0405]: cannot find trait `Default` in this scope
[INFO] [stderr]     --> /opt/rustwide/cargo-home/registry/src/index.crates.io-6f17d22bba15001f/ryu-1.0.0/src/buffer/mod.rs:85:6
[INFO] [stderr]      |
[INFO] [stderr]   85 | impl Default for Buffer {
[INFO] [stderr]      |      ^^^^^^^ not found in this scope
[INFO] [stderr] 
[INFO] [stderr]   error[E0405]: cannot find trait `Copy` in this scope
[INFO] [stderr]      --> /opt/rustwide/cargo-home/registry/src/index.crates.io-6f17d22bba15001f/ryu-1.0.0/src/buffer/mod.rs:102:19
[INFO] [stderr]       |
[INFO] [stderr]   102 | pub trait Sealed: Copy {
[INFO] [stderr]       |                   ^^^^ not found in this scope
[INFO] [stderr] 
[INFO] [stderr]   Some errors have detailed explanations: E0405, E0463.
[INFO] [stderr]   For more information about an error, try `rustc --explain E0405`.
[INFO] [stderr]   error: could not compile `ryu` (lib) due to 27 previous errors
[INFO] [stderr]   command `cd "./test-contract-rs" && env -u CARGO_BUILD_RUSTFLAGS -u CARGO_ENCODED_RUSTFLAGS CARGO_TARGET_DIR="/opt/rustwide/target/debug/build/near-test-contracts-ddfc2767f1209036/out" RUSTFLAGS="-Dwarnings" "cargo" "build" "--target=wasm32-unknown-unknown" "--release" "--features" "latest_protocol"` exited with non-zero status: ExitStatus(unix_wait_status(25856))
[INFO] [stderr] warning: build failed, waiting for other jobs to finish...
[INFO] running `Command { std: "docker" "inspect" "bc592ea84b8037fc30ff6f97f9773e9c79ca4e021ddcf34fb925d83412a14b9b", kill_on_drop: false }`
[INFO] running `Command { std: "docker" "rm" "-f" "bc592ea84b8037fc30ff6f97f9773e9c79ca4e021ddcf34fb925d83412a14b9b", kill_on_drop: false }`
[INFO] [stdout] bc592ea84b8037fc30ff6f97f9773e9c79ca4e021ddcf34fb925d83412a14b9b
