[INFO] cloning repository https://github.com/Testausserveri/testauskameli
[INFO] running `Command { std: "git" "-c" "credential.helper=" "-c" "credential.helper=/workspace/cargo-home/bin/git-credential-null" "clone" "--bare" "https://github.com/Testausserveri/testauskameli" "/workspace/cache/git-repos/https%3A%2F%2Fgithub.com%2FTestausserveri%2Ftestauskameli", kill_on_drop: false }`
[INFO] [stderr] Cloning into bare repository '/workspace/cache/git-repos/https%3A%2F%2Fgithub.com%2FTestausserveri%2Ftestauskameli'...
[INFO] running `Command { std: "git" "rev-parse" "HEAD", kill_on_drop: false }`
[INFO] [stdout] 6be8558a50d76ee4fc828f55d0b740f8653d1323
[INFO] documenting Testausserveri/testauskameli against 1.75.0 for beta-1.76-rustdoc-1
[INFO] running `Command { std: "git" "clone" "/workspace/cache/git-repos/https%3A%2F%2Fgithub.com%2FTestausserveri%2Ftestauskameli" "/workspace/builds/worker-5-tc1/source", kill_on_drop: false }`
[INFO] [stderr] Cloning into '/workspace/builds/worker-5-tc1/source'...
[INFO] [stderr] done.
[INFO] validating manifest of git repo https://github.com/Testausserveri/testauskameli on toolchain 1.75.0
[INFO] running `Command { std: CARGO_HOME="/workspace/cargo-home" RUSTUP_HOME="/workspace/rustup-home" "/workspace/cargo-home/bin/cargo" "+1.75.0" "metadata" "--manifest-path" "Cargo.toml" "--no-deps", kill_on_drop: false }`
[INFO] started tweaking git repo https://github.com/Testausserveri/testauskameli
[INFO] finished tweaking git repo https://github.com/Testausserveri/testauskameli
[INFO] tweaked toml for git repo https://github.com/Testausserveri/testauskameli written to /workspace/builds/worker-5-tc1/source/Cargo.toml
[INFO] crate git repo https://github.com/Testausserveri/testauskameli already has a lockfile, it will not be regenerated
[INFO] running `Command { std: CARGO_HOME="/workspace/cargo-home" RUSTUP_HOME="/workspace/rustup-home" "/workspace/cargo-home/bin/cargo" "+1.75.0" "fetch" "--manifest-path" "Cargo.toml", kill_on_drop: false }`
[INFO] [stderr] warning: virtual workspace defaulting to `resolver = "1"` despite one or more workspace members being on edition 2021 which implies `resolver = "2"`
[INFO] [stderr] note: to keep the current resolver, specify `workspace.resolver = "1"` in the workspace root's manifest
[INFO] [stderr] note: to use the edition 2021 resolver, specify `workspace.resolver = "2"` in the workspace root's manifest
[INFO] [stderr] note: for more details see https://doc.rust-lang.org/cargo/reference/resolver.html#resolver-versions
[INFO] running `Command { std: "docker" "create" "-v" "/var/lib/crater-agent-workspace/builds/worker-5-tc1/target:/opt/rustwide/target:rw,Z" "-v" "/var/lib/crater-agent-workspace/builds/worker-5-tc1/source:/opt/rustwide/workdir:ro,Z" "-v" "/var/lib/crater-agent-workspace/cargo-home:/opt/rustwide/cargo-home:ro,Z" "-v" "/var/lib/crater-agent-workspace/rustup-home:/opt/rustwide/rustup-home:ro,Z" "-e" "SOURCE_DIR=/opt/rustwide/workdir" "-e" "CARGO_TARGET_DIR=/opt/rustwide/target" "-e" "CARGO_HOME=/opt/rustwide/cargo-home" "-e" "RUSTUP_HOME=/opt/rustwide/rustup-home" "-w" "/opt/rustwide/workdir" "-m" "1610612736" "--user" "0:0" "--network" "none" "ghcr.io/rust-lang/crates-build-env/linux@sha256:2788e3201cd34a07e3172128adcd8b3090168a8e3bcc40d7c032b9dda1df7d1c" "/opt/rustwide/cargo-home/bin/cargo" "+1.75.0" "metadata" "--no-deps" "--format-version=1", kill_on_drop: false }`
[INFO] [stdout] c6efa1d39a10a77f855f155e2811569cb97ac7e83da457c4f377bddc11661335
[INFO] running `Command { std: "docker" "start" "-a" "c6efa1d39a10a77f855f155e2811569cb97ac7e83da457c4f377bddc11661335", kill_on_drop: false }`
[INFO] running `Command { std: "docker" "inspect" "c6efa1d39a10a77f855f155e2811569cb97ac7e83da457c4f377bddc11661335", kill_on_drop: false }`
[INFO] running `Command { std: "docker" "rm" "-f" "c6efa1d39a10a77f855f155e2811569cb97ac7e83da457c4f377bddc11661335", kill_on_drop: false }`
[INFO] [stdout] c6efa1d39a10a77f855f155e2811569cb97ac7e83da457c4f377bddc11661335
[INFO] running `Command { std: "docker" "create" "-v" "/var/lib/crater-agent-workspace/builds/worker-5-tc1/target:/opt/rustwide/target:rw,Z" "-v" "/var/lib/crater-agent-workspace/builds/worker-5-tc1/source:/opt/rustwide/workdir:ro,Z" "-v" "/var/lib/crater-agent-workspace/cargo-home:/opt/rustwide/cargo-home:ro,Z" "-v" "/var/lib/crater-agent-workspace/rustup-home:/opt/rustwide/rustup-home:ro,Z" "-e" "SOURCE_DIR=/opt/rustwide/workdir" "-e" "CARGO_TARGET_DIR=/opt/rustwide/target" "-e" "CARGO_INCREMENTAL=0" "-e" "RUST_BACKTRACE=full" "-e" "RUSTFLAGS=--cap-lints=warn" "-e" "RUSTDOCFLAGS=--cap-lints=warn" "-e" "CARGO_HOME=/opt/rustwide/cargo-home" "-e" "RUSTUP_HOME=/opt/rustwide/rustup-home" "-w" "/opt/rustwide/workdir" "-m" "1610612736" "--user" "0:0" "--network" "none" "ghcr.io/rust-lang/crates-build-env/linux@sha256:2788e3201cd34a07e3172128adcd8b3090168a8e3bcc40d7c032b9dda1df7d1c" "/opt/rustwide/cargo-home/bin/cargo" "+1.75.0" "doc" "--frozen" "--no-deps" "--document-private-items" "--message-format=json", kill_on_drop: false }`
[INFO] [stdout] 77835a4ea571ec40ff75d1b262a93271949650a3cb3aa5fb92157e48f72ecb4d
[INFO] running `Command { std: "docker" "start" "-a" "77835a4ea571ec40ff75d1b262a93271949650a3cb3aa5fb92157e48f72ecb4d", kill_on_drop: false }`
[INFO] [stderr] warning: virtual workspace defaulting to `resolver = "1"` despite one or more workspace members being on edition 2021 which implies `resolver = "2"`
[INFO] [stderr] note: to keep the current resolver, specify `workspace.resolver = "1"` in the workspace root's manifest
[INFO] [stderr] note: to use the edition 2021 resolver, specify `workspace.resolver = "2"` in the workspace root's manifest
[INFO] [stderr] note: for more details see https://doc.rust-lang.org/cargo/reference/resolver.html#resolver-versions
[INFO] [stderr]    Compiling libc v0.2.147
[INFO] [stderr]    Compiling proc-macro2 v1.0.64
[INFO] [stderr]    Compiling unicode-ident v1.0.10
[INFO] [stderr]    Compiling quote v1.0.29
[INFO] [stderr]     Checking once_cell v1.18.0
[INFO] [stderr]     Checking log v0.4.19
[INFO] [stderr]     Checking pin-project-lite v0.2.10
[INFO] [stderr]    Compiling ring v0.16.20
[INFO] [stderr]    Compiling futures-core v0.3.28
[INFO] [stderr]     Checking itoa v1.0.8
[INFO] [stderr]    Compiling crossbeam-utils v0.8.16
[INFO] [stderr]    Compiling tokio v1.29.1
[INFO] [stderr]    Compiling serde v1.0.171
[INFO] [stderr]     Checking futures-io v0.3.28
[INFO] [stderr]     Checking futures-sink v0.3.28
[INFO] [stderr]     Checking tracing-core v0.1.31
[INFO] [stderr]    Compiling openssl-src v111.26.0+1.1.1u
[INFO] [stderr]    Compiling futures-task v0.3.28
[INFO] [stderr]    Compiling futures-channel v0.3.28
[INFO] [stderr]    Compiling num-integer v0.1.45
[INFO] [stderr]    Compiling openssl-sys v0.9.90
[INFO] [stderr]    Compiling memoffset v0.9.0
[INFO] [stderr]    Compiling futures-util v0.3.28
[INFO] [stderr]     Checking http v0.2.9
[INFO] [stderr]    Compiling syn v2.0.25
[INFO] [stderr]    Compiling crossbeam-epoch v0.9.15
[INFO] [stderr]    Compiling unicase v2.6.0
[INFO] [stderr]     Checking either v1.8.1
[INFO] [stderr]    Compiling num-iter v0.1.43
[INFO] [stderr]    Compiling openssl v0.10.55
[INFO] [stderr]     Checking percent-encoding v2.3.0
[INFO] [stderr]     Checking num_cpus v1.16.0
[INFO] [stderr]     Checking socket2 v0.4.9
[INFO] [stderr]     Checking signal-hook-registry v1.4.1
[INFO] [stderr]     Checking mio v0.8.8
[INFO] [stderr]     Checking getrandom v0.2.10
[INFO] [stderr]    Compiling getrandom v0.1.16
[INFO] [stderr]     Checking indexmap v1.9.3
[INFO] [stderr]     Checking form_urlencoded v1.2.0
[INFO] [stderr]     Checking crossbeam-deque v0.8.3
[INFO] [stderr]     Checking unicode-normalization v0.1.22
[INFO] [stderr]     Checking crossbeam-channel v0.5.8
[INFO] [stderr]    Compiling generic-array v0.14.7
[INFO] [stderr]    Compiling num-bigint v0.3.3
[INFO] [stderr]    Compiling io-lifetimes v1.0.11
[INFO] [stderr]     Checking try-lock v0.2.4
[INFO] [stderr]     Checking unicode-bidi v0.3.13
[INFO] [stderr]    Compiling native-tls v0.2.11
[INFO] [stderr]    Compiling rustls v0.21.5
[INFO] [stderr]     Checking idna v0.4.0
[INFO] [stderr]     Checking rayon-core v1.11.0
[INFO] [stderr]     Checking want v0.3.1
[INFO] [stderr]     Checking rand_core v0.6.4
[INFO] [stderr]     Checking http-body v0.4.5
[INFO] [stderr]    Compiling num-rational v0.3.2
[INFO] [stderr]    Compiling lock_api v0.4.10
[INFO] [stderr]    Compiling miniz_oxide v0.4.4
[INFO] [stderr]    Compiling serde_json v1.0.102
[INFO] [stderr]     Checking openssl-probe v0.1.5
[INFO] [stderr]     Checking tower-service v0.3.2
[INFO] [stderr]     Checking ryu v1.0.14
[INFO] [stderr]    Compiling rustix v0.37.23
[INFO] [stderr]     Checking rayon v1.7.0
[INFO] [stderr]    Compiling mime_guess v2.0.4
[INFO] [stderr]     Checking rand_chacha v0.3.1
[INFO] [stderr]     Checking rand_core v0.5.1
[INFO] [stderr]     Checking sct v0.7.0
[INFO] [stderr]     Checking webpki v0.22.0
[INFO] [stderr]     Checking rustls-webpki v0.101.1
[INFO] [stderr]    Compiling polling v2.8.0
[INFO] [stderr]     Checking fastrand v1.9.0
[INFO] [stderr]     Checking linux-raw-sys v0.3.8
[INFO] [stderr]    Compiling matrixmultiply v0.1.15
[INFO] [stderr]     Checking webpki-roots v0.22.6
[INFO] [stderr]     Checking rand v0.8.5
[INFO] [stderr]     Checking rand_chacha v0.2.2
[INFO] [stderr]     Checking deflate v0.8.6
[INFO] [stderr]     Checking aho-corasick v1.0.2
[INFO] [stderr]    Compiling async-io v1.13.0
[INFO] [stderr]     Checking mime v0.3.17
[INFO] [stderr]     Checking jpeg-decoder v0.1.22
[INFO] [stderr]    Compiling async-trait v0.1.71
[INFO] [stderr]     Checking smallvec v1.11.0
[INFO] [stderr]     Checking rawpointer v0.1.0
[INFO] [stderr]    Compiling signal-hook v0.3.15
[INFO] [stderr]     Checking ttf-parser v0.15.2
[INFO] [stderr]     Checking event-listener v2.5.3
[INFO] [stderr]     Checking regex-syntax v0.7.4
[INFO] [stderr]     Checking base64 v0.21.2
[INFO] [stderr]     Checking parking v2.1.0
[INFO] [stderr]     Checking regex-syntax v0.6.29
[INFO] [stderr]     Checking rustls-pemfile v1.0.3
[INFO] [stderr]     Checking futures-lite v1.13.0
[INFO] [stderr]     Checking gif v0.11.4
[INFO] [stderr]     Checking tiff v0.6.1
[INFO] [stderr]     Checking async-lock v2.7.0
[INFO] [stderr]    Compiling rustls v0.20.8
[INFO] [stderr]     Checking owned_ttf_parser v0.15.2
[INFO] [stderr]     Checking png v0.16.8
[INFO] [stderr]     Checking rand v0.7.3
[INFO] [stderr]     Checking crypto-common v0.1.6
[INFO] [stderr]     Checking block-buffer v0.10.4
[INFO] [stderr]     Checking num v0.1.42
[INFO] [stderr]     Checking concurrent-queue v2.2.0
[INFO] [stderr]     Checking num-complex v0.3.1
[INFO] [stderr]    Compiling async-process v1.7.0
[INFO] [stderr]    Compiling tempfile v3.6.0
[INFO] [stderr]    Compiling anyhow v1.0.71
[INFO] [stderr]     Checking regex-automata v0.3.3
[INFO] [stderr]     Checking regex-automata v0.1.10
[INFO] [stderr]     Checking ab_glyph_rasterizer v0.1.8
[INFO] [stderr]    Compiling thiserror v1.0.43
[INFO] [stderr]     Checking ipnet v2.8.0
[INFO] [stderr]     Checking bytemuck v1.13.1
[INFO] [stderr]     Checking iana-time-zone v0.1.57
[INFO] [stderr]    Compiling tokio-macros v2.1.0
[INFO] [stderr]    Compiling serde_derive v1.0.171
[INFO] [stderr]    Compiling tracing-attributes v0.1.26
[INFO] [stderr]    Compiling futures-macro v0.3.28
[INFO] [stderr]    Compiling openssl-macros v0.1.1
[INFO] [stderr]    Compiling pin-project-internal v1.1.2
[INFO] [stderr]     Checking custom_derive v0.1.7
[INFO] [stderr]     Checking conv v0.3.3
[INFO] [stderr]     Checking matchers v0.0.1
[INFO] [stderr]     Checking image v0.23.14
[INFO] [stderr]     Checking regex v1.9.1
[INFO] [stderr]     Checking tracing v0.1.37
[INFO] [stderr]     Checking chrono v0.4.26
[INFO] [stderr]     Checking pin-project v1.1.2
[INFO] [stderr]    Compiling thiserror-impl v1.0.43
[INFO] [stderr]     Checking rusttype v0.9.3
[INFO] [stderr]     Checking num v0.3.1
[INFO] [stderr]     Checking rand_distr v0.2.2
[INFO] [stderr]     Checking digest v0.10.7
[INFO] [stderr]     Checking rulinalg v0.4.2
[INFO] [stderr]     Checking tracing-log v0.1.3
[INFO] [stderr]     Checking sharded-slab v0.1.4
[INFO] [stderr]     Checking spin v0.9.8
[INFO] [stderr]     Checking nanorand v0.7.0
[INFO] [stderr]     Checking itertools v0.9.0
[INFO] [stderr]     Checking thread_local v1.1.7
[INFO] [stderr]    Compiling parking_lot_core v0.9.8
[INFO] [stderr]     Checking cpufeatures v0.2.9
[INFO] [stderr]     Checking ansi_term v0.12.1
[INFO] [stderr]     Checking sha-1 v0.10.1
[INFO] [stderr]     Checking tokio-util v0.7.8
[INFO] [stderr]     Checking tokio-rustls v0.24.1
[INFO] [stderr]     Checking flume v0.10.14
[INFO] [stderr]     Checking imageproc v0.22.0
[INFO] [stderr]     Checking which v4.4.0
[INFO] [stderr]     Checking itertools v0.10.5
[INFO] [stderr]     Checking utf-8 v0.7.6
[INFO] [stderr]     Checking miniz_oxide v0.7.1
[INFO] [stderr]     Checking h2 v0.3.20
[INFO] [stderr]     Checking ordered-float v2.10.0
[INFO] [stderr]     Checking time-core v0.1.1
[INFO] [stderr]     Checking tokio-rustls v0.23.4
[INFO] [stderr]    Compiling serenity v0.11.6
[INFO] [stderr]     Checking hashbrown v0.14.0
[INFO] [stderr]     Checking flate2 v1.0.26
[INFO] [stderr]     Checking futures v0.3.28
[INFO] [stderr]     Checking typemap_rev v0.1.5
[INFO] [stderr]     Checking dotenv v0.15.0
[INFO] [stderr]     Checking dashmap v5.5.0
[INFO] [stderr]     Checking url v2.4.0
[INFO] [stderr]     Checking serde_urlencoded v0.7.1
[INFO] [stderr]     Checking tracing-serde v0.1.3
[INFO] [stderr]     Checking tungstenite v0.17.3
[INFO] [stderr]     Checking tracing-subscriber v0.2.25
[INFO] [stderr]     Checking async-tungstenite v0.17.2
[INFO] [stderr]     Checking time v0.3.23
[INFO] [stderr]     Checking hyper v0.14.27
[INFO] [stderr]     Checking serde-value v0.7.0
[INFO] [stderr]     Checking hyper-rustls v0.24.1
[INFO] [stderr]     Checking tokio-native-tls v0.3.1
[INFO] [stderr]     Checking hyper-tls v0.5.0
[INFO] [stderr]     Checking reqwest v0.11.18
[INFO] [stderr]     Checking testauskameli v0.1.0 (/opt/rustwide/workdir/testauskameli)
[INFO] [stderr]  Documenting testauskameli v0.1.0 (/opt/rustwide/workdir/testauskameli)
[INFO] [stdout] error[E0554]: `#![feature]` may not be used on the stable release channel
[INFO] [stdout]  --> testauskameli/src/lib.rs:4:1
[INFO] [stdout]   |
[INFO] [stdout] 4 | #![feature(async_closure, inline_const)]
[INFO] [stdout]   | ^^^^^^^^^^^^^^^^^^^^^^^^^^^^^^^^^^^^^^^^
[INFO] [stdout] 
[INFO] [stdout] 
[INFO] [stdout] error[E0554]: `#![feature]` may not be used on the stable release channel
[INFO] [stdout]  --> testauskameli/src/lib.rs:4:1
[INFO] [stdout]   |
[INFO] [stdout] 4 | #![feature(async_closure, inline_const)]
[INFO] [stdout]   | ^^^^^^^^^^^^^^^^^^^^^^^^^^^^^^^^^^^^^^^^
[INFO] [stdout] 
[INFO] [stdout] 
[INFO] [stdout] error: aborting due to previous error
[INFO] [stdout] 
[INFO] [stdout] 
[INFO] [stdout] For more information about this error, try `rustc --explain E0554`.
[INFO] [stdout] 
[INFO] [stderr] error: could not document `testauskameli`
[INFO] [stderr] 
[INFO] [stderr] Caused by:
[INFO] [stderr]   process didn't exit successfully: `/opt/rustwide/rustup-home/toolchains/1.75.0-x86_64-unknown-linux-gnu/bin/rustdoc --edition=2021 --crate-type lib --crate-name testauskameli testauskameli/src/lib.rs -o /opt/rustwide/target/doc --cfg 'feature="c"' --cfg 'feature="default"' --cfg 'feature="echo"' --cfg 'feature="h264ify"' --cfg 'feature="haskell"' --cfg 'feature="idris"' --cfg 'feature="image"' --cfg 'feature="imageproc"' --cfg 'feature="lisp"' --cfg 'feature="nomeme"' --cfg 'feature="regex"' --cfg 'feature="rusttype"' --cfg 'feature="snippets"' --error-format=json --json=diagnostic-rendered-ansi,artifacts,future-incompat --document-private-items -C metadata=5ab811ca7f151305 -L dependency=/opt/rustwide/target/debug/deps --extern anyhow=/opt/rustwide/target/debug/deps/libanyhow-23167f3535e7ba8b.rmeta --extern async_process=/opt/rustwide/target/debug/deps/libasync_process-8aa8066872e898a0.rmeta --extern async_trait=/opt/rustwide/target/debug/deps/libasync_trait-1862f61128acea40.so --extern either=/opt/rustwide/target/debug/deps/libeither-1571eeb37bcb2014.rmeta --extern flume=/opt/rustwide/target/debug/deps/libflume-ac45727d8e86b3c5.rmeta --extern image=/opt/rustwide/target/debug/deps/libimage-341de39ebf8bda3c.rmeta --extern imageproc=/opt/rustwide/target/debug/deps/libimageproc-3d59531e00efac23.rmeta --extern itertools=/opt/rustwide/target/debug/deps/libitertools-7257c9d5e05a5377.rmeta --extern rand=/opt/rustwide/target/debug/deps/librand-4907e13ed9cafb7a.rmeta --extern regex=/opt/rustwide/target/debug/deps/libregex-4f38dfd09cdb78b5.rmeta --extern reqwest=/opt/rustwide/target/debug/deps/libreqwest-aedc8e8d07b19ec8.rmeta --extern rusttype=/opt/rustwide/target/debug/deps/librusttype-6c49813e51cc4064.rmeta --extern tempfile=/opt/rustwide/target/debug/deps/libtempfile-9c7eba605af9b501.rmeta --extern tracing=/opt/rustwide/target/debug/deps/libtracing-2a7e6cfc3afb4e5f.rmeta --extern tracing_subscriber=/opt/rustwide/target/debug/deps/libtracing_subscriber-0acc48b52afc3113.rmeta --extern which=/opt/rustwide/target/debug/deps/libwhich-02447df4c2ef700f.rmeta --cap-lints=warn --crate-version 0.1.0` (exit status: 1)
[INFO] [stderr] warning: build failed, waiting for other jobs to finish...
[INFO] [stdout] error: aborting due to previous error
[INFO] [stdout] 
[INFO] [stdout] 
[INFO] [stdout] For more information about this error, try `rustc --explain E0554`.
[INFO] [stdout] 
[INFO] [stderr] error: could not compile `testauskameli` (lib) due to 2 previous errors
[INFO] running `Command { std: "docker" "inspect" "77835a4ea571ec40ff75d1b262a93271949650a3cb3aa5fb92157e48f72ecb4d", kill_on_drop: false }`
[INFO] running `Command { std: "docker" "rm" "-f" "77835a4ea571ec40ff75d1b262a93271949650a3cb3aa5fb92157e48f72ecb4d", kill_on_drop: false }`
[INFO] [stdout] 77835a4ea571ec40ff75d1b262a93271949650a3cb3aa5fb92157e48f72ecb4d
[INFO] documenting Testausserveri/testauskameli against beta-2023-12-22 for beta-1.76-rustdoc-1
[INFO] running `Command { std: "git" "clone" "/workspace/cache/git-repos/https%3A%2F%2Fgithub.com%2FTestausserveri%2Ftestauskameli" "/workspace/builds/worker-5-tc2/source", kill_on_drop: false }`
[INFO] [stderr] Cloning into '/workspace/builds/worker-5-tc2/source'...
[INFO] [stderr] done.
[INFO] validating manifest of git repo https://github.com/Testausserveri/testauskameli on toolchain beta-2023-12-22
[INFO] running `Command { std: CARGO_HOME="/workspace/cargo-home" RUSTUP_HOME="/workspace/rustup-home" "/workspace/cargo-home/bin/cargo" "+beta-2023-12-22" "metadata" "--manifest-path" "Cargo.toml" "--no-deps", kill_on_drop: false }`
[INFO] started tweaking git repo https://github.com/Testausserveri/testauskameli
[INFO] finished tweaking git repo https://github.com/Testausserveri/testauskameli
[INFO] tweaked toml for git repo https://github.com/Testausserveri/testauskameli written to /workspace/builds/worker-5-tc2/source/Cargo.toml
[INFO] crate git repo https://github.com/Testausserveri/testauskameli already has a lockfile, it will not be regenerated
[INFO] running `Command { std: CARGO_HOME="/workspace/cargo-home" RUSTUP_HOME="/workspace/rustup-home" "/workspace/cargo-home/bin/cargo" "+beta-2023-12-22" "fetch" "--manifest-path" "Cargo.toml", kill_on_drop: false }`
[INFO] [stderr] warning: virtual workspace defaulting to `resolver = "1"` despite one or more workspace members being on edition 2021 which implies `resolver = "2"`
[INFO] [stderr] note: to keep the current resolver, specify `workspace.resolver = "1"` in the workspace root's manifest
[INFO] [stderr] note: to use the edition 2021 resolver, specify `workspace.resolver = "2"` in the workspace root's manifest
[INFO] [stderr] note: for more details see https://doc.rust-lang.org/cargo/reference/resolver.html#resolver-versions
[INFO] [stderr]     Blocking waiting for file lock on package cache
[INFO] running `Command { std: "docker" "create" "-v" "/var/lib/crater-agent-workspace/builds/worker-5-tc2/target:/opt/rustwide/target:rw,Z" "-v" "/var/lib/crater-agent-workspace/builds/worker-5-tc2/source:/opt/rustwide/workdir:ro,Z" "-v" "/var/lib/crater-agent-workspace/cargo-home:/opt/rustwide/cargo-home:ro,Z" "-v" "/var/lib/crater-agent-workspace/rustup-home:/opt/rustwide/rustup-home:ro,Z" "-e" "SOURCE_DIR=/opt/rustwide/workdir" "-e" "CARGO_TARGET_DIR=/opt/rustwide/target" "-e" "CARGO_HOME=/opt/rustwide/cargo-home" "-e" "RUSTUP_HOME=/opt/rustwide/rustup-home" "-w" "/opt/rustwide/workdir" "-m" "1610612736" "--user" "0:0" "--network" "none" "ghcr.io/rust-lang/crates-build-env/linux@sha256:2788e3201cd34a07e3172128adcd8b3090168a8e3bcc40d7c032b9dda1df7d1c" "/opt/rustwide/cargo-home/bin/cargo" "+beta-2023-12-22" "metadata" "--no-deps" "--format-version=1", kill_on_drop: false }`
[INFO] [stdout] 1c7431cb9eb22ede012d3a038a5cd7aa6cce5f98c42bdeadf1ebd459b085d10b
[INFO] running `Command { std: "docker" "start" "-a" "1c7431cb9eb22ede012d3a038a5cd7aa6cce5f98c42bdeadf1ebd459b085d10b", kill_on_drop: false }`
[INFO] running `Command { std: "docker" "inspect" "1c7431cb9eb22ede012d3a038a5cd7aa6cce5f98c42bdeadf1ebd459b085d10b", kill_on_drop: false }`
[INFO] running `Command { std: "docker" "rm" "-f" "1c7431cb9eb22ede012d3a038a5cd7aa6cce5f98c42bdeadf1ebd459b085d10b", kill_on_drop: false }`
[INFO] [stdout] 1c7431cb9eb22ede012d3a038a5cd7aa6cce5f98c42bdeadf1ebd459b085d10b
[INFO] running `Command { std: "docker" "create" "-v" "/var/lib/crater-agent-workspace/builds/worker-5-tc2/target:/opt/rustwide/target:rw,Z" "-v" "/var/lib/crater-agent-workspace/builds/worker-5-tc2/source:/opt/rustwide/workdir:ro,Z" "-v" "/var/lib/crater-agent-workspace/cargo-home:/opt/rustwide/cargo-home:ro,Z" "-v" "/var/lib/crater-agent-workspace/rustup-home:/opt/rustwide/rustup-home:ro,Z" "-e" "SOURCE_DIR=/opt/rustwide/workdir" "-e" "CARGO_TARGET_DIR=/opt/rustwide/target" "-e" "CARGO_INCREMENTAL=0" "-e" "RUST_BACKTRACE=full" "-e" "RUSTFLAGS=--cap-lints=warn" "-e" "RUSTDOCFLAGS=--cap-lints=warn" "-e" "CARGO_HOME=/opt/rustwide/cargo-home" "-e" "RUSTUP_HOME=/opt/rustwide/rustup-home" "-w" "/opt/rustwide/workdir" "-m" "1610612736" "--user" "0:0" "--network" "none" "ghcr.io/rust-lang/crates-build-env/linux@sha256:2788e3201cd34a07e3172128adcd8b3090168a8e3bcc40d7c032b9dda1df7d1c" "/opt/rustwide/cargo-home/bin/cargo" "+beta-2023-12-22" "doc" "--frozen" "--no-deps" "--document-private-items" "--message-format=json", kill_on_drop: false }`
[INFO] [stdout] 772c01628164003920650c31f0a70dee98523ee743b1aa5de8b1f265d2bab204
[INFO] running `Command { std: "docker" "start" "-a" "772c01628164003920650c31f0a70dee98523ee743b1aa5de8b1f265d2bab204", kill_on_drop: false }`
[INFO] [stderr] warning: virtual workspace defaulting to `resolver = "1"` despite one or more workspace members being on edition 2021 which implies `resolver = "2"`
[INFO] [stderr] note: to keep the current resolver, specify `workspace.resolver = "1"` in the workspace root's manifest
[INFO] [stderr] note: to use the edition 2021 resolver, specify `workspace.resolver = "2"` in the workspace root's manifest
[INFO] [stderr] note: for more details see https://doc.rust-lang.org/cargo/reference/resolver.html#resolver-versions
[INFO] [stderr]    Compiling libc v0.2.147
[INFO] [stderr]    Compiling proc-macro2 v1.0.64
[INFO] [stderr]    Compiling unicode-ident v1.0.10
[INFO] [stderr]    Compiling quote v1.0.29
[INFO] [stderr]     Checking once_cell v1.18.0
[INFO] [stderr]     Checking log v0.4.19
[INFO] [stderr]     Checking pin-project-lite v0.2.10
[INFO] [stderr]    Compiling ring v0.16.20
[INFO] [stderr]    Compiling futures-core v0.3.28
[INFO] [stderr]     Checking itoa v1.0.8
[INFO] [stderr]    Compiling crossbeam-utils v0.8.16
[INFO] [stderr]    Compiling tokio v1.29.1
[INFO] [stderr]    Compiling serde v1.0.171
[INFO] [stderr]     Checking futures-sink v0.3.28
[INFO] [stderr]     Checking futures-io v0.3.28
[INFO] [stderr]     Checking tracing-core v0.1.31
[INFO] [stderr]    Compiling openssl-src v111.26.0+1.1.1u
[INFO] [stderr]    Compiling futures-task v0.3.28
[INFO] [stderr]    Compiling futures-channel v0.3.28
[INFO] [stderr]    Compiling openssl-sys v0.9.90
[INFO] [stderr]    Compiling memoffset v0.9.0
[INFO] [stderr]    Compiling num-integer v0.1.45
[INFO] [stderr]    Compiling futures-util v0.3.28
[INFO] [stderr]     Checking http v0.2.9
[INFO] [stderr]    Compiling syn v2.0.25
[INFO] [stderr]    Compiling crossbeam-epoch v0.9.15
[INFO] [stderr]    Compiling unicase v2.6.0
[INFO] [stderr]     Checking either v1.8.1
[INFO] [stderr]    Compiling num-iter v0.1.43
[INFO] [stderr]     Checking percent-encoding v2.3.0
[INFO] [stderr]    Compiling getrandom v0.1.16
[INFO] [stderr]    Compiling openssl v0.10.55
[INFO] [stderr]     Checking form_urlencoded v1.2.0
[INFO] [stderr]     Checking indexmap v1.9.3
[INFO] [stderr]     Checking crossbeam-deque v0.8.3
[INFO] [stderr]     Checking unicode-normalization v0.1.22
[INFO] [stderr]     Checking crossbeam-channel v0.5.8
[INFO] [stderr]     Checking num_cpus v1.16.0
[INFO] [stderr]     Checking signal-hook-registry v1.4.1
[INFO] [stderr]     Checking socket2 v0.4.9
[INFO] [stderr]     Checking mio v0.8.8
[INFO] [stderr]     Checking getrandom v0.2.10
[INFO] [stderr]    Compiling generic-array v0.14.7
[INFO] [stderr]    Compiling num-bigint v0.3.3
[INFO] [stderr]    Compiling native-tls v0.2.11
[INFO] [stderr]    Compiling rustls v0.21.5
[INFO] [stderr]    Compiling io-lifetimes v1.0.11
[INFO] [stderr]     Checking unicode-bidi v0.3.13
[INFO] [stderr]     Checking try-lock v0.2.4
[INFO] [stderr]     Checking rand_core v0.6.4
[INFO] [stderr]     Checking want v0.3.1
[INFO] [stderr]     Checking rayon-core v1.11.0
[INFO] [stderr]     Checking idna v0.4.0
[INFO] [stderr]     Checking http-body v0.4.5
[INFO] [stderr]    Compiling lock_api v0.4.10
[INFO] [stderr]    Compiling miniz_oxide v0.4.4
[INFO] [stderr]    Compiling num-rational v0.3.2
[INFO] [stderr]    Compiling rustix v0.37.23
[INFO] [stderr]    Compiling serde_json v1.0.102
[INFO] [stderr]     Checking openssl-probe v0.1.5
[INFO] [stderr]     Checking ryu v1.0.14
[INFO] [stderr]     Checking tower-service v0.3.2
[INFO] [stderr]     Checking rayon v1.7.0
[INFO] [stderr]    Compiling mime_guess v2.0.4
[INFO] [stderr]     Checking rand_core v0.5.1
[INFO] [stderr]     Checking sct v0.7.0
[INFO] [stderr]     Checking webpki v0.22.0
[INFO] [stderr]     Checking rustls-webpki v0.101.1
[INFO] [stderr]     Checking rand_chacha v0.3.1
[INFO] [stderr]    Compiling polling v2.8.0
[INFO] [stderr]     Checking fastrand v1.9.0
[INFO] [stderr]     Checking linux-raw-sys v0.3.8
[INFO] [stderr]    Compiling matrixmultiply v0.1.15
[INFO] [stderr]     Checking rand v0.8.5
[INFO] [stderr]     Checking webpki-roots v0.22.6
[INFO] [stderr]     Checking rand_chacha v0.2.2
[INFO] [stderr]     Checking deflate v0.8.6
[INFO] [stderr]     Checking aho-corasick v1.0.2
[INFO] [stderr]     Checking jpeg-decoder v0.1.22
[INFO] [stderr]    Compiling async-io v1.13.0
[INFO] [stderr]    Compiling signal-hook v0.3.15
[INFO] [stderr]     Checking regex-syntax v0.6.29
[INFO] [stderr]     Checking rawpointer v0.1.0
[INFO] [stderr]     Checking event-listener v2.5.3
[INFO] [stderr]     Checking smallvec v1.11.0
[INFO] [stderr]    Compiling async-trait v0.1.71
[INFO] [stderr]     Checking regex-syntax v0.7.4
[INFO] [stderr]     Checking base64 v0.21.2
[INFO] [stderr]     Checking parking v2.1.0
[INFO] [stderr]     Checking mime v0.3.17
[INFO] [stderr]     Checking ttf-parser v0.15.2
[INFO] [stderr]     Checking rustls-pemfile v1.0.3
[INFO] [stderr]     Checking futures-lite v1.13.0
[INFO] [stderr]     Checking gif v0.11.4
[INFO] [stderr]     Checking async-lock v2.7.0
[INFO] [stderr]     Checking tiff v0.6.1
[INFO] [stderr]     Checking regex-automata v0.1.10
[INFO] [stderr]    Compiling rustls v0.20.8
[INFO] [stderr]     Checking png v0.16.8
[INFO] [stderr]     Checking rand v0.7.3
[INFO] [stderr]     Checking block-buffer v0.10.4
[INFO] [stderr]     Checking crypto-common v0.1.6
[INFO] [stderr]     Checking num v0.1.42
[INFO] [stderr]     Checking concurrent-queue v2.2.0
[INFO] [stderr]     Checking num-complex v0.3.1
[INFO] [stderr]    Compiling tempfile v3.6.0
[INFO] [stderr]    Compiling async-process v1.7.0
[INFO] [stderr]     Checking regex-automata v0.3.3
[INFO] [stderr]     Checking iana-time-zone v0.1.57
[INFO] [stderr]     Checking bytemuck v1.13.1
[INFO] [stderr]     Checking owned_ttf_parser v0.15.2
[INFO] [stderr]    Compiling thiserror v1.0.43
[INFO] [stderr]     Checking ab_glyph_rasterizer v0.1.8
[INFO] [stderr]    Compiling anyhow v1.0.71
[INFO] [stderr]     Checking custom_derive v0.1.7
[INFO] [stderr]     Checking ipnet v2.8.0
[INFO] [stderr]     Checking rusttype v0.9.3
[INFO] [stderr]     Checking conv v0.3.3
[INFO] [stderr]    Compiling tokio-macros v2.1.0
[INFO] [stderr]    Compiling serde_derive v1.0.171
[INFO] [stderr]    Compiling futures-macro v0.3.28
[INFO] [stderr]    Compiling tracing-attributes v0.1.26
[INFO] [stderr]    Compiling openssl-macros v0.1.1
[INFO] [stderr]    Compiling pin-project-internal v1.1.2
[INFO] [stderr]    Compiling thiserror-impl v1.0.43
[INFO] [stderr]     Checking regex v1.9.1
[INFO] [stderr]     Checking pin-project v1.1.2
[INFO] [stderr]     Checking num v0.3.1
[INFO] [stderr]     Checking rand_distr v0.2.2
[INFO] [stderr]     Checking tracing v0.1.37
[INFO] [stderr]     Checking image v0.23.14
[INFO] [stderr]     Checking chrono v0.4.26
[INFO] [stderr]     Checking digest v0.10.7
[INFO] [stderr]     Checking rulinalg v0.4.2
[INFO] [stderr]     Checking matchers v0.0.1
[INFO] [stderr]     Checking tracing-log v0.1.3
[INFO] [stderr]     Checking sharded-slab v0.1.4
[INFO] [stderr]     Checking spin v0.9.8
[INFO] [stderr]     Checking nanorand v0.7.0
[INFO] [stderr]     Checking itertools v0.9.0
[INFO] [stderr]     Checking thread_local v1.1.7
[INFO] [stderr]     Checking cpufeatures v0.2.9
[INFO] [stderr]    Compiling parking_lot_core v0.9.8
[INFO] [stderr]     Checking ansi_term v0.12.1
[INFO] [stderr]     Checking sha-1 v0.10.1
[INFO] [stderr]     Checking flume v0.10.14
[INFO] [stderr]     Checking imageproc v0.22.0
[INFO] [stderr]     Checking which v4.4.0
[INFO] [stderr]     Checking tokio-util v0.7.8
[INFO] [stderr]     Checking tokio-rustls v0.24.1
[INFO] [stderr]     Checking itertools v0.10.5
[INFO] [stderr]     Checking utf-8 v0.7.6
[INFO] [stderr]     Checking tokio-rustls v0.23.4
[INFO] [stderr]     Checking miniz_oxide v0.7.1
[INFO] [stderr]     Checking ordered-float v2.10.0
[INFO] [stderr]    Compiling serenity v0.11.6
[INFO] [stderr]     Checking hashbrown v0.14.0
[INFO] [stderr]     Checking time-core v0.1.1
[INFO] [stderr]     Checking h2 v0.3.20
[INFO] [stderr]     Checking futures v0.3.28
[INFO] [stderr]     Checking dotenv v0.15.0
[INFO] [stderr]     Checking typemap_rev v0.1.5
[INFO] [stderr]     Checking flate2 v1.0.26
[INFO] [stderr]     Checking dashmap v5.5.0
[INFO] [stderr]     Checking url v2.4.0
[INFO] [stderr]     Checking serde_urlencoded v0.7.1
[INFO] [stderr]     Checking tracing-serde v0.1.3
[INFO] [stderr]     Checking time v0.3.23
[INFO] [stderr]     Checking serde-value v0.7.0
[INFO] [stderr]     Checking tungstenite v0.17.3
[INFO] [stderr]     Checking tracing-subscriber v0.2.25
[INFO] [stderr]     Checking async-tungstenite v0.17.2
[INFO] [stderr]     Checking hyper v0.14.27
[INFO] [stderr]     Checking hyper-rustls v0.24.1
[INFO] [stderr]     Checking tokio-native-tls v0.3.1
[INFO] [stderr]     Checking hyper-tls v0.5.0
[INFO] [stderr]     Checking reqwest v0.11.18
[INFO] [stderr]     Checking testauskameli v0.1.0 (/opt/rustwide/workdir/testauskameli)
[INFO] [stderr]  Documenting testauskameli v0.1.0 (/opt/rustwide/workdir/testauskameli)
[INFO] [stdout] error[E0554]: `#![feature]` may not be used on the beta release channel
[INFO] [stdout]  --> testauskameli/src/lib.rs:4:1
[INFO] [stdout]   |
[INFO] [stdout] 4 | #![feature(async_closure, inline_const)]
[INFO] [stdout]   | ^^^^^^^^^^^^^^^^^^^^^^^^^^^^^^^^^^^^^^^^
[INFO] [stdout] 
[INFO] [stdout] 
[INFO] [stdout] error[E0554]: `#![feature]` may not be used on the beta release channel
[INFO] [stdout]  --> testauskameli/src/lib.rs:4:1
[INFO] [stdout]   |
[INFO] [stdout] 4 | #![feature(async_closure, inline_const)]
[INFO] [stdout]   | ^^^^^^^^^^^^^^^^^^^^^^^^^^^^^^^^^^^^^^^^
[INFO] [stdout] 
[INFO] [stdout] 
[INFO] [stdout] error: aborting due to 1 previous error
[INFO] [stdout] 
[INFO] [stdout] 
[INFO] [stdout] For more information about this error, try `rustc --explain E0554`.
[INFO] [stdout] 
[INFO] [stderr] error: could not document `testauskameli`
[INFO] [stderr] 
[INFO] [stderr] Caused by:
[INFO] [stderr]   process didn't exit successfully: `/opt/rustwide/rustup-home/toolchains/beta-2023-12-22-x86_64-unknown-linux-gnu/bin/rustdoc --edition=2021 --crate-type lib --crate-name testauskameli testauskameli/src/lib.rs -o /opt/rustwide/target/doc --cfg 'feature="c"' --cfg 'feature="default"' --cfg 'feature="echo"' --cfg 'feature="h264ify"' --cfg 'feature="haskell"' --cfg 'feature="idris"' --cfg 'feature="image"' --cfg 'feature="imageproc"' --cfg 'feature="lisp"' --cfg 'feature="nomeme"' --cfg 'feature="regex"' --cfg 'feature="rusttype"' --cfg 'feature="snippets"' --error-format=json --json=diagnostic-rendered-ansi,artifacts,future-incompat --document-private-items -C metadata=9cc395c15a51a9a0 -L dependency=/opt/rustwide/target/debug/deps --extern anyhow=/opt/rustwide/target/debug/deps/libanyhow-f1527b03c0171f4d.rmeta --extern async_process=/opt/rustwide/target/debug/deps/libasync_process-935d70ed458ea464.rmeta --extern async_trait=/opt/rustwide/target/debug/deps/libasync_trait-e66c8ad7c7b7a91e.so --extern either=/opt/rustwide/target/debug/deps/libeither-6ab2bb9766899e6d.rmeta --extern flume=/opt/rustwide/target/debug/deps/libflume-75a1bf0c58430141.rmeta --extern image=/opt/rustwide/target/debug/deps/libimage-cd8ddca343e5fbba.rmeta --extern imageproc=/opt/rustwide/target/debug/deps/libimageproc-57d7a944577cc8f9.rmeta --extern itertools=/opt/rustwide/target/debug/deps/libitertools-847759fc95a1cb85.rmeta --extern rand=/opt/rustwide/target/debug/deps/librand-639f8af3e4a91e67.rmeta --extern regex=/opt/rustwide/target/debug/deps/libregex-40ba7113a16294fd.rmeta --extern reqwest=/opt/rustwide/target/debug/deps/libreqwest-3703cfae51ba6d28.rmeta --extern rusttype=/opt/rustwide/target/debug/deps/librusttype-bbb5e913146b3448.rmeta --extern tempfile=/opt/rustwide/target/debug/deps/libtempfile-07162e2b9a83550e.rmeta --extern tracing=/opt/rustwide/target/debug/deps/libtracing-30425bab50821ee3.rmeta --extern tracing_subscriber=/opt/rustwide/target/debug/deps/libtracing_subscriber-d81656a9b5183c35.rmeta --extern which=/opt/rustwide/target/debug/deps/libwhich-d5387e420f3699e0.rmeta --cap-lints=warn --crate-version 0.1.0` (exit status: 1)
[INFO] [stderr] warning: build failed, waiting for other jobs to finish...
[INFO] [stdout] error: aborting due to 1 previous error
[INFO] [stdout] 
[INFO] [stdout] 
[INFO] [stdout] For more information about this error, try `rustc --explain E0554`.
[INFO] [stdout] 
[INFO] [stderr] error: could not compile `testauskameli` (lib) due to 2 previous errors
[INFO] running `Command { std: "docker" "inspect" "772c01628164003920650c31f0a70dee98523ee743b1aa5de8b1f265d2bab204", kill_on_drop: false }`
[INFO] running `Command { std: "docker" "rm" "-f" "772c01628164003920650c31f0a70dee98523ee743b1aa5de8b1f265d2bab204", kill_on_drop: false }`
[INFO] [stdout] 772c01628164003920650c31f0a70dee98523ee743b1aa5de8b1f265d2bab204
