[INFO] cloning repository https://github.com/Team-Kujira/fin-twap
[INFO] running `Command { std: "git" "-c" "credential.helper=" "-c" "credential.helper=/workspace/cargo-home/bin/git-credential-null" "clone" "--bare" "https://github.com/Team-Kujira/fin-twap" "/workspace/cache/git-repos/https%3A%2F%2Fgithub.com%2FTeam-Kujira%2Ffin-twap", kill_on_drop: false }`
[INFO] [stderr] Cloning into bare repository '/workspace/cache/git-repos/https%3A%2F%2Fgithub.com%2FTeam-Kujira%2Ffin-twap'...
[INFO] running `Command { std: "git" "rev-parse" "HEAD", kill_on_drop: false }`
[INFO] [stdout] 46761575d51b63caefc3e8d8a2d9b84a6d8d0a29
[INFO] documenting Team-Kujira/fin-twap against 1.75.0 for beta-1.76-rustdoc-1
[INFO] running `Command { std: "git" "clone" "/workspace/cache/git-repos/https%3A%2F%2Fgithub.com%2FTeam-Kujira%2Ffin-twap" "/workspace/builds/worker-5-tc1/source", kill_on_drop: false }`
[INFO] [stderr] Cloning into '/workspace/builds/worker-5-tc1/source'...
[INFO] [stderr] done.
[INFO] validating manifest of git repo https://github.com/Team-Kujira/fin-twap on toolchain 1.75.0
[INFO] running `Command { std: CARGO_HOME="/workspace/cargo-home" RUSTUP_HOME="/workspace/rustup-home" "/workspace/cargo-home/bin/cargo" "+1.75.0" "metadata" "--manifest-path" "Cargo.toml" "--no-deps", kill_on_drop: false }`
[INFO] removed /workspace/builds/worker-5-tc1/source/.cargo/config
[INFO] started tweaking git repo https://github.com/Team-Kujira/fin-twap
[INFO] finished tweaking git repo https://github.com/Team-Kujira/fin-twap
[INFO] tweaked toml for git repo https://github.com/Team-Kujira/fin-twap written to /workspace/builds/worker-5-tc1/source/Cargo.toml
[INFO] crate git repo https://github.com/Team-Kujira/fin-twap already has a lockfile, it will not be regenerated
[INFO] running `Command { std: CARGO_HOME="/workspace/cargo-home" RUSTUP_HOME="/workspace/rustup-home" "/workspace/cargo-home/bin/cargo" "+1.75.0" "fetch" "--manifest-path" "Cargo.toml", kill_on_drop: false }`
[INFO] [stderr]     Blocking waiting for file lock on package cache
[INFO] [stderr]  Downloading crates ...
[INFO] [stderr]   Downloaded cosmwasm-storage v1.1.5
[INFO] [stderr]   Downloaded cosmwasm-crypto v1.1.5
[INFO] [stderr]   Downloaded cosmwasm-schema v1.1.5
[INFO] [stderr]   Downloaded cosmwasm-schema-derive v1.1.5
[INFO] [stderr]   Downloaded cosmwasm-derive v1.1.5
[INFO] [stderr]   Downloaded cosmwasm-std v1.1.5
[INFO] running `Command { std: "docker" "create" "-v" "/var/lib/crater-agent-workspace/builds/worker-5-tc1/target:/opt/rustwide/target:rw,Z" "-v" "/var/lib/crater-agent-workspace/builds/worker-5-tc1/source:/opt/rustwide/workdir:ro,Z" "-v" "/var/lib/crater-agent-workspace/cargo-home:/opt/rustwide/cargo-home:ro,Z" "-v" "/var/lib/crater-agent-workspace/rustup-home:/opt/rustwide/rustup-home:ro,Z" "-e" "SOURCE_DIR=/opt/rustwide/workdir" "-e" "CARGO_TARGET_DIR=/opt/rustwide/target" "-e" "CARGO_HOME=/opt/rustwide/cargo-home" "-e" "RUSTUP_HOME=/opt/rustwide/rustup-home" "-w" "/opt/rustwide/workdir" "-m" "1610612736" "--user" "0:0" "--network" "none" "ghcr.io/rust-lang/crates-build-env/linux@sha256:2788e3201cd34a07e3172128adcd8b3090168a8e3bcc40d7c032b9dda1df7d1c" "/opt/rustwide/cargo-home/bin/cargo" "+1.75.0" "metadata" "--no-deps" "--format-version=1", kill_on_drop: false }`
[INFO] [stdout] 0c4f636167150225b43536128a5229590155a5a4c78641e21840571e6d85e64d
[INFO] running `Command { std: "docker" "start" "-a" "0c4f636167150225b43536128a5229590155a5a4c78641e21840571e6d85e64d", kill_on_drop: false }`
[INFO] running `Command { std: "docker" "inspect" "0c4f636167150225b43536128a5229590155a5a4c78641e21840571e6d85e64d", kill_on_drop: false }`
[INFO] running `Command { std: "docker" "rm" "-f" "0c4f636167150225b43536128a5229590155a5a4c78641e21840571e6d85e64d", kill_on_drop: false }`
[INFO] [stdout] 0c4f636167150225b43536128a5229590155a5a4c78641e21840571e6d85e64d
[INFO] running `Command { std: "docker" "create" "-v" "/var/lib/crater-agent-workspace/builds/worker-5-tc1/target:/opt/rustwide/target:rw,Z" "-v" "/var/lib/crater-agent-workspace/builds/worker-5-tc1/source:/opt/rustwide/workdir:ro,Z" "-v" "/var/lib/crater-agent-workspace/cargo-home:/opt/rustwide/cargo-home:ro,Z" "-v" "/var/lib/crater-agent-workspace/rustup-home:/opt/rustwide/rustup-home:ro,Z" "-e" "SOURCE_DIR=/opt/rustwide/workdir" "-e" "CARGO_TARGET_DIR=/opt/rustwide/target" "-e" "CARGO_INCREMENTAL=0" "-e" "RUST_BACKTRACE=full" "-e" "RUSTFLAGS=--cap-lints=warn" "-e" "RUSTDOCFLAGS=--cap-lints=warn" "-e" "CARGO_HOME=/opt/rustwide/cargo-home" "-e" "RUSTUP_HOME=/opt/rustwide/rustup-home" "-w" "/opt/rustwide/workdir" "-m" "1610612736" "--user" "0:0" "--network" "none" "ghcr.io/rust-lang/crates-build-env/linux@sha256:2788e3201cd34a07e3172128adcd8b3090168a8e3bcc40d7c032b9dda1df7d1c" "/opt/rustwide/cargo-home/bin/cargo" "+1.75.0" "doc" "--frozen" "--no-deps" "--document-private-items" "--message-format=json", kill_on_drop: false }`
[INFO] [stdout] 57334c39c5c8f7327c0d7c2583d4b472a314d1fe3434d4b299df9d618248d293
[INFO] running `Command { std: "docker" "start" "-a" "57334c39c5c8f7327c0d7c2583d4b472a314d1fe3434d4b299df9d618248d293", kill_on_drop: false }`
[INFO] [stderr]    Compiling typenum v1.15.0
[INFO] [stderr]    Compiling generic-array v0.14.5
[INFO] [stderr]    Compiling proc-macro2 v1.0.39
[INFO] [stderr]    Compiling unicode-ident v1.0.0
[INFO] [stderr]    Compiling syn v1.0.95
[INFO] [stderr]    Compiling libc v0.2.126
[INFO] [stderr]     Checking subtle v2.4.1
[INFO] [stderr]     Checking zeroize v1.5.5
[INFO] [stderr]    Compiling serde_derive v1.0.147
[INFO] [stderr]    Compiling serde v1.0.147
[INFO] [stderr]     Checking const-oid v0.9.0
[INFO] [stderr]     Checking base64ct v1.5.0
[INFO] [stderr]    Compiling getrandom v0.1.16
[INFO] [stderr]     Checking base16ct v0.1.1
[INFO] [stderr]     Checking cpufeatures v0.2.2
[INFO] [stderr]    Compiling serde_json v1.0.81
[INFO] [stderr]     Checking byteorder v1.4.3
[INFO] [stderr]     Checking itoa v1.0.2
[INFO] [stderr]     Checking opaque-debug v0.3.0
[INFO] [stderr]    Compiling schemars v0.8.11
[INFO] [stderr]     Checking ryu v1.0.10
[INFO] [stderr]    Compiling crunchy v0.2.2
[INFO] [stderr]     Checking dyn-clone v1.0.5
[INFO] [stderr]     Checking der v0.6.0
[INFO] [stderr]     Checking forward_ref v1.0.0
[INFO] [stderr]     Checking base64 v0.13.0
[INFO] [stderr]     Checking uint v0.9.3
[INFO] [stderr]    Compiling quote v1.0.18
[INFO] [stderr]     Checking getrandom v0.2.6
[INFO] [stderr]     Checking spki v0.6.0
[INFO] [stderr]     Checking rand_core v0.5.1
[INFO] [stderr]     Checking rand_core v0.6.3
[INFO] [stderr]     Checking pkcs8 v0.9.0
[INFO] [stderr]     Checking ff v0.12.0
[INFO] [stderr]     Checking group v0.12.1
[INFO] [stderr]     Checking crypto-common v0.1.6
[INFO] [stderr]     Checking block-buffer v0.10.3
[INFO] [stderr]     Checking crypto-bigint v0.4.9
[INFO] [stderr]     Checking digest v0.9.0
[INFO] [stderr]     Checking sec1 v0.3.0
[INFO] [stderr]     Checking block-buffer v0.9.0
[INFO] [stderr]     Checking digest v0.10.5
[INFO] [stderr]     Checking sha2 v0.9.9
[INFO] [stderr]     Checking curve25519-dalek v3.2.0
[INFO] [stderr]     Checking hmac v0.12.1
[INFO] [stderr]     Checking signature v1.6.4
[INFO] [stderr]     Checking sha2 v0.10.6
[INFO] [stderr]     Checking rfc6979 v0.3.0
[INFO] [stderr]     Checking elliptic-curve v0.12.3
[INFO] [stderr]     Checking ecdsa v0.14.8
[INFO] [stderr]     Checking k256 v0.11.6
[INFO] [stderr]    Compiling serde_derive_internals v0.26.0
[INFO] [stderr]    Compiling thiserror-impl v1.0.31
[INFO] [stderr]    Compiling schemars_derive v0.8.11
[INFO] [stderr]    Compiling derivative v2.2.0
[INFO] [stderr]    Compiling cosmwasm-derive v1.1.5
[INFO] [stderr]    Compiling cosmwasm-schema-derive v1.1.5
[INFO] [stderr]     Checking thiserror v1.0.31
[INFO] [stderr]     Checking ed25519-zebra v3.0.0
[INFO] [stderr]     Checking serde-json-wasm v0.4.1
[INFO] [stderr]     Checking cosmwasm-crypto v1.1.5
[INFO] [stderr]     Checking cosmwasm-std v1.1.5
[INFO] [stderr]     Checking cosmwasm-schema v1.1.5
[INFO] [stderr]     Checking cw-storage-plus v0.15.1
[INFO] [stderr]     Checking cosmwasm-storage v1.1.5
[INFO] [stderr]     Checking cw2 v0.15.1
[INFO] [stderr]  Documenting fin-twap v0.1.0 (/opt/rustwide/workdir)
[INFO] [stderr]     Checking fin-twap v0.1.0 (/opt/rustwide/workdir)
[INFO] [stdout] warning: unused import: `StdResult`
[INFO] [stdout]  --> src/contract.rs:4:89
[INFO] [stdout]   |
[INFO] [stdout] 4 |     to_binary, Addr, Binary, Decimal, Deps, DepsMut, Env, MessageInfo, Order, Response, StdResult,
[INFO] [stdout]   |                                                                                         ^^^^^^^^^
[INFO] [stdout]   |
[INFO] [stdout]   = note: `#[warn(unused_imports)]` on by default
[INFO] [stdout] 
[INFO] [stdout] 
[INFO] [stdout] warning: unused import: `Bucket`
[INFO] [stdout]  --> src/contract.rs:6:24
[INFO] [stdout]   |
[INFO] [stdout] 6 | use cosmwasm_storage::{Bucket, ReadonlyBucket};
[INFO] [stdout]   |                        ^^^^^^
[INFO] [stdout] 
[INFO] [stdout] 
[INFO] [stdout] error[E0277]: cannot add `Uint128` to `Decimal`
[INFO] [stdout]   --> src/twap.rs:29:33
[INFO] [stdout]    |
[INFO] [stdout] 29 |                 let val = entry + (price * Uint128::from(dt));
[INFO] [stdout]    |                                 ^ no implementation for `Decimal + Uint128`
[INFO] [stdout]    |
[INFO] [stdout]    = help: the trait `std::ops::Add<Uint128>` is not implemented for `Decimal`
[INFO] [stdout]    = help: the following other types implement trait `std::ops::Add<Rhs>`:
[INFO] [stdout]              <Decimal as std::ops::Add>
[INFO] [stdout]              <Decimal as std::ops::Add<&Decimal>>
[INFO] [stdout]              <&'a Decimal as std::ops::Add<Decimal>>
[INFO] [stdout]              <&Decimal as std::ops::Add<&Decimal>>
[INFO] [stdout] 
[INFO] [stdout] 
[INFO] [stdout] error[E0277]: the trait bound `Uint128: From<Decimal>` is not satisfied
[INFO] [stdout]    --> src/twap.rs:65:41
[INFO] [stdout]     |
[INFO] [stdout] 65  |         let price = Decimal::from_ratio(v1 - v0, Uint128::from(t1_s - t0_s));
[INFO] [stdout]     |                     ------------------- ^^^^^^^ the trait `From<Decimal>` is not implemented for `Uint128`
[INFO] [stdout]     |                     |
[INFO] [stdout]     |                     required by a bound introduced by this call
[INFO] [stdout]     |
[INFO] [stdout]     = help: the following other types implement trait `From<T>`:
[INFO] [stdout]               <Uint128 as From<u8>>
[INFO] [stdout]               <Uint128 as From<u16>>
[INFO] [stdout]               <Uint128 as From<u32>>
[INFO] [stdout]               <Uint128 as From<u64>>
[INFO] [stdout]               <Uint128 as From<u128>>
[INFO] [stdout]               <Uint128 as From<Uint64>>
[INFO] [stdout]     = note: required for `Decimal` to implement `Into<Uint128>`
[INFO] [stdout] note: required by a bound in `Decimal::from_ratio`
[INFO] [stdout]    --> /opt/rustwide/cargo-home/registry/src/index.crates.io-6f17d22bba15001f/cosmwasm-std-1.1.5/src/math/decimal.rs:129:39
[INFO] [stdout]     |
[INFO] [stdout] 129 |     pub fn from_ratio(numerator: impl Into<Uint128>, denominator: impl Into<Uint128>) -> Self {
[INFO] [stdout]     |                                       ^^^^^^^^^^^^^ required by this bound in `Decimal::from_ratio`
[INFO] [stdout] 
[INFO] [stdout] 
[INFO] [stdout] error: aborting due to 2 previous errors; 2 warnings emitted
[INFO] [stdout] 
[INFO] [stdout] 
[INFO] [stdout] For more information about this error, try `rustc --explain E0277`.
[INFO] [stdout] 
[INFO] [stderr] error: could not compile `fin-twap` (lib) due to 3 previous errors; 2 warnings emitted
[INFO] [stderr] warning: build failed, waiting for other jobs to finish...
[INFO] [stdout] warning: unresolved link to `1`
[INFO] [stdout]   --> src/msg.rs:52:5
[INFO] [stdout]    |
[INFO] [stdout] 52 | /     /// The TWAP computed value for this query
[INFO] [stdout] 53 | |     /// I.E. (raw[1].value - raw[0].value) / (raw[1].timestamp - raw[0].timestamp)
[INFO] [stdout]    | |__________________________________________________________________________________^
[INFO] [stdout]    |
[INFO] [stdout]    = note: the link appears in this line:
[INFO] [stdout]            
[INFO] [stdout]            I.E. (raw[1].value - raw[0].value) / (raw[1].timestamp - raw[0].timestamp)
[INFO] [stdout]                      ^
[INFO] [stdout]    = note: no item named `1` in scope
[INFO] [stdout]    = help: to escape `[` and `]` characters, add '\' before them like `\[` or `\]`
[INFO] [stdout]    = note: `#[warn(rustdoc::broken_intra_doc_links)]` on by default
[INFO] [stdout] 
[INFO] [stdout] 
[INFO] [stdout] warning: unresolved link to `0`
[INFO] [stdout]   --> src/msg.rs:52:5
[INFO] [stdout]    |
[INFO] [stdout] 52 | /     /// The TWAP computed value for this query
[INFO] [stdout] 53 | |     /// I.E. (raw[1].value - raw[0].value) / (raw[1].timestamp - raw[0].timestamp)
[INFO] [stdout]    | |__________________________________________________________________________________^
[INFO] [stdout]    |
[INFO] [stdout]    = note: the link appears in this line:
[INFO] [stdout]            
[INFO] [stdout]            I.E. (raw[1].value - raw[0].value) / (raw[1].timestamp - raw[0].timestamp)
[INFO] [stdout]                                     ^
[INFO] [stdout]    = note: no item named `0` in scope
[INFO] [stdout]    = help: to escape `[` and `]` characters, add '\' before them like `\[` or `\]`
[INFO] [stdout] 
[INFO] [stdout] 
[INFO] [stdout] warning: 2 warnings emitted
[INFO] [stdout] 
[INFO] [stdout] 
[INFO] running `Command { std: "docker" "inspect" "57334c39c5c8f7327c0d7c2583d4b472a314d1fe3434d4b299df9d618248d293", kill_on_drop: false }`
[INFO] running `Command { std: "docker" "rm" "-f" "57334c39c5c8f7327c0d7c2583d4b472a314d1fe3434d4b299df9d618248d293", kill_on_drop: false }`
[INFO] [stdout] 57334c39c5c8f7327c0d7c2583d4b472a314d1fe3434d4b299df9d618248d293
[INFO] documenting Team-Kujira/fin-twap against beta-2023-12-22 for beta-1.76-rustdoc-1
[INFO] running `Command { std: "git" "clone" "/workspace/cache/git-repos/https%3A%2F%2Fgithub.com%2FTeam-Kujira%2Ffin-twap" "/workspace/builds/worker-5-tc2/source", kill_on_drop: false }`
[INFO] [stderr] Cloning into '/workspace/builds/worker-5-tc2/source'...
[INFO] [stderr] done.
[INFO] validating manifest of git repo https://github.com/Team-Kujira/fin-twap on toolchain beta-2023-12-22
[INFO] running `Command { std: CARGO_HOME="/workspace/cargo-home" RUSTUP_HOME="/workspace/rustup-home" "/workspace/cargo-home/bin/cargo" "+beta-2023-12-22" "metadata" "--manifest-path" "Cargo.toml" "--no-deps", kill_on_drop: false }`
[INFO] removed /workspace/builds/worker-5-tc2/source/.cargo/config
[INFO] started tweaking git repo https://github.com/Team-Kujira/fin-twap
[INFO] finished tweaking git repo https://github.com/Team-Kujira/fin-twap
[INFO] tweaked toml for git repo https://github.com/Team-Kujira/fin-twap written to /workspace/builds/worker-5-tc2/source/Cargo.toml
[INFO] crate git repo https://github.com/Team-Kujira/fin-twap already has a lockfile, it will not be regenerated
[INFO] running `Command { std: CARGO_HOME="/workspace/cargo-home" RUSTUP_HOME="/workspace/rustup-home" "/workspace/cargo-home/bin/cargo" "+beta-2023-12-22" "fetch" "--manifest-path" "Cargo.toml", kill_on_drop: false }`
[INFO] running `Command { std: "docker" "create" "-v" "/var/lib/crater-agent-workspace/builds/worker-5-tc2/target:/opt/rustwide/target:rw,Z" "-v" "/var/lib/crater-agent-workspace/builds/worker-5-tc2/source:/opt/rustwide/workdir:ro,Z" "-v" "/var/lib/crater-agent-workspace/cargo-home:/opt/rustwide/cargo-home:ro,Z" "-v" "/var/lib/crater-agent-workspace/rustup-home:/opt/rustwide/rustup-home:ro,Z" "-e" "SOURCE_DIR=/opt/rustwide/workdir" "-e" "CARGO_TARGET_DIR=/opt/rustwide/target" "-e" "CARGO_HOME=/opt/rustwide/cargo-home" "-e" "RUSTUP_HOME=/opt/rustwide/rustup-home" "-w" "/opt/rustwide/workdir" "-m" "1610612736" "--user" "0:0" "--network" "none" "ghcr.io/rust-lang/crates-build-env/linux@sha256:2788e3201cd34a07e3172128adcd8b3090168a8e3bcc40d7c032b9dda1df7d1c" "/opt/rustwide/cargo-home/bin/cargo" "+beta-2023-12-22" "metadata" "--no-deps" "--format-version=1", kill_on_drop: false }`
[INFO] [stdout] f4ccb8787ebb801607c5d6fd246b5dcb43399389edf5371746588ab6455dec7f
[INFO] running `Command { std: "docker" "start" "-a" "f4ccb8787ebb801607c5d6fd246b5dcb43399389edf5371746588ab6455dec7f", kill_on_drop: false }`
[INFO] running `Command { std: "docker" "inspect" "f4ccb8787ebb801607c5d6fd246b5dcb43399389edf5371746588ab6455dec7f", kill_on_drop: false }`
[INFO] running `Command { std: "docker" "rm" "-f" "f4ccb8787ebb801607c5d6fd246b5dcb43399389edf5371746588ab6455dec7f", kill_on_drop: false }`
[INFO] [stdout] f4ccb8787ebb801607c5d6fd246b5dcb43399389edf5371746588ab6455dec7f
[INFO] running `Command { std: "docker" "create" "-v" "/var/lib/crater-agent-workspace/builds/worker-5-tc2/target:/opt/rustwide/target:rw,Z" "-v" "/var/lib/crater-agent-workspace/builds/worker-5-tc2/source:/opt/rustwide/workdir:ro,Z" "-v" "/var/lib/crater-agent-workspace/cargo-home:/opt/rustwide/cargo-home:ro,Z" "-v" "/var/lib/crater-agent-workspace/rustup-home:/opt/rustwide/rustup-home:ro,Z" "-e" "SOURCE_DIR=/opt/rustwide/workdir" "-e" "CARGO_TARGET_DIR=/opt/rustwide/target" "-e" "CARGO_INCREMENTAL=0" "-e" "RUST_BACKTRACE=full" "-e" "RUSTFLAGS=--cap-lints=warn" "-e" "RUSTDOCFLAGS=--cap-lints=warn" "-e" "CARGO_HOME=/opt/rustwide/cargo-home" "-e" "RUSTUP_HOME=/opt/rustwide/rustup-home" "-w" "/opt/rustwide/workdir" "-m" "1610612736" "--user" "0:0" "--network" "none" "ghcr.io/rust-lang/crates-build-env/linux@sha256:2788e3201cd34a07e3172128adcd8b3090168a8e3bcc40d7c032b9dda1df7d1c" "/opt/rustwide/cargo-home/bin/cargo" "+beta-2023-12-22" "doc" "--frozen" "--no-deps" "--document-private-items" "--message-format=json", kill_on_drop: false }`
[INFO] [stdout] aee3f014b4b31c2f530afb95c537900118042e53b6ea4d9ea66c2ef7a101ac98
[INFO] running `Command { std: "docker" "start" "-a" "aee3f014b4b31c2f530afb95c537900118042e53b6ea4d9ea66c2ef7a101ac98", kill_on_drop: false }`
[INFO] [stderr]    Compiling typenum v1.15.0
[INFO] [stderr]    Compiling proc-macro2 v1.0.39
[INFO] [stderr]    Compiling unicode-ident v1.0.0
[INFO] [stderr]    Compiling libc v0.2.126
[INFO] [stderr]    Compiling syn v1.0.95
[INFO] [stderr]     Checking subtle v2.4.1
[INFO] [stderr]     Checking zeroize v1.5.5
[INFO] [stderr]    Compiling serde_derive v1.0.147
[INFO] [stderr]     Checking const-oid v0.9.0
[INFO] [stderr]    Compiling serde v1.0.147
[INFO] [stderr]     Checking base64ct v1.5.0
[INFO] [stderr]    Compiling getrandom v0.1.16
[INFO] [stderr]     Checking base16ct v0.1.1
[INFO] [stderr]     Checking cpufeatures v0.2.2
[INFO] [stderr]    Compiling generic-array v0.14.5
[INFO] [stderr]    Compiling serde_json v1.0.81
[INFO] [stderr]     Checking byteorder v1.4.3
[INFO] [stderr]    Compiling crunchy v0.2.2
[INFO] [stderr]     Checking opaque-debug v0.3.0
[INFO] [stderr]     Checking der v0.6.0
[INFO] [stderr]     Checking ryu v1.0.10
[INFO] [stderr]    Compiling schemars v0.8.11
[INFO] [stderr]     Checking itoa v1.0.2
[INFO] [stderr]     Checking dyn-clone v1.0.5
[INFO] [stderr]     Checking forward_ref v1.0.0
[INFO] [stderr]     Checking base64 v0.13.0
[INFO] [stderr]     Checking uint v0.9.3
[INFO] [stderr]    Compiling quote v1.0.18
[INFO] [stderr]     Checking getrandom v0.2.6
[INFO] [stderr]     Checking spki v0.6.0
[INFO] [stderr]     Checking rand_core v0.6.3
[INFO] [stderr]     Checking rand_core v0.5.1
[INFO] [stderr]     Checking pkcs8 v0.9.0
[INFO] [stderr]     Checking ff v0.12.0
[INFO] [stderr]     Checking group v0.12.1
[INFO] [stderr]     Checking crypto-common v0.1.6
[INFO] [stderr]     Checking block-buffer v0.10.3
[INFO] [stderr]     Checking crypto-bigint v0.4.9
[INFO] [stderr]     Checking sec1 v0.3.0
[INFO] [stderr]     Checking digest v0.9.0
[INFO] [stderr]     Checking block-buffer v0.9.0
[INFO] [stderr]     Checking digest v0.10.5
[INFO] [stderr]     Checking curve25519-dalek v3.2.0
[INFO] [stderr]     Checking sha2 v0.9.9
[INFO] [stderr]     Checking hmac v0.12.1
[INFO] [stderr]     Checking signature v1.6.4
[INFO] [stderr]     Checking sha2 v0.10.6
[INFO] [stderr]     Checking elliptic-curve v0.12.3
[INFO] [stderr]     Checking rfc6979 v0.3.0
[INFO] [stderr]     Checking ecdsa v0.14.8
[INFO] [stderr]     Checking k256 v0.11.6
[INFO] [stderr]    Compiling serde_derive_internals v0.26.0
[INFO] [stderr]    Compiling thiserror-impl v1.0.31
[INFO] [stderr]    Compiling schemars_derive v0.8.11
[INFO] [stderr]    Compiling cosmwasm-derive v1.1.5
[INFO] [stderr]    Compiling derivative v2.2.0
[INFO] [stderr]    Compiling cosmwasm-schema-derive v1.1.5
[INFO] [stderr]     Checking thiserror v1.0.31
[INFO] [stderr]     Checking ed25519-zebra v3.0.0
[INFO] [stderr]     Checking serde-json-wasm v0.4.1
[INFO] [stderr]     Checking cosmwasm-crypto v1.1.5
[INFO] [stderr]     Checking cosmwasm-std v1.1.5
[INFO] [stderr]     Checking cosmwasm-schema v1.1.5
[INFO] [stderr]     Checking cw-storage-plus v0.15.1
[INFO] [stderr]     Checking cosmwasm-storage v1.1.5
[INFO] [stderr]     Checking cw2 v0.15.1
[INFO] [stderr]     Checking fin-twap v0.1.0 (/opt/rustwide/workdir)
[INFO] [stderr]  Documenting fin-twap v0.1.0 (/opt/rustwide/workdir)
[INFO] [stdout] warning: unused import: `StdResult`
[INFO] [stdout]  --> src/contract.rs:4:89
[INFO] [stdout]   |
[INFO] [stdout] 4 |     to_binary, Addr, Binary, Decimal, Deps, DepsMut, Env, MessageInfo, Order, Response, StdResult,
[INFO] [stdout]   |                                                                                         ^^^^^^^^^
[INFO] [stdout]   |
[INFO] [stdout]   = note: `#[warn(unused_imports)]` on by default
[INFO] [stdout] 
[INFO] [stdout] 
[INFO] [stdout] warning: unused import: `Bucket`
[INFO] [stdout]  --> src/contract.rs:6:24
[INFO] [stdout]   |
[INFO] [stdout] 6 | use cosmwasm_storage::{Bucket, ReadonlyBucket};
[INFO] [stdout]   |                        ^^^^^^
[INFO] [stdout] 
[INFO] [stdout] 
[INFO] [stdout] error[E0277]: cannot add `Uint128` to `Decimal`
[INFO] [stdout]   --> src/twap.rs:29:33
[INFO] [stdout]    |
[INFO] [stdout] 29 |                 let val = entry + (price * Uint128::from(dt));
[INFO] [stdout]    |                                 ^ no implementation for `Decimal + Uint128`
[INFO] [stdout]    |
[INFO] [stdout]    = help: the trait `std::ops::Add<Uint128>` is not implemented for `Decimal`
[INFO] [stdout]    = help: the following other types implement trait `std::ops::Add<Rhs>`:
[INFO] [stdout]              <Decimal as std::ops::Add>
[INFO] [stdout]              <Decimal as std::ops::Add<&Decimal>>
[INFO] [stdout]              <&'a Decimal as std::ops::Add<Decimal>>
[INFO] [stdout]              <&Decimal as std::ops::Add<&Decimal>>
[INFO] [stdout] 
[INFO] [stdout] 
[INFO] [stdout] error[E0277]: the trait bound `Uint128: From<Decimal>` is not satisfied
[INFO] [stdout]    --> src/twap.rs:65:41
[INFO] [stdout]     |
[INFO] [stdout] 65  |         let price = Decimal::from_ratio(v1 - v0, Uint128::from(t1_s - t0_s));
[INFO] [stdout]     |                     ------------------- ^^^^^^^ the trait `From<Decimal>` is not implemented for `Uint128`
[INFO] [stdout]     |                     |
[INFO] [stdout]     |                     required by a bound introduced by this call
[INFO] [stdout]     |
[INFO] [stdout]     = help: the following other types implement trait `From<T>`:
[INFO] [stdout]               <Uint128 as From<u8>>
[INFO] [stdout]               <Uint128 as From<u16>>
[INFO] [stdout]               <Uint128 as From<u32>>
[INFO] [stdout]               <Uint128 as From<u64>>
[INFO] [stdout]               <Uint128 as From<u128>>
[INFO] [stdout]               <Uint128 as From<Uint64>>
[INFO] [stdout]     = note: required for `Decimal` to implement `Into<Uint128>`
[INFO] [stdout] note: required by a bound in `Decimal::from_ratio`
[INFO] [stdout]    --> /opt/rustwide/cargo-home/registry/src/index.crates.io-6f17d22bba15001f/cosmwasm-std-1.1.5/src/math/decimal.rs:129:39
[INFO] [stdout]     |
[INFO] [stdout] 129 |     pub fn from_ratio(numerator: impl Into<Uint128>, denominator: impl Into<Uint128>) -> Self {
[INFO] [stdout]     |                                       ^^^^^^^^^^^^^ required by this bound in `Decimal::from_ratio`
[INFO] [stdout] 
[INFO] [stdout] 
[INFO] [stdout] error: aborting due to 2 previous errors; 2 warnings emitted
[INFO] [stdout] 
[INFO] [stdout] 
[INFO] [stdout] For more information about this error, try `rustc --explain E0277`.
[INFO] [stdout] 
[INFO] [stderr] error: could not compile `fin-twap` (lib) due to 3 previous errors; 2 warnings emitted
[INFO] [stderr] warning: build failed, waiting for other jobs to finish...
[INFO] [stdout] warning: unresolved link to `1`
[INFO] [stdout]   --> src/msg.rs:52:5
[INFO] [stdout]    |
[INFO] [stdout] 52 | /     /// The TWAP computed value for this query
[INFO] [stdout] 53 | |     /// I.E. (raw[1].value - raw[0].value) / (raw[1].timestamp - raw[0].timestamp)
[INFO] [stdout]    | |__________________________________________________________________________________^
[INFO] [stdout]    |
[INFO] [stdout]    = note: the link appears in this line:
[INFO] [stdout]            
[INFO] [stdout]            I.E. (raw[1].value - raw[0].value) / (raw[1].timestamp - raw[0].timestamp)
[INFO] [stdout]                      ^
[INFO] [stdout]    = note: no item named `1` in scope
[INFO] [stdout]    = help: to escape `[` and `]` characters, add '\' before them like `\[` or `\]`
[INFO] [stdout]    = note: `#[warn(rustdoc::broken_intra_doc_links)]` on by default
[INFO] [stdout] 
[INFO] [stdout] 
[INFO] [stdout] warning: unresolved link to `0`
[INFO] [stdout]   --> src/msg.rs:52:5
[INFO] [stdout]    |
[INFO] [stdout] 52 | /     /// The TWAP computed value for this query
[INFO] [stdout] 53 | |     /// I.E. (raw[1].value - raw[0].value) / (raw[1].timestamp - raw[0].timestamp)
[INFO] [stdout]    | |__________________________________________________________________________________^
[INFO] [stdout]    |
[INFO] [stdout]    = note: the link appears in this line:
[INFO] [stdout]            
[INFO] [stdout]            I.E. (raw[1].value - raw[0].value) / (raw[1].timestamp - raw[0].timestamp)
[INFO] [stdout]                                     ^
[INFO] [stdout]    = note: no item named `0` in scope
[INFO] [stdout]    = help: to escape `[` and `]` characters, add '\' before them like `\[` or `\]`
[INFO] [stdout] 
[INFO] [stdout] 
[INFO] [stdout] warning: 2 warnings emitted
[INFO] [stdout] 
[INFO] [stdout] 
[INFO] running `Command { std: "docker" "inspect" "aee3f014b4b31c2f530afb95c537900118042e53b6ea4d9ea66c2ef7a101ac98", kill_on_drop: false }`
[INFO] running `Command { std: "docker" "rm" "-f" "aee3f014b4b31c2f530afb95c537900118042e53b6ea4d9ea66c2ef7a101ac98", kill_on_drop: false }`
[INFO] [stdout] aee3f014b4b31c2f530afb95c537900118042e53b6ea4d9ea66c2ef7a101ac98
