[INFO] cloning repository https://github.com/TeXitoi/button-test
[INFO] running `Command { std: "git" "-c" "credential.helper=" "-c" "credential.helper=/workspace/cargo-home/bin/git-credential-null" "clone" "--bare" "https://github.com/TeXitoi/button-test" "/workspace/cache/git-repos/https%3A%2F%2Fgithub.com%2FTeXitoi%2Fbutton-test", kill_on_drop: false }`
[INFO] [stderr] Cloning into bare repository '/workspace/cache/git-repos/https%3A%2F%2Fgithub.com%2FTeXitoi%2Fbutton-test'...
[INFO] running `Command { std: "git" "rev-parse" "HEAD", kill_on_drop: false }`
[INFO] [stdout] 816e31973ca92d88548e7c302a49323fdd6dc66a
[INFO] documenting TeXitoi/button-test against 1.75.0 for beta-1.76-rustdoc-1
[INFO] running `Command { std: "git" "clone" "/workspace/cache/git-repos/https%3A%2F%2Fgithub.com%2FTeXitoi%2Fbutton-test" "/workspace/builds/worker-6-tc1/source", kill_on_drop: false }`
[INFO] [stderr] Cloning into '/workspace/builds/worker-6-tc1/source'...
[INFO] [stderr] done.
[INFO] validating manifest of git repo https://github.com/TeXitoi/button-test on toolchain 1.75.0
[INFO] running `Command { std: CARGO_HOME="/workspace/cargo-home" RUSTUP_HOME="/workspace/rustup-home" "/workspace/cargo-home/bin/cargo" "+1.75.0" "metadata" "--manifest-path" "Cargo.toml" "--no-deps", kill_on_drop: false }`
[INFO] removed /workspace/builds/worker-6-tc1/source/.cargo/config
[INFO] started tweaking git repo https://github.com/TeXitoi/button-test
[INFO] finished tweaking git repo https://github.com/TeXitoi/button-test
[INFO] tweaked toml for git repo https://github.com/TeXitoi/button-test written to /workspace/builds/worker-6-tc1/source/Cargo.toml
[INFO] crate git repo https://github.com/TeXitoi/button-test already has a lockfile, it will not be regenerated
[INFO] running `Command { std: CARGO_HOME="/workspace/cargo-home" RUSTUP_HOME="/workspace/rustup-home" "/workspace/cargo-home/bin/cargo" "+1.75.0" "fetch" "--manifest-path" "Cargo.toml", kill_on_drop: false }`
[INFO] [stderr]     Updating git repository `https://github.com/TeXitoi/pwm-speaker`
[INFO] [stderr]     Updating crates.io index
[INFO] [stderr]     Updating git repository `https://github.com/japaric/stm32f103xx-hal`
[INFO] [stderr]  Downloading crates ...
[INFO] [stderr]   Downloaded cortex-m-semihosting v0.3.0
[INFO] [stderr]   Downloaded panic-semihosting v0.3.0
[INFO] [stderr]   Downloaded panic-itm v0.2.0
[INFO] [stderr]   Downloaded bare-metal v0.2.3
[INFO] [stderr]   Downloaded cortex-m-rt v0.5.2
[INFO] [stderr]   Downloaded cc v1.0.20
[INFO] [stderr]   Downloaded stm32f103xx v0.10.0
[INFO] running `Command { std: "docker" "create" "-v" "/var/lib/crater-agent-workspace/builds/worker-6-tc1/target:/opt/rustwide/target:rw,Z" "-v" "/var/lib/crater-agent-workspace/builds/worker-6-tc1/source:/opt/rustwide/workdir:ro,Z" "-v" "/var/lib/crater-agent-workspace/cargo-home:/opt/rustwide/cargo-home:ro,Z" "-v" "/var/lib/crater-agent-workspace/rustup-home:/opt/rustwide/rustup-home:ro,Z" "-e" "SOURCE_DIR=/opt/rustwide/workdir" "-e" "CARGO_TARGET_DIR=/opt/rustwide/target" "-e" "CARGO_HOME=/opt/rustwide/cargo-home" "-e" "RUSTUP_HOME=/opt/rustwide/rustup-home" "-w" "/opt/rustwide/workdir" "-m" "1610612736" "--user" "0:0" "--network" "none" "ghcr.io/rust-lang/crates-build-env/linux@sha256:2788e3201cd34a07e3172128adcd8b3090168a8e3bcc40d7c032b9dda1df7d1c" "/opt/rustwide/cargo-home/bin/cargo" "+1.75.0" "metadata" "--no-deps" "--format-version=1", kill_on_drop: false }`
[INFO] [stdout] dffdc2a27c79964a801e622aaeec0d95ddd792264d79a92e4e443801324e7890
[INFO] running `Command { std: "docker" "start" "-a" "dffdc2a27c79964a801e622aaeec0d95ddd792264d79a92e4e443801324e7890", kill_on_drop: false }`
[INFO] running `Command { std: "docker" "inspect" "dffdc2a27c79964a801e622aaeec0d95ddd792264d79a92e4e443801324e7890", kill_on_drop: false }`
[INFO] running `Command { std: "docker" "rm" "-f" "dffdc2a27c79964a801e622aaeec0d95ddd792264d79a92e4e443801324e7890", kill_on_drop: false }`
[INFO] [stdout] dffdc2a27c79964a801e622aaeec0d95ddd792264d79a92e4e443801324e7890
[INFO] running `Command { std: "docker" "create" "-v" "/var/lib/crater-agent-workspace/builds/worker-6-tc1/target:/opt/rustwide/target:rw,Z" "-v" "/var/lib/crater-agent-workspace/builds/worker-6-tc1/source:/opt/rustwide/workdir:ro,Z" "-v" "/var/lib/crater-agent-workspace/cargo-home:/opt/rustwide/cargo-home:ro,Z" "-v" "/var/lib/crater-agent-workspace/rustup-home:/opt/rustwide/rustup-home:ro,Z" "-e" "SOURCE_DIR=/opt/rustwide/workdir" "-e" "CARGO_TARGET_DIR=/opt/rustwide/target" "-e" "CARGO_INCREMENTAL=0" "-e" "RUST_BACKTRACE=full" "-e" "RUSTFLAGS=--cap-lints=warn" "-e" "RUSTDOCFLAGS=--cap-lints=warn" "-e" "CARGO_HOME=/opt/rustwide/cargo-home" "-e" "RUSTUP_HOME=/opt/rustwide/rustup-home" "-w" "/opt/rustwide/workdir" "-m" "1610612736" "--user" "0:0" "--network" "none" "ghcr.io/rust-lang/crates-build-env/linux@sha256:2788e3201cd34a07e3172128adcd8b3090168a8e3bcc40d7c032b9dda1df7d1c" "/opt/rustwide/cargo-home/bin/cargo" "+1.75.0" "doc" "--frozen" "--no-deps" "--document-private-items" "--message-format=json", kill_on_drop: false }`
[INFO] [stdout] 65d5071b3f040fd1d5f92399dfa9c0a79763badb8db0060692464855923843f5
[INFO] running `Command { std: "docker" "start" "-a" "65d5071b3f040fd1d5f92399dfa9c0a79763badb8db0060692464855923843f5", kill_on_drop: false }`
[INFO] [stderr]    Compiling cc v1.0.20
[INFO] [stderr]     Checking vcell v0.1.0
[INFO] [stderr]     Checking aligned v0.2.0
[INFO] [stderr]     Checking bare-metal v0.2.3
[INFO] [stderr]    Compiling stm32f103xx v0.10.0
[INFO] [stderr]     Checking r0 v0.2.2
[INFO] [stderr]    Compiling stm32f103xx-hal v0.1.0 (https://github.com/japaric/stm32f103xx-hal?branch=master#687dc4b2)
[INFO] [stderr]     Checking void v1.0.2
[INFO] [stderr]     Checking nb v0.1.1
[INFO] [stderr]     Checking cast v0.2.2
[INFO] [stderr]     Checking volatile-register v0.2.0
[INFO] [stderr]     Checking embedded-hal v0.2.1
[INFO] [stderr]    Compiling cortex-m v0.5.4
[INFO] [stderr]    Compiling cortex-m-semihosting v0.3.0
[INFO] [stderr]    Compiling cortex-m-rt v0.5.2
[INFO] [stderr]     Checking panic-semihosting v0.3.0
[INFO] [stderr]     Checking panic-itm v0.2.0
[INFO] [stdout] error[E0557]: feature has been removed
[INFO] [stdout]   --> /opt/rustwide/cargo-home/registry/src/index.crates.io-6f17d22bba15001f/panic-semihosting-0.3.0/src/lib.rs:59:12
[INFO] [stdout]    |
[INFO] [stdout] 59 | #![feature(panic_implementation)]
[INFO] [stdout]    |            ^^^^^^^^^^^^^^^^^^^^ feature has been removed
[INFO] [stdout]    |
[INFO] [stdout]    = note: subsumed by `#[panic_handler]`
[INFO] [stdout] 
[INFO] [stdout] 
[INFO] [stdout] error[E0557]: feature has been removed
[INFO] [stdout]   --> /opt/rustwide/cargo-home/registry/src/index.crates.io-6f17d22bba15001f/panic-itm-0.2.0/src/lib.rs:33:12
[INFO] [stdout]    |
[INFO] [stdout] 33 | #![feature(panic_implementation)]
[INFO] [stdout]    |            ^^^^^^^^^^^^^^^^^^^^ feature has been removed
[INFO] [stdout]    |
[INFO] [stdout]    = note: subsumed by `#[panic_handler]`
[INFO] [stdout] 
[INFO] [stdout] 
[INFO] [stdout] error: cannot find attribute `panic_implementation` in this scope
[INFO] [stdout]   --> /opt/rustwide/cargo-home/registry/src/index.crates.io-6f17d22bba15001f/panic-semihosting-0.3.0/src/lib.rs:71:3
[INFO] [stdout]    |
[INFO] [stdout] 71 | #[panic_implementation]
[INFO] [stdout]    |   ^^^^^^^^^^^^^^^^^^^^
[INFO] [stdout] 
[INFO] [stdout] 
[INFO] [stdout] error: cannot find attribute `panic_implementation` in this scope
[INFO] [stdout]   --> /opt/rustwide/cargo-home/registry/src/index.crates.io-6f17d22bba15001f/panic-itm-0.2.0/src/lib.rs:44:3
[INFO] [stdout]    |
[INFO] [stdout] 44 | #[panic_implementation]
[INFO] [stdout]    |   ^^^^^^^^^^^^^^^^^^^^
[INFO] [stdout] 
[INFO] [stdout] 
[INFO] [stdout] error: aborting due to 2 previous errors
[INFO] [stdout] 
[INFO] [stdout] 
[INFO] [stdout] For more information about this error, try `rustc --explain E0557`.
[INFO] [stdout] 
[INFO] [stdout] error: aborting due to 2 previous errors
[INFO] [stdout] 
[INFO] [stdout] 
[INFO] [stdout] For more information about this error, try `rustc --explain E0557`.
[INFO] [stdout] 
[INFO] [stderr] error: could not compile `panic-semihosting` (lib) due to 3 previous errors
[INFO] [stderr] warning: build failed, waiting for other jobs to finish...
[INFO] [stderr] error: could not compile `panic-itm` (lib) due to 3 previous errors
[INFO] running `Command { std: "docker" "inspect" "65d5071b3f040fd1d5f92399dfa9c0a79763badb8db0060692464855923843f5", kill_on_drop: false }`
[INFO] running `Command { std: "docker" "rm" "-f" "65d5071b3f040fd1d5f92399dfa9c0a79763badb8db0060692464855923843f5", kill_on_drop: false }`
[INFO] [stdout] 65d5071b3f040fd1d5f92399dfa9c0a79763badb8db0060692464855923843f5
[INFO] documenting TeXitoi/button-test against beta-2023-12-22 for beta-1.76-rustdoc-1
[INFO] running `Command { std: "git" "clone" "/workspace/cache/git-repos/https%3A%2F%2Fgithub.com%2FTeXitoi%2Fbutton-test" "/workspace/builds/worker-6-tc2/source", kill_on_drop: false }`
[INFO] [stderr] Cloning into '/workspace/builds/worker-6-tc2/source'...
[INFO] [stderr] done.
[INFO] validating manifest of git repo https://github.com/TeXitoi/button-test on toolchain beta-2023-12-22
[INFO] running `Command { std: CARGO_HOME="/workspace/cargo-home" RUSTUP_HOME="/workspace/rustup-home" "/workspace/cargo-home/bin/cargo" "+beta-2023-12-22" "metadata" "--manifest-path" "Cargo.toml" "--no-deps", kill_on_drop: false }`
[INFO] removed /workspace/builds/worker-6-tc2/source/.cargo/config
[INFO] started tweaking git repo https://github.com/TeXitoi/button-test
[INFO] finished tweaking git repo https://github.com/TeXitoi/button-test
[INFO] tweaked toml for git repo https://github.com/TeXitoi/button-test written to /workspace/builds/worker-6-tc2/source/Cargo.toml
[INFO] crate git repo https://github.com/TeXitoi/button-test already has a lockfile, it will not be regenerated
[INFO] running `Command { std: CARGO_HOME="/workspace/cargo-home" RUSTUP_HOME="/workspace/rustup-home" "/workspace/cargo-home/bin/cargo" "+beta-2023-12-22" "fetch" "--manifest-path" "Cargo.toml", kill_on_drop: false }`
[INFO] running `Command { std: "docker" "create" "-v" "/var/lib/crater-agent-workspace/builds/worker-6-tc2/target:/opt/rustwide/target:rw,Z" "-v" "/var/lib/crater-agent-workspace/builds/worker-6-tc2/source:/opt/rustwide/workdir:ro,Z" "-v" "/var/lib/crater-agent-workspace/cargo-home:/opt/rustwide/cargo-home:ro,Z" "-v" "/var/lib/crater-agent-workspace/rustup-home:/opt/rustwide/rustup-home:ro,Z" "-e" "SOURCE_DIR=/opt/rustwide/workdir" "-e" "CARGO_TARGET_DIR=/opt/rustwide/target" "-e" "CARGO_HOME=/opt/rustwide/cargo-home" "-e" "RUSTUP_HOME=/opt/rustwide/rustup-home" "-w" "/opt/rustwide/workdir" "-m" "1610612736" "--user" "0:0" "--network" "none" "ghcr.io/rust-lang/crates-build-env/linux@sha256:2788e3201cd34a07e3172128adcd8b3090168a8e3bcc40d7c032b9dda1df7d1c" "/opt/rustwide/cargo-home/bin/cargo" "+beta-2023-12-22" "metadata" "--no-deps" "--format-version=1", kill_on_drop: false }`
[INFO] [stdout] 1dd1ec4b0e50cd0d74de0fae77726caaaeb7e55779906cfb45eeaff4d5b3effe
[INFO] running `Command { std: "docker" "start" "-a" "1dd1ec4b0e50cd0d74de0fae77726caaaeb7e55779906cfb45eeaff4d5b3effe", kill_on_drop: false }`
[INFO] running `Command { std: "docker" "inspect" "1dd1ec4b0e50cd0d74de0fae77726caaaeb7e55779906cfb45eeaff4d5b3effe", kill_on_drop: false }`
[INFO] running `Command { std: "docker" "rm" "-f" "1dd1ec4b0e50cd0d74de0fae77726caaaeb7e55779906cfb45eeaff4d5b3effe", kill_on_drop: false }`
[INFO] [stdout] 1dd1ec4b0e50cd0d74de0fae77726caaaeb7e55779906cfb45eeaff4d5b3effe
[INFO] running `Command { std: "docker" "create" "-v" "/var/lib/crater-agent-workspace/builds/worker-6-tc2/target:/opt/rustwide/target:rw,Z" "-v" "/var/lib/crater-agent-workspace/builds/worker-6-tc2/source:/opt/rustwide/workdir:ro,Z" "-v" "/var/lib/crater-agent-workspace/cargo-home:/opt/rustwide/cargo-home:ro,Z" "-v" "/var/lib/crater-agent-workspace/rustup-home:/opt/rustwide/rustup-home:ro,Z" "-e" "SOURCE_DIR=/opt/rustwide/workdir" "-e" "CARGO_TARGET_DIR=/opt/rustwide/target" "-e" "CARGO_INCREMENTAL=0" "-e" "RUST_BACKTRACE=full" "-e" "RUSTFLAGS=--cap-lints=warn" "-e" "RUSTDOCFLAGS=--cap-lints=warn" "-e" "CARGO_HOME=/opt/rustwide/cargo-home" "-e" "RUSTUP_HOME=/opt/rustwide/rustup-home" "-w" "/opt/rustwide/workdir" "-m" "1610612736" "--user" "0:0" "--network" "none" "ghcr.io/rust-lang/crates-build-env/linux@sha256:2788e3201cd34a07e3172128adcd8b3090168a8e3bcc40d7c032b9dda1df7d1c" "/opt/rustwide/cargo-home/bin/cargo" "+beta-2023-12-22" "doc" "--frozen" "--no-deps" "--document-private-items" "--message-format=json", kill_on_drop: false }`
[INFO] [stdout] d1314d0f9c17dd1a9e7e998ae4142f7decfd80e21237c57a86fa32a6fda968da
[INFO] running `Command { std: "docker" "start" "-a" "d1314d0f9c17dd1a9e7e998ae4142f7decfd80e21237c57a86fa32a6fda968da", kill_on_drop: false }`
[INFO] [stderr]    Compiling cc v1.0.20
[INFO] [stderr]     Checking vcell v0.1.0
[INFO] [stderr]     Checking bare-metal v0.2.3
[INFO] [stderr]     Checking aligned v0.2.0
[INFO] [stderr]    Compiling stm32f103xx v0.10.0
[INFO] [stderr]     Checking r0 v0.2.2
[INFO] [stderr]     Checking void v1.0.2
[INFO] [stderr]    Compiling stm32f103xx-hal v0.1.0 (https://github.com/japaric/stm32f103xx-hal?branch=master#687dc4b2)
[INFO] [stderr]     Checking nb v0.1.1
[INFO] [stderr]     Checking cast v0.2.2
[INFO] [stderr]     Checking volatile-register v0.2.0
[INFO] [stderr]     Checking embedded-hal v0.2.1
[INFO] [stderr]    Compiling cortex-m v0.5.4
[INFO] [stderr]    Compiling cortex-m-semihosting v0.3.0
[INFO] [stderr]    Compiling cortex-m-rt v0.5.2
[INFO] [stderr]     Checking panic-itm v0.2.0
[INFO] [stderr]     Checking panic-semihosting v0.3.0
[INFO] [stdout] error[E0557]: feature has been removed
[INFO] [stdout]   --> /opt/rustwide/cargo-home/registry/src/index.crates.io-6f17d22bba15001f/panic-semihosting-0.3.0/src/lib.rs:59:12
[INFO] [stdout]    |
[INFO] [stdout] 59 | #![feature(panic_implementation)]
[INFO] [stdout]    |            ^^^^^^^^^^^^^^^^^^^^ feature has been removed
[INFO] [stdout]    |
[INFO] [stdout]    = note: subsumed by `#[panic_handler]`
[INFO] [stdout] 
[INFO] [stdout] 
[INFO] [stdout] error[E0557]: feature has been removed
[INFO] [stdout]   --> /opt/rustwide/cargo-home/registry/src/index.crates.io-6f17d22bba15001f/panic-itm-0.2.0/src/lib.rs:33:12
[INFO] [stdout]    |
[INFO] [stdout] 33 | #![feature(panic_implementation)]
[INFO] [stdout]    |            ^^^^^^^^^^^^^^^^^^^^ feature has been removed
[INFO] [stdout]    |
[INFO] [stdout]    = note: subsumed by `#[panic_handler]`
[INFO] [stdout] 
[INFO] [stdout] 
[INFO] [stdout] error: cannot find attribute `panic_implementation` in this scope
[INFO] [stdout]   --> /opt/rustwide/cargo-home/registry/src/index.crates.io-6f17d22bba15001f/panic-semihosting-0.3.0/src/lib.rs:71:3
[INFO] [stdout]    |
[INFO] [stdout] 71 | #[panic_implementation]
[INFO] [stdout]    |   ^^^^^^^^^^^^^^^^^^^^
[INFO] [stdout] 
[INFO] [stdout] 
[INFO] [stdout] error: cannot find attribute `panic_implementation` in this scope
[INFO] [stdout]   --> /opt/rustwide/cargo-home/registry/src/index.crates.io-6f17d22bba15001f/panic-itm-0.2.0/src/lib.rs:44:3
[INFO] [stdout]    |
[INFO] [stdout] 44 | #[panic_implementation]
[INFO] [stdout]    |   ^^^^^^^^^^^^^^^^^^^^
[INFO] [stdout] 
[INFO] [stdout] 
[INFO] [stdout] error: aborting due to 2 previous errors
[INFO] [stdout] 
[INFO] [stdout] 
[INFO] [stdout] For more information about this error, try `rustc --explain E0557`.
[INFO] [stdout] 
[INFO] [stdout] error: aborting due to 2 previous errors
[INFO] [stdout] 
[INFO] [stdout] 
[INFO] [stdout] For more information about this error, try `rustc --explain E0557`.
[INFO] [stdout] 
[INFO] [stderr] error: could not compile `panic-semihosting` (lib) due to 3 previous errors
[INFO] [stderr] warning: build failed, waiting for other jobs to finish...
[INFO] [stderr] error: could not compile `panic-itm` (lib) due to 3 previous errors
[INFO] running `Command { std: "docker" "inspect" "d1314d0f9c17dd1a9e7e998ae4142f7decfd80e21237c57a86fa32a6fda968da", kill_on_drop: false }`
[INFO] running `Command { std: "docker" "rm" "-f" "d1314d0f9c17dd1a9e7e998ae4142f7decfd80e21237c57a86fa32a6fda968da", kill_on_drop: false }`
[INFO] [stdout] d1314d0f9c17dd1a9e7e998ae4142f7decfd80e21237c57a86fa32a6fda968da
