[INFO] cloning repository https://github.com/TangleTunes/distributing_client
[INFO] running `Command { std: "git" "-c" "credential.helper=" "-c" "credential.helper=/workspace/cargo-home/bin/git-credential-null" "clone" "--bare" "https://github.com/TangleTunes/distributing_client" "/workspace/cache/git-repos/https%3A%2F%2Fgithub.com%2FTangleTunes%2Fdistributing_client", kill_on_drop: false }`
[INFO] [stderr] Cloning into bare repository '/workspace/cache/git-repos/https%3A%2F%2Fgithub.com%2FTangleTunes%2Fdistributing_client'...
[INFO] running `Command { std: "git" "rev-parse" "HEAD", kill_on_drop: false }`
[INFO] [stdout] 902ee9560f9a6e0b2b56a261ff0bf68146666e47
[INFO] documenting TangleTunes/distributing_client against 1.75.0 for beta-1.76-rustdoc-1
[INFO] running `Command { std: "git" "clone" "/workspace/cache/git-repos/https%3A%2F%2Fgithub.com%2FTangleTunes%2Fdistributing_client" "/workspace/builds/worker-6-tc1/source", kill_on_drop: false }`
[INFO] [stderr] Cloning into '/workspace/builds/worker-6-tc1/source'...
[INFO] [stderr] done.
[INFO] validating manifest of git repo https://github.com/TangleTunes/distributing_client on toolchain 1.75.0
[INFO] running `Command { std: CARGO_HOME="/workspace/cargo-home" RUSTUP_HOME="/workspace/rustup-home" "/workspace/cargo-home/bin/cargo" "+1.75.0" "metadata" "--manifest-path" "Cargo.toml" "--no-deps", kill_on_drop: false }`
[INFO] started tweaking git repo https://github.com/TangleTunes/distributing_client
[INFO] finished tweaking git repo https://github.com/TangleTunes/distributing_client
[INFO] tweaked toml for git repo https://github.com/TangleTunes/distributing_client written to /workspace/builds/worker-6-tc1/source/Cargo.toml
[INFO] crate git repo https://github.com/TangleTunes/distributing_client already has a lockfile, it will not be regenerated
[INFO] running `Command { std: CARGO_HOME="/workspace/cargo-home" RUSTUP_HOME="/workspace/rustup-home" "/workspace/cargo-home/bin/cargo" "+1.75.0" "fetch" "--manifest-path" "Cargo.toml", kill_on_drop: false }`
[INFO] [stderr]  Downloading crates ...
[INFO] [stderr]   Downloaded ethers-addressbook v2.0.0
[INFO] [stderr]   Downloaded ethers-middleware v2.0.0
[INFO] [stderr]   Downloaded ethers-contract v2.0.0
[INFO] [stderr]   Downloaded ethers-contract-derive v2.0.0
[INFO] [stderr]   Downloaded ethers-contract-abigen v2.0.0
[INFO] [stderr]   Downloaded ethers-providers v2.0.0
[INFO] [stderr]   Downloaded ethers-core v2.0.0
[INFO] [stderr]   Downloaded ethers v2.0.0
[INFO] [stderr]   Downloaded enr v0.7.0
[INFO] [stderr]   Downloaded ethers-signers v2.0.0
[INFO] [stderr]   Downloaded ethers-etherscan v2.0.0
[INFO] running `Command { std: "docker" "create" "-v" "/var/lib/crater-agent-workspace/builds/worker-6-tc1/target:/opt/rustwide/target:rw,Z" "-v" "/var/lib/crater-agent-workspace/builds/worker-6-tc1/source:/opt/rustwide/workdir:ro,Z" "-v" "/var/lib/crater-agent-workspace/cargo-home:/opt/rustwide/cargo-home:ro,Z" "-v" "/var/lib/crater-agent-workspace/rustup-home:/opt/rustwide/rustup-home:ro,Z" "-e" "SOURCE_DIR=/opt/rustwide/workdir" "-e" "CARGO_TARGET_DIR=/opt/rustwide/target" "-e" "CARGO_HOME=/opt/rustwide/cargo-home" "-e" "RUSTUP_HOME=/opt/rustwide/rustup-home" "-w" "/opt/rustwide/workdir" "-m" "1610612736" "--user" "0:0" "--network" "none" "ghcr.io/rust-lang/crates-build-env/linux@sha256:2788e3201cd34a07e3172128adcd8b3090168a8e3bcc40d7c032b9dda1df7d1c" "/opt/rustwide/cargo-home/bin/cargo" "+1.75.0" "metadata" "--no-deps" "--format-version=1", kill_on_drop: false }`
[INFO] [stdout] d1e8f0c4965f2f6d378fc0adae89fbf5cb9204bd0ce0b2aebf157a630a7bb1c5
[INFO] running `Command { std: "docker" "start" "-a" "d1e8f0c4965f2f6d378fc0adae89fbf5cb9204bd0ce0b2aebf157a630a7bb1c5", kill_on_drop: false }`
[INFO] running `Command { std: "docker" "inspect" "d1e8f0c4965f2f6d378fc0adae89fbf5cb9204bd0ce0b2aebf157a630a7bb1c5", kill_on_drop: false }`
[INFO] running `Command { std: "docker" "rm" "-f" "d1e8f0c4965f2f6d378fc0adae89fbf5cb9204bd0ce0b2aebf157a630a7bb1c5", kill_on_drop: false }`
[INFO] [stdout] d1e8f0c4965f2f6d378fc0adae89fbf5cb9204bd0ce0b2aebf157a630a7bb1c5
[INFO] running `Command { std: "docker" "create" "-v" "/var/lib/crater-agent-workspace/builds/worker-6-tc1/target:/opt/rustwide/target:rw,Z" "-v" "/var/lib/crater-agent-workspace/builds/worker-6-tc1/source:/opt/rustwide/workdir:ro,Z" "-v" "/var/lib/crater-agent-workspace/cargo-home:/opt/rustwide/cargo-home:ro,Z" "-v" "/var/lib/crater-agent-workspace/rustup-home:/opt/rustwide/rustup-home:ro,Z" "-e" "SOURCE_DIR=/opt/rustwide/workdir" "-e" "CARGO_TARGET_DIR=/opt/rustwide/target" "-e" "CARGO_INCREMENTAL=0" "-e" "RUST_BACKTRACE=full" "-e" "RUSTFLAGS=--cap-lints=warn" "-e" "RUSTDOCFLAGS=--cap-lints=warn" "-e" "CARGO_HOME=/opt/rustwide/cargo-home" "-e" "RUSTUP_HOME=/opt/rustwide/rustup-home" "-w" "/opt/rustwide/workdir" "-m" "1610612736" "--user" "0:0" "--network" "none" "ghcr.io/rust-lang/crates-build-env/linux@sha256:2788e3201cd34a07e3172128adcd8b3090168a8e3bcc40d7c032b9dda1df7d1c" "/opt/rustwide/cargo-home/bin/cargo" "+1.75.0" "doc" "--frozen" "--no-deps" "--document-private-items" "--message-format=json", kill_on_drop: false }`
[INFO] [stdout] 596615c32d24d284692a42cf6c8b8cba4fb63739d717dc0449a5c46124b3760b
[INFO] running `Command { std: "docker" "start" "-a" "596615c32d24d284692a42cf6c8b8cba4fb63739d717dc0449a5c46124b3760b", kill_on_drop: false }`
[INFO] [stderr]    Compiling libc v0.2.140
[INFO] [stderr]    Compiling proc-macro2 v1.0.51
[INFO] [stderr]    Compiling quote v1.0.23
[INFO] [stderr]    Compiling unicode-ident v1.0.8
[INFO] [stderr]    Compiling syn v1.0.109
[INFO] [stderr]    Compiling serde_derive v1.0.155
[INFO] [stderr]    Compiling serde v1.0.155
[INFO] [stderr]    Compiling typenum v1.16.0
[INFO] [stderr]    Compiling once_cell v1.17.1
[INFO] [stderr]    Compiling cc v1.0.79
[INFO] [stderr]    Compiling indexmap v1.9.2
[INFO] [stderr]    Compiling log v0.4.17
[INFO] [stderr]    Compiling futures-core v0.3.27
[INFO] [stderr]    Compiling toml_datetime v0.6.1
[INFO] [stderr]    Compiling winnow v0.3.5
[INFO] [stderr]    Compiling subtle v2.4.1
[INFO] [stderr]    Compiling thiserror v1.0.39
[INFO] [stderr]    Compiling crunchy v0.2.2
[INFO] [stderr]    Compiling futures-task v0.3.27
[INFO] [stderr]    Compiling slab v0.4.8
[INFO] [stderr]    Compiling futures-channel v0.3.27
[INFO] [stderr]    Compiling num-traits v0.2.15
[INFO] [stderr]    Compiling serde_json v1.0.94
[INFO] [stderr]    Compiling byteorder v1.4.3
[INFO] [stderr]    Compiling tiny-keccak v2.0.2
[INFO] [stderr]    Compiling rustls v0.20.8
[INFO] [stderr]    Compiling itoa v1.0.6
[INFO] [stderr]    Compiling unicode-segmentation v1.10.1
[INFO] [stderr]    Compiling proc-macro-error-attr v1.0.4
[INFO] [stderr]    Compiling proc-macro-error v1.0.4
[INFO] [stderr]    Compiling base64ct v1.6.0
[INFO] [stderr]    Compiling semver v1.0.16
[INFO] [stderr]    Compiling rustversion v1.0.12
[INFO] [stderr]    Compiling camino v1.1.4
[INFO] [stderr]    Compiling tokio v1.26.0
[INFO] [stderr]    Compiling futures-sink v0.3.27
[INFO] [stderr]    Compiling const-oid v0.9.2
[INFO] [stderr]    Compiling rustc-hex v2.1.0
[INFO] [stderr]    Compiling heck v0.4.1
[INFO] [stderr]    Compiling der v0.6.1
[INFO] [stderr]    Compiling byte-slice-cast v1.2.2
[INFO] [stderr]    Compiling keccak v0.1.3
[INFO] [stderr]    Compiling arrayvec v0.7.2
[INFO] [stderr]     Checking ppv-lite86 v0.2.17
[INFO] [stderr]    Compiling static_assertions v1.1.0
[INFO] [stderr]    Compiling ryu v1.0.13
[INFO] [stderr]    Compiling futures-util v0.3.27
[INFO] [stderr]    Compiling base16ct v0.1.1
[INFO] [stderr]    Compiling ring v0.16.20
[INFO] [stderr]    Compiling num-integer v0.1.45
[INFO] [stderr]    Compiling parking_lot_core v0.9.7
[INFO] [stderr]    Compiling futures-io v0.3.27
[INFO] [stderr]     Checking generic-array v0.14.6
[INFO] [stderr]    Compiling tracing-core v0.1.30
[INFO] [stderr]    Compiling bitflags v1.3.2
[INFO] [stderr]    Compiling unicode-normalization v0.1.22
[INFO] [stderr]    Compiling uint v0.9.5
[INFO] [stderr]     Checking getrandom v0.2.8
[INFO] [stderr]    Compiling socket2 v0.4.9
[INFO] [stderr]     Checking rand_core v0.6.4
[INFO] [stderr]    Compiling mio v0.8.6
[INFO] [stderr]    Compiling ahash v0.7.6
[INFO] [stderr]    Compiling num_cpus v1.15.0
[INFO] [stderr]    Compiling spki v0.6.0
[INFO] [stderr]     Checking rand_chacha v0.3.1
[INFO] [stderr]    Compiling hashbrown v0.12.3
[INFO] [stderr]     Checking crypto-common v0.1.6
[INFO] [stderr]     Checking block-buffer v0.10.4
[INFO] [stderr]    Compiling ff v0.12.1
[INFO] [stderr]    Compiling pkcs8 v0.9.0
[INFO] [stderr]    Compiling crypto-bigint v0.4.9
[INFO] [stderr]     Checking rand v0.8.5
[INFO] [stderr]    Compiling group v0.12.1
[INFO] [stderr]     Checking digest v0.10.6
[INFO] [stderr]    Compiling sec1 v0.3.0
[INFO] [stderr]    Compiling io-lifetimes v1.0.6
[INFO] [stderr]    Compiling iana-time-zone v0.1.53
[INFO] [stderr]     Checking sha2 v0.10.6
[INFO] [stderr]    Compiling hmac v0.12.1
[INFO] [stderr]    Compiling sha3 v0.10.6
[INFO] [stderr]    Compiling signature v1.6.4
[INFO] [stderr]    Compiling unicode-bidi v0.3.11
[INFO] [stderr]    Compiling chrono v0.4.24
[INFO] [stderr]     Checking parking_lot v0.12.1
[INFO] [stderr]     Checking signal-hook-registry v1.4.1
[INFO] [stderr]    Compiling aho-corasick v0.7.20
[INFO] [stderr]    Compiling regex-syntax v0.6.28
[INFO] [stderr]    Compiling rustix v0.36.9
[INFO] [stderr]    Compiling idna v0.3.0
[INFO] [stderr]    Compiling rfc6979 v0.3.1
[INFO] [stderr]    Compiling toml_edit v0.19.5
[INFO] [stderr]    Compiling fixed-hash v0.8.0
[INFO] [stderr]    Compiling elliptic-curve v0.12.3
[INFO] [stderr]    Compiling base64 v0.21.0
[INFO] [stderr]    Compiling linux-raw-sys v0.1.4
[INFO] [stderr]    Compiling ecdsa v0.14.8
[INFO] [stderr]    Compiling url v2.3.1
[INFO] [stderr]    Compiling rustls-pemfile v1.0.2
[INFO] [stderr]    Compiling fastrand v1.9.0
[INFO] [stderr]     Checking tinyvec_macros v0.1.1
[INFO] [stderr]    Compiling try-lock v0.2.4
[INFO] [stderr]    Compiling k256 v0.11.6
[INFO] [stderr]    Compiling want v0.3.0
[INFO] [stderr]     Checking tinyvec v1.6.0
[INFO] [stderr]    Compiling convert_case v0.6.0
[INFO] [stderr]    Compiling httparse v1.8.0
[INFO] [stderr]    Compiling unicode-xid v0.2.4
[INFO] [stderr]    Compiling tower-service v0.3.2
[INFO] [stderr]    Compiling eyre v0.6.8
[INFO] [stderr]    Compiling httpdate v1.0.2
[INFO] [stderr]    Compiling prettyplease v0.1.24
[INFO] [stderr]    Compiling async-trait v0.1.66
[INFO] [stderr]    Compiling lazy_static v1.4.0
[INFO] [stderr]    Compiling encoding_rs v0.8.32
[INFO] [stderr]    Compiling proc-macro-crate v1.3.1
[INFO] [stderr]    Compiling mime v0.3.16
[INFO] [stderr]    Compiling ipnet v2.7.1
[INFO] [stderr]    Compiling regex v1.7.1
[INFO] [stderr]     Checking time v0.1.45
[INFO] [stderr]    Compiling generic-array v0.12.4
[INFO] [stderr]     Checking webpki v0.22.0
[INFO] [stderr]     Checking sct v0.7.0
[INFO] [stderr]    Compiling either v1.8.1
[INFO] [stderr]    Compiling byte-tools v0.3.1
[INFO] [stderr]    Compiling webpki-roots v0.22.6
[INFO] [stderr]    Compiling block-padding v0.1.5
[INFO] [stderr]    Compiling inout v0.1.3
[INFO] [stderr]    Compiling parking_lot_core v0.8.6
[INFO] [stderr]    Compiling tempfile v3.4.0
[INFO] [stderr]    Compiling indenter v0.3.3
[INFO] [stderr]    Compiling walkdir v2.3.2
[INFO] [stderr]    Compiling cipher v0.4.4
[INFO] [stderr]    Compiling block-buffer v0.7.3
[INFO] [stderr]    Compiling Inflector v0.11.4
[INFO] [stderr]    Compiling digest v0.8.1
[INFO] [stderr]    Compiling instant v0.1.12
[INFO] [stderr]    Compiling fake-simd v0.1.2
[INFO] [stderr]    Compiling bs58 v0.4.0
[INFO] [stderr]    Compiling opaque-debug v0.2.3
[INFO] [stderr]    Compiling dunce v1.0.3
[INFO] [stderr]    Compiling sha2 v0.8.2
[INFO] [stderr]    Compiling password-hash v0.4.2
[INFO] [stderr]    Compiling crossbeam-utils v0.8.15
[INFO] [stderr]    Compiling base58 v0.1.0
[INFO] [stderr]    Compiling base58check v0.1.0
[INFO] [stderr]    Compiling pbkdf2 v0.11.0
[INFO] [stderr]    Compiling blake2 v0.10.6
[INFO] [stderr]    Compiling ripemd v0.1.3
[INFO] [stderr]    Compiling vcpkg v0.2.15
[INFO] [stderr]    Compiling pkg-config v0.3.26
[INFO] [stderr]    Compiling base64 v0.12.3
[INFO] [stderr]    Compiling bech32 v0.7.3
[INFO] [stderr]     Checking base64 v0.13.1
[INFO] [stderr]    Compiling salsa20 v0.10.2
[INFO] [stderr]    Compiling fxhash v0.2.1
[INFO] [stderr]    Compiling crossbeam-queue v0.3.8
[INFO] [stderr]    Compiling radium v0.3.0
[INFO] [stderr]    Compiling hashers v1.0.1
[INFO] [stderr]    Compiling bitvec v0.17.4
[INFO] [stderr]    Compiling scrypt v0.10.0
[INFO] [stderr]    Compiling ctr v0.9.2
[INFO] [stderr]    Compiling aes v0.8.2
[INFO] [stderr]     Checking sha1 v0.10.5
[INFO] [stderr]     Checking block-padding v0.2.1
[INFO] [stderr]    Compiling futures-timer v3.0.2
[INFO] [stderr]     Checking utf-8 v0.7.6
[INFO] [stderr]    Compiling paste v1.0.12
[INFO] [stderr]     Checking same-file v1.0.6
[INFO] [stderr]    Compiling libsqlite3-sys v0.24.2
[INFO] [stderr]    Compiling nom v7.1.3
[INFO] [stderr]    Compiling parking_lot v0.11.2
[INFO] [stderr]     Checking block-buffer v0.9.0
[INFO] [stderr]    Compiling spin v0.9.5
[INFO] [stderr]    Compiling itertools v0.10.5
[INFO] [stderr]     Checking sharded-slab v0.1.4
[INFO] [stderr]     Checking cipher v0.3.0
[INFO] [stderr]     Checking digest v0.9.0
[INFO] [stderr]    Compiling futures-locks v0.7.1
[INFO] [stderr]     Checking thread_local v1.1.7
[INFO] [stderr]    Compiling thiserror-impl v1.0.39
[INFO] [stderr]    Compiling impl-trait-for-tuples v0.2.2
[INFO] [stderr]    Compiling parity-scale-codec-derive v3.1.4
[INFO] [stderr]    Compiling tracing-attributes v0.1.23
[INFO] [stderr]    Compiling futures-macro v0.3.27
[INFO] [stderr]    Compiling scale-info-derive v2.3.1
[INFO] [stderr]    Compiling derive_more v0.99.17
[INFO] [stderr]    Compiling auto_impl v1.0.1
[INFO] [stderr]    Compiling num_enum_derive v0.5.11
[INFO] [stderr]    Compiling strum_macros v0.24.3
[INFO] [stderr]    Compiling rlp-derive v0.1.0
[INFO] [stderr]    Compiling pin-project-internal v1.0.12
[INFO] [stderr]    Compiling tokio-macros v1.8.2
[INFO] [stderr]    Compiling crc-catalog v2.2.0
[INFO] [stderr]    Compiling sqlformat v0.2.1
[INFO] [stderr]    Compiling crc v3.0.1
[INFO] [stderr]     Checking tracing-subscriber v0.3.16
[INFO] [stderr]    Compiling tracing v0.1.37
[INFO] [stderr]    Compiling num_enum v0.5.11
[INFO] [stderr]    Compiling futures-intrusive v0.4.2
[INFO] [stderr]    Compiling stringprep v0.1.2
[INFO] [stderr]    Compiling hashlink v0.8.1
[INFO] [stderr]    Compiling atoi v1.0.0
[INFO] [stderr]    Compiling backtrace v0.3.67
[INFO] [stderr]     Checking gimli v0.27.2
[INFO] [stderr]    Compiling pin-project v1.0.12
[INFO] [stderr]    Compiling tracing-futures v0.2.5
[INFO] [stderr]    Compiling flume v0.10.14
[INFO] [stderr]     Checking miniz_oxide v0.6.2
[INFO] [stderr]    Compiling strum v0.24.1
[INFO] [stderr]     Checking tracing-error v0.2.0
[INFO] [stderr]     Checking object v0.30.3
[INFO] [stderr]     Checking rustc-demangle v0.1.21
[INFO] [stderr]     Checking os_str_bytes v6.4.1
[INFO] [stderr]     Checking owo-colors v3.5.0
[INFO] [stderr]     Checking debug-helper v0.3.13
[INFO] [stderr]     Checking md-5 v0.9.1
[INFO] [stderr]     Checking crc-any v2.4.3
[INFO] [stderr]     Checking sha2 v0.9.9
[INFO] [stderr]     Checking tiger v0.1.0
[INFO] [stderr]    Compiling clap_derive v4.1.8
[INFO] [stderr]     Checking clap_lex v0.3.2
[INFO] [stderr]     Checking block-modes v0.8.1
[INFO] [stderr]     Checking aes v0.7.5
[INFO] [stderr]     Checking des v0.7.0
[INFO] [stderr]     Checking is-terminal v0.4.4
[INFO] [stderr]     Checking nix v0.26.2
[INFO] [stderr]     Checking termcolor v1.2.0
[INFO] [stderr]     Checking strsim v0.10.0
[INFO] [stderr]     Checking magic-crypt v3.1.12
[INFO] [stderr]     Checking futures-executor v0.3.27
[INFO] [stderr]     Checking futures v0.3.27
[INFO] [stderr]     Checking color-spantrace v0.2.0
[INFO] [stderr]     Checking ctrlc v3.2.5
[INFO] [stderr]     Checking addr2line v0.19.0
[INFO] [stderr]     Checking clap v4.1.8
[INFO] [stderr]     Checking color-eyre v0.6.2
[INFO] [stderr]     Checking bytes v1.4.0
[INFO] [stderr]     Checking parity-scale-codec v3.4.0
[INFO] [stderr]     Checking impl-serde v0.4.0
[INFO] [stderr]     Checking cargo-platform v0.1.2
[INFO] [stderr]     Checking serde_urlencoded v0.7.1
[INFO] [stderr]     Checking bincode v1.3.3
[INFO] [stderr]     Checking coins-core v0.7.0
[INFO] [stderr]     Checking uuid v0.8.2
[INFO] [stderr]     Checking toml v0.5.11
[INFO] [stderr]     Checking serde_spanned v0.6.1
[INFO] [stderr]     Checking rlp v0.5.2
[INFO] [stderr]     Checking http v0.2.9
[INFO] [stderr]     Checking coins-bip32 v0.7.0
[INFO] [stderr]     Checking impl-rlp v0.3.0
[INFO] [stderr]     Checking enr v0.7.0
[INFO] [stderr]     Checking impl-codec v0.6.0
[INFO] [stderr]     Checking scale-info v2.3.1
[INFO] [stderr]     Checking cargo_metadata v0.15.3
[INFO] [stderr]     Checking serde-aux v4.1.2
[INFO] [stderr]    Compiling open-fastrlp-derive v0.1.1
[INFO] [stderr]     Checking http-body v0.4.5
[INFO] [stderr]     Checking tungstenite v0.18.0
[INFO] [stderr]     Checking primitive-types v0.12.1
[INFO] [stderr]     Checking ethbloom v0.13.0
[INFO] [stderr]     Checking eth-keystore v0.5.0
[INFO] [stderr]     Checking coins-bip39 v0.7.0
[INFO] [stderr]     Checking toml v0.7.2
[INFO] [stderr]     Checking ethereum-types v0.14.1
[INFO] [stderr]     Checking ethabi v18.0.0
[INFO] [stderr]     Checking open-fastrlp v0.1.4
[INFO] [stderr]     Checking ethers-core v2.0.0
[INFO] [stderr]     Checking tokio-rustls v0.23.4
[INFO] [stderr]     Checking tokio-util v0.7.7
[INFO] [stderr]     Checking tokio-stream v0.1.12
[INFO] [stderr]     Checking tokio-tungstenite v0.18.0
[INFO] [stderr]     Checking sqlx-rt v0.6.2
[INFO] [stderr]     Checking h2 v0.3.16
[INFO] [stderr]     Checking sqlx-core v0.6.2
[INFO] [stderr]     Checking hyper v0.14.25
[INFO] [stderr]     Checking ethers-signers v2.0.0
[INFO] [stderr]     Checking ethers-addressbook v2.0.0
[INFO] [stderr]     Checking hyper-rustls v0.23.2
[INFO] [stderr]     Checking reqwest v0.11.14
[INFO] [stderr]    Compiling sqlx-macros v0.6.2
[INFO] [stderr]     Checking ethers-etherscan v2.0.0
[INFO] [stderr]     Checking ethers-providers v2.0.0
[INFO] [stderr]     Checking ethers-contract-abigen v2.0.0
[INFO] [stderr]     Checking sqlx v0.6.2
[INFO] [stderr]    Compiling ethers-contract-derive v2.0.0
[INFO] [stderr]    Compiling ethers-contract v2.0.0
[INFO] [stdout] error[E0433]: failed to resolve: could not find `ethers` in the list of imported crates
[INFO] [stdout]  --> /opt/rustwide/cargo-home/registry/src/index.crates.io-6f17d22bba15001f/ethers-contract-2.0.0/src/multicall/contract.rs:4:1
[INFO] [stdout]   |
[INFO] [stdout] 4 | abigen!(Multicall3, "src/multicall/multicall_abi.json");
[INFO] [stdout]   | ^^^^^^^^^^^^^^^^^^^^^^^^^^^^^^^^^^^^^^^^^^^^^^^^^^^^^^^ could not find `ethers` in the list of imported crates
[INFO] [stdout]   |
[INFO] [stdout]   = note: this error originates in the macro `abigen` (in Nightly builds, run with -Z macro-backtrace for more info)
[INFO] [stdout] 
[INFO] [stdout] 
[INFO] [stdout] error: cannot find attribute `ethcall` in this scope
[INFO] [stdout]  --> /opt/rustwide/cargo-home/registry/src/index.crates.io-6f17d22bba15001f/ethers-contract-2.0.0/src/multicall/contract.rs:4:1
[INFO] [stdout]   |
[INFO] [stdout] 4 | abigen!(Multicall3, "src/multicall/multicall_abi.json");
[INFO] [stdout]   | ^^^^^^^^^^^^^^^^^^^^^^^^^^^^^^^^^^^^^^^^^^^^^^^^^^^^^^^
[INFO] [stdout]   |
[INFO] [stdout]   = note: this error originates in the macro `abigen` (in Nightly builds, run with -Z macro-backtrace for more info)
[INFO] [stdout] 
[INFO] [stdout] 
[INFO] [stdout] error[E0433]: failed to resolve: could not find `ethers` in the list of imported crates
[INFO] [stdout]  --> /opt/rustwide/cargo-home/registry/src/index.crates.io-6f17d22bba15001f/ethers-contract-2.0.0/src/multicall/contract.rs:4:1
[INFO] [stdout]   |
[INFO] [stdout] 4 | abigen!(Multicall3, "src/multicall/multicall_abi.json");
[INFO] [stdout]   | ^^^^^^^^^^^^^^^^^^^^^^^^^^^^^^^^^^^^^^^^^^^^^^^^^^^^^^^ could not find `ethers` in the list of imported crates
[INFO] [stdout]   |
[INFO] [stdout]   = note: this error originates in the macro `abigen` (in Nightly builds, run with -Z macro-backtrace for more info)
[INFO] [stdout] 
[INFO] [stdout] 
[INFO] [stdout] error: cannot find attribute `ethcall` in this scope
[INFO] [stdout]  --> /opt/rustwide/cargo-home/registry/src/index.crates.io-6f17d22bba15001f/ethers-contract-2.0.0/src/multicall/contract.rs:4:1
[INFO] [stdout]   |
[INFO] [stdout] 4 | abigen!(Multicall3, "src/multicall/multicall_abi.json");
[INFO] [stdout]   | ^^^^^^^^^^^^^^^^^^^^^^^^^^^^^^^^^^^^^^^^^^^^^^^^^^^^^^^
[INFO] [stdout]   |
[INFO] [stdout]   = note: this error originates in the macro `abigen` (in Nightly builds, run with -Z macro-backtrace for more info)
[INFO] [stdout] 
[INFO] [stdout] 
[INFO] [stdout] error[E0433]: failed to resolve: could not find `ethers` in the list of imported crates
[INFO] [stdout]  --> /opt/rustwide/cargo-home/registry/src/index.crates.io-6f17d22bba15001f/ethers-contract-2.0.0/src/multicall/contract.rs:4:1
[INFO] [stdout]   |
[INFO] [stdout] 4 | abigen!(Multicall3, "src/multicall/multicall_abi.json");
[INFO] [stdout]   | ^^^^^^^^^^^^^^^^^^^^^^^^^^^^^^^^^^^^^^^^^^^^^^^^^^^^^^^ could not find `ethers` in the list of imported crates
[INFO] [stdout]   |
[INFO] [stdout]   = help: consider importing this module:
[INFO] [stdout]           ethers_core::abi
[INFO] [stdout]   = note: this error originates in the macro `abigen` (in Nightly builds, run with -Z macro-backtrace for more info)
[INFO] [stdout] 
[INFO] [stdout] 
[INFO] [stdout] error[E0433]: failed to resolve: could not find `ethers` in the list of imported crates
[INFO] [stdout]  --> /opt/rustwide/cargo-home/registry/src/index.crates.io-6f17d22bba15001f/ethers-contract-2.0.0/src/multicall/contract.rs:4:1
[INFO] [stdout]   |
[INFO] [stdout] 4 | abigen!(Multicall3, "src/multicall/multicall_abi.json");
[INFO] [stdout]   | ^^^^^^^^^^^^^^^^^^^^^^^^^^^^^^^^^^^^^^^^^^^^^^^^^^^^^^^ could not find `ethers` in the list of imported crates
[INFO] [stdout]   |
[INFO] [stdout]   = help: consider importing one of these items:
[INFO] [stdout]           crate::Lazy
[INFO] [stdout]           futures_util::future::Lazy
[INFO] [stdout]           once_cell::sync::Lazy
[INFO] [stdout]           once_cell::unsync::Lazy
[INFO] [stdout]   = note: this error originates in the macro `abigen` (in Nightly builds, run with -Z macro-backtrace for more info)
[INFO] [stdout] 
[INFO] [stdout] 
[INFO] [stdout] error[E0433]: failed to resolve: could not find `ethers` in the list of imported crates
[INFO] [stdout]  --> /opt/rustwide/cargo-home/registry/src/index.crates.io-6f17d22bba15001f/ethers-contract-2.0.0/src/multicall/contract.rs:4:1
[INFO] [stdout]   |
[INFO] [stdout] 4 | abigen!(Multicall3, "src/multicall/multicall_abi.json");
[INFO] [stdout]   | ^^^^^^^^^^^^^^^^^^^^^^^^^^^^^^^^^^^^^^^^^^^^^^^^^^^^^^^ could not find `ethers` in the list of imported crates
[INFO] [stdout]   |
[INFO] [stdout]   = help: consider importing this module:
[INFO] [stdout]           ethers_core::utils::__serde_json
[INFO] [stdout]   = note: this error originates in the macro `abigen` (in Nightly builds, run with -Z macro-backtrace for more info)
[INFO] [stdout] 
[INFO] [stdout] 
[INFO] [stdout] error[E0433]: failed to resolve: could not find `ethers` in the list of imported crates
[INFO] [stdout]  --> /opt/rustwide/cargo-home/registry/src/index.crates.io-6f17d22bba15001f/ethers-contract-2.0.0/src/multicall/contract.rs:4:1
[INFO] [stdout]   |
[INFO] [stdout] 4 | abigen!(Multicall3, "src/multicall/multicall_abi.json");
[INFO] [stdout]   | ^^^^^^^^^^^^^^^^^^^^^^^^^^^^^^^^^^^^^^^^^^^^^^^^^^^^^^^ could not find `ethers` in the list of imported crates
[INFO] [stdout]   |
[INFO] [stdout]   = help: consider importing this module:
[INFO] [stdout]           ethers_core::types
[INFO] [stdout]   = note: this error originates in the macro `abigen` (in Nightly builds, run with -Z macro-backtrace for more info)
[INFO] [stdout] 
[INFO] [stdout] 
[INFO] [stdout] error[E0433]: failed to resolve: could not find `ethers` in the list of imported crates
[INFO] [stdout]  --> /opt/rustwide/cargo-home/registry/src/index.crates.io-6f17d22bba15001f/ethers-contract-2.0.0/src/multicall/contract.rs:4:1
[INFO] [stdout]   |
[INFO] [stdout] 4 | abigen!(Multicall3, "src/multicall/multicall_abi.json");
[INFO] [stdout]   | ^^^^^^^^^^^^^^^^^^^^^^^^^^^^^^^^^^^^^^^^^^^^^^^^^^^^^^^ could not find `ethers` in the list of imported crates
[INFO] [stdout]   |
[INFO] [stdout]   = help: consider importing one of these items:
[INFO] [stdout]           crate::Contract
[INFO] [stdout]           ethers_core::abi::Contract
[INFO] [stdout]   = note: this error originates in the macro `abigen` (in Nightly builds, run with -Z macro-backtrace for more info)
[INFO] [stdout] 
[INFO] [stdout] 
[INFO] [stdout] error[E0433]: failed to resolve: could not find `ethers` in the list of imported crates
[INFO] [stdout]  --> /opt/rustwide/cargo-home/registry/src/index.crates.io-6f17d22bba15001f/ethers-contract-2.0.0/src/multicall/contract.rs:4:1
[INFO] [stdout]   |
[INFO] [stdout] 4 | abigen!(Multicall3, "src/multicall/multicall_abi.json");
[INFO] [stdout]   | ^^^^^^^^^^^^^^^^^^^^^^^^^^^^^^^^^^^^^^^^^^^^^^^^^^^^^^^ could not find `ethers` in the list of imported crates
[INFO] [stdout]   |
[INFO] [stdout]   = help: consider importing this module:
[INFO] [stdout]           crate::builders
[INFO] [stdout]   = note: this error originates in the macro `abigen` (in Nightly builds, run with -Z macro-backtrace for more info)
[INFO] [stdout] 
[INFO] [stdout] 
[INFO] [stdout] error[E0433]: failed to resolve: could not find `ethers` in the list of imported crates
[INFO] [stdout]  --> /opt/rustwide/cargo-home/registry/src/index.crates.io-6f17d22bba15001f/ethers-contract-2.0.0/src/multicall/contract.rs:4:1
[INFO] [stdout]   |
[INFO] [stdout] 4 | abigen!(Multicall3, "src/multicall/multicall_abi.json");
[INFO] [stdout]   | ^^^^^^^^^^^^^^^^^^^^^^^^^^^^^^^^^^^^^^^^^^^^^^^^^^^^^^^ could not find `ethers` in the list of imported crates
[INFO] [stdout]   |
[INFO] [stdout]   = help: consider importing one of these items:
[INFO] [stdout]           crate::multicall::fmt::Error
[INFO] [stdout]           ethers_core::abi::Error
[INFO] [stdout]           ethers_core::utils::__serde_json::Error
[INFO] [stdout]           futures_util::io::Error
[INFO] [stdout]           serde::__private::doc::Error
[INFO] [stdout]           serde::__private::fmt::Error
[INFO] [stdout]           serde::de::Error
[INFO] [stdout]           serde::de::value::Error
[INFO] [stdout]           serde::ser::Error
[INFO] [stdout]           serde_json::Error
[INFO] [stdout]           std::error::Error
[INFO] [stdout]           std::fmt::Error
[INFO] [stdout]           std::io::Error
[INFO] [stdout]           core::error::Error
[INFO] [stdout]           core::fmt::Error
[INFO] [stdout]   = note: this error originates in the macro `abigen` (in Nightly builds, run with -Z macro-backtrace for more info)
[INFO] [stdout] 
[INFO] [stdout] 
[INFO] [stdout] error[E0433]: failed to resolve: could not find `ethers` in the list of imported crates
[INFO] [stdout]  --> /opt/rustwide/cargo-home/registry/src/index.crates.io-6f17d22bba15001f/ethers-contract-2.0.0/src/multicall/contract.rs:4:1
[INFO] [stdout]   |
[INFO] [stdout] 4 | abigen!(Multicall3, "src/multicall/multicall_abi.json");
[INFO] [stdout]   | ^^^^^^^^^^^^^^^^^^^^^^^^^^^^^^^^^^^^^^^^^^^^^^^^^^^^^^^ could not find `ethers` in the list of imported crates
[INFO] [stdout]   |
[INFO] [stdout]   = help: consider importing this trait:
[INFO] [stdout]           ethers_core::abi::AbiEncode
[INFO] [stdout]   = note: this error originates in the macro `abigen` (in Nightly builds, run with -Z macro-backtrace for more info)
[INFO] [stdout] 
[INFO] [stdout] 
[INFO] [stdout] error: aborting due to 10 previous errors
[INFO] [stdout] 
[INFO] [stdout] 
[INFO] [stdout] For more information about this error, try `rustc --explain E0433`.
[INFO] [stdout] 
[INFO] [stderr] error: could not compile `ethers-contract` (lib) due to 11 previous errors
[INFO] [stderr] warning: build failed, waiting for other jobs to finish...
[INFO] [stdout] error[E0433]: failed to resolve: could not find `ethers` in the list of imported crates
[INFO] [stdout]  --> /opt/rustwide/cargo-home/registry/src/index.crates.io-6f17d22bba15001f/ethers-contract-2.0.0/src/multicall/contract.rs:4:1
[INFO] [stdout]   |
[INFO] [stdout] 4 | abigen!(Multicall3, "src/multicall/multicall_abi.json");
[INFO] [stdout]   | ^^^^^^^^^^^^^^^^^^^^^^^^^^^^^^^^^^^^^^^^^^^^^^^^^^^^^^^ could not find `ethers` in the list of imported crates
[INFO] [stdout]   |
[INFO] [stdout]   = help: consider importing this module:
[INFO] [stdout]           ethers_core::abi
[INFO] [stdout]   = note: this error originates in the macro `abigen` (in Nightly builds, run with -Z macro-backtrace for more info)
[INFO] [stdout] 
[INFO] [stdout] 
[INFO] [stdout] error[E0433]: failed to resolve: could not find `ethers` in the list of imported crates
[INFO] [stdout]  --> /opt/rustwide/cargo-home/registry/src/index.crates.io-6f17d22bba15001f/ethers-contract-2.0.0/src/multicall/contract.rs:4:1
[INFO] [stdout]   |
[INFO] [stdout] 4 | abigen!(Multicall3, "src/multicall/multicall_abi.json");
[INFO] [stdout]   | ^^^^^^^^^^^^^^^^^^^^^^^^^^^^^^^^^^^^^^^^^^^^^^^^^^^^^^^ could not find `ethers` in the list of imported crates
[INFO] [stdout]   |
[INFO] [stdout]   = help: consider importing one of these items:
[INFO] [stdout]           crate::Lazy
[INFO] [stdout]           futures_util::future::Lazy
[INFO] [stdout]           once_cell::sync::Lazy
[INFO] [stdout]           once_cell::unsync::Lazy
[INFO] [stdout]   = note: this error originates in the macro `abigen` (in Nightly builds, run with -Z macro-backtrace for more info)
[INFO] [stdout] 
[INFO] [stdout] 
[INFO] [stdout] error[E0433]: failed to resolve: could not find `ethers` in the list of imported crates
[INFO] [stdout]  --> /opt/rustwide/cargo-home/registry/src/index.crates.io-6f17d22bba15001f/ethers-contract-2.0.0/src/multicall/contract.rs:4:1
[INFO] [stdout]   |
[INFO] [stdout] 4 | abigen!(Multicall3, "src/multicall/multicall_abi.json");
[INFO] [stdout]   | ^^^^^^^^^^^^^^^^^^^^^^^^^^^^^^^^^^^^^^^^^^^^^^^^^^^^^^^ could not find `ethers` in the list of imported crates
[INFO] [stdout]   |
[INFO] [stdout]   = help: consider importing this module:
[INFO] [stdout]           ethers_core::utils::__serde_json
[INFO] [stdout]   = note: this error originates in the macro `abigen` (in Nightly builds, run with -Z macro-backtrace for more info)
[INFO] [stdout] 
[INFO] [stdout] 
[INFO] [stdout] error[E0433]: failed to resolve: could not find `ethers` in the list of imported crates
[INFO] [stdout]  --> /opt/rustwide/cargo-home/registry/src/index.crates.io-6f17d22bba15001f/ethers-contract-2.0.0/src/multicall/contract.rs:4:1
[INFO] [stdout]   |
[INFO] [stdout] 4 | abigen!(Multicall3, "src/multicall/multicall_abi.json");
[INFO] [stdout]   | ^^^^^^^^^^^^^^^^^^^^^^^^^^^^^^^^^^^^^^^^^^^^^^^^^^^^^^^ could not find `ethers` in the list of imported crates
[INFO] [stdout]   |
[INFO] [stdout]   = help: consider importing this module:
[INFO] [stdout]           ethers_core::types
[INFO] [stdout]   = note: this error originates in the macro `abigen` (in Nightly builds, run with -Z macro-backtrace for more info)
[INFO] [stdout] 
[INFO] [stdout] 
[INFO] [stdout] error[E0433]: failed to resolve: could not find `ethers` in the list of imported crates
[INFO] [stdout]  --> /opt/rustwide/cargo-home/registry/src/index.crates.io-6f17d22bba15001f/ethers-contract-2.0.0/src/multicall/contract.rs:4:1
[INFO] [stdout]   |
[INFO] [stdout] 4 | abigen!(Multicall3, "src/multicall/multicall_abi.json");
[INFO] [stdout]   | ^^^^^^^^^^^^^^^^^^^^^^^^^^^^^^^^^^^^^^^^^^^^^^^^^^^^^^^ could not find `ethers` in the list of imported crates
[INFO] [stdout]   |
[INFO] [stdout]   = help: consider importing one of these items:
[INFO] [stdout]           crate::Contract
[INFO] [stdout]           ethers_core::abi::Contract
[INFO] [stdout]   = note: this error originates in the macro `abigen` (in Nightly builds, run with -Z macro-backtrace for more info)
[INFO] [stdout] 
[INFO] [stdout] 
[INFO] [stdout] error[E0433]: failed to resolve: could not find `ethers` in the list of imported crates
[INFO] [stdout]  --> /opt/rustwide/cargo-home/registry/src/index.crates.io-6f17d22bba15001f/ethers-contract-2.0.0/src/multicall/contract.rs:4:1
[INFO] [stdout]   |
[INFO] [stdout] 4 | abigen!(Multicall3, "src/multicall/multicall_abi.json");
[INFO] [stdout]   | ^^^^^^^^^^^^^^^^^^^^^^^^^^^^^^^^^^^^^^^^^^^^^^^^^^^^^^^ could not find `ethers` in the list of imported crates
[INFO] [stdout]   |
[INFO] [stdout]   = help: consider importing this module:
[INFO] [stdout]           crate::builders
[INFO] [stdout]   = note: this error originates in the macro `abigen` (in Nightly builds, run with -Z macro-backtrace for more info)
[INFO] [stdout] 
[INFO] [stdout] 
[INFO] [stdout] error[E0433]: failed to resolve: could not find `ethers` in the list of imported crates
[INFO] [stdout]  --> /opt/rustwide/cargo-home/registry/src/index.crates.io-6f17d22bba15001f/ethers-contract-2.0.0/src/multicall/contract.rs:4:1
[INFO] [stdout]   |
[INFO] [stdout] 4 | abigen!(Multicall3, "src/multicall/multicall_abi.json");
[INFO] [stdout]   | ^^^^^^^^^^^^^^^^^^^^^^^^^^^^^^^^^^^^^^^^^^^^^^^^^^^^^^^ could not find `ethers` in the list of imported crates
[INFO] [stdout]   |
[INFO] [stdout]   = help: consider importing one of these items:
[INFO] [stdout]           crate::multicall::fmt::Error
[INFO] [stdout]           ethers_core::abi::Error
[INFO] [stdout]           ethers_core::utils::__serde_json::Error
[INFO] [stdout]           futures_util::io::Error
[INFO] [stdout]           serde::__private::doc::Error
[INFO] [stdout]           serde::__private::fmt::Error
[INFO] [stdout]           serde::de::Error
[INFO] [stdout]           serde::de::value::Error
[INFO] [stdout]           serde::ser::Error
[INFO] [stdout]           serde_json::Error
[INFO] [stdout]           std::error::Error
[INFO] [stdout]           std::fmt::Error
[INFO] [stdout]           std::io::Error
[INFO] [stdout]           core::error::Error
[INFO] [stdout]           core::fmt::Error
[INFO] [stdout]   = note: this error originates in the macro `abigen` (in Nightly builds, run with -Z macro-backtrace for more info)
[INFO] [stdout] 
[INFO] [stdout] 
[INFO] [stdout] error[E0433]: failed to resolve: could not find `ethers` in the list of imported crates
[INFO] [stdout]  --> /opt/rustwide/cargo-home/registry/src/index.crates.io-6f17d22bba15001f/ethers-contract-2.0.0/src/multicall/contract.rs:4:1
[INFO] [stdout]   |
[INFO] [stdout] 4 | abigen!(Multicall3, "src/multicall/multicall_abi.json");
[INFO] [stdout]   | ^^^^^^^^^^^^^^^^^^^^^^^^^^^^^^^^^^^^^^^^^^^^^^^^^^^^^^^ could not find `ethers` in the list of imported crates
[INFO] [stdout]   |
[INFO] [stdout]   = help: consider importing this trait:
[INFO] [stdout]           ethers_core::abi::AbiEncode
[INFO] [stdout]   = note: this error originates in the macro `abigen` (in Nightly builds, run with -Z macro-backtrace for more info)
[INFO] [stdout] 
[INFO] [stdout] 
[INFO] [stdout] error: aborting due to 10 previous errors
[INFO] [stdout] 
[INFO] [stdout] 
[INFO] [stdout] For more information about this error, try `rustc --explain E0433`.
[INFO] [stdout] 
[INFO] [stderr] error: could not compile `ethers-contract` (lib) due to 11 previous errors
[INFO] running `Command { std: "docker" "inspect" "596615c32d24d284692a42cf6c8b8cba4fb63739d717dc0449a5c46124b3760b", kill_on_drop: false }`
[INFO] running `Command { std: "docker" "rm" "-f" "596615c32d24d284692a42cf6c8b8cba4fb63739d717dc0449a5c46124b3760b", kill_on_drop: false }`
[INFO] [stdout] 596615c32d24d284692a42cf6c8b8cba4fb63739d717dc0449a5c46124b3760b
[INFO] documenting TangleTunes/distributing_client against beta-2023-12-22 for beta-1.76-rustdoc-1
[INFO] running `Command { std: "git" "clone" "/workspace/cache/git-repos/https%3A%2F%2Fgithub.com%2FTangleTunes%2Fdistributing_client" "/workspace/builds/worker-6-tc2/source", kill_on_drop: false }`
[INFO] [stderr] Cloning into '/workspace/builds/worker-6-tc2/source'...
[INFO] [stderr] done.
[INFO] validating manifest of git repo https://github.com/TangleTunes/distributing_client on toolchain beta-2023-12-22
[INFO] running `Command { std: CARGO_HOME="/workspace/cargo-home" RUSTUP_HOME="/workspace/rustup-home" "/workspace/cargo-home/bin/cargo" "+beta-2023-12-22" "metadata" "--manifest-path" "Cargo.toml" "--no-deps", kill_on_drop: false }`
[INFO] started tweaking git repo https://github.com/TangleTunes/distributing_client
[INFO] finished tweaking git repo https://github.com/TangleTunes/distributing_client
[INFO] tweaked toml for git repo https://github.com/TangleTunes/distributing_client written to /workspace/builds/worker-6-tc2/source/Cargo.toml
[INFO] crate git repo https://github.com/TangleTunes/distributing_client already has a lockfile, it will not be regenerated
[INFO] running `Command { std: CARGO_HOME="/workspace/cargo-home" RUSTUP_HOME="/workspace/rustup-home" "/workspace/cargo-home/bin/cargo" "+beta-2023-12-22" "fetch" "--manifest-path" "Cargo.toml", kill_on_drop: false }`
[INFO] running `Command { std: "docker" "create" "-v" "/var/lib/crater-agent-workspace/builds/worker-6-tc2/target:/opt/rustwide/target:rw,Z" "-v" "/var/lib/crater-agent-workspace/builds/worker-6-tc2/source:/opt/rustwide/workdir:ro,Z" "-v" "/var/lib/crater-agent-workspace/cargo-home:/opt/rustwide/cargo-home:ro,Z" "-v" "/var/lib/crater-agent-workspace/rustup-home:/opt/rustwide/rustup-home:ro,Z" "-e" "SOURCE_DIR=/opt/rustwide/workdir" "-e" "CARGO_TARGET_DIR=/opt/rustwide/target" "-e" "CARGO_HOME=/opt/rustwide/cargo-home" "-e" "RUSTUP_HOME=/opt/rustwide/rustup-home" "-w" "/opt/rustwide/workdir" "-m" "1610612736" "--user" "0:0" "--network" "none" "ghcr.io/rust-lang/crates-build-env/linux@sha256:2788e3201cd34a07e3172128adcd8b3090168a8e3bcc40d7c032b9dda1df7d1c" "/opt/rustwide/cargo-home/bin/cargo" "+beta-2023-12-22" "metadata" "--no-deps" "--format-version=1", kill_on_drop: false }`
[INFO] [stdout] 05c2275d9d6845e99799afb47f3191f821208ebe122320e0de30689980731be4
[INFO] running `Command { std: "docker" "start" "-a" "05c2275d9d6845e99799afb47f3191f821208ebe122320e0de30689980731be4", kill_on_drop: false }`
[INFO] running `Command { std: "docker" "inspect" "05c2275d9d6845e99799afb47f3191f821208ebe122320e0de30689980731be4", kill_on_drop: false }`
[INFO] running `Command { std: "docker" "rm" "-f" "05c2275d9d6845e99799afb47f3191f821208ebe122320e0de30689980731be4", kill_on_drop: false }`
[INFO] [stdout] 05c2275d9d6845e99799afb47f3191f821208ebe122320e0de30689980731be4
[INFO] running `Command { std: "docker" "create" "-v" "/var/lib/crater-agent-workspace/builds/worker-6-tc2/target:/opt/rustwide/target:rw,Z" "-v" "/var/lib/crater-agent-workspace/builds/worker-6-tc2/source:/opt/rustwide/workdir:ro,Z" "-v" "/var/lib/crater-agent-workspace/cargo-home:/opt/rustwide/cargo-home:ro,Z" "-v" "/var/lib/crater-agent-workspace/rustup-home:/opt/rustwide/rustup-home:ro,Z" "-e" "SOURCE_DIR=/opt/rustwide/workdir" "-e" "CARGO_TARGET_DIR=/opt/rustwide/target" "-e" "CARGO_INCREMENTAL=0" "-e" "RUST_BACKTRACE=full" "-e" "RUSTFLAGS=--cap-lints=warn" "-e" "RUSTDOCFLAGS=--cap-lints=warn" "-e" "CARGO_HOME=/opt/rustwide/cargo-home" "-e" "RUSTUP_HOME=/opt/rustwide/rustup-home" "-w" "/opt/rustwide/workdir" "-m" "1610612736" "--user" "0:0" "--network" "none" "ghcr.io/rust-lang/crates-build-env/linux@sha256:2788e3201cd34a07e3172128adcd8b3090168a8e3bcc40d7c032b9dda1df7d1c" "/opt/rustwide/cargo-home/bin/cargo" "+beta-2023-12-22" "doc" "--frozen" "--no-deps" "--document-private-items" "--message-format=json", kill_on_drop: false }`
[INFO] [stdout] 7118c793d8747e8252ffb811c05d3e9bc9c7b2e1b740007c13b1fa13d9970dcc
[INFO] running `Command { std: "docker" "start" "-a" "7118c793d8747e8252ffb811c05d3e9bc9c7b2e1b740007c13b1fa13d9970dcc", kill_on_drop: false }`
[INFO] [stderr]    Compiling libc v0.2.140
[INFO] [stderr]    Compiling proc-macro2 v1.0.51
[INFO] [stderr]    Compiling quote v1.0.23
[INFO] [stderr]    Compiling unicode-ident v1.0.8
[INFO] [stderr]    Compiling syn v1.0.109
[INFO] [stderr]    Compiling serde_derive v1.0.155
[INFO] [stderr]    Compiling serde v1.0.155
[INFO] [stderr]    Compiling typenum v1.16.0
[INFO] [stderr]    Compiling once_cell v1.17.1
[INFO] [stderr]    Compiling cc v1.0.79
[INFO] [stderr]    Compiling indexmap v1.9.2
[INFO] [stderr]    Compiling log v0.4.17
[INFO] [stderr]    Compiling futures-core v0.3.27
[INFO] [stderr]    Compiling winnow v0.3.5
[INFO] [stderr]    Compiling toml_datetime v0.6.1
[INFO] [stderr]    Compiling subtle v2.4.1
[INFO] [stderr]    Compiling thiserror v1.0.39
[INFO] [stderr]    Compiling crunchy v0.2.2
[INFO] [stderr]    Compiling futures-task v0.3.27
[INFO] [stderr]    Compiling slab v0.4.8
[INFO] [stderr]    Compiling futures-channel v0.3.27
[INFO] [stderr]    Compiling num-traits v0.2.15
[INFO] [stderr]    Compiling serde_json v1.0.94
[INFO] [stderr]    Compiling byteorder v1.4.3
[INFO] [stderr]    Compiling rustls v0.20.8
[INFO] [stderr]    Compiling tiny-keccak v2.0.2
[INFO] [stderr]    Compiling unicode-segmentation v1.10.1
[INFO] [stderr]    Compiling itoa v1.0.6
[INFO] [stderr]    Compiling proc-macro-error-attr v1.0.4
[INFO] [stderr]    Compiling proc-macro-error v1.0.4
[INFO] [stderr]    Compiling base64ct v1.6.0
[INFO] [stderr]    Compiling semver v1.0.16
[INFO] [stderr]    Compiling camino v1.1.4
[INFO] [stderr]    Compiling rustversion v1.0.12
[INFO] [stderr]    Compiling tokio v1.26.0
[INFO] [stderr]    Compiling const-oid v0.9.2
[INFO] [stderr]    Compiling heck v0.4.1
[INFO] [stderr]    Compiling futures-sink v0.3.27
[INFO] [stderr]    Compiling der v0.6.1
[INFO] [stderr]    Compiling rustc-hex v2.1.0
[INFO] [stderr]    Compiling arrayvec v0.7.2
[INFO] [stderr]    Compiling keccak v0.1.3
[INFO] [stderr]    Compiling byte-slice-cast v1.2.2
[INFO] [stderr]    Compiling futures-util v0.3.27
[INFO] [stderr]    Compiling static_assertions v1.1.0
[INFO] [stderr]    Compiling base16ct v0.1.1
[INFO] [stderr]    Compiling ryu v1.0.13
[INFO] [stderr]     Checking ppv-lite86 v0.2.17
[INFO] [stderr]    Compiling ring v0.16.20
[INFO] [stderr]    Compiling num-integer v0.1.45
[INFO] [stderr]    Compiling futures-io v0.3.27
[INFO] [stderr]    Compiling parking_lot_core v0.9.7
[INFO] [stderr]     Checking generic-array v0.14.6
[INFO] [stderr]    Compiling tracing-core v0.1.30
[INFO] [stderr]    Compiling bitflags v1.3.2
[INFO] [stderr]    Compiling unicode-normalization v0.1.22
[INFO] [stderr]    Compiling uint v0.9.5
[INFO] [stderr]     Checking getrandom v0.2.8
[INFO] [stderr]    Compiling mio v0.8.6
[INFO] [stderr]     Checking rand_core v0.6.4
[INFO] [stderr]    Compiling ahash v0.7.6
[INFO] [stderr]    Compiling num_cpus v1.15.0
[INFO] [stderr]    Compiling socket2 v0.4.9
[INFO] [stderr]    Compiling spki v0.6.0
[INFO] [stderr]     Checking rand_chacha v0.3.1
[INFO] [stderr]     Checking crypto-common v0.1.6
[INFO] [stderr]    Compiling hashbrown v0.12.3
[INFO] [stderr]     Checking block-buffer v0.10.4
[INFO] [stderr]    Compiling pkcs8 v0.9.0
[INFO] [stderr]    Compiling ff v0.12.1
[INFO] [stderr]     Checking rand v0.8.5
[INFO] [stderr]     Checking digest v0.10.6
[INFO] [stderr]    Compiling crypto-bigint v0.4.9
[INFO] [stderr]    Compiling sec1 v0.3.0
[INFO] [stderr]    Compiling group v0.12.1
[INFO] [stderr]    Compiling iana-time-zone v0.1.53
[INFO] [stderr]     Checking sha2 v0.10.6
[INFO] [stderr]    Compiling io-lifetimes v1.0.6
[INFO] [stderr]    Compiling hmac v0.12.1
[INFO] [stderr]    Compiling sha3 v0.10.6
[INFO] [stderr]    Compiling signature v1.6.4
[INFO] [stderr]    Compiling unicode-bidi v0.3.11
[INFO] [stderr]    Compiling chrono v0.4.24
[INFO] [stderr]     Checking parking_lot v0.12.1
[INFO] [stderr]     Checking signal-hook-registry v1.4.1
[INFO] [stderr]    Compiling aho-corasick v0.7.20
[INFO] [stderr]    Compiling regex-syntax v0.6.28
[INFO] [stderr]    Compiling rustix v0.36.9
[INFO] [stderr]    Compiling idna v0.3.0
[INFO] [stderr]    Compiling rfc6979 v0.3.1
[INFO] [stderr]    Compiling fixed-hash v0.8.0
[INFO] [stderr]    Compiling toml_edit v0.19.5
[INFO] [stderr]    Compiling elliptic-curve v0.12.3
[INFO] [stderr]    Compiling linux-raw-sys v0.1.4
[INFO] [stderr]    Compiling base64 v0.21.0
[INFO] [stderr]    Compiling ecdsa v0.14.8
[INFO] [stderr]    Compiling url v2.3.1
[INFO] [stderr]    Compiling rustls-pemfile v1.0.2
[INFO] [stderr]    Compiling fastrand v1.9.0
[INFO] [stderr]    Compiling k256 v0.11.6
[INFO] [stderr]    Compiling try-lock v0.2.4
[INFO] [stderr]     Checking tinyvec_macros v0.1.1
[INFO] [stderr]    Compiling want v0.3.0
[INFO] [stderr]     Checking tinyvec v1.6.0
[INFO] [stderr]    Compiling convert_case v0.6.0
[INFO] [stderr]    Compiling httparse v1.8.0
[INFO] [stderr]    Compiling httpdate v1.0.2
[INFO] [stderr]    Compiling eyre v0.6.8
[INFO] [stderr]    Compiling tower-service v0.3.2
[INFO] [stderr]    Compiling unicode-xid v0.2.4
[INFO] [stderr]    Compiling lazy_static v1.4.0
[INFO] [stderr]    Compiling prettyplease v0.1.24
[INFO] [stderr]    Compiling async-trait v0.1.66
[INFO] [stderr]    Compiling proc-macro-crate v1.3.1
[INFO] [stderr]    Compiling regex v1.7.1
[INFO] [stderr]    Compiling encoding_rs v0.8.32
[INFO] [stderr]    Compiling ipnet v2.7.1
[INFO] [stderr]    Compiling mime v0.3.16
[INFO] [stderr]     Checking time v0.1.45
[INFO] [stderr]    Compiling generic-array v0.12.4
[INFO] [stderr]     Checking webpki v0.22.0
[INFO] [stderr]    Compiling sct v0.7.0
[INFO] [stderr]    Compiling byte-tools v0.3.1
[INFO] [stderr]    Compiling either v1.8.1
[INFO] [stderr]    Compiling block-padding v0.1.5
[INFO] [stderr]    Compiling webpki-roots v0.22.6
[INFO] [stderr]    Compiling tempfile v3.4.0
[INFO] [stderr]    Compiling inout v0.1.3
[INFO] [stderr]    Compiling indenter v0.3.3
[INFO] [stderr]    Compiling parking_lot_core v0.8.6
[INFO] [stderr]    Compiling walkdir v2.3.2
[INFO] [stderr]    Compiling cipher v0.4.4
[INFO] [stderr]    Compiling Inflector v0.11.4
[INFO] [stderr]    Compiling block-buffer v0.7.3
[INFO] [stderr]    Compiling digest v0.8.1
[INFO] [stderr]    Compiling instant v0.1.12
[INFO] [stderr]    Compiling fake-simd v0.1.2
[INFO] [stderr]    Compiling dunce v1.0.3
[INFO] [stderr]    Compiling bs58 v0.4.0
[INFO] [stderr]    Compiling opaque-debug v0.2.3
[INFO] [stderr]    Compiling sha2 v0.8.2
[INFO] [stderr]    Compiling password-hash v0.4.2
[INFO] [stderr]    Compiling crossbeam-utils v0.8.15
[INFO] [stderr]    Compiling base58 v0.1.0
[INFO] [stderr]    Compiling base58check v0.1.0
[INFO] [stderr]    Compiling pbkdf2 v0.11.0
[INFO] [stderr]    Compiling blake2 v0.10.6
[INFO] [stderr]    Compiling ripemd v0.1.3
[INFO] [stderr]     Checking base64 v0.13.1
[INFO] [stderr]    Compiling pkg-config v0.3.26
[INFO] [stderr]    Compiling base64 v0.12.3
[INFO] [stderr]    Compiling bech32 v0.7.3
[INFO] [stderr]    Compiling vcpkg v0.2.15
[INFO] [stderr]    Compiling salsa20 v0.10.2
[INFO] [stderr]    Compiling fxhash v0.2.1
[INFO] [stderr]    Compiling crossbeam-queue v0.3.8
[INFO] [stderr]    Compiling radium v0.3.0
[INFO] [stderr]    Compiling hashers v1.0.1
[INFO] [stderr]    Compiling scrypt v0.10.0
[INFO] [stderr]    Compiling bitvec v0.17.4
[INFO] [stderr]    Compiling ctr v0.9.2
[INFO] [stderr]    Compiling aes v0.8.2
[INFO] [stderr]     Checking sha1 v0.10.5
[INFO] [stderr]    Compiling paste v1.0.12
[INFO] [stderr]     Checking utf-8 v0.7.6
[INFO] [stderr]     Checking block-padding v0.2.1
[INFO] [stderr]    Compiling futures-timer v3.0.2
[INFO] [stderr]     Checking same-file v1.0.6
[INFO] [stderr]    Compiling nom v7.1.3
[INFO] [stderr]    Compiling parking_lot v0.11.2
[INFO] [stderr]    Compiling libsqlite3-sys v0.24.2
[INFO] [stderr]     Checking block-buffer v0.9.0
[INFO] [stderr]    Compiling spin v0.9.5
[INFO] [stderr]    Compiling thiserror-impl v1.0.39
[INFO] [stderr]    Compiling parity-scale-codec-derive v3.1.4
[INFO] [stderr]    Compiling impl-trait-for-tuples v0.2.2
[INFO] [stderr]    Compiling tracing-attributes v0.1.23
[INFO] [stderr]    Compiling scale-info-derive v2.3.1
[INFO] [stderr]    Compiling futures-macro v0.3.27
[INFO] [stderr]    Compiling derive_more v0.99.17
[INFO] [stderr]    Compiling auto_impl v1.0.1
[INFO] [stderr]    Compiling strum_macros v0.24.3
[INFO] [stderr]    Compiling num_enum_derive v0.5.11
[INFO] [stderr]    Compiling rlp-derive v0.1.0
[INFO] [stderr]    Compiling pin-project-internal v1.0.12
[INFO] [stderr]    Compiling tokio-macros v1.8.2
[INFO] [stderr]    Compiling itertools v0.10.5
[INFO] [stderr]     Checking sharded-slab v0.1.4
[INFO] [stderr]    Compiling futures-locks v0.7.1
[INFO] [stderr]     Checking cipher v0.3.0
[INFO] [stderr]     Checking digest v0.9.0
[INFO] [stderr]    Compiling num_enum v0.5.11
[INFO] [stderr]     Checking thread_local v1.1.7
[INFO] [stderr]    Compiling pin-project v1.0.12
[INFO] [stderr]    Compiling tracing v0.1.37
[INFO] [stderr]    Compiling crc-catalog v2.2.0
[INFO] [stderr]    Compiling flume v0.10.14
[INFO] [stderr]     Checking tracing-subscriber v0.3.16
[INFO] [stderr]    Compiling crc v3.0.1
[INFO] [stderr]    Compiling tracing-futures v0.2.5
[INFO] [stderr]    Compiling futures-intrusive v0.4.2
[INFO] [stderr]    Compiling stringprep v0.1.2
[INFO] [stderr]    Compiling hashlink v0.8.1
[INFO] [stderr]    Compiling atoi v1.0.0
[INFO] [stderr]    Compiling strum v0.24.1
[INFO] [stderr]    Compiling backtrace v0.3.67
[INFO] [stderr]     Checking gimli v0.27.2
[INFO] [stderr]    Compiling sqlformat v0.2.1
[INFO] [stderr]     Checking miniz_oxide v0.6.2
[INFO] [stderr]     Checking tracing-error v0.2.0
[INFO] [stderr]     Checking object v0.30.3
[INFO] [stderr]     Checking rustc-demangle v0.1.21
[INFO] [stderr]     Checking owo-colors v3.5.0
[INFO] [stderr]     Checking os_str_bytes v6.4.1
[INFO] [stderr]     Checking debug-helper v0.3.13
[INFO] [stderr]     Checking crc-any v2.4.3
[INFO] [stderr]     Checking des v0.7.0
[INFO] [stderr]     Checking clap_lex v0.3.2
[INFO] [stderr]     Checking tiger v0.1.0
[INFO] [stderr]     Checking sha2 v0.9.9
[INFO] [stderr]     Checking md-5 v0.9.1
[INFO] [stderr]     Checking aes v0.7.5
[INFO] [stderr]     Checking block-modes v0.8.1
[INFO] [stderr]    Compiling clap_derive v4.1.8
[INFO] [stderr]     Checking is-terminal v0.4.4
[INFO] [stderr]     Checking nix v0.26.2
[INFO] [stderr]     Checking termcolor v1.2.0
[INFO] [stderr]     Checking strsim v0.10.0
[INFO] [stderr]     Checking magic-crypt v3.1.12
[INFO] [stderr]     Checking color-spantrace v0.2.0
[INFO] [stderr]    Compiling futures-executor v0.3.27
[INFO] [stderr]     Checking futures v0.3.27
[INFO] [stderr]     Checking ctrlc v3.2.5
[INFO] [stderr]     Checking addr2line v0.19.0
[INFO] [stderr]     Checking clap v4.1.8
[INFO] [stderr]     Checking color-eyre v0.6.2
[INFO] [stderr]     Checking bytes v1.4.0
[INFO] [stderr]     Checking parity-scale-codec v3.4.0
[INFO] [stderr]     Checking impl-serde v0.4.0
[INFO] [stderr]     Checking cargo-platform v0.1.2
[INFO] [stderr]     Checking serde_urlencoded v0.7.1
[INFO] [stderr]     Checking coins-core v0.7.0
[INFO] [stderr]     Checking bincode v1.3.3
[INFO] [stderr]     Checking uuid v0.8.2
[INFO] [stderr]     Checking toml v0.5.11
[INFO] [stderr]     Checking serde_spanned v0.6.1
[INFO] [stderr]     Checking rlp v0.5.2
[INFO] [stderr]     Checking http v0.2.9
[INFO] [stderr]     Checking impl-rlp v0.3.0
[INFO] [stderr]     Checking impl-codec v0.6.0
[INFO] [stderr]     Checking scale-info v2.3.1
[INFO] [stderr]    Compiling coins-bip32 v0.7.0
[INFO] [stderr]     Checking cargo_metadata v0.15.3
[INFO] [stderr]    Compiling open-fastrlp-derive v0.1.1
[INFO] [stderr]     Checking serde-aux v4.1.2
[INFO] [stderr]    Compiling enr v0.7.0
[INFO] [stderr]     Checking eth-keystore v0.5.0
[INFO] [stderr]     Checking ethbloom v0.13.0
[INFO] [stderr]     Checking primitive-types v0.12.1
[INFO] [stderr]    Compiling http-body v0.4.5
[INFO] [stderr]    Compiling coins-bip39 v0.7.0
[INFO] [stderr]     Checking tungstenite v0.18.0
[INFO] [stderr]     Checking ethereum-types v0.14.1
[INFO] [stderr]     Checking open-fastrlp v0.1.4
[INFO] [stderr]     Checking ethabi v18.0.0
[INFO] [stderr]     Checking toml v0.7.2
[INFO] [stderr]     Checking ethers-core v2.0.0
[INFO] [stderr]     Checking tokio-rustls v0.23.4
[INFO] [stderr]     Checking tokio-util v0.7.7
[INFO] [stderr]     Checking tokio-stream v0.1.12
[INFO] [stderr]     Checking tokio-tungstenite v0.18.0
[INFO] [stderr]     Checking sqlx-rt v0.6.2
[INFO] [stderr]     Checking sqlx-core v0.6.2
[INFO] [stderr]     Checking h2 v0.3.16
[INFO] [stderr]     Checking hyper v0.14.25
[INFO] [stderr]     Checking ethers-signers v2.0.0
[INFO] [stderr]     Checking ethers-addressbook v2.0.0
[INFO] [stderr]     Checking hyper-rustls v0.23.2
[INFO] [stderr]    Compiling sqlx-macros v0.6.2
[INFO] [stderr]     Checking reqwest v0.11.14
[INFO] [stderr]     Checking ethers-etherscan v2.0.0
[INFO] [stderr]     Checking ethers-providers v2.0.0
[INFO] [stderr]     Checking ethers-contract-abigen v2.0.0
[INFO] [stderr]     Checking sqlx v0.6.2
[INFO] [stderr]    Compiling ethers-contract-derive v2.0.0
[INFO] [stderr]    Compiling ethers-contract v2.0.0
[INFO] [stdout] error[E0433]: failed to resolve: could not find `ethers` in the list of imported crates
[INFO] [stdout]  --> /opt/rustwide/cargo-home/registry/src/index.crates.io-6f17d22bba15001f/ethers-contract-2.0.0/src/multicall/contract.rs:4:1
[INFO] [stdout]   |
[INFO] [stdout] 4 | abigen!(Multicall3, "src/multicall/multicall_abi.json");
[INFO] [stdout]   | ^^^^^^^^^^^^^^^^^^^^^^^^^^^^^^^^^^^^^^^^^^^^^^^^^^^^^^^ could not find `ethers` in the list of imported crates
[INFO] [stdout]   |
[INFO] [stdout]   = note: this error originates in the macro `abigen` (in Nightly builds, run with -Z macro-backtrace for more info)
[INFO] [stdout] 
[INFO] [stdout] 
[INFO] [stdout] error: cannot find attribute `ethcall` in this scope
[INFO] [stdout]  --> /opt/rustwide/cargo-home/registry/src/index.crates.io-6f17d22bba15001f/ethers-contract-2.0.0/src/multicall/contract.rs:4:1
[INFO] [stdout]   |
[INFO] [stdout] 4 | abigen!(Multicall3, "src/multicall/multicall_abi.json");
[INFO] [stdout]   | ^^^^^^^^^^^^^^^^^^^^^^^^^^^^^^^^^^^^^^^^^^^^^^^^^^^^^^^
[INFO] [stdout]   |
[INFO] [stdout]   = note: this error originates in the macro `abigen` (in Nightly builds, run with -Z macro-backtrace for more info)
[INFO] [stdout] 
[INFO] [stdout] 
[INFO] [stdout] error[E0433]: failed to resolve: could not find `ethers` in the list of imported crates
[INFO] [stdout]  --> /opt/rustwide/cargo-home/registry/src/index.crates.io-6f17d22bba15001f/ethers-contract-2.0.0/src/multicall/contract.rs:4:1
[INFO] [stdout]   |
[INFO] [stdout] 4 | abigen!(Multicall3, "src/multicall/multicall_abi.json");
[INFO] [stdout]   | ^^^^^^^^^^^^^^^^^^^^^^^^^^^^^^^^^^^^^^^^^^^^^^^^^^^^^^^ could not find `ethers` in the list of imported crates
[INFO] [stdout]   |
[INFO] [stdout]   = help: consider importing this module:
[INFO] [stdout]           ethers_core::abi
[INFO] [stdout]   = note: this error originates in the macro `abigen` (in Nightly builds, run with -Z macro-backtrace for more info)
[INFO] [stdout] 
[INFO] [stdout] 
[INFO] [stdout] error[E0433]: failed to resolve: could not find `ethers` in the list of imported crates
[INFO] [stdout]  --> /opt/rustwide/cargo-home/registry/src/index.crates.io-6f17d22bba15001f/ethers-contract-2.0.0/src/multicall/contract.rs:4:1
[INFO] [stdout]   |
[INFO] [stdout] 4 | abigen!(Multicall3, "src/multicall/multicall_abi.json");
[INFO] [stdout]   | ^^^^^^^^^^^^^^^^^^^^^^^^^^^^^^^^^^^^^^^^^^^^^^^^^^^^^^^ could not find `ethers` in the list of imported crates
[INFO] [stdout]   |
[INFO] [stdout]   = help: consider importing one of these items:
[INFO] [stdout]           crate::Lazy
[INFO] [stdout]           futures_util::future::Lazy
[INFO] [stdout]           once_cell::sync::Lazy
[INFO] [stdout]           once_cell::unsync::Lazy
[INFO] [stdout]   = note: this error originates in the macro `abigen` (in Nightly builds, run with -Z macro-backtrace for more info)
[INFO] [stdout] 
[INFO] [stdout] 
[INFO] [stdout] error[E0433]: failed to resolve: could not find `ethers` in the list of imported crates
[INFO] [stdout]  --> /opt/rustwide/cargo-home/registry/src/index.crates.io-6f17d22bba15001f/ethers-contract-2.0.0/src/multicall/contract.rs:4:1
[INFO] [stdout]   |
[INFO] [stdout] 4 | abigen!(Multicall3, "src/multicall/multicall_abi.json");
[INFO] [stdout]   | ^^^^^^^^^^^^^^^^^^^^^^^^^^^^^^^^^^^^^^^^^^^^^^^^^^^^^^^ could not find `ethers` in the list of imported crates
[INFO] [stdout]   |
[INFO] [stdout]   = help: consider importing this module:
[INFO] [stdout]           ethers_core::utils::__serde_json
[INFO] [stdout]   = note: this error originates in the macro `abigen` (in Nightly builds, run with -Z macro-backtrace for more info)
[INFO] [stdout] 
[INFO] [stdout] 
[INFO] [stdout] error[E0433]: failed to resolve: could not find `ethers` in the list of imported crates
[INFO] [stdout]  --> /opt/rustwide/cargo-home/registry/src/index.crates.io-6f17d22bba15001f/ethers-contract-2.0.0/src/multicall/contract.rs:4:1
[INFO] [stdout]   |
[INFO] [stdout] 4 | abigen!(Multicall3, "src/multicall/multicall_abi.json");
[INFO] [stdout]   | ^^^^^^^^^^^^^^^^^^^^^^^^^^^^^^^^^^^^^^^^^^^^^^^^^^^^^^^ could not find `ethers` in the list of imported crates
[INFO] [stdout]   |
[INFO] [stdout]   = help: consider importing this module:
[INFO] [stdout]           ethers_core::types
[INFO] [stdout]   = note: this error originates in the macro `abigen` (in Nightly builds, run with -Z macro-backtrace for more info)
[INFO] [stdout] 
[INFO] [stdout] 
[INFO] [stdout] error[E0433]: failed to resolve: could not find `ethers` in the list of imported crates
[INFO] [stdout]  --> /opt/rustwide/cargo-home/registry/src/index.crates.io-6f17d22bba15001f/ethers-contract-2.0.0/src/multicall/contract.rs:4:1
[INFO] [stdout]   |
[INFO] [stdout] 4 | abigen!(Multicall3, "src/multicall/multicall_abi.json");
[INFO] [stdout]   | ^^^^^^^^^^^^^^^^^^^^^^^^^^^^^^^^^^^^^^^^^^^^^^^^^^^^^^^ could not find `ethers` in the list of imported crates
[INFO] [stdout]   |
[INFO] [stdout]   = help: consider importing one of these items:
[INFO] [stdout]           crate::Contract
[INFO] [stdout]           ethers_core::abi::Contract
[INFO] [stdout]   = note: this error originates in the macro `abigen` (in Nightly builds, run with -Z macro-backtrace for more info)
[INFO] [stdout] 
[INFO] [stdout] 
[INFO] [stdout] error[E0433]: failed to resolve: could not find `ethers` in the list of imported crates
[INFO] [stdout]  --> /opt/rustwide/cargo-home/registry/src/index.crates.io-6f17d22bba15001f/ethers-contract-2.0.0/src/multicall/contract.rs:4:1
[INFO] [stdout]   |
[INFO] [stdout] 4 | abigen!(Multicall3, "src/multicall/multicall_abi.json");
[INFO] [stdout]   | ^^^^^^^^^^^^^^^^^^^^^^^^^^^^^^^^^^^^^^^^^^^^^^^^^^^^^^^ could not find `ethers` in the list of imported crates
[INFO] [stdout]   |
[INFO] [stdout]   = help: consider importing this module:
[INFO] [stdout]           crate::builders
[INFO] [stdout]   = note: this error originates in the macro `abigen` (in Nightly builds, run with -Z macro-backtrace for more info)
[INFO] [stdout] 
[INFO] [stdout] 
[INFO] [stdout] error[E0433]: failed to resolve: could not find `ethers` in the list of imported crates
[INFO] [stdout]  --> /opt/rustwide/cargo-home/registry/src/index.crates.io-6f17d22bba15001f/ethers-contract-2.0.0/src/multicall/contract.rs:4:1
[INFO] [stdout]   |
[INFO] [stdout] 4 | abigen!(Multicall3, "src/multicall/multicall_abi.json");
[INFO] [stdout]   | ^^^^^^^^^^^^^^^^^^^^^^^^^^^^^^^^^^^^^^^^^^^^^^^^^^^^^^^ could not find `ethers` in the list of imported crates
[INFO] [stdout]   |
[INFO] [stdout]   = help: consider importing one of these items:
[INFO] [stdout]           core::error::Error
[INFO] [stdout]           core::fmt::Error
[INFO] [stdout]           crate::multicall::fmt::Error
[INFO] [stdout]           ethers_core::abi::Error
[INFO] [stdout]           ethers_core::utils::__serde_json::Error
[INFO] [stdout]           futures_util::io::Error
[INFO] [stdout]           serde::__private::doc::Error
[INFO] [stdout]           serde::__private::fmt::Error
[INFO] [stdout]           serde::de::Error
[INFO] [stdout]           serde::de::value::Error
[INFO] [stdout]           serde::ser::Error
[INFO] [stdout]           serde_json::Error
[INFO] [stdout]           std::error::Error
[INFO] [stdout]           std::fmt::Error
[INFO] [stdout]           std::io::Error
[INFO] [stdout]   = note: this error originates in the macro `abigen` (in Nightly builds, run with -Z macro-backtrace for more info)
[INFO] [stdout] 
[INFO] [stdout] 
[INFO] [stdout] error[E0433]: failed to resolve: could not find `ethers` in the list of imported crates
[INFO] [stdout]  --> /opt/rustwide/cargo-home/registry/src/index.crates.io-6f17d22bba15001f/ethers-contract-2.0.0/src/multicall/contract.rs:4:1
[INFO] [stdout]   |
[INFO] [stdout] 4 | abigen!(Multicall3, "src/multicall/multicall_abi.json");
[INFO] [stdout]   | ^^^^^^^^^^^^^^^^^^^^^^^^^^^^^^^^^^^^^^^^^^^^^^^^^^^^^^^ could not find `ethers` in the list of imported crates
[INFO] [stdout]   |
[INFO] [stdout]   = help: consider importing this trait:
[INFO] [stdout]           ethers_core::abi::AbiEncode
[INFO] [stdout]   = note: this error originates in the macro `abigen` (in Nightly builds, run with -Z macro-backtrace for more info)
[INFO] [stdout] 
[INFO] [stdout] 
[INFO] [stdout] error: aborting due to 10 previous errors
[INFO] [stdout] 
[INFO] [stdout] 
[INFO] [stdout] For more information about this error, try `rustc --explain E0433`.
[INFO] [stdout] 
[INFO] [stderr] error: could not compile `ethers-contract` (lib) due to 11 previous errors
[INFO] [stderr] warning: build failed, waiting for other jobs to finish...
[INFO] [stdout] error[E0433]: failed to resolve: could not find `ethers` in the list of imported crates
[INFO] [stdout]  --> /opt/rustwide/cargo-home/registry/src/index.crates.io-6f17d22bba15001f/ethers-contract-2.0.0/src/multicall/contract.rs:4:1
[INFO] [stdout]   |
[INFO] [stdout] 4 | abigen!(Multicall3, "src/multicall/multicall_abi.json");
[INFO] [stdout]   | ^^^^^^^^^^^^^^^^^^^^^^^^^^^^^^^^^^^^^^^^^^^^^^^^^^^^^^^ could not find `ethers` in the list of imported crates
[INFO] [stdout]   |
[INFO] [stdout]   = note: this error originates in the macro `abigen` (in Nightly builds, run with -Z macro-backtrace for more info)
[INFO] [stdout] 
[INFO] [stdout] 
[INFO] [stdout] error: cannot find attribute `ethcall` in this scope
[INFO] [stdout]  --> /opt/rustwide/cargo-home/registry/src/index.crates.io-6f17d22bba15001f/ethers-contract-2.0.0/src/multicall/contract.rs:4:1
[INFO] [stdout]   |
[INFO] [stdout] 4 | abigen!(Multicall3, "src/multicall/multicall_abi.json");
[INFO] [stdout]   | ^^^^^^^^^^^^^^^^^^^^^^^^^^^^^^^^^^^^^^^^^^^^^^^^^^^^^^^
[INFO] [stdout]   |
[INFO] [stdout]   = note: this error originates in the macro `abigen` (in Nightly builds, run with -Z macro-backtrace for more info)
[INFO] [stdout] 
[INFO] [stdout] 
[INFO] [stdout] error[E0433]: failed to resolve: could not find `ethers` in the list of imported crates
[INFO] [stdout]  --> /opt/rustwide/cargo-home/registry/src/index.crates.io-6f17d22bba15001f/ethers-contract-2.0.0/src/multicall/contract.rs:4:1
[INFO] [stdout]   |
[INFO] [stdout] 4 | abigen!(Multicall3, "src/multicall/multicall_abi.json");
[INFO] [stdout]   | ^^^^^^^^^^^^^^^^^^^^^^^^^^^^^^^^^^^^^^^^^^^^^^^^^^^^^^^ could not find `ethers` in the list of imported crates
[INFO] [stdout]   |
[INFO] [stdout]   = help: consider importing this module:
[INFO] [stdout]           ethers_core::abi
[INFO] [stdout]   = note: this error originates in the macro `abigen` (in Nightly builds, run with -Z macro-backtrace for more info)
[INFO] [stdout] 
[INFO] [stdout] 
[INFO] [stdout] error[E0433]: failed to resolve: could not find `ethers` in the list of imported crates
[INFO] [stdout]  --> /opt/rustwide/cargo-home/registry/src/index.crates.io-6f17d22bba15001f/ethers-contract-2.0.0/src/multicall/contract.rs:4:1
[INFO] [stdout]   |
[INFO] [stdout] 4 | abigen!(Multicall3, "src/multicall/multicall_abi.json");
[INFO] [stdout]   | ^^^^^^^^^^^^^^^^^^^^^^^^^^^^^^^^^^^^^^^^^^^^^^^^^^^^^^^ could not find `ethers` in the list of imported crates
[INFO] [stdout]   |
[INFO] [stdout]   = help: consider importing one of these items:
[INFO] [stdout]           crate::Lazy
[INFO] [stdout]           futures_util::future::Lazy
[INFO] [stdout]           once_cell::sync::Lazy
[INFO] [stdout]           once_cell::unsync::Lazy
[INFO] [stdout]   = note: this error originates in the macro `abigen` (in Nightly builds, run with -Z macro-backtrace for more info)
[INFO] [stdout] 
[INFO] [stdout] 
[INFO] [stdout] error[E0433]: failed to resolve: could not find `ethers` in the list of imported crates
[INFO] [stdout]  --> /opt/rustwide/cargo-home/registry/src/index.crates.io-6f17d22bba15001f/ethers-contract-2.0.0/src/multicall/contract.rs:4:1
[INFO] [stdout]   |
[INFO] [stdout] 4 | abigen!(Multicall3, "src/multicall/multicall_abi.json");
[INFO] [stdout]   | ^^^^^^^^^^^^^^^^^^^^^^^^^^^^^^^^^^^^^^^^^^^^^^^^^^^^^^^ could not find `ethers` in the list of imported crates
[INFO] [stdout]   |
[INFO] [stdout]   = help: consider importing this module:
[INFO] [stdout]           ethers_core::utils::__serde_json
[INFO] [stdout]   = note: this error originates in the macro `abigen` (in Nightly builds, run with -Z macro-backtrace for more info)
[INFO] [stdout] 
[INFO] [stdout] 
[INFO] [stdout] error[E0433]: failed to resolve: could not find `ethers` in the list of imported crates
[INFO] [stdout]  --> /opt/rustwide/cargo-home/registry/src/index.crates.io-6f17d22bba15001f/ethers-contract-2.0.0/src/multicall/contract.rs:4:1
[INFO] [stdout]   |
[INFO] [stdout] 4 | abigen!(Multicall3, "src/multicall/multicall_abi.json");
[INFO] [stdout]   | ^^^^^^^^^^^^^^^^^^^^^^^^^^^^^^^^^^^^^^^^^^^^^^^^^^^^^^^ could not find `ethers` in the list of imported crates
[INFO] [stdout]   |
[INFO] [stdout]   = help: consider importing this module:
[INFO] [stdout]           ethers_core::types
[INFO] [stdout]   = note: this error originates in the macro `abigen` (in Nightly builds, run with -Z macro-backtrace for more info)
[INFO] [stdout] 
[INFO] [stdout] 
[INFO] [stdout] error[E0433]: failed to resolve: could not find `ethers` in the list of imported crates
[INFO] [stdout]  --> /opt/rustwide/cargo-home/registry/src/index.crates.io-6f17d22bba15001f/ethers-contract-2.0.0/src/multicall/contract.rs:4:1
[INFO] [stdout]   |
[INFO] [stdout] 4 | abigen!(Multicall3, "src/multicall/multicall_abi.json");
[INFO] [stdout]   | ^^^^^^^^^^^^^^^^^^^^^^^^^^^^^^^^^^^^^^^^^^^^^^^^^^^^^^^ could not find `ethers` in the list of imported crates
[INFO] [stdout]   |
[INFO] [stdout]   = help: consider importing one of these items:
[INFO] [stdout]           crate::Contract
[INFO] [stdout]           ethers_core::abi::Contract
[INFO] [stdout]   = note: this error originates in the macro `abigen` (in Nightly builds, run with -Z macro-backtrace for more info)
[INFO] [stdout] 
[INFO] [stdout] 
[INFO] [stdout] error[E0433]: failed to resolve: could not find `ethers` in the list of imported crates
[INFO] [stdout]  --> /opt/rustwide/cargo-home/registry/src/index.crates.io-6f17d22bba15001f/ethers-contract-2.0.0/src/multicall/contract.rs:4:1
[INFO] [stdout]   |
[INFO] [stdout] 4 | abigen!(Multicall3, "src/multicall/multicall_abi.json");
[INFO] [stdout]   | ^^^^^^^^^^^^^^^^^^^^^^^^^^^^^^^^^^^^^^^^^^^^^^^^^^^^^^^ could not find `ethers` in the list of imported crates
[INFO] [stdout]   |
[INFO] [stdout]   = help: consider importing this module:
[INFO] [stdout]           crate::builders
[INFO] [stdout]   = note: this error originates in the macro `abigen` (in Nightly builds, run with -Z macro-backtrace for more info)
[INFO] [stdout] 
[INFO] [stdout] 
[INFO] [stdout] error[E0433]: failed to resolve: could not find `ethers` in the list of imported crates
[INFO] [stdout]  --> /opt/rustwide/cargo-home/registry/src/index.crates.io-6f17d22bba15001f/ethers-contract-2.0.0/src/multicall/contract.rs:4:1
[INFO] [stdout]   |
[INFO] [stdout] 4 | abigen!(Multicall3, "src/multicall/multicall_abi.json");
[INFO] [stdout]   | ^^^^^^^^^^^^^^^^^^^^^^^^^^^^^^^^^^^^^^^^^^^^^^^^^^^^^^^ could not find `ethers` in the list of imported crates
[INFO] [stdout]   |
[INFO] [stdout]   = help: consider importing one of these items:
[INFO] [stdout]           core::error::Error
[INFO] [stdout]           core::fmt::Error
[INFO] [stdout]           crate::multicall::fmt::Error
[INFO] [stdout]           ethers_core::abi::Error
[INFO] [stdout]           ethers_core::utils::__serde_json::Error
[INFO] [stdout]           futures_util::io::Error
[INFO] [stdout]           serde::__private::doc::Error
[INFO] [stdout]           serde::__private::fmt::Error
[INFO] [stdout]           serde::de::Error
[INFO] [stdout]           serde::de::value::Error
[INFO] [stdout]           serde::ser::Error
[INFO] [stdout]           serde_json::Error
[INFO] [stdout]           std::error::Error
[INFO] [stdout]           std::fmt::Error
[INFO] [stdout]           std::io::Error
[INFO] [stdout]   = note: this error originates in the macro `abigen` (in Nightly builds, run with -Z macro-backtrace for more info)
[INFO] [stdout] 
[INFO] [stdout] 
[INFO] [stdout] error[E0433]: failed to resolve: could not find `ethers` in the list of imported crates
[INFO] [stdout]  --> /opt/rustwide/cargo-home/registry/src/index.crates.io-6f17d22bba15001f/ethers-contract-2.0.0/src/multicall/contract.rs:4:1
[INFO] [stdout]   |
[INFO] [stdout] 4 | abigen!(Multicall3, "src/multicall/multicall_abi.json");
[INFO] [stdout]   | ^^^^^^^^^^^^^^^^^^^^^^^^^^^^^^^^^^^^^^^^^^^^^^^^^^^^^^^ could not find `ethers` in the list of imported crates
[INFO] [stdout]   |
[INFO] [stdout]   = help: consider importing this trait:
[INFO] [stdout]           ethers_core::abi::AbiEncode
[INFO] [stdout]   = note: this error originates in the macro `abigen` (in Nightly builds, run with -Z macro-backtrace for more info)
[INFO] [stdout] 
[INFO] [stdout] 
[INFO] [stdout] error: aborting due to 10 previous errors
[INFO] [stdout] 
[INFO] [stdout] 
[INFO] [stdout] For more information about this error, try `rustc --explain E0433`.
[INFO] [stdout] 
[INFO] [stderr] error: could not compile `ethers-contract` (lib) due to 11 previous errors
[INFO] running `Command { std: "docker" "inspect" "7118c793d8747e8252ffb811c05d3e9bc9c7b2e1b740007c13b1fa13d9970dcc", kill_on_drop: false }`
[INFO] running `Command { std: "docker" "rm" "-f" "7118c793d8747e8252ffb811c05d3e9bc9c7b2e1b740007c13b1fa13d9970dcc", kill_on_drop: false }`
[INFO] [stdout] 7118c793d8747e8252ffb811c05d3e9bc9c7b2e1b740007c13b1fa13d9970dcc
