[INFO] cloning repository https://github.com/Talent0727/built-actor
[INFO] running `Command { std: "git" "-c" "credential.helper=" "-c" "credential.helper=/workspace/cargo-home/bin/git-credential-null" "clone" "--bare" "https://github.com/Talent0727/built-actor" "/workspace/cache/git-repos/https%3A%2F%2Fgithub.com%2FTalent0727%2Fbuilt-actor", kill_on_drop: false }`
[INFO] [stderr] Cloning into bare repository '/workspace/cache/git-repos/https%3A%2F%2Fgithub.com%2FTalent0727%2Fbuilt-actor'...
[INFO] running `Command { std: "git" "rev-parse" "HEAD", kill_on_drop: false }`
[INFO] [stdout] ce4578ba5f78faf75ff5794d541d3b9431508a2b
[INFO] documenting Talent0727/built-actor against 1.75.0 for beta-1.76-rustdoc-1
[INFO] running `Command { std: "git" "clone" "/workspace/cache/git-repos/https%3A%2F%2Fgithub.com%2FTalent0727%2Fbuilt-actor" "/workspace/builds/worker-1-tc1/source", kill_on_drop: false }`
[INFO] [stderr] Cloning into '/workspace/builds/worker-1-tc1/source'...
[INFO] [stderr] done.
[INFO] validating manifest of git repo https://github.com/Talent0727/built-actor on toolchain 1.75.0
[INFO] running `Command { std: CARGO_HOME="/workspace/cargo-home" RUSTUP_HOME="/workspace/rustup-home" "/workspace/cargo-home/bin/cargo" "+1.75.0" "metadata" "--manifest-path" "Cargo.toml" "--no-deps", kill_on_drop: false }`
[INFO] removed /workspace/builds/worker-1-tc1/source/.cargo/config.toml
[INFO] removed /workspace/builds/worker-1-tc1/source/rust-toolchain.toml
[INFO] started tweaking git repo https://github.com/Talent0727/built-actor
[INFO] finished tweaking git repo https://github.com/Talent0727/built-actor
[INFO] tweaked toml for git repo https://github.com/Talent0727/built-actor written to /workspace/builds/worker-1-tc1/source/Cargo.toml
[INFO] crate git repo https://github.com/Talent0727/built-actor already has a lockfile, it will not be regenerated
[INFO] running `Command { std: CARGO_HOME="/workspace/cargo-home" RUSTUP_HOME="/workspace/rustup-home" "/workspace/cargo-home/bin/cargo" "+1.75.0" "fetch" "--manifest-path" "Cargo.toml", kill_on_drop: false }`
[INFO] [stderr]     Updating crates.io index
[INFO] [stderr]  Downloading crates ...
[INFO] [stderr]   Downloaded bytecheck_derive v0.6.10
[INFO] [stderr]   Downloaded ethers-addressbook v1.0.2
[INFO] [stderr]   Downloaded serde-aux v4.1.2
[INFO] [stderr]   Downloaded ethers-middleware v1.0.2
[INFO] [stderr]   Downloaded ethers-contract-derive v1.0.2
[INFO] [stderr]   Downloaded rkyv v0.7.40
[INFO] [stderr]   Downloaded auto_impl v1.0.1
[INFO] [stderr]   Downloaded frc42_dispatch v3.2.0
[INFO] [stderr]   Downloaded fvm_sdk v3.2.0
[INFO] [stderr]   Downloaded frc42_macros v1.2.0
[INFO] [stderr]   Downloaded bytecheck v0.6.10
[INFO] [stderr]   Downloaded ethers-etherscan v1.0.2
[INFO] [stderr]   Downloaded fvm_shared v3.2.0
[INFO] [stderr]   Downloaded libipld-core v0.13.1
[INFO] [stderr]   Downloaded ethers v1.0.2
[INFO] [stderr]   Downloaded ethers-contract-abigen v1.0.2
[INFO] [stderr]   Downloaded rkyv_derive v0.7.40
[INFO] [stderr]   Downloaded ethers-signers v1.0.2
[INFO] [stderr]   Downloaded ethers-contract v1.0.2
[INFO] [stderr]   Downloaded ethers-providers v1.0.2
[INFO] [stderr]   Downloaded borsh-derive-internal v0.10.2
[INFO] [stderr]   Downloaded borsh-schema-derive-internal v0.10.2
[INFO] [stderr]   Downloaded borsh-derive v0.10.2
[INFO] [stderr]   Downloaded borsh v0.10.2
[INFO] [stderr]   Downloaded rust_decimal v1.29.0
[INFO] [stderr]   Downloaded fvm_actor_utils v6.0.0
[INFO] [stderr]   Downloaded fvm_ipld_blockstore v0.1.1
[INFO] [stderr]   Downloaded fil_actor_bundler v5.0.0
[INFO] [stderr]   Downloaded frc42_hasher v1.5.0
[INFO] [stderr]   Downloaded fvm_ipld_car v0.6.0
[INFO] [stderr]   Downloaded fvm_ipld_bitfield v0.5.4
[INFO] [stderr]   Downloaded frc46_token v6.0.0
[INFO] [stderr]   Downloaded etk-asm v0.2.1
[INFO] [stderr]   Downloaded fvm_ipld_kamt v0.2.0
[INFO] running `Command { std: "docker" "create" "-v" "/var/lib/crater-agent-workspace/builds/worker-1-tc1/target:/opt/rustwide/target:rw,Z" "-v" "/var/lib/crater-agent-workspace/builds/worker-1-tc1/source:/opt/rustwide/workdir:ro,Z" "-v" "/var/lib/crater-agent-workspace/cargo-home:/opt/rustwide/cargo-home:ro,Z" "-v" "/var/lib/crater-agent-workspace/rustup-home:/opt/rustwide/rustup-home:ro,Z" "-e" "SOURCE_DIR=/opt/rustwide/workdir" "-e" "CARGO_TARGET_DIR=/opt/rustwide/target" "-e" "CARGO_HOME=/opt/rustwide/cargo-home" "-e" "RUSTUP_HOME=/opt/rustwide/rustup-home" "-w" "/opt/rustwide/workdir" "-m" "1610612736" "--user" "0:0" "--network" "none" "ghcr.io/rust-lang/crates-build-env/linux@sha256:2788e3201cd34a07e3172128adcd8b3090168a8e3bcc40d7c032b9dda1df7d1c" "/opt/rustwide/cargo-home/bin/cargo" "+1.75.0" "metadata" "--no-deps" "--format-version=1", kill_on_drop: false }`
[INFO] [stdout] 9f1b30b156a36a324479f04e127afb95b00231756e414d5dc87e02d68a907492
[INFO] running `Command { std: "docker" "start" "-a" "9f1b30b156a36a324479f04e127afb95b00231756e414d5dc87e02d68a907492", kill_on_drop: false }`
[INFO] running `Command { std: "docker" "inspect" "9f1b30b156a36a324479f04e127afb95b00231756e414d5dc87e02d68a907492", kill_on_drop: false }`
[INFO] running `Command { std: "docker" "rm" "-f" "9f1b30b156a36a324479f04e127afb95b00231756e414d5dc87e02d68a907492", kill_on_drop: false }`
[INFO] [stdout] 9f1b30b156a36a324479f04e127afb95b00231756e414d5dc87e02d68a907492
[INFO] running `Command { std: "docker" "create" "-v" "/var/lib/crater-agent-workspace/builds/worker-1-tc1/target:/opt/rustwide/target:rw,Z" "-v" "/var/lib/crater-agent-workspace/builds/worker-1-tc1/source:/opt/rustwide/workdir:ro,Z" "-v" "/var/lib/crater-agent-workspace/cargo-home:/opt/rustwide/cargo-home:ro,Z" "-v" "/var/lib/crater-agent-workspace/rustup-home:/opt/rustwide/rustup-home:ro,Z" "-e" "SOURCE_DIR=/opt/rustwide/workdir" "-e" "CARGO_TARGET_DIR=/opt/rustwide/target" "-e" "CARGO_INCREMENTAL=0" "-e" "RUST_BACKTRACE=full" "-e" "RUSTFLAGS=--cap-lints=warn" "-e" "RUSTDOCFLAGS=--cap-lints=warn" "-e" "CARGO_HOME=/opt/rustwide/cargo-home" "-e" "RUSTUP_HOME=/opt/rustwide/rustup-home" "-w" "/opt/rustwide/workdir" "-m" "1610612736" "--user" "0:0" "--network" "none" "ghcr.io/rust-lang/crates-build-env/linux@sha256:2788e3201cd34a07e3172128adcd8b3090168a8e3bcc40d7c032b9dda1df7d1c" "/opt/rustwide/cargo-home/bin/cargo" "+1.75.0" "doc" "--frozen" "--no-deps" "--document-private-items" "--message-format=json", kill_on_drop: false }`
[INFO] [stdout] d3cdf3ed1383575c64c32f3cf14a6ee97f6724f6e5fb9ef3e1374c3b9b996f7f
[INFO] running `Command { std: "docker" "start" "-a" "d3cdf3ed1383575c64c32f3cf14a6ee97f6724f6e5fb9ef3e1374c3b9b996f7f", kill_on_drop: false }`
[INFO] [stderr]    Compiling proc-macro2 v1.0.52
[INFO] [stderr]    Compiling quote v1.0.26
[INFO] [stderr]    Compiling unicode-ident v1.0.8
[INFO] [stderr]    Compiling autocfg v1.1.0
[INFO] [stderr]    Compiling version_check v0.9.4
[INFO] [stderr]    Compiling syn v1.0.109
[INFO] [stderr]    Compiling serde_derive v1.0.158
[INFO] [stderr]    Compiling serde v1.0.158
[INFO] [stderr]    Compiling memchr v2.5.0
[INFO] [stderr]    Compiling cfg-if v1.0.0
[INFO] [stderr]    Compiling typenum v1.16.0
[INFO] [stderr]    Compiling thiserror v1.0.40
[INFO] [stderr]    Compiling constant_time_eq v0.2.5
[INFO] [stderr]    Compiling futures-core v0.3.27
[INFO] [stderr]    Compiling cc v1.0.79
[INFO] [stderr]    Compiling arrayref v0.3.7
[INFO] [stderr]    Compiling arrayvec v0.7.2
[INFO] [stderr]    Compiling data-encoding v2.3.3
[INFO] [stderr]    Compiling unicode-xid v0.2.4
[INFO] [stderr]    Compiling cpufeatures v0.2.5
[INFO] [stderr]    Compiling keccak v0.1.3
[INFO] [stderr]    Compiling base-x v0.2.11
[INFO] [stderr]    Compiling blake2b_simd v1.0.1
[INFO] [stderr]    Compiling blake2s_simd v1.0.1
[INFO] [stderr]    Compiling unsigned-varint v0.7.1
[INFO] [stderr]    Compiling generic-array v0.14.6
[INFO] [stderr]    Compiling proc-macro-error-attr v1.0.4
[INFO] [stderr]    Compiling proc-macro-error v1.0.4
[INFO] [stderr]    Compiling slab v0.4.8
[INFO] [stderr]    Compiling anyhow v1.0.70
[INFO] [stderr]    Compiling futures-io v0.3.27
[INFO] [stderr]    Compiling pin-project-lite v0.2.9
[INFO] [stderr]    Compiling value-bag v1.0.0-alpha.9
[INFO] [stderr]    Compiling num-traits v0.2.15
[INFO] [stderr]    Compiling crossbeam-utils v0.8.15
[INFO] [stderr]    Compiling libc v0.2.140
[INFO] [stderr]    Compiling scopeguard v1.1.0
[INFO] [stderr]    Compiling log v0.4.17
[INFO] [stderr]    Compiling num-integer v0.1.45
[INFO] [stderr]    Compiling futures-channel v0.3.27
[INFO] [stderr]    Compiling core2 v0.4.0
[INFO] [stderr]    Compiling futures-task v0.3.27
[INFO] [stderr]    Compiling event-listener v2.5.3
[INFO] [stderr]    Compiling futures-util v0.3.27
[INFO] [stderr]    Compiling pin-utils v0.1.0
[INFO] [stderr]    Compiling once_cell v1.17.1
[INFO] [stderr]    Compiling parking v2.0.0
[INFO] [stderr]    Compiling futures-sink v0.3.27
[INFO] [stderr]    Compiling syn v2.0.4
[INFO] [stderr]    Compiling fastrand v1.9.0
[INFO] [stderr]    Compiling waker-fn v1.1.0
[INFO] [stderr]    Compiling async-lock v2.7.0
[INFO] [stderr]    Compiling num-bigint v0.4.3
[INFO] [stderr]    Compiling indexmap v1.9.2
[INFO] [stderr]    Compiling blake3 v1.3.3
[INFO] [stderr]    Compiling concurrent-queue v2.1.0
[INFO] [stderr]    Compiling futures-lite v1.12.0
[INFO] [stderr]    Compiling polling v2.6.0
[INFO] [stderr]    Compiling async-io v1.12.0
[INFO] [stderr]    Compiling async-trait v0.1.67
[INFO] [stderr]    Compiling async-task v4.3.0
[INFO] [stderr]    Compiling async-channel v1.8.0
[INFO] [stderr]    Compiling num-iter v0.1.43
[INFO] [stderr]    Compiling num-rational v0.4.1
[INFO] [stderr]    Compiling socket2 v0.4.9
[INFO] [stderr]    Compiling rustversion v1.0.12
[INFO] [stderr]    Compiling heck v0.4.1
[INFO] [stderr]    Compiling atomic-waker v1.1.0
[INFO] [stderr]    Compiling bitflags v1.3.2
[INFO] [stderr]    Compiling either v1.8.1
[INFO] [stderr]    Compiling paste v1.0.12
[INFO] [stderr]    Compiling hashbrown v0.12.3
[INFO] [stderr]    Compiling serde_json v1.0.94
[INFO] [stderr]    Compiling os_str_bytes v6.5.0
[INFO] [stderr]    Compiling itertools v0.10.5
[INFO] [stderr]    Compiling atty v0.2.14
[INFO] [stderr]    Compiling block-buffer v0.10.4
[INFO] [stderr]    Compiling crypto-common v0.1.6
[INFO] [stderr]    Compiling aho-corasick v0.7.20
[INFO] [stderr]    Compiling digest v0.10.6
[INFO] [stderr]    Compiling blocking v1.3.0
[INFO] [stderr]    Compiling async-executor v1.5.0
[INFO] [stderr]    Compiling clap_lex v0.2.4
[INFO] [stderr]    Compiling textwrap v0.16.0
[INFO] [stderr]    Compiling regex-syntax v0.6.28
[INFO] [stderr]    Compiling byteorder v1.4.3
[INFO] [stderr]    Compiling sha2 v0.10.6
[INFO] [stderr]    Compiling sha3 v0.10.6
[INFO] [stderr]    Compiling ripemd v0.1.3
[INFO] [stderr]    Compiling fil_actors_runtime v12.0.0 (/opt/rustwide/workdir/runtime)
[INFO] [stderr]    Compiling termcolor v1.2.0
[INFO] [stderr]    Compiling itoa v1.0.6
[INFO] [stderr]    Compiling ryu v1.0.13
[INFO] [stderr]    Compiling strsim v0.10.0
[INFO] [stderr]    Compiling lazy_static v1.4.0
[INFO] [stderr]    Compiling castaway v0.2.2
[INFO] [stderr]    Compiling regex v1.7.1
[INFO] [stderr]    Compiling thiserror-impl v1.0.40
[INFO] [stderr]    Compiling serde_repr v0.1.12
[INFO] [stderr]    Compiling synstructure v0.12.6
[INFO] [stderr]    Compiling data-encoding-macro-internal v0.1.10
[INFO] [stderr]    Compiling serde_tuple_macros v0.5.0
[INFO] [stderr]    Compiling ctor v0.1.26
[INFO] [stderr]    Compiling futures-macro v0.3.27
[INFO] [stderr]    Compiling clap_derive v3.2.18
[INFO] [stderr]    Compiling num-derive v0.3.3
[INFO] [stderr]    Compiling data-encoding-macro v0.1.12
[INFO] [stderr]    Compiling multibase v0.9.1
[INFO] [stderr]    Compiling kv-log-macro v1.0.7
[INFO] [stderr]    Compiling async-global-executor v2.3.1
[INFO] [stderr]    Compiling async-std v1.12.0
[INFO] [stderr]    Compiling clap v3.2.23
[INFO] [stderr]    Compiling futures-executor v0.3.27
[INFO] [stderr]    Compiling integer-encoding v3.0.4
[INFO] [stderr]    Compiling futures v0.3.27
[INFO] [stderr]    Compiling toml v0.5.11
[INFO] [stderr]    Compiling serde-big-array v0.3.3
[INFO] [stderr]    Compiling serde_bytes v0.11.9
[INFO] [stderr]    Compiling cbor4ii v0.2.14
[INFO] [stderr]    Compiling serde_tuple v0.5.0
[INFO] [stderr]    Compiling cs_serde_bytes v0.12.2
[INFO] [stderr]    Compiling num-complex v0.4.3
[INFO] [stderr]    Compiling forest_hash_utils v0.1.0
[INFO] [stderr]    Compiling proc-macro-crate v1.1.3
[INFO] [stderr]    Compiling multihash-derive v0.8.1
[INFO] [stderr]    Compiling num v0.4.0
[INFO] [stderr]    Compiling multihash v0.16.3
[INFO] [stderr]    Compiling cid v0.8.6
[INFO] [stderr]    Compiling serde_ipld_dagcbor v0.2.2
[INFO] [stderr]    Compiling fvm_ipld_blockstore v0.1.1
[INFO] [stderr]    Compiling libipld-core v0.14.0
[INFO] [stderr]    Compiling fvm_ipld_encoding v0.3.3
[INFO] [stderr]    Compiling fvm_ipld_hamt v0.6.1
[INFO] [stderr]    Compiling fvm_ipld_amt v0.5.1
[INFO] [stderr]    Compiling fvm_ipld_bitfield v0.5.4
[INFO] [stderr]    Compiling fvm_ipld_car v0.6.0
[INFO] [stderr]    Compiling fvm_shared v3.2.0
[INFO] [stderr]    Compiling fil_actor_bundler v5.0.0
[INFO] [stdout] warning: private item shadows public glob re-export
[INFO] [stdout]   --> runtime/src/lib.rs:4:5
[INFO] [stdout]    |
[INFO] [stdout] 4  | use builtin::HAMT_BIT_WIDTH;
[INFO] [stdout]    |     ^^^^^^^^^^^^^^^^^^^^^^^
[INFO] [stdout]    |
[INFO] [stdout] note: the name `HAMT_BIT_WIDTH` in the value namespace is supposed to be publicly re-exported here
[INFO] [stdout]   --> runtime/src/lib.rs:18:9
[INFO] [stdout]    |
[INFO] [stdout] 18 | pub use self::builtin::*;
[INFO] [stdout]    |         ^^^^^^^^^^^^^^^^
[INFO] [stdout] note: but the private item here shadows it
[INFO] [stdout]   --> runtime/src/lib.rs:4:5
[INFO] [stdout]    |
[INFO] [stdout] 4  | use builtin::HAMT_BIT_WIDTH;
[INFO] [stdout]    |     ^^^^^^^^^^^^^^^^^^^^^^^
[INFO] [stdout]    = note: `#[warn(hidden_glob_reexports)]` on by default
[INFO] [stdout] 
[INFO] [stdout] 
[INFO] [stdout] warning: 1 warning emitted
[INFO] [stdout] 
[INFO] [stdout] 
[INFO] [stderr]    Compiling fil_builtin_actors_bundle v12.0.0 (/opt/rustwide/workdir)
[INFO] [stderr] The following warnings were emitted during compilation:
[INFO] [stderr] 
[INFO] [stderr] warning: fil_builtin_actors_bundle@12.0.0: cargo: "/opt/rustwide/rustup-home/toolchains/1.75.0-x86_64-unknown-linux-gnu/bin/cargo"
[INFO] [stderr] warning: fil_builtin_actors_bundle@12.0.0: out_dir: "/opt/rustwide/target/debug/build/fil_builtin_actors_bundle-349070dece6f613e/out/bundle"
[INFO] [stderr] warning: fil_builtin_actors_bundle@12.0.0: manifest_path="/opt/rustwide/workdir/Cargo.toml"
[INFO] [stderr] warning: fil_builtin_actors_bundle@12.0.0: network name: mainnet
[INFO] [stderr] warning: fil_builtin_actors_bundle@12.0.0: cmd=env -u CARGO_ENCODED_RUSTFLAGS BUILD_FIL_NETWORK="mainnet" CARGO_TARGET_DIR="/opt/rustwide/target/debug/build/fil_builtin_actors_bundle-349070dece6f613e/out/bundle" "/opt/rustwide/rustup-home/toolchains/1.75.0-x86_64-unknown-linux-gnu/bin/cargo" "build" "-p=fil_actor_system" "-p=fil_actor_init" "-p=fil_actor_cron" "-p=fil_actor_account" "-p=fil_actor_power" "-p=fil_actor_miner" "-p=fil_actor_market" "-p=fil_actor_paych" "-p=fil_actor_multisig" "-p=fil_actor_reward" "-p=fil_actor_verifreg" "-p=fil_actor_datacap" "-p=fil_actor_placeholder" "-p=fil_actor_evm" "-p=fil_actor_eam" "-p=fil_actor_ethaccount" "--target=wasm32-unknown-unknown" "--profile=wasm" "--locked" "--features=fil-actor" "--manifest-path=/opt/rustwide/workdir/Cargo.toml"
[INFO] [stderr] warning: fil_builtin_actors_bundle@12.0.0: "   Compiling proc-macro2 v1.0.52"
[INFO] [stderr] warning: fil_builtin_actors_bundle@12.0.0: "   Compiling quote v1.0.26"
[INFO] [stderr] warning: fil_builtin_actors_bundle@12.0.0: "   Compiling unicode-ident v1.0.8"
[INFO] [stderr] warning: fil_builtin_actors_bundle@12.0.0: "   Compiling serde v1.0.158"
[INFO] [stderr] warning: fil_builtin_actors_bundle@12.0.0: "   Compiling serde_derive v1.0.158"
[INFO] [stderr] warning: fil_builtin_actors_bundle@12.0.0: "   Compiling version_check v0.9.4"
[INFO] [stderr] warning: fil_builtin_actors_bundle@12.0.0: "   Compiling typenum v1.16.0"
[INFO] [stderr] warning: fil_builtin_actors_bundle@12.0.0: "   Compiling syn v1.0.109"
[INFO] [stderr] warning: fil_builtin_actors_bundle@12.0.0: "   Compiling autocfg v1.1.0"
[INFO] [stderr] warning: fil_builtin_actors_bundle@12.0.0: "   Compiling thiserror v1.0.40"
[INFO] [stderr] warning: fil_builtin_actors_bundle@12.0.0: "   Compiling data-encoding v2.3.3"
[INFO] [stderr] warning: fil_builtin_actors_bundle@12.0.0: "   Compiling unicode-xid v0.2.4"
[INFO] [stderr] warning: fil_builtin_actors_bundle@12.0.0: "   Compiling anyhow v1.0.70"
[INFO] [stderr] warning: fil_builtin_actors_bundle@12.0.0: "   Compiling memchr v2.5.0"
[INFO] [stderr] warning: fil_builtin_actors_bundle@12.0.0: "   Compiling cfg-if v1.0.0"
[INFO] [stderr] warning: fil_builtin_actors_bundle@12.0.0: "   Compiling constant_time_eq v0.2.5"
[INFO] [stderr] warning: fil_builtin_actors_bundle@12.0.0: "   Compiling arrayref v0.3.7"
[INFO] [stderr] warning: fil_builtin_actors_bundle@12.0.0: "error[E0463]: can't find crate for `core`"
[INFO] [stderr] warning: fil_builtin_actors_bundle@12.0.0: "  |"
[INFO] [stderr] warning: fil_builtin_actors_bundle@12.0.0: "  = note: the `wasm32-unknown-unknown` target may not be installed"
[INFO] [stderr] warning: fil_builtin_actors_bundle@12.0.0: "  = help: consider downloading the target with `rustup target add wasm32-unknown-unknown`"
[INFO] [stderr] warning: fil_builtin_actors_bundle@12.0.0: ""
[INFO] [stderr] warning: fil_builtin_actors_bundle@12.0.0: "error[E0463]: can't find crate for `compiler_builtins`"
[INFO] [stderr] warning: fil_builtin_actors_bundle@12.0.0: ""
[INFO] [stderr] warning: fil_builtin_actors_bundle@12.0.0: "For more information about this error, try `rustc --explain E0463`."
[INFO] [stderr] warning: fil_builtin_actors_bundle@12.0.0: "error: could not compile `cfg-if` (lib) due to 2 previous errors"
[INFO] [stderr] warning: fil_builtin_actors_bundle@12.0.0: "warning: build failed, waiting for other jobs to finish..."
[INFO] [stderr] warning: fil_builtin_actors_bundle@12.0.0: "error: could not compile `arrayref` (lib) due to 2 previous errors"
[INFO] [stderr] warning: fil_builtin_actors_bundle@12.0.0: "error: cannot find macro `assert` in this scope"
[INFO] [stderr] warning: fil_builtin_actors_bundle@12.0.0: "  --> /opt/rustwide/cargo-home/registry/src/index.crates.io-6f17d22bba15001f/constant_time_eq-0.2.5/src/lib.rs:49:5"
[INFO] [stderr] warning: fil_builtin_actors_bundle@12.0.0: "   |"
[INFO] [stderr] warning: fil_builtin_actors_bundle@12.0.0: "49 |     assert!(a.len() == b.len());"
[INFO] [stderr] warning: fil_builtin_actors_bundle@12.0.0: "   |     ^^^^^^"
[INFO] [stderr] warning: fil_builtin_actors_bundle@12.0.0: ""
[INFO] [stderr] warning: fil_builtin_actors_bundle@12.0.0: "error[E0463]: can't find crate for `core`"
[INFO] [stderr] warning: fil_builtin_actors_bundle@12.0.0: "  --> /opt/rustwide/cargo-home/registry/src/index.crates.io-6f17d22bba15001f/constant_time_eq-0.2.5/src/lib.rs:43:14"
[INFO] [stderr] warning: fil_builtin_actors_bundle@12.0.0: "   |"
[INFO] [stderr] warning: fil_builtin_actors_bundle@12.0.0: "43 |     unsafe { core::ptr::read_volatile(&value) }"
[INFO] [stderr] warning: fil_builtin_actors_bundle@12.0.0: "   |              ^^^^ can't find crate"
[INFO] [stderr] warning: fil_builtin_actors_bundle@12.0.0: "   |"
[INFO] [stderr] warning: fil_builtin_actors_bundle@12.0.0: "   = note: the `wasm32-unknown-unknown` target may not be installed"
[INFO] [stderr] warning: fil_builtin_actors_bundle@12.0.0: "   = help: consider downloading the target with `rustup target add wasm32-unknown-unknown`"
[INFO] [stderr] warning: fil_builtin_actors_bundle@12.0.0: ""
[INFO] [stderr] warning: fil_builtin_actors_bundle@12.0.0: "error: requires `sized` lang_item"
[INFO] [stderr] warning: fil_builtin_actors_bundle@12.0.0: "  --> /opt/rustwide/cargo-home/registry/src/index.crates.io-6f17d22bba15001f/constant_time_eq-0.2.5/src/lib.rs:48:24"
[INFO] [stderr] warning: fil_builtin_actors_bundle@12.0.0: "   |"
[INFO] [stderr] warning: fil_builtin_actors_bundle@12.0.0: "48 | fn constant_time_ne(a: &[u8], b: &[u8]) -> u8 {"
[INFO] [stderr] warning: fil_builtin_actors_bundle@12.0.0: "   |                        ^^^^^"
[INFO] [stderr] warning: fil_builtin_actors_bundle@12.0.0: ""
[INFO] [stderr] warning: fil_builtin_actors_bundle@12.0.0: "error: requires `sized` lang_item"
[INFO] [stderr] warning: fil_builtin_actors_bundle@12.0.0: "  --> /opt/rustwide/cargo-home/registry/src/index.crates.io-6f17d22bba15001f/constant_time_eq-0.2.5/src/lib.rs:83:28"
[INFO] [stderr] warning: fil_builtin_actors_bundle@12.0.0: "   |"
[INFO] [stderr] warning: fil_builtin_actors_bundle@12.0.0: "83 | pub fn constant_time_eq(a: &[u8], b: &[u8]) -> bool {"
[INFO] [stderr] warning: fil_builtin_actors_bundle@12.0.0: "   |                            ^^^^^"
[INFO] [stderr] warning: fil_builtin_actors_bundle@12.0.0: ""
[INFO] [stderr] warning: fil_builtin_actors_bundle@12.0.0: "error: requires `sized` lang_item"
[INFO] [stderr] warning: fil_builtin_actors_bundle@12.0.0: "  --> /opt/rustwide/cargo-home/registry/src/index.crates.io-6f17d22bba15001f/constant_time_eq-0.2.5/src/lib.rs:91:42"
[INFO] [stderr] warning: fil_builtin_actors_bundle@12.0.0: "   |"
[INFO] [stderr] warning: fil_builtin_actors_bundle@12.0.0: "91 | fn constant_time_ne_n<const N: usize>(a: &[u8; N], b: &[u8; N]) -> u8 {"
[INFO] [stderr] warning: fil_builtin_actors_bundle@12.0.0: "   |                                          ^^^^^^^^"
[INFO] [stderr] warning: fil_builtin_actors_bundle@12.0.0: ""
[INFO] [stderr] warning: fil_builtin_actors_bundle@12.0.0: "error: requires `sized` lang_item"
[INFO] [stderr] warning: fil_builtin_actors_bundle@12.0.0: "   --> /opt/rustwide/cargo-home/registry/src/index.crates.io-6f17d22bba15001f/constant_time_eq-0.2.5/src/lib.rs:113:46"
[INFO] [stderr] warning: fil_builtin_actors_bundle@12.0.0: "    |"
[INFO] [stderr] warning: fil_builtin_actors_bundle@12.0.0: "113 | pub fn constant_time_eq_n<const N: usize>(a: &[u8; N], b: &[u8; N]) -> bool {"
[INFO] [stderr] warning: fil_builtin_actors_bundle@12.0.0: "    |                                              ^^^^^^^^"
[INFO] [stderr] warning: fil_builtin_actors_bundle@12.0.0: ""
[INFO] [stderr] warning: fil_builtin_actors_bundle@12.0.0: "error: requires `sized` lang_item"
[INFO] [stderr] warning: fil_builtin_actors_bundle@12.0.0: "   --> /opt/rustwide/cargo-home/registry/src/index.crates.io-6f17d22bba15001f/constant_time_eq-0.2.5/src/lib.rs:131:31"
[INFO] [stderr] warning: fil_builtin_actors_bundle@12.0.0: "    |"
[INFO] [stderr] warning: fil_builtin_actors_bundle@12.0.0: "131 | pub fn constant_time_eq_16(a: &[u8; 16], b: &[u8; 16]) -> bool {"
[INFO] [stderr] warning: fil_builtin_actors_bundle@12.0.0: "    |                               ^^^^^^^^^"
[INFO] [stderr] warning: fil_builtin_actors_bundle@12.0.0: ""
[INFO] [stderr] warning: fil_builtin_actors_bundle@12.0.0: "error: requires `sized` lang_item"
[INFO] [stderr] warning: fil_builtin_actors_bundle@12.0.0: "   --> /opt/rustwide/cargo-home/registry/src/index.crates.io-6f17d22bba15001f/constant_time_eq-0.2.5/src/lib.rs:147:31"
[INFO] [stderr] warning: fil_builtin_actors_bundle@12.0.0: "    |"
[INFO] [stderr] warning: fil_builtin_actors_bundle@12.0.0: "147 | pub fn constant_time_eq_32(a: &[u8; 32], b: &[u8; 32]) -> bool {"
[INFO] [stderr] warning: fil_builtin_actors_bundle@12.0.0: "    |                               ^^^^^^^^^"
[INFO] [stderr] warning: fil_builtin_actors_bundle@12.0.0: ""
[INFO] [stderr] warning: fil_builtin_actors_bundle@12.0.0: "error: requires `sized` lang_item"
[INFO] [stderr] warning: fil_builtin_actors_bundle@12.0.0: "   --> /opt/rustwide/cargo-home/registry/src/index.crates.io-6f17d22bba15001f/constant_time_eq-0.2.5/src/lib.rs:163:31"
[INFO] [stderr] warning: fil_builtin_actors_bundle@12.0.0: "    |"
[INFO] [stderr] warning: fil_builtin_actors_bundle@12.0.0: "163 | pub fn constant_time_eq_64(a: &[u8; 64], b: &[u8; 64]) -> bool {"
[INFO] [stderr] warning: fil_builtin_actors_bundle@12.0.0: "    |                               ^^^^^^^^^"
[INFO] [stderr] warning: fil_builtin_actors_bundle@12.0.0: ""
[INFO] [stderr] warning: fil_builtin_actors_bundle@12.0.0: "error: could not compile `constant_time_eq` (lib) due to 11 previous errors"
[INFO] [stderr] 
[INFO] [stderr] error: failed to run custom build command for `fil_builtin_actors_bundle v12.0.0 (/opt/rustwide/workdir)`
[INFO] [stderr] note: To improve backtraces for build dependencies, set the CARGO_PROFILE_DEV_BUILD_OVERRIDE_DEBUG=true environment variable to enable debug information generation.
[INFO] [stderr] 
[INFO] [stderr] Caused by:
[INFO] [stderr]   process didn't exit successfully: `/opt/rustwide/target/debug/build/fil_builtin_actors_bundle-574ee6ed27c8c3d3/build-script-build` (exit status: 1)
[INFO] [stderr]   --- stdout
[INFO] [stderr]   cargo:warning=cargo: "/opt/rustwide/rustup-home/toolchains/1.75.0-x86_64-unknown-linux-gnu/bin/cargo"
[INFO] [stderr]   cargo:warning=out_dir: "/opt/rustwide/target/debug/build/fil_builtin_actors_bundle-349070dece6f613e/out/bundle"
[INFO] [stderr]   cargo:warning=manifest_path="/opt/rustwide/workdir/Cargo.toml"
[INFO] [stderr]   cargo:warning=network name: mainnet
[INFO] [stderr]   cargo:rerun-if-env-changed=BUILD_FIL_NETWORK
[INFO] [stderr]   cargo:rerun-if-changed=actors
[INFO] [stderr]   cargo:rerun-if-changed=Cargo.toml
[INFO] [stderr]   cargo:rerun-if-changed=Cargo.lock
[INFO] [stderr]   cargo:rerun-if-changed=src
[INFO] [stderr]   cargo:rerun-if-changed=build.rs
[INFO] [stderr]   cargo:warning=cmd=env -u CARGO_ENCODED_RUSTFLAGS BUILD_FIL_NETWORK="mainnet" CARGO_TARGET_DIR="/opt/rustwide/target/debug/build/fil_builtin_actors_bundle-349070dece6f613e/out/bundle" "/opt/rustwide/rustup-home/toolchains/1.75.0-x86_64-unknown-linux-gnu/bin/cargo" "build" "-p=fil_actor_system" "-p=fil_actor_init" "-p=fil_actor_cron" "-p=fil_actor_account" "-p=fil_actor_power" "-p=fil_actor_miner" "-p=fil_actor_market" "-p=fil_actor_paych" "-p=fil_actor_multisig" "-p=fil_actor_reward" "-p=fil_actor_verifreg" "-p=fil_actor_datacap" "-p=fil_actor_placeholder" "-p=fil_actor_evm" "-p=fil_actor_eam" "-p=fil_actor_ethaccount" "--target=wasm32-unknown-unknown" "--profile=wasm" "--locked" "--features=fil-actor" "--manifest-path=/opt/rustwide/workdir/Cargo.toml"
[INFO] [stderr]   cargo:warning="   Compiling proc-macro2 v1.0.52"
[INFO] [stderr]   cargo:warning="   Compiling quote v1.0.26"
[INFO] [stderr]   cargo:warning="   Compiling unicode-ident v1.0.8"
[INFO] [stderr]   cargo:warning="   Compiling serde v1.0.158"
[INFO] [stderr]   cargo:warning="   Compiling serde_derive v1.0.158"
[INFO] [stderr]   cargo:warning="   Compiling version_check v0.9.4"
[INFO] [stderr]   cargo:warning="   Compiling typenum v1.16.0"
[INFO] [stderr]   cargo:warning="   Compiling syn v1.0.109"
[INFO] [stderr]   cargo:warning="   Compiling autocfg v1.1.0"
[INFO] [stderr]   cargo:warning="   Compiling thiserror v1.0.40"
[INFO] [stderr]   cargo:warning="   Compiling data-encoding v2.3.3"
[INFO] [stderr]   cargo:warning="   Compiling unicode-xid v0.2.4"
[INFO] [stderr]   cargo:warning="   Compiling anyhow v1.0.70"
[INFO] [stderr]   cargo:warning="   Compiling memchr v2.5.0"
[INFO] [stderr]   cargo:warning="   Compiling cfg-if v1.0.0"
[INFO] [stderr]   cargo:warning="   Compiling constant_time_eq v0.2.5"
[INFO] [stderr]   cargo:warning="   Compiling arrayref v0.3.7"
[INFO] [stderr]   cargo:warning="error[E0463]: can't find crate for `core`"
[INFO] [stderr]   cargo:warning="  |"
[INFO] [stderr]   cargo:warning="  = note: the `wasm32-unknown-unknown` target may not be installed"
[INFO] [stderr]   cargo:warning="  = help: consider downloading the target with `rustup target add wasm32-unknown-unknown`"
[INFO] [stderr]   cargo:warning=""
[INFO] [stderr]   cargo:warning="error[E0463]: can't find crate for `compiler_builtins`"
[INFO] [stderr]   cargo:warning=""
[INFO] [stderr]   cargo:warning="For more information about this error, try `rustc --explain E0463`."
[INFO] [stderr]   cargo:warning="error: could not compile `cfg-if` (lib) due to 2 previous errors"
[INFO] [stderr]   cargo:warning="warning: build failed, waiting for other jobs to finish..."
[INFO] [stderr]   cargo:warning="error: could not compile `arrayref` (lib) due to 2 previous errors"
[INFO] [stderr]   cargo:warning="error: cannot find macro `assert` in this scope"
[INFO] [stderr]   cargo:warning="  --> /opt/rustwide/cargo-home/registry/src/index.crates.io-6f17d22bba15001f/constant_time_eq-0.2.5/src/lib.rs:49:5"
[INFO] [stderr]   cargo:warning="   |"
[INFO] [stderr]   cargo:warning="49 |     assert!(a.len() == b.len());"
[INFO] [stderr]   cargo:warning="   |     ^^^^^^"
[INFO] [stderr]   cargo:warning=""
[INFO] [stderr]   cargo:warning="error[E0463]: can't find crate for `core`"
[INFO] [stderr]   cargo:warning="  --> /opt/rustwide/cargo-home/registry/src/index.crates.io-6f17d22bba15001f/constant_time_eq-0.2.5/src/lib.rs:43:14"
[INFO] [stderr]   cargo:warning="   |"
[INFO] [stderr]   cargo:warning="43 |     unsafe { core::ptr::read_volatile(&value) }"
[INFO] [stderr]   cargo:warning="   |              ^^^^ can't find crate"
[INFO] [stderr]   cargo:warning="   |"
[INFO] [stderr]   cargo:warning="   = note: the `wasm32-unknown-unknown` target may not be installed"
[INFO] [stderr]   cargo:warning="   = help: consider downloading the target with `rustup target add wasm32-unknown-unknown`"
[INFO] [stderr]   cargo:warning=""
[INFO] [stderr]   cargo:warning="error: requires `sized` lang_item"
[INFO] [stderr]   cargo:warning="  --> /opt/rustwide/cargo-home/registry/src/index.crates.io-6f17d22bba15001f/constant_time_eq-0.2.5/src/lib.rs:48:24"
[INFO] [stderr]   cargo:warning="   |"
[INFO] [stderr]   cargo:warning="48 | fn constant_time_ne(a: &[u8], b: &[u8]) -> u8 {"
[INFO] [stderr]   cargo:warning="   |                        ^^^^^"
[INFO] [stderr]   cargo:warning=""
[INFO] [stderr]   cargo:warning="error: requires `sized` lang_item"
[INFO] [stderr]   cargo:warning="  --> /opt/rustwide/cargo-home/registry/src/index.crates.io-6f17d22bba15001f/constant_time_eq-0.2.5/src/lib.rs:83:28"
[INFO] [stderr]   cargo:warning="   |"
[INFO] [stderr]   cargo:warning="83 | pub fn constant_time_eq(a: &[u8], b: &[u8]) -> bool {"
[INFO] [stderr]   cargo:warning="   |                            ^^^^^"
[INFO] [stderr]   cargo:warning=""
[INFO] [stderr]   cargo:warning="error: requires `sized` lang_item"
[INFO] [stderr]   cargo:warning="  --> /opt/rustwide/cargo-home/registry/src/index.crates.io-6f17d22bba15001f/constant_time_eq-0.2.5/src/lib.rs:91:42"
[INFO] [stderr]   cargo:warning="   |"
[INFO] [stderr]   cargo:warning="91 | fn constant_time_ne_n<const N: usize>(a: &[u8; N], b: &[u8; N]) -> u8 {"
[INFO] [stderr]   cargo:warning="   |                                          ^^^^^^^^"
[INFO] [stderr]   cargo:warning=""
[INFO] [stderr]   cargo:warning="error: requires `sized` lang_item"
[INFO] [stderr]   cargo:warning="   --> /opt/rustwide/cargo-home/registry/src/index.crates.io-6f17d22bba15001f/constant_time_eq-0.2.5/src/lib.rs:113:46"
[INFO] [stderr]   cargo:warning="    |"
[INFO] [stderr]   cargo:warning="113 | pub fn constant_time_eq_n<const N: usize>(a: &[u8; N], b: &[u8; N]) -> bool {"
[INFO] [stderr]   cargo:warning="    |                                              ^^^^^^^^"
[INFO] [stderr]   cargo:warning=""
[INFO] [stderr]   cargo:warning="error: requires `sized` lang_item"
[INFO] [stderr]   cargo:warning="   --> /opt/rustwide/cargo-home/registry/src/index.crates.io-6f17d22bba15001f/constant_time_eq-0.2.5/src/lib.rs:131:31"
[INFO] [stderr]   cargo:warning="    |"
[INFO] [stderr]   cargo:warning="131 | pub fn constant_time_eq_16(a: &[u8; 16], b: &[u8; 16]) -> bool {"
[INFO] [stderr]   cargo:warning="    |                               ^^^^^^^^^"
[INFO] [stderr]   cargo:warning=""
[INFO] [stderr]   cargo:warning="error: requires `sized` lang_item"
[INFO] [stderr]   cargo:warning="   --> /opt/rustwide/cargo-home/registry/src/index.crates.io-6f17d22bba15001f/constant_time_eq-0.2.5/src/lib.rs:147:31"
[INFO] [stderr]   cargo:warning="    |"
[INFO] [stderr]   cargo:warning="147 | pub fn constant_time_eq_32(a: &[u8; 32], b: &[u8; 32]) -> bool {"
[INFO] [stderr]   cargo:warning="    |                               ^^^^^^^^^"
[INFO] [stderr]   cargo:warning=""
[INFO] [stderr]   cargo:warning="error: requires `sized` lang_item"
[INFO] [stderr]   cargo:warning="   --> /opt/rustwide/cargo-home/registry/src/index.crates.io-6f17d22bba15001f/constant_time_eq-0.2.5/src/lib.rs:163:31"
[INFO] [stderr]   cargo:warning="    |"
[INFO] [stderr]   cargo:warning="163 | pub fn constant_time_eq_64(a: &[u8; 64], b: &[u8; 64]) -> bool {"
[INFO] [stderr]   cargo:warning="    |                               ^^^^^^^^^"
[INFO] [stderr]   cargo:warning=""
[INFO] [stderr]   cargo:warning="error: could not compile `constant_time_eq` (lib) due to 11 previous errors"
[INFO] [stderr] 
[INFO] [stderr]   --- stderr
[INFO] [stderr]   Error: "actor build failed"
[INFO] running `Command { std: "docker" "inspect" "d3cdf3ed1383575c64c32f3cf14a6ee97f6724f6e5fb9ef3e1374c3b9b996f7f", kill_on_drop: false }`
[INFO] running `Command { std: "docker" "rm" "-f" "d3cdf3ed1383575c64c32f3cf14a6ee97f6724f6e5fb9ef3e1374c3b9b996f7f", kill_on_drop: false }`
[INFO] [stdout] d3cdf3ed1383575c64c32f3cf14a6ee97f6724f6e5fb9ef3e1374c3b9b996f7f
