[INFO] cloning repository https://github.com/TabbyML/tabby
[INFO] running `Command { std: "git" "-c" "credential.helper=" "-c" "credential.helper=/workspace/cargo-home/bin/git-credential-null" "clone" "--bare" "https://github.com/TabbyML/tabby" "/workspace/cache/git-repos/https%3A%2F%2Fgithub.com%2FTabbyML%2Ftabby", kill_on_drop: false }`
[INFO] [stderr] Cloning into bare repository '/workspace/cache/git-repos/https%3A%2F%2Fgithub.com%2FTabbyML%2Ftabby'...
[INFO] running `Command { std: "git" "rev-parse" "HEAD", kill_on_drop: false }`
[INFO] [stdout] 81f46dc5833fbf3a63e52cdd495b8bdba8f11c26
[INFO] documenting TabbyML/tabby against 1.75.0 for beta-1.76-rustdoc-1
[INFO] running `Command { std: "git" "clone" "/workspace/cache/git-repos/https%3A%2F%2Fgithub.com%2FTabbyML%2Ftabby" "/workspace/builds/worker-0-tc1/source", kill_on_drop: false }`
[INFO] [stderr] Cloning into '/workspace/builds/worker-0-tc1/source'...
[INFO] [stderr] done.
[INFO] validating manifest of git repo https://github.com/TabbyML/tabby on toolchain 1.75.0
[INFO] running `Command { std: CARGO_HOME="/workspace/cargo-home" RUSTUP_HOME="/workspace/rustup-home" "/workspace/cargo-home/bin/cargo" "+1.75.0" "metadata" "--manifest-path" "Cargo.toml" "--no-deps", kill_on_drop: false }`
[INFO] started tweaking git repo https://github.com/TabbyML/tabby
[INFO] finished tweaking git repo https://github.com/TabbyML/tabby
[INFO] tweaked toml for git repo https://github.com/TabbyML/tabby written to /workspace/builds/worker-0-tc1/source/Cargo.toml
[INFO] crate git repo https://github.com/TabbyML/tabby already has a lockfile, it will not be regenerated
[INFO] running `Command { std: CARGO_HOME="/workspace/cargo-home" RUSTUP_HOME="/workspace/rustup-home" "/workspace/cargo-home/bin/cargo" "+1.75.0" "fetch" "--manifest-path" "Cargo.toml", kill_on_drop: false }`
[INFO] [stderr]     Updating crates.io index
[INFO] [stderr]     Updating git repository `https://github.com/tree-sitter/tree-sitter-c/`
[INFO] [stderr]     Updating git repository `https://github.com/tree-sitter/tree-sitter-cpp`
[INFO] [stderr]  Downloading crates ...
[INFO] [stderr]   Downloaded globwalk v0.7.3
[INFO] [stderr]   Downloaded cxxbridge-flags v1.0.95
[INFO] [stderr]   Downloaded juniper_subscriptions v0.16.0
[INFO] [stderr]   Downloaded wrapcenum-derive v0.4.0
[INFO] [stderr]   Downloaded serdeconv v0.4.1
[INFO] [stderr]   Downloaded custom_error v1.9.2
[INFO] [stderr]   Downloaded cron v0.6.1
[INFO] [stderr]   Downloaded job_scheduler v1.2.1
[INFO] [stderr]   Downloaded memo-map v0.3.2
[INFO] [stderr]   Downloaded metrics-exporter-prometheus v0.12.1
[INFO] [stderr]   Downloaded juniper_graphql_ws v0.3.0
[INFO] [stderr]   Downloaded axum-prometheus v0.4.0
[INFO] [stderr]   Downloaded tokio-cron-scheduler v0.9.4
[INFO] [stderr]   Downloaded tree-sitter-java v0.20.2
[INFO] [stderr]   Downloaded tree-sitter-ruby v0.20.0
[INFO] [stderr]   Downloaded tree-sitter-kotlin v0.3.1
[INFO] [stderr]   Downloaded tantivy v0.21.0
[INFO] [stderr]   Downloaded kdam v0.5.0
[INFO] [stderr]   Downloaded tree-sitter-typescript v0.20.3
[INFO] [stderr]   Downloaded tokio-rusqlite v0.5.0
[INFO] [stderr]   Downloaded netrc v0.4.1
[INFO] [stderr]   Downloaded url-parse v1.0.7
[INFO] [stderr]   Downloaded requirements v0.3.0
[INFO] [stderr]   Downloaded cxx v1.0.95
[INFO] [stderr]   Downloaded rusqlite_migration v1.1.0-beta.1
[INFO] [stderr]   Downloaded nvml-wrapper v0.9.0
[INFO] [stderr]   Downloaded cxxbridge-macro v1.0.95
[INFO] [stderr]   Downloaded minijinja v1.0.8
[INFO] [stderr]   Downloaded tree-sitter-go v0.20.0
[INFO] [stderr]   Downloaded juniper v0.15.11
[INFO] [stderr]   Downloaded jsonwebtoken v9.1.0
[INFO] [stderr]   Downloaded cxx-build v1.0.95
[INFO] [stderr]   Downloaded textdistance v1.0.2
[INFO] [stderr]   Downloaded serde-jsonlines v0.4.0
[INFO] [stderr]   Downloaded nvml-wrapper-sys v0.7.0
[INFO] [stderr]   Downloaded tree-sitter-python v0.20.2
[INFO] [stderr]   Downloaded trackable_derive v1.0.0
[INFO] [stderr]   Downloaded rusqlite v0.30.0
[INFO] [stderr]   Downloaded tree-sitter-tags v0.20.2
[INFO] [stderr]   Downloaded trackable v1.3.0
[INFO] [stderr]   Downloaded file-rotate v0.7.5
[INFO] [stderr]   Downloaded serde-jsonlines v0.5.0
[INFO] [stderr]   Downloaded filenamify v0.1.0
[INFO] [stderr]   Downloaded tracing-test-macro v0.1.0
[INFO] [stderr]   Downloaded tracing-test v0.1.0
[INFO] running `Command { std: "docker" "create" "-v" "/var/lib/crater-agent-workspace/builds/worker-0-tc1/target:/opt/rustwide/target:rw,Z" "-v" "/var/lib/crater-agent-workspace/builds/worker-0-tc1/source:/opt/rustwide/workdir:ro,Z" "-v" "/var/lib/crater-agent-workspace/cargo-home:/opt/rustwide/cargo-home:ro,Z" "-v" "/var/lib/crater-agent-workspace/rustup-home:/opt/rustwide/rustup-home:ro,Z" "-e" "SOURCE_DIR=/opt/rustwide/workdir" "-e" "CARGO_TARGET_DIR=/opt/rustwide/target" "-e" "CARGO_HOME=/opt/rustwide/cargo-home" "-e" "RUSTUP_HOME=/opt/rustwide/rustup-home" "-w" "/opt/rustwide/workdir" "-m" "1610612736" "--user" "0:0" "--network" "none" "ghcr.io/rust-lang/crates-build-env/linux@sha256:2788e3201cd34a07e3172128adcd8b3090168a8e3bcc40d7c032b9dda1df7d1c" "/opt/rustwide/cargo-home/bin/cargo" "+1.75.0" "metadata" "--no-deps" "--format-version=1", kill_on_drop: false }`
[INFO] [stdout] 9a033a389044522a1202efe14a916da55a108438abcfde9b97adc49fc08d4d28
[INFO] running `Command { std: "docker" "start" "-a" "9a033a389044522a1202efe14a916da55a108438abcfde9b97adc49fc08d4d28", kill_on_drop: false }`
[INFO] running `Command { std: "docker" "inspect" "9a033a389044522a1202efe14a916da55a108438abcfde9b97adc49fc08d4d28", kill_on_drop: false }`
[INFO] running `Command { std: "docker" "rm" "-f" "9a033a389044522a1202efe14a916da55a108438abcfde9b97adc49fc08d4d28", kill_on_drop: false }`
[INFO] [stdout] 9a033a389044522a1202efe14a916da55a108438abcfde9b97adc49fc08d4d28
[INFO] running `Command { std: "docker" "create" "-v" "/var/lib/crater-agent-workspace/builds/worker-0-tc1/target:/opt/rustwide/target:rw,Z" "-v" "/var/lib/crater-agent-workspace/builds/worker-0-tc1/source:/opt/rustwide/workdir:ro,Z" "-v" "/var/lib/crater-agent-workspace/cargo-home:/opt/rustwide/cargo-home:ro,Z" "-v" "/var/lib/crater-agent-workspace/rustup-home:/opt/rustwide/rustup-home:ro,Z" "-e" "SOURCE_DIR=/opt/rustwide/workdir" "-e" "CARGO_TARGET_DIR=/opt/rustwide/target" "-e" "CARGO_INCREMENTAL=0" "-e" "RUST_BACKTRACE=full" "-e" "RUSTFLAGS=--cap-lints=warn" "-e" "RUSTDOCFLAGS=--cap-lints=warn" "-e" "CARGO_HOME=/opt/rustwide/cargo-home" "-e" "RUSTUP_HOME=/opt/rustwide/rustup-home" "-w" "/opt/rustwide/workdir" "-m" "1610612736" "--user" "0:0" "--network" "none" "ghcr.io/rust-lang/crates-build-env/linux@sha256:2788e3201cd34a07e3172128adcd8b3090168a8e3bcc40d7c032b9dda1df7d1c" "/opt/rustwide/cargo-home/bin/cargo" "+1.75.0" "doc" "--frozen" "--no-deps" "--document-private-items" "--message-format=json", kill_on_drop: false }`
[INFO] [stdout] 9a0d9c561458bf123391cbf2a38be6a5dc4ce641788f394366aa4f768870d564
[INFO] running `Command { std: "docker" "start" "-a" "9a0d9c561458bf123391cbf2a38be6a5dc4ce641788f394366aa4f768870d564", kill_on_drop: false }`
[INFO] [stderr]    Compiling proc-macro2 v1.0.66
[INFO] [stderr]    Compiling unicode-ident v1.0.9
[INFO] [stderr]    Compiling libc v0.2.149
[INFO] [stderr]    Compiling serde v1.0.171
[INFO] [stderr]     Checking memchr v2.6.2
[INFO] [stderr]     Checking once_cell v1.18.0
[INFO] [stderr]    Compiling syn v1.0.109
[INFO] [stderr]     Checking pin-project-lite v0.2.13
[INFO] [stderr]     Checking bytes v1.5.0
[INFO] [stderr]    Compiling futures-core v0.3.29
[INFO] [stderr]    Compiling ahash v0.8.3
[INFO] [stderr]    Compiling indexmap v1.9.3
[INFO] [stderr]     Checking log v0.4.20
[INFO] [stderr]    Compiling lock_api v0.4.10
[INFO] [stderr]    Compiling parking_lot_core v0.9.8
[INFO] [stderr]    Compiling futures-task v0.3.29
[INFO] [stderr]     Checking futures-sink v0.3.29
[INFO] [stderr]    Compiling futures-channel v0.3.29
[INFO] [stderr]    Compiling futures-util v0.3.29
[INFO] [stderr]     Checking allocator-api2 v0.2.16
[INFO] [stderr]    Compiling thiserror v1.0.49
[INFO] [stderr]     Checking futures-io v0.3.29
[INFO] [stderr]     Checking tracing-core v0.1.31
[INFO] [stderr]    Compiling pkg-config v0.3.27
[INFO] [stderr]     Checking regex-syntax v0.8.2
[INFO] [stderr]    Compiling generic-array v0.14.7
[INFO] [stderr]    Compiling async-trait v0.1.74
[INFO] [stderr]    Compiling num-traits v0.2.17
[INFO] [stderr]     Checking equivalent v1.0.1
[INFO] [stderr]     Checking http v0.2.11
[INFO] [stderr]    Compiling serde_json v1.0.107
[INFO] [stderr]     Checking hashbrown v0.14.0
[INFO] [stderr]    Compiling crossbeam-utils v0.8.16
[INFO] [stderr]     Checking aho-corasick v1.1.2
[INFO] [stderr]     Checking unicode-bidi v0.3.13
[INFO] [stderr]    Compiling vcpkg v0.2.15
[INFO] [stderr]    Compiling anyhow v1.0.71
[INFO] [stderr]     Checking want v0.3.0
[INFO] [stderr]     Checking mime v0.3.17
[INFO] [stderr]     Checking base64 v0.21.5
[INFO] [stderr]     Checking idna v0.3.0
[INFO] [stderr]     Checking bitflags v2.4.0
[INFO] [stderr]    Compiling quote v1.0.32
[INFO] [stderr]    Compiling io-lifetimes v1.0.11
[INFO] [stderr]     Checking subtle v2.5.0
[INFO] [stderr]     Checking indexmap v2.0.1
[INFO] [stderr]    Compiling time-core v0.1.1
[INFO] [stderr]    Compiling rustix v0.37.19
[INFO] [stderr]     Checking http-body v0.4.5
[INFO] [stderr]     Checking crossbeam-channel v0.5.8
[INFO] [stderr]    Compiling time-macros v0.2.12
[INFO] [stderr]    Compiling syn v2.0.28
[INFO] [stderr]     Checking url v2.3.1
[INFO] [stderr]    Compiling proc-macro-error-attr v1.0.4
[INFO] [stderr]     Checking crypto-common v0.1.6
[INFO] [stderr]     Checking block-buffer v0.10.4
[INFO] [stderr]     Checking either v1.8.1
[INFO] [stderr]    Compiling memoffset v0.8.0
[INFO] [stderr]     Checking cpufeatures v0.2.11
[INFO] [stderr]    Compiling crc32fast v1.3.2
[INFO] [stderr]     Checking digest v0.10.7
[INFO] [stderr]    Compiling crossbeam-epoch v0.9.14
[INFO] [stderr]     Checking regex-syntax v0.6.29
[INFO] [stderr]    Compiling rustversion v1.0.14
[INFO] [stderr]     Checking num_threads v0.1.6
[INFO] [stderr]    Compiling openssl v0.10.61
[INFO] [stderr]     Checking num_cpus v1.15.0
[INFO] [stderr]     Checking signal-hook-registry v1.4.1
[INFO] [stderr]    Compiling jobserver v0.1.26
[INFO] [stderr]     Checking socket2 v0.5.5
[INFO] [stderr]     Checking mio v0.8.10
[INFO] [stderr]     Checking getrandom v0.2.11
[INFO] [stderr]     Checking socket2 v0.4.9
[INFO] [stderr]     Checking parking_lot v0.12.1
[INFO] [stderr]    Compiling cc v1.0.83
[INFO] [stderr]     Checking rand_core v0.6.4
[INFO] [stderr]    Compiling zstd-safe v6.0.6
[INFO] [stderr]    Compiling crunchy v0.2.2
[INFO] [stderr]    Compiling rustix v0.38.17
[INFO] [stderr]     Checking stable_deref_trait v1.2.0
[INFO] [stderr]     Checking rand_chacha v0.3.1
[INFO] [stderr]     Checking iana-time-zone v0.1.57
[INFO] [stderr]     Checking regex-automata v0.4.3
[INFO] [stderr]     Checking ownedbytes v0.6.0
[INFO] [stderr]    Compiling rayon-core v1.11.0
[INFO] [stderr]     Checking minimal-lexical v0.2.1
[INFO] [stderr]     Checking ipnet v2.7.2
[INFO] [stderr]     Checking linux-raw-sys v0.4.10
[INFO] [stderr]    Compiling paste v1.0.12
[INFO] [stderr]     Checking rand v0.8.5
[INFO] [stderr]     Checking crossbeam-deque v0.8.3
[INFO] [stderr]     Checking nom v7.1.3
[INFO] [stderr]     Checking winnow v0.4.6
[INFO] [stderr]     Checking utf8-ranges v1.0.5
[INFO] [stderr]     Checking bitpacking v0.8.4
[INFO] [stderr]     Checking linux-raw-sys v0.3.8
[INFO] [stderr]     Checking murmurhash32 v0.3.0
[INFO] [stderr]     Checking itertools v0.11.0
[INFO] [stderr]     Checking instant v0.1.12
[INFO] [stderr]     Checking home v0.5.5
[INFO] [stderr]     Checking rayon v1.7.0
[INFO] [stderr]     Checking fastrand v1.9.0
[INFO] [stderr]     Checking fastdivide v0.4.0
[INFO] [stderr]     Checking measure_time v0.8.2
[INFO] [stderr]     Checking memmap2 v0.7.1
[INFO] [stderr]     Checking tantivy-fst v0.4.0
[INFO] [stderr]     Checking rmp v0.8.11
[INFO] [stderr]     Checking lru v0.11.1
[INFO] [stderr]     Checking census v0.4.1
[INFO] [stderr]     Checking lz4_flex v0.11.1
[INFO] [stderr]     Checking levenshtein_automata v0.2.1
[INFO] [stderr]    Compiling openssl-sys v0.9.97
[INFO] [stderr]    Compiling zstd-sys v2.0.8+zstd.1.5.5
[INFO] [stderr]     Checking rustc-hash v1.1.0
[INFO] [stderr]     Checking htmlescape v0.3.1
[INFO] [stderr]     Checking downcast-rs v1.2.0
[INFO] [stderr]    Compiling ident_case v1.0.1
[INFO] [stderr]     Checking arc-swap v1.6.0
[INFO] [stderr]     Checking oneshot v0.1.5
[INFO] [stderr]     Checking glob v0.3.1
[INFO] [stderr]    Compiling tree-sitter v0.20.10
[INFO] [stderr]     Checking dashmap v5.5.3
[INFO] [stderr]     Checking sha1 v0.10.6
[INFO] [stderr]     Checking tantivy-query-grammar v0.21.0
[INFO] [stderr]    Compiling axum-core v0.3.4
[INFO] [stderr]     Checking regex v1.10.2
[INFO] [stderr]    Compiling native-tls v0.2.11
[INFO] [stderr]    Compiling getrandom v0.1.16
[INFO] [stderr]     Checking utf-8 v0.7.6
[INFO] [stderr]     Checking data-encoding v2.4.0
[INFO] [stderr]     Checking walkdir v2.3.3
[INFO] [stderr]    Compiling proc-macro-error v1.0.4
[INFO] [stderr]     Checking fs4 v0.6.6
[INFO] [stderr]     Checking filenamify v0.1.0
[INFO] [stderr]    Compiling axum v0.6.20
[INFO] [stderr]     Checking sha2 v0.10.8
[INFO] [stderr]     Checking headers-core v0.2.0
[INFO] [stderr]     Checking headers v0.3.8
[INFO] [stderr]    Compiling itertools v0.10.5
[INFO] [stderr]     Checking uuid v0.8.2
[INFO] [stderr]     Checking thread_local v1.1.7
[INFO] [stderr]    Compiling unicase v2.7.0
[INFO] [stderr]    Compiling strsim v0.10.0
[INFO] [stderr]     Checking rand_core v0.5.1
[INFO] [stderr]    Compiling darling_core v0.14.4
[INFO] [stderr]     Checking void v1.0.2
[INFO] [stderr]     Checking tantivy-bitpacker v0.5.0
[INFO] [stderr]     Checking tempfile v3.5.0
[INFO] [stderr]     Checking unreachable v1.0.0
[INFO] [stderr]     Checking rand_chacha v0.2.2
[INFO] [stderr]    Compiling libsqlite3-sys v0.27.0
[INFO] [stderr]    Compiling smartstring v1.0.1
[INFO] [stderr]     Checking ascii v0.9.3
[INFO] [stderr]     Checking rand v0.7.3
[INFO] [stderr]    Compiling derive_utils v0.11.2
[INFO] [stderr]     Checking utf8parse v0.2.1
[INFO] [stderr]     Checking combine v3.8.1
[INFO] [stderr]    Compiling bitflags v1.3.2
[INFO] [stderr]    Compiling prettyplease v0.1.25
[INFO] [stderr]     Checking linked-hash-map v0.5.6
[INFO] [stderr]    Compiling mime_guess v2.0.4
[INFO] [stderr]     Checking anstyle-parse v0.2.0
[INFO] [stderr]    Compiling backtrace v0.3.67
[INFO] [stderr]    Compiling link-cplusplus v1.0.8
[INFO] [stderr]     Checking regex-automata v0.1.10
[INFO] [stderr]     Checking hashlink v0.8.4
[INFO] [stderr]    Compiling num-integer v0.1.45
[INFO] [stderr]     Checking fallible-iterator v0.3.0
[INFO] [stderr]    Compiling scratch v1.0.5
[INFO] [stderr]     Checking fallible-streaming-iterator v0.1.9
[INFO] [stderr]     Checking anstyle-query v1.0.0
[INFO] [stderr]     Checking anstyle v1.0.0
[INFO] [stderr]     Checking colorchoice v1.0.0
[INFO] [stderr]    Compiling ucd-trie v0.1.6
[INFO] [stderr]    Compiling portable-atomic v1.3.2
[INFO] [stderr]    Compiling fixedbitset v0.4.2
[INFO] [stderr]     Checking matchers v0.1.0
[INFO] [stderr]     Checking anstream v0.6.4
[INFO] [stderr]    Compiling which v4.4.0
[INFO] [stderr]    Compiling include_dir_macros v0.7.3
[INFO] [stderr]     Checking tracing-log v0.1.3
[INFO] [stderr]     Checking object v0.30.3
[INFO] [stderr]     Checking bstr v1.7.0
[INFO] [stderr]    Compiling num-bigint v0.4.4
[INFO] [stderr]    Compiling adler v1.0.2
[INFO] [stderr]    Compiling cxxbridge-flags v1.0.95
[INFO] [stderr]    Compiling termcolor v1.2.0
[INFO] [stderr]     Checking rustc-demangle v0.1.23
[INFO] [stderr]    Compiling unicode-width v0.1.10
[INFO] [stderr]    Compiling multimap v0.8.3
[INFO] [stderr]    Compiling rusqlite_migration v1.1.0-beta.1
[INFO] [stderr]     Checking clap_lex v0.6.0
[INFO] [stderr]     Checking globset v0.4.13
[INFO] [stderr]     Checking console v0.15.7
[INFO] [stderr]    Compiling codespan-reporting v0.11.1
[INFO] [stderr]     Checking include_dir v0.7.3
[INFO] [stderr]     Checking clap_builder v4.4.11
[INFO] [stderr]    Compiling cxx v1.0.95
[INFO] [stderr]    Compiling miniz_oxide v0.7.1
[INFO] [stderr]    Compiling trackable_derive v1.0.0
[INFO] [stderr]    Compiling prost-derive v0.11.9
[INFO] [stderr]    Compiling futures-enum v0.1.17
[INFO] [stderr]    Compiling juniper_codegen v0.15.9
[INFO] [stderr]    Compiling ring v0.17.5
[INFO] [stderr]    Compiling darling_macro v0.14.4
[INFO] [stderr]    Compiling serde_derive v1.0.171
[INFO] [stderr]    Compiling tokio-macros v2.2.0
[INFO] [stderr]    Compiling futures-macro v0.3.29
[INFO] [stderr]    Compiling thiserror-impl v1.0.49
[INFO] [stderr]    Compiling tracing-attributes v0.1.24
[INFO] [stderr]    Compiling openssl-macros v0.1.1
[INFO] [stderr]    Compiling pin-project-internal v1.1.3
[INFO] [stderr]    Compiling uuid-macro-internal v1.6.1
[INFO] [stderr]    Compiling utoipa-gen v3.3.0
[INFO] [stderr]     Checking trackable v1.3.0
[INFO] [stderr]    Compiling async-stream-impl v0.3.5
[INFO] [stderr]     Checking tokio v1.35.0
[INFO] [stderr]    Compiling darling v0.14.4
[INFO] [stderr]    Compiling derive_builder_core v0.12.0
[INFO] [stderr]    Compiling prost v0.11.9
[INFO] [stderr]     Checking tungstenite v0.20.1
[INFO] [stderr]     Checking graphql-parser v0.3.0
[INFO] [stderr]    Compiling pest v2.7.5
[INFO] [stderr]     Checking async-stream v0.3.5
[INFO] [stderr]    Compiling prost-types v0.11.9
[INFO] [stderr]    Compiling clap_derive v4.4.7
[INFO] [stderr]    Compiling dirs-sys v0.3.7
[INFO] [stderr]    Compiling semver v1.0.20
[INFO] [stderr]     Checking pin-project v1.1.3
[INFO] [stderr]    Compiling derive_builder_macro v0.12.0
[INFO] [stderr]    Compiling strsim v0.9.3
[INFO] [stderr]     Checking number_prefix v0.4.0
[INFO] [stderr]     Checking tracing v0.1.37
[INFO] [stderr]     Checking indicatif v0.17.7
[INFO] [stderr]    Compiling darling_core v0.10.2
[INFO] [stderr]     Checking tracing-subscriber v0.3.17
[INFO] [stderr]    Compiling dirs v4.0.0
[INFO] [stderr]     Checking error-chain v0.10.0
[INFO] [stderr] The following warnings were emitted during compilation:
[INFO] [stderr] 
[INFO] [stderr] warning: libsqlite3-sys@0.27.0: cc: fatal error: Killed signal terminated program cc1
[INFO] [stderr] warning: libsqlite3-sys@0.27.0: compilation terminated.
[INFO] [stderr] 
[INFO] [stderr] error: failed to run custom build command for `libsqlite3-sys v0.27.0`
[INFO] [stderr] note: To improve backtraces for build dependencies, set the CARGO_PROFILE_DEV_BUILD_OVERRIDE_DEBUG=true environment variable to enable debug information generation.
[INFO] [stderr] 
[INFO] [stderr] Caused by:
[INFO] [stderr]   process didn't exit successfully: `/opt/rustwide/target/debug/build/libsqlite3-sys-0c6f3887087f77fd/build-script-build` (exit status: 1)
[INFO] [stderr]   --- stdout
[INFO] [stderr]   cargo:rerun-if-env-changed=LIBSQLITE3_SYS_USE_PKG_CONFIG
[INFO] [stderr]   cargo:rerun-if-changed=sqlite3/sqlite3.c
[INFO] [stderr]   cargo:rerun-if-changed=sqlite3/wasm32-wasi-vfs.c
[INFO] [stderr]   cargo:rerun-if-env-changed=SQLITE_MAX_VARIABLE_NUMBER
[INFO] [stderr]   cargo:rerun-if-env-changed=SQLITE_MAX_EXPR_DEPTH
[INFO] [stderr]   cargo:rerun-if-env-changed=SQLITE_MAX_COLUMN
[INFO] [stderr]   cargo:rerun-if-env-changed=LIBSQLITE3_FLAGS
[INFO] [stderr]   TARGET = Some("x86_64-unknown-linux-gnu")
[INFO] [stderr]   OPT_LEVEL = Some("0")
[INFO] [stderr]   HOST = Some("x86_64-unknown-linux-gnu")
[INFO] [stderr]   cargo:rerun-if-env-changed=CC_x86_64-unknown-linux-gnu
[INFO] [stderr]   CC_x86_64-unknown-linux-gnu = None
[INFO] [stderr]   cargo:rerun-if-env-changed=CC_x86_64_unknown_linux_gnu
[INFO] [stderr]   CC_x86_64_unknown_linux_gnu = None
[INFO] [stderr]   cargo:rerun-if-env-changed=HOST_CC
[INFO] [stderr]   HOST_CC = None
[INFO] [stderr]   cargo:rerun-if-env-changed=CC
[INFO] [stderr]   CC = None
[INFO] [stderr]   cargo:rerun-if-env-changed=CRATE_CC_NO_DEFAULTS
[INFO] [stderr]   CRATE_CC_NO_DEFAULTS = None
[INFO] [stderr]   DEBUG = Some("true")
[INFO] [stderr]   CARGO_CFG_TARGET_FEATURE = Some("fxsr,sse,sse2")
[INFO] [stderr]   cargo:rerun-if-env-changed=CFLAGS_x86_64-unknown-linux-gnu
[INFO] [stderr]   CFLAGS_x86_64-unknown-linux-gnu = None
[INFO] [stderr]   cargo:rerun-if-env-changed=CFLAGS_x86_64_unknown_linux_gnu
[INFO] [stderr]   CFLAGS_x86_64_unknown_linux_gnu = None
[INFO] [stderr]   cargo:rerun-if-env-changed=HOST_CFLAGS
[INFO] [stderr]   HOST_CFLAGS = None
[INFO] [stderr]   cargo:rerun-if-env-changed=CFLAGS
[INFO] [stderr]   CFLAGS = None
[INFO] [stderr]   running: "cc" "-O0" "-ffunction-sections" "-fdata-sections" "-fPIC" "-gdwarf-4" "-fno-omit-frame-pointer" "-m64" "-DSQLITE_CORE" "-DSQLITE_DEFAULT_FOREIGN_KEYS=1" "-DSQLITE_ENABLE_API_ARMOR" "-DSQLITE_ENABLE_COLUMN_METADATA" "-DSQLITE_ENABLE_DBSTAT_VTAB" "-DSQLITE_ENABLE_FTS3" "-DSQLITE_ENABLE_FTS3_PARENTHESIS" "-DSQLITE_ENABLE_FTS5" "-DSQLITE_ENABLE_JSON1" "-DSQLITE_ENABLE_LOAD_EXTENSION=1" "-DSQLITE_ENABLE_MEMORY_MANAGEMENT" "-DSQLITE_ENABLE_RTREE" "-DSQLITE_ENABLE_STAT2" "-DSQLITE_ENABLE_STAT4" "-DSQLITE_SOUNDEX" "-DSQLITE_THREADSAFE=1" "-DSQLITE_USE_URI" "-DHAVE_USLEEP=1" "-D_POSIX_THREAD_SAFE_FUNCTIONS" "-DHAVE_ISNAN" "-DHAVE_LOCALTIME_R" "-o" "/opt/rustwide/target/debug/build/libsqlite3-sys-6229559ceecd61a1/out/sqlite3/sqlite3.o" "-c" "sqlite3/sqlite3.c"
[INFO] [stderr]   exit status: 1
[INFO] [stderr]   cargo:warning=cc: fatal error: Killed signal terminated program cc1
[INFO] [stderr] 
[INFO] [stderr]   cargo:warning=compilation terminated.
[INFO] [stderr] 
[INFO] [stderr] 
[INFO] [stderr]   --- stderr
[INFO] [stderr] 
[INFO] [stderr] 
[INFO] [stderr]   error occurred: Command "cc" "-O0" "-ffunction-sections" "-fdata-sections" "-fPIC" "-gdwarf-4" "-fno-omit-frame-pointer" "-m64" "-DSQLITE_CORE" "-DSQLITE_DEFAULT_FOREIGN_KEYS=1" "-DSQLITE_ENABLE_API_ARMOR" "-DSQLITE_ENABLE_COLUMN_METADATA" "-DSQLITE_ENABLE_DBSTAT_VTAB" "-DSQLITE_ENABLE_FTS3" "-DSQLITE_ENABLE_FTS3_PARENTHESIS" "-DSQLITE_ENABLE_FTS5" "-DSQLITE_ENABLE_JSON1" "-DSQLITE_ENABLE_LOAD_EXTENSION=1" "-DSQLITE_ENABLE_MEMORY_MANAGEMENT" "-DSQLITE_ENABLE_RTREE" "-DSQLITE_ENABLE_STAT2" "-DSQLITE_ENABLE_STAT4" "-DSQLITE_SOUNDEX" "-DSQLITE_THREADSAFE=1" "-DSQLITE_USE_URI" "-DHAVE_USLEEP=1" "-D_POSIX_THREAD_SAFE_FUNCTIONS" "-DHAVE_ISNAN" "-DHAVE_LOCALTIME_R" "-o" "/opt/rustwide/target/debug/build/libsqlite3-sys-6229559ceecd61a1/out/sqlite3/sqlite3.o" "-c" "sqlite3/sqlite3.c" with args "cc" did not execute successfully (status code exit status: 1).
[INFO] [stderr] 
[INFO] [stderr] 
[INFO] [stderr] warning: build failed, waiting for other jobs to finish...
[INFO] running `Command { std: "docker" "inspect" "9a0d9c561458bf123391cbf2a38be6a5dc4ce641788f394366aa4f768870d564", kill_on_drop: false }`
[INFO] running `Command { std: "docker" "rm" "-f" "9a0d9c561458bf123391cbf2a38be6a5dc4ce641788f394366aa4f768870d564", kill_on_drop: false }`
[INFO] [stdout] 9a0d9c561458bf123391cbf2a38be6a5dc4ce641788f394366aa4f768870d564
[INFO] documenting TabbyML/tabby against beta-2023-12-22 for beta-1.76-rustdoc-1
[INFO] running `Command { std: "git" "clone" "/workspace/cache/git-repos/https%3A%2F%2Fgithub.com%2FTabbyML%2Ftabby" "/workspace/builds/worker-0-tc2/source", kill_on_drop: false }`
[INFO] [stderr] Cloning into '/workspace/builds/worker-0-tc2/source'...
[INFO] [stderr] done.
[INFO] validating manifest of git repo https://github.com/TabbyML/tabby on toolchain beta-2023-12-22
[INFO] running `Command { std: CARGO_HOME="/workspace/cargo-home" RUSTUP_HOME="/workspace/rustup-home" "/workspace/cargo-home/bin/cargo" "+beta-2023-12-22" "metadata" "--manifest-path" "Cargo.toml" "--no-deps", kill_on_drop: false }`
[INFO] started tweaking git repo https://github.com/TabbyML/tabby
[INFO] finished tweaking git repo https://github.com/TabbyML/tabby
[INFO] tweaked toml for git repo https://github.com/TabbyML/tabby written to /workspace/builds/worker-0-tc2/source/Cargo.toml
[INFO] crate git repo https://github.com/TabbyML/tabby already has a lockfile, it will not be regenerated
[INFO] running `Command { std: CARGO_HOME="/workspace/cargo-home" RUSTUP_HOME="/workspace/rustup-home" "/workspace/cargo-home/bin/cargo" "+beta-2023-12-22" "fetch" "--manifest-path" "Cargo.toml", kill_on_drop: false }`
[INFO] running `Command { std: "docker" "create" "-v" "/var/lib/crater-agent-workspace/builds/worker-0-tc2/target:/opt/rustwide/target:rw,Z" "-v" "/var/lib/crater-agent-workspace/builds/worker-0-tc2/source:/opt/rustwide/workdir:ro,Z" "-v" "/var/lib/crater-agent-workspace/cargo-home:/opt/rustwide/cargo-home:ro,Z" "-v" "/var/lib/crater-agent-workspace/rustup-home:/opt/rustwide/rustup-home:ro,Z" "-e" "SOURCE_DIR=/opt/rustwide/workdir" "-e" "CARGO_TARGET_DIR=/opt/rustwide/target" "-e" "CARGO_HOME=/opt/rustwide/cargo-home" "-e" "RUSTUP_HOME=/opt/rustwide/rustup-home" "-w" "/opt/rustwide/workdir" "-m" "1610612736" "--user" "0:0" "--network" "none" "ghcr.io/rust-lang/crates-build-env/linux@sha256:2788e3201cd34a07e3172128adcd8b3090168a8e3bcc40d7c032b9dda1df7d1c" "/opt/rustwide/cargo-home/bin/cargo" "+beta-2023-12-22" "metadata" "--no-deps" "--format-version=1", kill_on_drop: false }`
[INFO] [stdout] 649f45b0066ccdb42d28a9779439b10866eef44826583327ca527ed931cddf3e
[INFO] running `Command { std: "docker" "start" "-a" "649f45b0066ccdb42d28a9779439b10866eef44826583327ca527ed931cddf3e", kill_on_drop: false }`
[INFO] running `Command { std: "docker" "inspect" "649f45b0066ccdb42d28a9779439b10866eef44826583327ca527ed931cddf3e", kill_on_drop: false }`
[INFO] running `Command { std: "docker" "rm" "-f" "649f45b0066ccdb42d28a9779439b10866eef44826583327ca527ed931cddf3e", kill_on_drop: false }`
[INFO] [stdout] 649f45b0066ccdb42d28a9779439b10866eef44826583327ca527ed931cddf3e
[INFO] running `Command { std: "docker" "create" "-v" "/var/lib/crater-agent-workspace/builds/worker-0-tc2/target:/opt/rustwide/target:rw,Z" "-v" "/var/lib/crater-agent-workspace/builds/worker-0-tc2/source:/opt/rustwide/workdir:ro,Z" "-v" "/var/lib/crater-agent-workspace/cargo-home:/opt/rustwide/cargo-home:ro,Z" "-v" "/var/lib/crater-agent-workspace/rustup-home:/opt/rustwide/rustup-home:ro,Z" "-e" "SOURCE_DIR=/opt/rustwide/workdir" "-e" "CARGO_TARGET_DIR=/opt/rustwide/target" "-e" "CARGO_INCREMENTAL=0" "-e" "RUST_BACKTRACE=full" "-e" "RUSTFLAGS=--cap-lints=warn" "-e" "RUSTDOCFLAGS=--cap-lints=warn" "-e" "CARGO_HOME=/opt/rustwide/cargo-home" "-e" "RUSTUP_HOME=/opt/rustwide/rustup-home" "-w" "/opt/rustwide/workdir" "-m" "1610612736" "--user" "0:0" "--network" "none" "ghcr.io/rust-lang/crates-build-env/linux@sha256:2788e3201cd34a07e3172128adcd8b3090168a8e3bcc40d7c032b9dda1df7d1c" "/opt/rustwide/cargo-home/bin/cargo" "+beta-2023-12-22" "doc" "--frozen" "--no-deps" "--document-private-items" "--message-format=json", kill_on_drop: false }`
[INFO] [stdout] beecb54004535e680c189dcd2241713f8c5d0d9896d543073cf82cc8b35b2ee1
[INFO] running `Command { std: "docker" "start" "-a" "beecb54004535e680c189dcd2241713f8c5d0d9896d543073cf82cc8b35b2ee1", kill_on_drop: false }`
[INFO] [stderr]    Compiling proc-macro2 v1.0.66
[INFO] [stderr]    Compiling unicode-ident v1.0.9
[INFO] [stderr]    Compiling libc v0.2.149
[INFO] [stderr]    Compiling serde v1.0.171
[INFO] [stderr]     Checking memchr v2.6.2
[INFO] [stderr]     Checking once_cell v1.18.0
[INFO] [stderr]    Compiling syn v1.0.109
[INFO] [stderr]     Checking pin-project-lite v0.2.13
[INFO] [stderr]     Checking bytes v1.5.0
[INFO] [stderr]     Checking log v0.4.20
[INFO] [stderr]    Compiling ahash v0.8.3
[INFO] [stderr]    Compiling indexmap v1.9.3
[INFO] [stderr]    Compiling futures-core v0.3.29
[INFO] [stderr]    Compiling lock_api v0.4.10
[INFO] [stderr]    Compiling parking_lot_core v0.9.8
[INFO] [stderr]     Checking futures-sink v0.3.29
[INFO] [stderr]    Compiling futures-task v0.3.29
[INFO] [stderr]    Compiling futures-channel v0.3.29
[INFO] [stderr]     Checking allocator-api2 v0.2.16
[INFO] [stderr]    Compiling thiserror v1.0.49
[INFO] [stderr]    Compiling futures-util v0.3.29
[INFO] [stderr]     Checking futures-io v0.3.29
[INFO] [stderr]     Checking tracing-core v0.1.31
[INFO] [stderr]     Checking regex-syntax v0.8.2
[INFO] [stderr]    Compiling pkg-config v0.3.27
[INFO] [stderr]    Compiling generic-array v0.14.7
[INFO] [stderr]    Compiling async-trait v0.1.74
[INFO] [stderr]     Checking http v0.2.11
[INFO] [stderr]    Compiling num-traits v0.2.17
[INFO] [stderr]    Compiling serde_json v1.0.107
[INFO] [stderr]     Checking equivalent v1.0.1
[INFO] [stderr]    Compiling crossbeam-utils v0.8.16
[INFO] [stderr]     Checking hashbrown v0.14.0
[INFO] [stderr]     Checking aho-corasick v1.1.2
[INFO] [stderr]     Checking unicode-bidi v0.3.13
[INFO] [stderr]    Compiling anyhow v1.0.71
[INFO] [stderr]    Compiling vcpkg v0.2.15
[INFO] [stderr]     Checking want v0.3.0
[INFO] [stderr]     Checking mime v0.3.17
[INFO] [stderr]     Checking base64 v0.21.5
[INFO] [stderr]     Checking idna v0.3.0
[INFO] [stderr]     Checking bitflags v2.4.0
[INFO] [stderr]    Compiling quote v1.0.32
[INFO] [stderr]     Checking subtle v2.5.0
[INFO] [stderr]    Compiling io-lifetimes v1.0.11
[INFO] [stderr]    Compiling time-core v0.1.1
[INFO] [stderr]    Compiling time-macros v0.2.12
[INFO] [stderr]     Checking either v1.8.1
[INFO] [stderr]     Checking http-body v0.4.5
[INFO] [stderr]    Compiling syn v2.0.28
[INFO] [stderr]     Checking indexmap v2.0.1
[INFO] [stderr]     Checking crossbeam-channel v0.5.8
[INFO] [stderr]     Checking url v2.3.1
[INFO] [stderr]    Compiling rustix v0.37.19
[INFO] [stderr]    Compiling proc-macro-error-attr v1.0.4
[INFO] [stderr]     Checking block-buffer v0.10.4
[INFO] [stderr]     Checking crypto-common v0.1.6
[INFO] [stderr]    Compiling memoffset v0.8.0
[INFO] [stderr]     Checking digest v0.10.7
[INFO] [stderr]     Checking cpufeatures v0.2.11
[INFO] [stderr]    Compiling crc32fast v1.3.2
[INFO] [stderr]    Compiling crossbeam-epoch v0.9.14
[INFO] [stderr]     Checking regex-syntax v0.6.29
[INFO] [stderr]    Compiling rustversion v1.0.14
[INFO] [stderr]    Compiling openssl v0.10.61
[INFO] [stderr]     Checking num_cpus v1.15.0
[INFO] [stderr]     Checking socket2 v0.5.5
[INFO] [stderr]     Checking mio v0.8.10
[INFO] [stderr]    Compiling jobserver v0.1.26
[INFO] [stderr]     Checking signal-hook-registry v1.4.1
[INFO] [stderr]     Checking getrandom v0.2.11
[INFO] [stderr]     Checking socket2 v0.4.9
[INFO] [stderr]     Checking parking_lot v0.12.1
[INFO] [stderr]     Checking rand_core v0.6.4
[INFO] [stderr]    Compiling cc v1.0.83
[INFO] [stderr]     Checking num_threads v0.1.6
[INFO] [stderr]    Compiling crunchy v0.2.2
[INFO] [stderr]     Checking iana-time-zone v0.1.57
[INFO] [stderr]     Checking rand_chacha v0.3.1
[INFO] [stderr]    Compiling rustix v0.38.17
[INFO] [stderr]     Checking stable_deref_trait v1.2.0
[INFO] [stderr]    Compiling zstd-safe v6.0.6
[INFO] [stderr]    Compiling paste v1.0.12
[INFO] [stderr]    Compiling rayon-core v1.11.0
[INFO] [stderr]     Checking ownedbytes v0.6.0
[INFO] [stderr]     Checking regex-automata v0.4.3
[INFO] [stderr]     Checking ipnet v2.7.2
[INFO] [stderr]     Checking minimal-lexical v0.2.1
[INFO] [stderr]     Checking rand v0.8.5
[INFO] [stderr]     Checking linux-raw-sys v0.4.10
[INFO] [stderr]     Checking crossbeam-deque v0.8.3
[INFO] [stderr]     Checking utf8-ranges v1.0.5
[INFO] [stderr]     Checking nom v7.1.3
[INFO] [stderr]     Checking winnow v0.4.6
[INFO] [stderr]     Checking bitpacking v0.8.4
[INFO] [stderr]     Checking linux-raw-sys v0.3.8
[INFO] [stderr]     Checking murmurhash32 v0.3.0
[INFO] [stderr]     Checking itertools v0.11.0
[INFO] [stderr]     Checking instant v0.1.12
[INFO] [stderr]     Checking home v0.5.5
[INFO] [stderr]     Checking fastrand v1.9.0
[INFO] [stderr]     Checking fastdivide v0.4.0
[INFO] [stderr]     Checking measure_time v0.8.2
[INFO] [stderr]     Checking rayon v1.7.0
[INFO] [stderr]     Checking memmap2 v0.7.1
[INFO] [stderr]     Checking lru v0.11.1
[INFO] [stderr]     Checking rmp v0.8.11
[INFO] [stderr]     Checking levenshtein_automata v0.2.1
[INFO] [stderr]     Checking tantivy-fst v0.4.0
[INFO] [stderr]     Checking downcast-rs v1.2.0
[INFO] [stderr]     Checking lz4_flex v0.11.1
[INFO] [stderr]     Checking arc-swap v1.6.0
[INFO] [stderr]     Checking htmlescape v0.3.1
[INFO] [stderr]     Checking census v0.4.1
[INFO] [stderr]     Checking rustc-hash v1.1.0
[INFO] [stderr]    Compiling openssl-sys v0.9.97
[INFO] [stderr]    Compiling zstd-sys v2.0.8+zstd.1.5.5
[INFO] [stderr]    Compiling ident_case v1.0.1
[INFO] [stderr]     Checking oneshot v0.1.5
[INFO] [stderr]     Checking glob v0.3.1
[INFO] [stderr]    Compiling tree-sitter v0.20.10
[INFO] [stderr]     Checking dashmap v5.5.3
[INFO] [stderr]     Checking sha1 v0.10.6
[INFO] [stderr]     Checking tantivy-query-grammar v0.21.0
[INFO] [stderr]    Compiling axum-core v0.3.4
[INFO] [stderr]    Compiling getrandom v0.1.16
[INFO] [stderr]    Compiling native-tls v0.2.11
[INFO] [stderr]     Checking regex v1.10.2
[INFO] [stderr]     Checking data-encoding v2.4.0
[INFO] [stderr]     Checking utf-8 v0.7.6
[INFO] [stderr]     Checking walkdir v2.3.3
[INFO] [stderr]    Compiling proc-macro-error v1.0.4
[INFO] [stderr]    Compiling axum v0.6.20
[INFO] [stderr]     Checking fs4 v0.6.6
[INFO] [stderr]     Checking sha2 v0.10.8
[INFO] [stderr]     Checking filenamify v0.1.0
[INFO] [stderr]     Checking headers-core v0.2.0
[INFO] [stderr]     Checking headers v0.3.8
[INFO] [stderr]    Compiling itertools v0.10.5
[INFO] [stderr]     Checking uuid v0.8.2
[INFO] [stderr]     Checking thread_local v1.1.7
[INFO] [stderr]    Compiling unicase v2.7.0
[INFO] [stderr]    Compiling strsim v0.10.0
[INFO] [stderr]     Checking rand_core v0.5.1
[INFO] [stderr]    Compiling darling_core v0.14.4
[INFO] [stderr]     Checking void v1.0.2
[INFO] [stderr]     Checking rand_chacha v0.2.2
[INFO] [stderr]     Checking unreachable v1.0.0
[INFO] [stderr]    Compiling libsqlite3-sys v0.27.0
[INFO] [stderr]     Checking tantivy-bitpacker v0.5.0
[INFO] [stderr]    Compiling smartstring v1.0.1
[INFO] [stderr]     Checking ascii v0.9.3
[INFO] [stderr]     Checking tempfile v3.5.0
[INFO] [stderr]     Checking rand v0.7.3
[INFO] [stderr]    Compiling derive_utils v0.11.2
[INFO] [stderr]    Compiling prettyplease v0.1.25
[INFO] [stderr]     Checking combine v3.8.1
[INFO] [stderr]    Compiling bitflags v1.3.2
[INFO] [stderr]     Checking utf8parse v0.2.1
[INFO] [stderr]     Checking linked-hash-map v0.5.6
[INFO] [stderr]     Checking anstyle-parse v0.2.0
[INFO] [stderr]    Compiling mime_guess v2.0.4
[INFO] [stderr]    Compiling link-cplusplus v1.0.8
[INFO] [stderr]    Compiling backtrace v0.3.67
[INFO] [stderr]     Checking regex-automata v0.1.10
[INFO] [stderr]     Checking hashlink v0.8.4
[INFO] [stderr]    Compiling num-integer v0.1.45
[INFO] [stderr]     Checking anstyle v1.0.0
[INFO] [stderr]     Checking anstyle-query v1.0.0
[INFO] [stderr]    Compiling portable-atomic v1.3.2
[INFO] [stderr]    Compiling ucd-trie v0.1.6
[INFO] [stderr]     Checking colorchoice v1.0.0
[INFO] [stderr]     Checking fallible-iterator v0.3.0
[INFO] [stderr]     Checking fallible-streaming-iterator v0.1.9
[INFO] [stderr]    Compiling scratch v1.0.5
[INFO] [stderr]    Compiling fixedbitset v0.4.2
[INFO] [stderr]     Checking anstream v0.6.4
[INFO] [stderr]     Checking matchers v0.1.0
[INFO] [stderr]    Compiling which v4.4.0
[INFO] [stderr]    Compiling include_dir_macros v0.7.3
[INFO] [stderr]     Checking tracing-log v0.1.3
[INFO] [stderr]     Checking object v0.30.3
[INFO] [stderr]     Checking bstr v1.7.0
[INFO] [stderr]    Compiling num-bigint v0.4.4
[INFO] [stderr]     Checking unicode-width v0.1.10
[INFO] [stderr]    Compiling termcolor v1.2.0
[INFO] [stderr]    Compiling adler v1.0.2
[INFO] [stderr]     Checking clap_lex v0.6.0
[INFO] [stderr]    Compiling cxxbridge-flags v1.0.95
[INFO] [stderr]     Checking rustc-demangle v0.1.23
[INFO] [stderr]    Compiling multimap v0.8.3
[INFO] [stderr]    Compiling rusqlite_migration v1.1.0-beta.1
[INFO] [stderr]     Checking clap_builder v4.4.11
[INFO] [stderr]    Compiling codespan-reporting v0.11.1
[INFO] [stderr]     Checking globset v0.4.13
[INFO] [stderr]    Compiling cxx v1.0.95
[INFO] [stderr]     Checking include_dir v0.7.3
[INFO] [stderr]    Compiling miniz_oxide v0.7.1
[INFO] [stderr]     Checking console v0.15.7
[INFO] [stderr]    Compiling ring v0.17.5
[INFO] [stderr]    Compiling trackable_derive v1.0.0
[INFO] [stderr]    Compiling prost-derive v0.11.9
[INFO] [stderr]    Compiling futures-enum v0.1.17
[INFO] [stderr]    Compiling juniper_codegen v0.15.9
[INFO] [stderr]    Compiling dirs-sys v0.3.7
[INFO] [stderr]    Compiling darling_macro v0.14.4
[INFO] [stderr]    Compiling serde_derive v1.0.171
[INFO] [stderr]    Compiling tokio-macros v2.2.0
[INFO] [stderr]    Compiling futures-macro v0.3.29
[INFO] [stderr]    Compiling thiserror-impl v1.0.49
[INFO] [stderr]    Compiling tracing-attributes v0.1.24
[INFO] [stderr]    Compiling openssl-macros v0.1.1
[INFO] [stderr]    Compiling pin-project-internal v1.1.3
[INFO] [stderr]    Compiling uuid-macro-internal v1.6.1
[INFO] [stderr]    Compiling utoipa-gen v3.3.0
[INFO] [stderr]     Checking trackable v1.3.0
[INFO] [stderr]     Checking tokio v1.35.0
[INFO] [stderr]    Compiling async-stream-impl v0.3.5
[INFO] [stderr]    Compiling darling v0.14.4
[INFO] [stderr]    Compiling derive_builder_core v0.12.0
[INFO] [stderr]    Compiling prost v0.11.9
[INFO] [stderr]    Compiling clap_derive v4.4.7
[INFO] [stderr]     Checking tungstenite v0.20.1
[INFO] [stderr]     Checking graphql-parser v0.3.0
[INFO] [stderr]     Checking async-stream v0.3.5
[INFO] [stderr]    Compiling prost-types v0.11.9
[INFO] [stderr]    Compiling pest v2.7.5
[INFO] [stderr]    Compiling semver v1.0.20
[INFO] [stderr]     Checking tracing v0.1.37
[INFO] [stderr]    Compiling strsim v0.9.3
[INFO] [stderr]     Checking pin-project v1.1.3
[INFO] [stderr]     Checking tracing-subscriber v0.3.17
[INFO] [stderr]     Checking number_prefix v0.4.0
[INFO] [stderr]    Compiling derive_builder_macro v0.12.0
[INFO] [stderr]    Compiling darling_core v0.10.2
[INFO] [stderr]     Checking indicatif v0.17.7
[INFO] [stderr]     Checking error-chain v0.10.0
[INFO] [stderr]    Compiling dirs v4.0.0
[INFO] [stderr] The following warnings were emitted during compilation:
[INFO] [stderr] 
[INFO] [stderr] warning: libsqlite3-sys@0.27.0: cc: fatal error: Killed signal terminated program cc1
[INFO] [stderr] warning: libsqlite3-sys@0.27.0: compilation terminated.
[INFO] [stderr] 
[INFO] [stderr] error: failed to run custom build command for `libsqlite3-sys v0.27.0`
[INFO] [stderr] note: To improve backtraces for build dependencies, set the CARGO_PROFILE_DEV_BUILD_OVERRIDE_DEBUG=true environment variable to enable debug information generation.
[INFO] [stderr] 
[INFO] [stderr] Caused by:
[INFO] [stderr]   process didn't exit successfully: `/opt/rustwide/target/debug/build/libsqlite3-sys-0a242e90679e5993/build-script-build` (exit status: 1)
[INFO] [stderr]   --- stdout
[INFO] [stderr]   cargo:rerun-if-env-changed=LIBSQLITE3_SYS_USE_PKG_CONFIG
[INFO] [stderr]   cargo:rerun-if-changed=sqlite3/sqlite3.c
[INFO] [stderr]   cargo:rerun-if-changed=sqlite3/wasm32-wasi-vfs.c
[INFO] [stderr]   cargo:rerun-if-env-changed=SQLITE_MAX_VARIABLE_NUMBER
[INFO] [stderr]   cargo:rerun-if-env-changed=SQLITE_MAX_EXPR_DEPTH
[INFO] [stderr]   cargo:rerun-if-env-changed=SQLITE_MAX_COLUMN
[INFO] [stderr]   cargo:rerun-if-env-changed=LIBSQLITE3_FLAGS
[INFO] [stderr]   TARGET = Some("x86_64-unknown-linux-gnu")
[INFO] [stderr]   OPT_LEVEL = Some("0")
[INFO] [stderr]   HOST = Some("x86_64-unknown-linux-gnu")
[INFO] [stderr]   cargo:rerun-if-env-changed=CC_x86_64-unknown-linux-gnu
[INFO] [stderr]   CC_x86_64-unknown-linux-gnu = None
[INFO] [stderr]   cargo:rerun-if-env-changed=CC_x86_64_unknown_linux_gnu
[INFO] [stderr]   CC_x86_64_unknown_linux_gnu = None
[INFO] [stderr]   cargo:rerun-if-env-changed=HOST_CC
[INFO] [stderr]   HOST_CC = None
[INFO] [stderr]   cargo:rerun-if-env-changed=CC
[INFO] [stderr]   CC = None
[INFO] [stderr]   cargo:rerun-if-env-changed=CRATE_CC_NO_DEFAULTS
[INFO] [stderr]   CRATE_CC_NO_DEFAULTS = None
[INFO] [stderr]   DEBUG = Some("true")
[INFO] [stderr]   CARGO_CFG_TARGET_FEATURE = Some("fxsr,sse,sse2")
[INFO] [stderr]   cargo:rerun-if-env-changed=CFLAGS_x86_64-unknown-linux-gnu
[INFO] [stderr]   CFLAGS_x86_64-unknown-linux-gnu = None
[INFO] [stderr]   cargo:rerun-if-env-changed=CFLAGS_x86_64_unknown_linux_gnu
[INFO] [stderr]   CFLAGS_x86_64_unknown_linux_gnu = None
[INFO] [stderr]   cargo:rerun-if-env-changed=HOST_CFLAGS
[INFO] [stderr]   HOST_CFLAGS = None
[INFO] [stderr]   cargo:rerun-if-env-changed=CFLAGS
[INFO] [stderr]   CFLAGS = None
[INFO] [stderr]   running: "cc" "-O0" "-ffunction-sections" "-fdata-sections" "-fPIC" "-gdwarf-4" "-fno-omit-frame-pointer" "-m64" "-DSQLITE_CORE" "-DSQLITE_DEFAULT_FOREIGN_KEYS=1" "-DSQLITE_ENABLE_API_ARMOR" "-DSQLITE_ENABLE_COLUMN_METADATA" "-DSQLITE_ENABLE_DBSTAT_VTAB" "-DSQLITE_ENABLE_FTS3" "-DSQLITE_ENABLE_FTS3_PARENTHESIS" "-DSQLITE_ENABLE_FTS5" "-DSQLITE_ENABLE_JSON1" "-DSQLITE_ENABLE_LOAD_EXTENSION=1" "-DSQLITE_ENABLE_MEMORY_MANAGEMENT" "-DSQLITE_ENABLE_RTREE" "-DSQLITE_ENABLE_STAT2" "-DSQLITE_ENABLE_STAT4" "-DSQLITE_SOUNDEX" "-DSQLITE_THREADSAFE=1" "-DSQLITE_USE_URI" "-DHAVE_USLEEP=1" "-D_POSIX_THREAD_SAFE_FUNCTIONS" "-DHAVE_ISNAN" "-DHAVE_LOCALTIME_R" "-o" "/opt/rustwide/target/debug/build/libsqlite3-sys-989a837d3f169cc9/out/sqlite3/sqlite3.o" "-c" "sqlite3/sqlite3.c"
[INFO] [stderr]   exit status: 1
[INFO] [stderr]   cargo:warning=cc: fatal error: Killed signal terminated program cc1
[INFO] [stderr] 
[INFO] [stderr]   cargo:warning=compilation terminated.
[INFO] [stderr] 
[INFO] [stderr] 
[INFO] [stderr]   --- stderr
[INFO] [stderr] 
[INFO] [stderr] 
[INFO] [stderr]   error occurred: Command "cc" "-O0" "-ffunction-sections" "-fdata-sections" "-fPIC" "-gdwarf-4" "-fno-omit-frame-pointer" "-m64" "-DSQLITE_CORE" "-DSQLITE_DEFAULT_FOREIGN_KEYS=1" "-DSQLITE_ENABLE_API_ARMOR" "-DSQLITE_ENABLE_COLUMN_METADATA" "-DSQLITE_ENABLE_DBSTAT_VTAB" "-DSQLITE_ENABLE_FTS3" "-DSQLITE_ENABLE_FTS3_PARENTHESIS" "-DSQLITE_ENABLE_FTS5" "-DSQLITE_ENABLE_JSON1" "-DSQLITE_ENABLE_LOAD_EXTENSION=1" "-DSQLITE_ENABLE_MEMORY_MANAGEMENT" "-DSQLITE_ENABLE_RTREE" "-DSQLITE_ENABLE_STAT2" "-DSQLITE_ENABLE_STAT4" "-DSQLITE_SOUNDEX" "-DSQLITE_THREADSAFE=1" "-DSQLITE_USE_URI" "-DHAVE_USLEEP=1" "-D_POSIX_THREAD_SAFE_FUNCTIONS" "-DHAVE_ISNAN" "-DHAVE_LOCALTIME_R" "-o" "/opt/rustwide/target/debug/build/libsqlite3-sys-989a837d3f169cc9/out/sqlite3/sqlite3.o" "-c" "sqlite3/sqlite3.c" with args "cc" did not execute successfully (status code exit status: 1).
[INFO] [stderr] 
[INFO] [stderr] 
[INFO] [stderr] warning: build failed, waiting for other jobs to finish...
[INFO] running `Command { std: "docker" "inspect" "beecb54004535e680c189dcd2241713f8c5d0d9896d543073cf82cc8b35b2ee1", kill_on_drop: false }`
[INFO] running `Command { std: "docker" "rm" "-f" "beecb54004535e680c189dcd2241713f8c5d0d9896d543073cf82cc8b35b2ee1", kill_on_drop: false }`
[INFO] [stdout] beecb54004535e680c189dcd2241713f8c5d0d9896d543073cf82cc8b35b2ee1
