[INFO] cloning repository https://github.com/TGMM/ceceo-llvm
[INFO] running `Command { std: "git" "-c" "credential.helper=" "-c" "credential.helper=/workspace/cargo-home/bin/git-credential-null" "clone" "--bare" "https://github.com/TGMM/ceceo-llvm" "/workspace/cache/git-repos/https%3A%2F%2Fgithub.com%2FTGMM%2Fceceo-llvm", kill_on_drop: false }`
[INFO] [stderr] Cloning into bare repository '/workspace/cache/git-repos/https%3A%2F%2Fgithub.com%2FTGMM%2Fceceo-llvm'...
[INFO] running `Command { std: "git" "rev-parse" "HEAD", kill_on_drop: false }`
[INFO] [stdout] e802eecb1698c75233005d87a449dd9d27302f69
[INFO] documenting TGMM/ceceo-llvm against 1.75.0 for beta-1.76-rustdoc-1
[INFO] running `Command { std: "git" "clone" "/workspace/cache/git-repos/https%3A%2F%2Fgithub.com%2FTGMM%2Fceceo-llvm" "/workspace/builds/worker-1-tc1/source", kill_on_drop: false }`
[INFO] [stderr] Cloning into '/workspace/builds/worker-1-tc1/source'...
[INFO] [stderr] done.
[INFO] validating manifest of git repo https://github.com/TGMM/ceceo-llvm on toolchain 1.75.0
[INFO] running `Command { std: CARGO_HOME="/workspace/cargo-home" RUSTUP_HOME="/workspace/rustup-home" "/workspace/cargo-home/bin/cargo" "+1.75.0" "metadata" "--manifest-path" "Cargo.toml" "--no-deps", kill_on_drop: false }`
[INFO] removed /workspace/builds/worker-1-tc1/source/rust-toolchain.toml
[INFO] started tweaking git repo https://github.com/TGMM/ceceo-llvm
[INFO] finished tweaking git repo https://github.com/TGMM/ceceo-llvm
[INFO] tweaked toml for git repo https://github.com/TGMM/ceceo-llvm written to /workspace/builds/worker-1-tc1/source/Cargo.toml
[INFO] crate git repo https://github.com/TGMM/ceceo-llvm already has a lockfile, it will not be regenerated
[INFO] running `Command { std: CARGO_HOME="/workspace/cargo-home" RUSTUP_HOME="/workspace/rustup-home" "/workspace/cargo-home/bin/cargo" "+1.75.0" "fetch" "--manifest-path" "Cargo.toml", kill_on_drop: false }`
[INFO] [stderr] warning: virtual workspace defaulting to `resolver = "1"` despite one or more workspace members being on edition 2021 which implies `resolver = "2"`
[INFO] [stderr] note: to keep the current resolver, specify `workspace.resolver = "1"` in the workspace root's manifest
[INFO] [stderr] note: to use the edition 2021 resolver, specify `workspace.resolver = "2"` in the workspace root's manifest
[INFO] [stderr] note: for more details see https://doc.rust-lang.org/cargo/reference/resolver.html#resolver-versions
[INFO] [stderr]     Updating git repository `https://github.com/TheDan64/inkwell`
[INFO] [stderr]     Updating crates.io index
[INFO] [stderr]  Downloading crates ...
[INFO] [stderr]   Downloaded llvm-sys v140.0.3
[INFO] running `Command { std: "docker" "create" "-v" "/var/lib/crater-agent-workspace/builds/worker-1-tc1/target:/opt/rustwide/target:rw,Z" "-v" "/var/lib/crater-agent-workspace/builds/worker-1-tc1/source:/opt/rustwide/workdir:ro,Z" "-v" "/var/lib/crater-agent-workspace/cargo-home:/opt/rustwide/cargo-home:ro,Z" "-v" "/var/lib/crater-agent-workspace/rustup-home:/opt/rustwide/rustup-home:ro,Z" "-e" "SOURCE_DIR=/opt/rustwide/workdir" "-e" "CARGO_TARGET_DIR=/opt/rustwide/target" "-e" "CARGO_HOME=/opt/rustwide/cargo-home" "-e" "RUSTUP_HOME=/opt/rustwide/rustup-home" "-w" "/opt/rustwide/workdir" "-m" "1610612736" "--user" "0:0" "--network" "none" "ghcr.io/rust-lang/crates-build-env/linux@sha256:2788e3201cd34a07e3172128adcd8b3090168a8e3bcc40d7c032b9dda1df7d1c" "/opt/rustwide/cargo-home/bin/cargo" "+1.75.0" "metadata" "--no-deps" "--format-version=1", kill_on_drop: false }`
[INFO] [stdout] 0c92fd982bef9d4db22a2e79f05a489816b172493c4f71ccb8bb01d75651c57a
[INFO] running `Command { std: "docker" "start" "-a" "0c92fd982bef9d4db22a2e79f05a489816b172493c4f71ccb8bb01d75651c57a", kill_on_drop: false }`
[INFO] running `Command { std: "docker" "inspect" "0c92fd982bef9d4db22a2e79f05a489816b172493c4f71ccb8bb01d75651c57a", kill_on_drop: false }`
[INFO] running `Command { std: "docker" "rm" "-f" "0c92fd982bef9d4db22a2e79f05a489816b172493c4f71ccb8bb01d75651c57a", kill_on_drop: false }`
[INFO] [stdout] 0c92fd982bef9d4db22a2e79f05a489816b172493c4f71ccb8bb01d75651c57a
[INFO] running `Command { std: "docker" "create" "-v" "/var/lib/crater-agent-workspace/builds/worker-1-tc1/target:/opt/rustwide/target:rw,Z" "-v" "/var/lib/crater-agent-workspace/builds/worker-1-tc1/source:/opt/rustwide/workdir:ro,Z" "-v" "/var/lib/crater-agent-workspace/cargo-home:/opt/rustwide/cargo-home:ro,Z" "-v" "/var/lib/crater-agent-workspace/rustup-home:/opt/rustwide/rustup-home:ro,Z" "-e" "SOURCE_DIR=/opt/rustwide/workdir" "-e" "CARGO_TARGET_DIR=/opt/rustwide/target" "-e" "CARGO_INCREMENTAL=0" "-e" "RUST_BACKTRACE=full" "-e" "RUSTFLAGS=--cap-lints=warn" "-e" "RUSTDOCFLAGS=--cap-lints=warn" "-e" "CARGO_HOME=/opt/rustwide/cargo-home" "-e" "RUSTUP_HOME=/opt/rustwide/rustup-home" "-w" "/opt/rustwide/workdir" "-m" "1610612736" "--user" "0:0" "--network" "none" "ghcr.io/rust-lang/crates-build-env/linux@sha256:2788e3201cd34a07e3172128adcd8b3090168a8e3bcc40d7c032b9dda1df7d1c" "/opt/rustwide/cargo-home/bin/cargo" "+1.75.0" "doc" "--frozen" "--no-deps" "--document-private-items" "--message-format=json", kill_on_drop: false }`
[INFO] [stdout] d9782ca2eee3a30619eef25bf4dc7ecfb43a341d4c99fe8623ae10e87cd085b3
[INFO] running `Command { std: "docker" "start" "-a" "d9782ca2eee3a30619eef25bf4dc7ecfb43a341d4c99fe8623ae10e87cd085b3", kill_on_drop: false }`
[INFO] [stderr] warning: virtual workspace defaulting to `resolver = "1"` despite one or more workspace members being on edition 2021 which implies `resolver = "2"`
[INFO] [stderr] note: to keep the current resolver, specify `workspace.resolver = "1"` in the workspace root's manifest
[INFO] [stderr] note: to use the edition 2021 resolver, specify `workspace.resolver = "2"` in the workspace root's manifest
[INFO] [stderr] note: for more details see https://doc.rust-lang.org/cargo/reference/resolver.html#resolver-versions
[INFO] [stderr]    Compiling libc v0.2.138
[INFO] [stderr]    Compiling proc-macro2 v1.0.47
[INFO] [stderr]    Compiling unicode-ident v1.0.5
[INFO] [stderr]    Compiling regex-syntax v0.6.28
[INFO] [stderr]    Compiling parking_lot_core v0.9.5
[INFO] [stderr]    Compiling lock_api v0.4.9
[INFO] [stderr]    Compiling quote v1.0.21
[INFO] [stderr]    Compiling memchr v2.5.0
[INFO] [stderr]    Compiling syn v1.0.105
[INFO] [stderr]    Compiling indexmap v1.9.2
[INFO] [stderr]    Compiling scopeguard v1.1.0
[INFO] [stderr]    Compiling smallvec v1.10.0
[INFO] [stderr]    Compiling crunchy v0.2.2
[INFO] [stderr]    Compiling siphasher v0.3.10
[INFO] [stderr]    Compiling aho-corasick v0.7.20
[INFO] [stderr]    Compiling tiny-keccak v2.0.2
[INFO] [stderr]    Compiling hashbrown v0.12.3
[INFO] [stderr]    Compiling phf_shared v0.10.0
[INFO] [stderr]    Compiling new_debug_unreachable v1.0.4
[INFO] [stderr]    Compiling fixedbitset v0.4.2
[INFO] [stderr]    Compiling precomputed-hash v0.1.1
[INFO] [stderr]    Compiling bit-vec v0.6.3
[INFO] [stderr]    Compiling either v1.8.0
[INFO] [stderr]    Compiling once_cell v1.16.0
[INFO] [stderr]    Compiling itertools v0.10.5
[INFO] [stderr]    Compiling dirs-sys-next v0.1.2
[INFO] [stderr]    Compiling dirs-next v2.0.0
[INFO] [stderr]    Compiling term v0.7.0
[INFO] [stderr]    Compiling petgraph v0.6.2
[INFO] [stderr]    Compiling atty v0.2.14
[INFO] [stderr]    Compiling bit-set v0.5.3
[INFO] [stderr]    Compiling ena v0.14.0
[INFO] [stderr]    Compiling parking_lot v0.12.1
[INFO] [stderr]    Compiling ascii-canvas v3.0.0
[INFO] [stderr]    Compiling regex v1.7.0
[INFO] [stderr]    Compiling string_cache v0.8.4
[INFO] [stderr]    Compiling pico-args v0.4.2
[INFO] [stderr]    Compiling diff v0.1.13
[INFO] [stderr]    Compiling semver v1.0.14
[INFO] [stderr]    Compiling unicode-xid v0.2.4
[INFO] [stderr]    Compiling proc-macro-error-attr v1.0.4
[INFO] [stderr]    Compiling io-lifetimes v1.0.3
[INFO] [stderr]    Compiling proc-macro-error v1.0.4
[INFO] [stderr]    Compiling lalrpop-util v0.19.8
[INFO] [stderr]    Compiling cc v1.0.77
[INFO] [stderr]    Compiling lazy_static v1.4.0
[INFO] [stderr]    Compiling rustix v0.36.5
[INFO] [stderr]    Compiling lalrpop v0.19.8
[INFO] [stderr]     Checking bitflags v1.3.2
[INFO] [stderr]     Checking linux-raw-sys v0.1.3
[INFO] [stderr]    Compiling serde_derive v1.0.148
[INFO] [stderr]    Compiling serde v1.0.148
[INFO] [stderr]     Checking os_str_bytes v6.4.1
[INFO] [stderr]    Compiling heck v0.4.0
[INFO] [stderr]     Checking clap_lex v0.3.0
[INFO] [stderr]    Compiling inkwell v0.1.0 (https://github.com/TheDan64/inkwell?branch=master#9ee484b3)
[INFO] [stderr]     Checking termcolor v1.1.3
[INFO] [stderr]    Compiling serde_json v1.0.89
[INFO] [stderr]     Checking strsim v0.10.0
[INFO] [stderr]     Checking itoa v1.0.4
[INFO] [stderr]    Compiling llvm-sys v140.0.3
[INFO] [stderr]     Checking ryu v1.0.11
[INFO] [stderr]     Checking is-terminal v0.4.1
[INFO] [stderr]     Checking bimap v0.6.2
[INFO] [stderr]    Compiling clap_derive v4.0.21
[INFO] [stderr]    Compiling inkwell_internals v0.6.0 (https://github.com/TheDan64/inkwell?branch=master#9ee484b3)
[INFO] [stderr]     Checking clap v4.0.29
[INFO] [stderr]    Compiling parser v0.1.0 (/opt/rustwide/workdir/parser)
[INFO] [stderr]  Documenting parser v0.1.0 (/opt/rustwide/workdir/parser)
[INFO] [stderr]  Documenting visualizer v0.1.0 (/opt/rustwide/workdir/visualizer)
[INFO] [stderr]  Documenting interpreter v0.1.0 (/opt/rustwide/workdir/interpreter)
[INFO] [stderr]  Documenting compiler v0.1.0 (/opt/rustwide/workdir/compiler)
[INFO] [stdout] error: `~const` is not allowed here
[INFO] [stdout]   --> interpreter/src/user_proc.rs:13:16
[INFO] [stdout]    |
[INFO] [stdout] 13 |     fn hash<H: ~const std::hash::Hasher>(&self, state: &mut H) {
[INFO] [stdout]    |                ^^^^^^^^^^^^^^^^^^^^^^^^
[INFO] [stdout]    |
[INFO] [stdout] note: this function is not `const`, so it cannot have `~const` trait bounds
[INFO] [stdout]   --> interpreter/src/user_proc.rs:13:8
[INFO] [stdout]    |
[INFO] [stdout] 13 |     fn hash<H: ~const std::hash::Hasher>(&self, state: &mut H) {
[INFO] [stdout]    |        ^^^^
[INFO] [stdout] 
[INFO] [stdout] 
[INFO] [stdout] error[E0554]: `#![feature]` may not be used on the stable release channel
[INFO] [stdout]  --> interpreter/src/main.rs:1:1
[INFO] [stdout]   |
[INFO] [stdout] 1 | #![feature(let_chains)]
[INFO] [stdout]   | ^^^^^^^^^^^^^^^^^^^^^^^
[INFO] [stdout] 
[INFO] [stdout] 
[INFO] [stdout] error[E0554]: `#![feature]` may not be used on the stable release channel
[INFO] [stdout]  --> interpreter/src/main.rs:2:1
[INFO] [stdout]   |
[INFO] [stdout] 2 | #![feature(once_cell)]
[INFO] [stdout]   | ^^^^^^^^^^^^^^^^^^^^^^
[INFO] [stdout] 
[INFO] [stdout] 
[INFO] [stdout] error[E0554]: `#![feature]` may not be used on the stable release channel
[INFO] [stdout]  --> interpreter/src/main.rs:3:1
[INFO] [stdout]   |
[INFO] [stdout] 3 | #![feature(const_trait_impl)]
[INFO] [stdout]   | ^^^^^^^^^^^^^^^^^^^^^^^^^^^^^
[INFO] [stdout] 
[INFO] [stdout] 
[INFO] [stdout] error: ~const can only be applied to `#[const_trait]` traits
[INFO] [stdout]   --> interpreter/src/user_proc.rs:13:23
[INFO] [stdout]    |
[INFO] [stdout] 13 |     fn hash<H: ~const std::hash::Hasher>(&self, state: &mut H) {
[INFO] [stdout]    |                       ^^^^^^^^^^^^^^^^^
[INFO] [stdout] 
[INFO] [stdout] 
[INFO] [stdout] error[E0658]: use of unstable library feature 'lazy_cell'
[INFO] [stdout]   --> interpreter/src/expr_interpreter.rs:21:5
[INFO] [stdout]    |
[INFO] [stdout] 21 |     LazyLock::new(|| Arc::new(RwLock::new(HashMap::new())));
[INFO] [stdout]    |     ^^^^^^^^^^^^^
[INFO] [stdout]    |
[INFO] [stdout]    = note: see issue #109736 <https://github.com/rust-lang/rust/issues/109736> for more information
[INFO] [stdout] 
[INFO] [stdout] 
[INFO] [stdout] error[E0658]: use of unstable library feature 'lazy_cell'
[INFO] [stdout]   --> interpreter/src/generic_procs.rs:19:77
[INFO] [stdout]    |
[INFO] [stdout] 19 | static GENERIC_PROCS_MAP: LazyLock<BiHashMap<GenericProcs, &'static str>> = LazyLock::new(|| {
[INFO] [stdout]    |                                                                             ^^^^^^^^^^^^^
[INFO] [stdout]    |
[INFO] [stdout]    = note: see issue #109736 <https://github.com/rust-lang/rust/issues/109736> for more information
[INFO] [stdout] 
[INFO] [stdout] 
[INFO] [stdout] error[E0658]: use of unstable library feature 'lazy_cell'
[INFO] [stdout]   --> interpreter/src/numeric_procs.rs:13:77
[INFO] [stdout]    |
[INFO] [stdout] 13 | static NUMERIC_PROCS_MAP: LazyLock<BiHashMap<NumericProcs, &'static str>> = LazyLock::new(|| {
[INFO] [stdout]    |                                                                             ^^^^^^^^^^^^^
[INFO] [stdout]    |
[INFO] [stdout]    = note: see issue #109736 <https://github.com/rust-lang/rust/issues/109736> for more information
[INFO] [stdout] 
[INFO] [stdout] 
[INFO] [stdout] error[E0658]: use of unstable library feature 'lazy_cell'
[INFO] [stdout]   --> interpreter/src/procs_impl.rs:86:37
[INFO] [stdout]    |
[INFO] [stdout] 86 | static VOID: LazyLock<EvalResult> = LazyLock::new(|| EvalResult::QuoteAtom(Atom::Symbol("<void>".to_string())));
[INFO] [stdout]    |                                     ^^^^^^^^^^^^^
[INFO] [stdout]    |
[INFO] [stdout]    = note: see issue #109736 <https://github.com/rust-lang/rust/issues/109736> for more information
[INFO] [stdout] 
[INFO] [stdout] 
[INFO] [stdout] error: aborting due to 9 previous errors
[INFO] [stdout] 
[INFO] [stdout] 
[INFO] [stdout] Some errors have detailed explanations: E0554, E0658.
[INFO] [stdout] 
[INFO] [stdout] For more information about an error, try `rustc --explain E0554`.
[INFO] [stdout] 
[INFO] [stderr] error: could not document `interpreter`
[INFO] [stderr] 
[INFO] [stderr] Caused by:
[INFO] [stderr]   process didn't exit successfully: `/opt/rustwide/rustup-home/toolchains/1.75.0-x86_64-unknown-linux-gnu/bin/rustdoc --edition=2021 --crate-type bin --crate-name interpreter interpreter/src/main.rs -o /opt/rustwide/target/doc --error-format=json --json=diagnostic-rendered-ansi,artifacts,future-incompat --document-private-items '-Arustdoc::private-intra-doc-links' -C metadata=337371d4a6416f29 -L dependency=/opt/rustwide/target/debug/deps --extern bimap=/opt/rustwide/target/debug/deps/libbimap-362177e8f8f113cd.rmeta --extern clap=/opt/rustwide/target/debug/deps/libclap-03c0124c3df9f5bb.rmeta --extern parser=/opt/rustwide/target/debug/deps/libparser-93757a812e42a3c5.rmeta --cap-lints=warn --crate-version 0.1.0` (exit status: 1)
[INFO] [stderr] warning: build failed, waiting for other jobs to finish...
[INFO] running `Command { std: "docker" "inspect" "d9782ca2eee3a30619eef25bf4dc7ecfb43a341d4c99fe8623ae10e87cd085b3", kill_on_drop: false }`
[INFO] running `Command { std: "docker" "rm" "-f" "d9782ca2eee3a30619eef25bf4dc7ecfb43a341d4c99fe8623ae10e87cd085b3", kill_on_drop: false }`
[INFO] [stdout] d9782ca2eee3a30619eef25bf4dc7ecfb43a341d4c99fe8623ae10e87cd085b3
