[INFO] cloning repository https://github.com/TGMM/LittleDuck2020
[INFO] running `Command { std: "git" "-c" "credential.helper=" "-c" "credential.helper=/workspace/cargo-home/bin/git-credential-null" "clone" "--bare" "https://github.com/TGMM/LittleDuck2020" "/workspace/cache/git-repos/https%3A%2F%2Fgithub.com%2FTGMM%2FLittleDuck2020", kill_on_drop: false }`
[INFO] [stderr] Cloning into bare repository '/workspace/cache/git-repos/https%3A%2F%2Fgithub.com%2FTGMM%2FLittleDuck2020'...
[INFO] running `Command { std: "git" "rev-parse" "HEAD", kill_on_drop: false }`
[INFO] [stdout] bc578b68676a9ce11a72dc865d7b6e6e56eb1c67
[INFO] documenting TGMM/LittleDuck2020 against 1.75.0 for beta-1.76-rustdoc-1
[INFO] running `Command { std: "git" "clone" "/workspace/cache/git-repos/https%3A%2F%2Fgithub.com%2FTGMM%2FLittleDuck2020" "/workspace/builds/worker-1-tc1/source", kill_on_drop: false }`
[INFO] [stderr] Cloning into '/workspace/builds/worker-1-tc1/source'...
[INFO] [stderr] done.
[INFO] validating manifest of git repo https://github.com/TGMM/LittleDuck2020 on toolchain 1.75.0
[INFO] running `Command { std: CARGO_HOME="/workspace/cargo-home" RUSTUP_HOME="/workspace/rustup-home" "/workspace/cargo-home/bin/cargo" "+1.75.0" "metadata" "--manifest-path" "Cargo.toml" "--no-deps", kill_on_drop: false }`
[INFO] started tweaking git repo https://github.com/TGMM/LittleDuck2020
[INFO] finished tweaking git repo https://github.com/TGMM/LittleDuck2020
[INFO] tweaked toml for git repo https://github.com/TGMM/LittleDuck2020 written to /workspace/builds/worker-1-tc1/source/Cargo.toml
[INFO] crate git repo https://github.com/TGMM/LittleDuck2020 already has a lockfile, it will not be regenerated
[INFO] running `Command { std: CARGO_HOME="/workspace/cargo-home" RUSTUP_HOME="/workspace/rustup-home" "/workspace/cargo-home/bin/cargo" "+1.75.0" "fetch" "--manifest-path" "Cargo.toml", kill_on_drop: false }`
[INFO] [stderr] warning: virtual workspace defaulting to `resolver = "1"` despite one or more workspace members being on edition 2021 which implies `resolver = "2"`
[INFO] [stderr] note: to keep the current resolver, specify `workspace.resolver = "1"` in the workspace root's manifest
[INFO] [stderr] note: to use the edition 2021 resolver, specify `workspace.resolver = "2"` in the workspace root's manifest
[INFO] [stderr] note: for more details see https://doc.rust-lang.org/cargo/reference/resolver.html#resolver-versions
[INFO] [stderr]     Updating git repository `https://github.com/TGMM/cc-rs`
[INFO] [stderr]     Updating crates.io index
[INFO] [stderr]     Updating git repository `https://github.com/rust-bakery/nom`
[INFO] [stderr]     Updating git repository `https://github.com/TGMM/nom_locate`
[INFO] [stderr]  Downloading crates ...
[INFO] [stderr]   Downloaded lld_rs v140.0.0
[INFO] [stderr]   Downloaded llvm-sys v140.0.5
[INFO] [stderr]   Downloaded current_platform v0.2.0
[INFO] [stderr]   Downloaded lalrpop-util v0.19.9
[INFO] [stderr]   Downloaded lalrpop v0.19.9
[INFO] running `Command { std: "docker" "create" "-v" "/var/lib/crater-agent-workspace/builds/worker-1-tc1/target:/opt/rustwide/target:rw,Z" "-v" "/var/lib/crater-agent-workspace/builds/worker-1-tc1/source:/opt/rustwide/workdir:ro,Z" "-v" "/var/lib/crater-agent-workspace/cargo-home:/opt/rustwide/cargo-home:ro,Z" "-v" "/var/lib/crater-agent-workspace/rustup-home:/opt/rustwide/rustup-home:ro,Z" "-e" "SOURCE_DIR=/opt/rustwide/workdir" "-e" "CARGO_TARGET_DIR=/opt/rustwide/target" "-e" "CARGO_HOME=/opt/rustwide/cargo-home" "-e" "RUSTUP_HOME=/opt/rustwide/rustup-home" "-w" "/opt/rustwide/workdir" "-m" "1610612736" "--user" "0:0" "--network" "none" "ghcr.io/rust-lang/crates-build-env/linux@sha256:2788e3201cd34a07e3172128adcd8b3090168a8e3bcc40d7c032b9dda1df7d1c" "/opt/rustwide/cargo-home/bin/cargo" "+1.75.0" "metadata" "--no-deps" "--format-version=1", kill_on_drop: false }`
[INFO] [stdout] 4f282448d6d73f570be0d8996851a7d682946898786287ab5ebbdf91c2be66f8
[INFO] running `Command { std: "docker" "start" "-a" "4f282448d6d73f570be0d8996851a7d682946898786287ab5ebbdf91c2be66f8", kill_on_drop: false }`
[INFO] running `Command { std: "docker" "inspect" "4f282448d6d73f570be0d8996851a7d682946898786287ab5ebbdf91c2be66f8", kill_on_drop: false }`
[INFO] running `Command { std: "docker" "rm" "-f" "4f282448d6d73f570be0d8996851a7d682946898786287ab5ebbdf91c2be66f8", kill_on_drop: false }`
[INFO] [stdout] 4f282448d6d73f570be0d8996851a7d682946898786287ab5ebbdf91c2be66f8
[INFO] running `Command { std: "docker" "create" "-v" "/var/lib/crater-agent-workspace/builds/worker-1-tc1/target:/opt/rustwide/target:rw,Z" "-v" "/var/lib/crater-agent-workspace/builds/worker-1-tc1/source:/opt/rustwide/workdir:ro,Z" "-v" "/var/lib/crater-agent-workspace/cargo-home:/opt/rustwide/cargo-home:ro,Z" "-v" "/var/lib/crater-agent-workspace/rustup-home:/opt/rustwide/rustup-home:ro,Z" "-e" "SOURCE_DIR=/opt/rustwide/workdir" "-e" "CARGO_TARGET_DIR=/opt/rustwide/target" "-e" "CARGO_INCREMENTAL=0" "-e" "RUST_BACKTRACE=full" "-e" "RUSTFLAGS=--cap-lints=warn" "-e" "RUSTDOCFLAGS=--cap-lints=warn" "-e" "CARGO_HOME=/opt/rustwide/cargo-home" "-e" "RUSTUP_HOME=/opt/rustwide/rustup-home" "-w" "/opt/rustwide/workdir" "-m" "1610612736" "--user" "0:0" "--network" "none" "ghcr.io/rust-lang/crates-build-env/linux@sha256:2788e3201cd34a07e3172128adcd8b3090168a8e3bcc40d7c032b9dda1df7d1c" "/opt/rustwide/cargo-home/bin/cargo" "+1.75.0" "doc" "--frozen" "--no-deps" "--document-private-items" "--message-format=json", kill_on_drop: false }`
[INFO] [stdout] 710dc4e6eec583675e78335ff0a4029592ae04b1fd6ad911d6228dd970278261
[INFO] running `Command { std: "docker" "start" "-a" "710dc4e6eec583675e78335ff0a4029592ae04b1fd6ad911d6228dd970278261", kill_on_drop: false }`
[INFO] [stderr] warning: virtual workspace defaulting to `resolver = "1"` despite one or more workspace members being on edition 2021 which implies `resolver = "2"`
[INFO] [stderr] note: to keep the current resolver, specify `workspace.resolver = "1"` in the workspace root's manifest
[INFO] [stderr] note: to use the edition 2021 resolver, specify `workspace.resolver = "2"` in the workspace root's manifest
[INFO] [stderr] note: for more details see https://doc.rust-lang.org/cargo/reference/resolver.html#resolver-versions
[INFO] [stderr]    Compiling libc v0.2.140
[INFO] [stderr]    Compiling memchr v2.5.0
[INFO] [stderr]    Compiling io-lifetimes v1.0.9
[INFO] [stderr]    Compiling regex-syntax v0.6.29
[INFO] [stderr]    Compiling rustix v0.37.5
[INFO] [stderr]    Compiling semver v1.0.17
[INFO] [stderr]    Compiling proc-macro2 v1.0.54
[INFO] [stderr]    Compiling cc v1.0.79
[INFO] [stderr]    Compiling crunchy v0.2.2
[INFO] [stderr]    Compiling scopeguard v1.1.0
[INFO] [stderr]    Compiling indexmap v1.9.3
[INFO] [stderr]    Compiling smallvec v1.10.0
[INFO] [stderr]    Compiling log v0.4.17
[INFO] [stderr]    Compiling siphasher v0.3.10
[INFO] [stderr]    Compiling tiny-keccak v2.0.2
[INFO] [stderr]     Checking linux-raw-sys v0.3.1
[INFO] [stderr]    Compiling hashbrown v0.12.3
[INFO] [stderr]    Compiling lock_api v0.4.9
[INFO] [stderr]    Compiling phf_shared v0.10.0
[INFO] [stderr]    Compiling fixedbitset v0.4.2
[INFO] [stderr]    Compiling syn v1.0.109
[INFO] [stderr]    Compiling either v1.8.1
[INFO] [stderr]    Compiling once_cell v1.17.1
[INFO] [stderr]    Compiling bit-vec v0.6.3
[INFO] [stderr]    Compiling precomputed-hash v0.1.1
[INFO] [stderr]    Compiling aho-corasick v0.7.20
[INFO] [stderr]    Compiling new_debug_unreachable v1.0.4
[INFO] [stderr]    Compiling itertools v0.10.5
[INFO] [stderr]    Compiling bit-set v0.5.3
[INFO] [stderr]     Checking anstyle-parse v0.1.1
[INFO] [stderr]    Compiling ena v0.14.2
[INFO] [stderr]    Compiling pico-args v0.4.2
[INFO] [stderr]     Checking concolor-override v1.0.0
[INFO] [stderr]    Compiling diff v0.1.13
[INFO] [stderr]    Compiling unicode-xid v0.2.4
[INFO] [stderr]     Checking anstyle v0.3.5
[INFO] [stderr]    Compiling petgraph v0.6.3
[INFO] [stderr]     Checking concolor-query v0.3.3
[INFO] [stderr]    Compiling inkwell v0.1.1 (https://github.com/TheDan64/inkwell?branch=master#aa370b54)
[INFO] [stderr]    Compiling current_platform v0.2.0
[INFO] [stderr]     Checking nom v7.1.2 (https://github.com/rust-bakery/nom#e7b65783)
[INFO] [stderr]     Checking bytecount v0.6.3
[INFO] [stderr]     Checking cc v1.0.79 (https://github.com/TGMM/cc-rs#41e48ca1)
[INFO] [stderr]    Compiling quote v1.0.26
[INFO] [stderr]    Compiling lld_rs v140.0.0
[INFO] [stderr]    Compiling syn v2.0.12
[INFO] [stderr]    Compiling dirs-sys-next v0.1.2
[INFO] [stderr]    Compiling parking_lot_core v0.9.7
[INFO] [stderr]    Compiling dirs-next v2.0.0
[INFO] [stderr]    Compiling parking_lot v0.12.1
[INFO] [stderr]    Compiling term v0.7.0
[INFO] [stderr]    Compiling string_cache v0.8.7
[INFO] [stderr]    Compiling ascii-canvas v3.0.0
[INFO] [stderr]    Compiling regex v1.7.3
[INFO] [stderr]    Compiling is-terminal v0.4.6
[INFO] [stderr]     Checking nom_locate v4.1.0 (https://github.com/TGMM/nom_locate#8d4481da)
[INFO] [stderr]     Checking anstream v0.2.6
[INFO] [stderr]     Checking clap_builder v4.2.1
[INFO] [stderr]    Compiling lalrpop-util v0.19.9
[INFO] [stderr]    Compiling lalrpop v0.19.9
[INFO] [stderr]    Compiling llvm-sys v140.0.5
[INFO] [stderr]    Compiling clap_derive v4.2.0
[INFO] [stderr]    Compiling inkwell_internals v0.7.0 (https://github.com/TheDan64/inkwell?branch=master#aa370b54)
[INFO] [stderr] The following warnings were emitted during compilation:
[INFO] [stderr] 
[INFO] [stderr] warning: lld_rs@140.0.0: wrapper/lld-c.cpp:1:10: fatal error: lld/Common/CommonLinkerContext.h: No such file or directory
[INFO] [stderr] warning: lld_rs@140.0.0:     1 | #include <lld/Common/CommonLinkerContext.h>
[INFO] [stderr] warning: lld_rs@140.0.0:       |          ^~~~~~~~~~~~~~~~~~~~~~~~~~~~~~~~~~
[INFO] [stderr] warning: lld_rs@140.0.0: compilation terminated.
[INFO] [stderr] 
[INFO] [stderr] error: failed to run custom build command for `lld_rs v140.0.0`
[INFO] [stderr] note: To improve backtraces for build dependencies, set the CARGO_PROFILE_DEV_BUILD_OVERRIDE_DEBUG=true environment variable to enable debug information generation.
[INFO] [stderr] 
[INFO] [stderr] Caused by:
[INFO] [stderr]   process didn't exit successfully: `/opt/rustwide/target/debug/build/lld_rs-fd0b03fbaf58324f/build-script-build` (exit status: 1)
[INFO] [stderr]   --- stdout
[INFO] [stderr]   OPT_LEVEL = Some("0")
[INFO] [stderr]   TARGET = Some("x86_64-unknown-linux-gnu")
[INFO] [stderr]   HOST = Some("x86_64-unknown-linux-gnu")
[INFO] [stderr]   cargo:rerun-if-env-changed=CXX_x86_64-unknown-linux-gnu
[INFO] [stderr]   CXX_x86_64-unknown-linux-gnu = None
[INFO] [stderr]   cargo:rerun-if-env-changed=CXX_x86_64_unknown_linux_gnu
[INFO] [stderr]   CXX_x86_64_unknown_linux_gnu = None
[INFO] [stderr]   cargo:rerun-if-env-changed=HOST_CXX
[INFO] [stderr]   HOST_CXX = None
[INFO] [stderr]   cargo:rerun-if-env-changed=CXX
[INFO] [stderr]   CXX = None
[INFO] [stderr]   cargo:rerun-if-env-changed=CXXFLAGS_x86_64-unknown-linux-gnu
[INFO] [stderr]   CXXFLAGS_x86_64-unknown-linux-gnu = None
[INFO] [stderr]   cargo:rerun-if-env-changed=CXXFLAGS_x86_64_unknown_linux_gnu
[INFO] [stderr]   CXXFLAGS_x86_64_unknown_linux_gnu = None
[INFO] [stderr]   cargo:rerun-if-env-changed=HOST_CXXFLAGS
[INFO] [stderr]   HOST_CXXFLAGS = None
[INFO] [stderr]   cargo:rerun-if-env-changed=CXXFLAGS
[INFO] [stderr]   CXXFLAGS = Some("-I/usr/lib/llvm-14/include -std=c++14   -fno-exceptions -D_GNU_SOURCE -D__STDC_CONSTANT_MACROS -D__STDC_FORMAT_MACROS -D__STDC_LIMIT_MACROS ")
[INFO] [stderr]   cargo:rerun-if-env-changed=CRATE_CC_NO_DEFAULTS
[INFO] [stderr]   CRATE_CC_NO_DEFAULTS = None
[INFO] [stderr]   DEBUG = Some("true")
[INFO] [stderr]   CARGO_CFG_TARGET_FEATURE = Some("fxsr,sse,sse2")
[INFO] [stderr]   running: "c++" "-O0" "-ffunction-sections" "-fdata-sections" "-fPIC" "-gdwarf-4" "-fno-omit-frame-pointer" "-m64" "-I/usr/lib/llvm-14/include" "-std=c++14" "-fno-exceptions" "-D_GNU_SOURCE" "-D__STDC_CONSTANT_MACROS" "-D__STDC_FORMAT_MACROS" "-D__STDC_LIMIT_MACROS" "-std=c++17" "-o" "/opt/rustwide/target/debug/build/lld_rs-69ca05acb555eb46/out/wrapper/lld-c.o" "-c" "wrapper/lld-c.cpp"
[INFO] [stderr]   cargo:warning=wrapper/lld-c.cpp:1:10: fatal error: lld/Common/CommonLinkerContext.h: No such file or directory
[INFO] [stderr]   cargo:warning=    1 | #include <lld/Common/CommonLinkerContext.h>
[INFO] [stderr]   cargo:warning=      |          ^~~~~~~~~~~~~~~~~~~~~~~~~~~~~~~~~~
[INFO] [stderr]   cargo:warning=compilation terminated.
[INFO] [stderr]   exit status: 1
[INFO] [stderr] 
[INFO] [stderr]   --- stderr
[INFO] [stderr] 
[INFO] [stderr] 
[INFO] [stderr]   error occurred: Command "c++" "-O0" "-ffunction-sections" "-fdata-sections" "-fPIC" "-gdwarf-4" "-fno-omit-frame-pointer" "-m64" "-I/usr/lib/llvm-14/include" "-std=c++14" "-fno-exceptions" "-D_GNU_SOURCE" "-D__STDC_CONSTANT_MACROS" "-D__STDC_FORMAT_MACROS" "-D__STDC_LIMIT_MACROS" "-std=c++17" "-o" "/opt/rustwide/target/debug/build/lld_rs-69ca05acb555eb46/out/wrapper/lld-c.o" "-c" "wrapper/lld-c.cpp" with args "c++" did not execute successfully (status code exit status: 1).
[INFO] [stderr] 
[INFO] [stderr] 
[INFO] [stderr] warning: build failed, waiting for other jobs to finish...
[INFO] running `Command { std: "docker" "inspect" "710dc4e6eec583675e78335ff0a4029592ae04b1fd6ad911d6228dd970278261", kill_on_drop: false }`
[INFO] running `Command { std: "docker" "rm" "-f" "710dc4e6eec583675e78335ff0a4029592ae04b1fd6ad911d6228dd970278261", kill_on_drop: false }`
[INFO] [stdout] 710dc4e6eec583675e78335ff0a4029592ae04b1fd6ad911d6228dd970278261
[INFO] documenting TGMM/LittleDuck2020 against beta-2023-12-22 for beta-1.76-rustdoc-1
[INFO] running `Command { std: "git" "clone" "/workspace/cache/git-repos/https%3A%2F%2Fgithub.com%2FTGMM%2FLittleDuck2020" "/workspace/builds/worker-1-tc2/source", kill_on_drop: false }`
[INFO] [stderr] Cloning into '/workspace/builds/worker-1-tc2/source'...
[INFO] [stderr] done.
[INFO] validating manifest of git repo https://github.com/TGMM/LittleDuck2020 on toolchain beta-2023-12-22
[INFO] running `Command { std: CARGO_HOME="/workspace/cargo-home" RUSTUP_HOME="/workspace/rustup-home" "/workspace/cargo-home/bin/cargo" "+beta-2023-12-22" "metadata" "--manifest-path" "Cargo.toml" "--no-deps", kill_on_drop: false }`
[INFO] started tweaking git repo https://github.com/TGMM/LittleDuck2020
[INFO] finished tweaking git repo https://github.com/TGMM/LittleDuck2020
[INFO] tweaked toml for git repo https://github.com/TGMM/LittleDuck2020 written to /workspace/builds/worker-1-tc2/source/Cargo.toml
[INFO] crate git repo https://github.com/TGMM/LittleDuck2020 already has a lockfile, it will not be regenerated
[INFO] running `Command { std: CARGO_HOME="/workspace/cargo-home" RUSTUP_HOME="/workspace/rustup-home" "/workspace/cargo-home/bin/cargo" "+beta-2023-12-22" "fetch" "--manifest-path" "Cargo.toml", kill_on_drop: false }`
[INFO] [stderr] warning: virtual workspace defaulting to `resolver = "1"` despite one or more workspace members being on edition 2021 which implies `resolver = "2"`
[INFO] [stderr] note: to keep the current resolver, specify `workspace.resolver = "1"` in the workspace root's manifest
[INFO] [stderr] note: to use the edition 2021 resolver, specify `workspace.resolver = "2"` in the workspace root's manifest
[INFO] [stderr] note: for more details see https://doc.rust-lang.org/cargo/reference/resolver.html#resolver-versions
[INFO] running `Command { std: "docker" "create" "-v" "/var/lib/crater-agent-workspace/builds/worker-1-tc2/target:/opt/rustwide/target:rw,Z" "-v" "/var/lib/crater-agent-workspace/builds/worker-1-tc2/source:/opt/rustwide/workdir:ro,Z" "-v" "/var/lib/crater-agent-workspace/cargo-home:/opt/rustwide/cargo-home:ro,Z" "-v" "/var/lib/crater-agent-workspace/rustup-home:/opt/rustwide/rustup-home:ro,Z" "-e" "SOURCE_DIR=/opt/rustwide/workdir" "-e" "CARGO_TARGET_DIR=/opt/rustwide/target" "-e" "CARGO_HOME=/opt/rustwide/cargo-home" "-e" "RUSTUP_HOME=/opt/rustwide/rustup-home" "-w" "/opt/rustwide/workdir" "-m" "1610612736" "--user" "0:0" "--network" "none" "ghcr.io/rust-lang/crates-build-env/linux@sha256:2788e3201cd34a07e3172128adcd8b3090168a8e3bcc40d7c032b9dda1df7d1c" "/opt/rustwide/cargo-home/bin/cargo" "+beta-2023-12-22" "metadata" "--no-deps" "--format-version=1", kill_on_drop: false }`
[INFO] [stdout] fc0b13d572faf4a66341fabedcdcad912ef4a3b7c27f591ef2b85a52bab3f4c1
[INFO] running `Command { std: "docker" "start" "-a" "fc0b13d572faf4a66341fabedcdcad912ef4a3b7c27f591ef2b85a52bab3f4c1", kill_on_drop: false }`
[INFO] running `Command { std: "docker" "inspect" "fc0b13d572faf4a66341fabedcdcad912ef4a3b7c27f591ef2b85a52bab3f4c1", kill_on_drop: false }`
[INFO] running `Command { std: "docker" "rm" "-f" "fc0b13d572faf4a66341fabedcdcad912ef4a3b7c27f591ef2b85a52bab3f4c1", kill_on_drop: false }`
[INFO] [stdout] fc0b13d572faf4a66341fabedcdcad912ef4a3b7c27f591ef2b85a52bab3f4c1
[INFO] running `Command { std: "docker" "create" "-v" "/var/lib/crater-agent-workspace/builds/worker-1-tc2/target:/opt/rustwide/target:rw,Z" "-v" "/var/lib/crater-agent-workspace/builds/worker-1-tc2/source:/opt/rustwide/workdir:ro,Z" "-v" "/var/lib/crater-agent-workspace/cargo-home:/opt/rustwide/cargo-home:ro,Z" "-v" "/var/lib/crater-agent-workspace/rustup-home:/opt/rustwide/rustup-home:ro,Z" "-e" "SOURCE_DIR=/opt/rustwide/workdir" "-e" "CARGO_TARGET_DIR=/opt/rustwide/target" "-e" "CARGO_INCREMENTAL=0" "-e" "RUST_BACKTRACE=full" "-e" "RUSTFLAGS=--cap-lints=warn" "-e" "RUSTDOCFLAGS=--cap-lints=warn" "-e" "CARGO_HOME=/opt/rustwide/cargo-home" "-e" "RUSTUP_HOME=/opt/rustwide/rustup-home" "-w" "/opt/rustwide/workdir" "-m" "1610612736" "--user" "0:0" "--network" "none" "ghcr.io/rust-lang/crates-build-env/linux@sha256:2788e3201cd34a07e3172128adcd8b3090168a8e3bcc40d7c032b9dda1df7d1c" "/opt/rustwide/cargo-home/bin/cargo" "+beta-2023-12-22" "doc" "--frozen" "--no-deps" "--document-private-items" "--message-format=json", kill_on_drop: false }`
[INFO] [stdout] 6f637d4882dca9d59ff4b716769723f9ec512df0e50adf4392cc73a214787359
[INFO] running `Command { std: "docker" "start" "-a" "6f637d4882dca9d59ff4b716769723f9ec512df0e50adf4392cc73a214787359", kill_on_drop: false }`
[INFO] [stderr] warning: virtual workspace defaulting to `resolver = "1"` despite one or more workspace members being on edition 2021 which implies `resolver = "2"`
[INFO] [stderr] note: to keep the current resolver, specify `workspace.resolver = "1"` in the workspace root's manifest
[INFO] [stderr] note: to use the edition 2021 resolver, specify `workspace.resolver = "2"` in the workspace root's manifest
[INFO] [stderr] note: for more details see https://doc.rust-lang.org/cargo/reference/resolver.html#resolver-versions
[INFO] [stderr]    Compiling libc v0.2.140
[INFO] [stderr]    Compiling memchr v2.5.0
[INFO] [stderr]    Compiling io-lifetimes v1.0.9
[INFO] [stderr]    Compiling regex-syntax v0.6.29
[INFO] [stderr]    Compiling rustix v0.37.5
[INFO] [stderr]    Compiling semver v1.0.17
[INFO] [stderr]    Compiling proc-macro2 v1.0.54
[INFO] [stderr]    Compiling cc v1.0.79
[INFO] [stderr]    Compiling crunchy v0.2.2
[INFO] [stderr]    Compiling indexmap v1.9.3
[INFO] [stderr]    Compiling scopeguard v1.1.0
[INFO] [stderr]    Compiling smallvec v1.10.0
[INFO] [stderr]    Compiling log v0.4.17
[INFO] [stderr]    Compiling linux-raw-sys v0.3.1
[INFO] [stderr]    Compiling siphasher v0.3.10
[INFO] [stderr]    Compiling tiny-keccak v2.0.2
[INFO] [stderr]    Compiling lock_api v0.4.9
[INFO] [stderr]    Compiling hashbrown v0.12.3
[INFO] [stderr]    Compiling bitflags v1.3.2
[INFO] [stderr]    Compiling phf_shared v0.10.0
[INFO] [stderr]    Compiling once_cell v1.17.1
[INFO] [stderr]    Compiling fixedbitset v0.4.2
[INFO] [stderr]    Compiling precomputed-hash v0.1.1
[INFO] [stderr]    Compiling bit-vec v0.6.3
[INFO] [stderr]    Compiling either v1.8.1
[INFO] [stderr]    Compiling new_debug_unreachable v1.0.4
[INFO] [stderr]    Compiling syn v1.0.109
[INFO] [stderr]    Compiling bit-set v0.5.3
[INFO] [stderr]    Compiling ena v0.14.2
[INFO] [stderr]     Checking anstyle-parse v0.1.1
[INFO] [stderr]    Compiling itertools v0.10.5
[INFO] [stderr]    Compiling unicode-xid v0.2.4
[INFO] [stderr]    Compiling pico-args v0.4.2
[INFO] [stderr]     Checking anstyle v0.3.5
[INFO] [stderr]     Checking concolor-query v0.3.3
[INFO] [stderr]    Compiling diff v0.1.13
[INFO] [stderr]     Checking concolor-override v1.0.0
[INFO] [stderr]     Checking aho-corasick v0.7.20
[INFO] [stderr]    Compiling quote v1.0.26
[INFO] [stderr]    Compiling inkwell v0.1.1 (https://github.com/TheDan64/inkwell?branch=master#aa370b54)
[INFO] [stderr]    Compiling current_platform v0.2.0
[INFO] [stderr]     Checking nom v7.1.2 (https://github.com/rust-bakery/nom#e7b65783)
[INFO] [stderr]    Compiling syn v2.0.12
[INFO] [stderr]     Checking bytecount v0.6.3
[INFO] [stderr]     Checking cc v1.0.79 (https://github.com/TGMM/cc-rs#41e48ca1)
[INFO] [stderr]    Compiling petgraph v0.6.3
[INFO] [stderr]    Compiling lld_rs v140.0.0
[INFO] [stderr]    Compiling dirs-sys-next v0.1.2
[INFO] [stderr]    Compiling parking_lot_core v0.9.7
[INFO] [stderr]    Compiling dirs-next v2.0.0
[INFO] [stderr]    Compiling term v0.7.0
[INFO] [stderr]    Compiling parking_lot v0.12.1
[INFO] [stderr]    Compiling regex v1.7.3
[INFO] [stderr]    Compiling string_cache v0.8.7
[INFO] [stderr]    Compiling ascii-canvas v3.0.0
[INFO] [stderr]     Checking nom_locate v4.1.0 (https://github.com/TGMM/nom_locate#8d4481da)
[INFO] [stderr]    Compiling is-terminal v0.4.6
[INFO] [stderr]    Compiling lalrpop-util v0.19.9
[INFO] [stderr]     Checking anstream v0.2.6
[INFO] [stderr]     Checking clap_builder v4.2.1
[INFO] [stderr]    Compiling lalrpop v0.19.9
[INFO] [stderr]    Compiling llvm-sys v140.0.5
[INFO] [stderr]    Compiling clap_derive v4.2.0
[INFO] [stderr] The following warnings were emitted during compilation:
[INFO] [stderr] 
[INFO] [stderr] warning: lld_rs@140.0.0: wrapper/lld-c.cpp:1:10: fatal error: lld/Common/CommonLinkerContext.h: No such file or directory
[INFO] [stderr] warning: lld_rs@140.0.0:     1 | #include <lld/Common/CommonLinkerContext.h>
[INFO] [stderr] warning: lld_rs@140.0.0:       |          ^~~~~~~~~~~~~~~~~~~~~~~~~~~~~~~~~~
[INFO] [stderr] warning: lld_rs@140.0.0: compilation terminated.
[INFO] [stderr] 
[INFO] [stderr] error: failed to run custom build command for `lld_rs v140.0.0`
[INFO] [stderr] note: To improve backtraces for build dependencies, set the CARGO_PROFILE_DEV_BUILD_OVERRIDE_DEBUG=true environment variable to enable debug information generation.
[INFO] [stderr] 
[INFO] [stderr] Caused by:
[INFO] [stderr]   process didn't exit successfully: `/opt/rustwide/target/debug/build/lld_rs-736c5dce755d0059/build-script-build` (exit status: 1)
[INFO] [stderr]   --- stdout
[INFO] [stderr]   OPT_LEVEL = Some("0")
[INFO] [stderr]   TARGET = Some("x86_64-unknown-linux-gnu")
[INFO] [stderr]   HOST = Some("x86_64-unknown-linux-gnu")
[INFO] [stderr]   cargo:rerun-if-env-changed=CXX_x86_64-unknown-linux-gnu
[INFO] [stderr]   CXX_x86_64-unknown-linux-gnu = None
[INFO] [stderr]   cargo:rerun-if-env-changed=CXX_x86_64_unknown_linux_gnu
[INFO] [stderr]   CXX_x86_64_unknown_linux_gnu = None
[INFO] [stderr]   cargo:rerun-if-env-changed=HOST_CXX
[INFO] [stderr]   HOST_CXX = None
[INFO] [stderr]   cargo:rerun-if-env-changed=CXX
[INFO] [stderr]   CXX = None
[INFO] [stderr]   cargo:rerun-if-env-changed=CXXFLAGS_x86_64-unknown-linux-gnu
[INFO] [stderr]   CXXFLAGS_x86_64-unknown-linux-gnu = None
[INFO] [stderr]   cargo:rerun-if-env-changed=CXXFLAGS_x86_64_unknown_linux_gnu
[INFO] [stderr]   CXXFLAGS_x86_64_unknown_linux_gnu = None
[INFO] [stderr]   cargo:rerun-if-env-changed=HOST_CXXFLAGS
[INFO] [stderr]   HOST_CXXFLAGS = None
[INFO] [stderr]   cargo:rerun-if-env-changed=CXXFLAGS
[INFO] [stderr]   CXXFLAGS = Some("-I/usr/lib/llvm-14/include -std=c++14   -fno-exceptions -D_GNU_SOURCE -D__STDC_CONSTANT_MACROS -D__STDC_FORMAT_MACROS -D__STDC_LIMIT_MACROS ")
[INFO] [stderr]   cargo:rerun-if-env-changed=CRATE_CC_NO_DEFAULTS
[INFO] [stderr]   CRATE_CC_NO_DEFAULTS = None
[INFO] [stderr]   DEBUG = Some("true")
[INFO] [stderr]   CARGO_CFG_TARGET_FEATURE = Some("fxsr,sse,sse2")
[INFO] [stderr]   running: "c++" "-O0" "-ffunction-sections" "-fdata-sections" "-fPIC" "-gdwarf-4" "-fno-omit-frame-pointer" "-m64" "-I/usr/lib/llvm-14/include" "-std=c++14" "-fno-exceptions" "-D_GNU_SOURCE" "-D__STDC_CONSTANT_MACROS" "-D__STDC_FORMAT_MACROS" "-D__STDC_LIMIT_MACROS" "-std=c++17" "-o" "/opt/rustwide/target/debug/build/lld_rs-c89c5fb30842b233/out/wrapper/lld-c.o" "-c" "wrapper/lld-c.cpp"
[INFO] [stderr]   cargo:warning=wrapper/lld-c.cpp:1:10: fatal error: lld/Common/CommonLinkerContext.h: No such file or directory
[INFO] [stderr]   cargo:warning=    1 | #include <lld/Common/CommonLinkerContext.h>
[INFO] [stderr]   cargo:warning=      |          ^~~~~~~~~~~~~~~~~~~~~~~~~~~~~~~~~~
[INFO] [stderr]   cargo:warning=compilation terminated.
[INFO] [stderr]   exit status: 1
[INFO] [stderr] 
[INFO] [stderr]   --- stderr
[INFO] [stderr] 
[INFO] [stderr] 
[INFO] [stderr]   error occurred: Command "c++" "-O0" "-ffunction-sections" "-fdata-sections" "-fPIC" "-gdwarf-4" "-fno-omit-frame-pointer" "-m64" "-I/usr/lib/llvm-14/include" "-std=c++14" "-fno-exceptions" "-D_GNU_SOURCE" "-D__STDC_CONSTANT_MACROS" "-D__STDC_FORMAT_MACROS" "-D__STDC_LIMIT_MACROS" "-std=c++17" "-o" "/opt/rustwide/target/debug/build/lld_rs-c89c5fb30842b233/out/wrapper/lld-c.o" "-c" "wrapper/lld-c.cpp" with args "c++" did not execute successfully (status code exit status: 1).
[INFO] [stderr] 
[INFO] [stderr] 
[INFO] [stderr] warning: build failed, waiting for other jobs to finish...
[INFO] running `Command { std: "docker" "inspect" "6f637d4882dca9d59ff4b716769723f9ec512df0e50adf4392cc73a214787359", kill_on_drop: false }`
[INFO] running `Command { std: "docker" "rm" "-f" "6f637d4882dca9d59ff4b716769723f9ec512df0e50adf4392cc73a214787359", kill_on_drop: false }`
[INFO] [stdout] 6f637d4882dca9d59ff4b716769723f9ec512df0e50adf4392cc73a214787359
