[INFO] cloning repository https://github.com/Syazaaulia/node-sui
[INFO] running `Command { std: "git" "-c" "credential.helper=" "-c" "credential.helper=/workspace/cargo-home/bin/git-credential-null" "clone" "--bare" "https://github.com/Syazaaulia/node-sui" "/workspace/cache/git-repos/https%3A%2F%2Fgithub.com%2FSyazaaulia%2Fnode-sui", kill_on_drop: false }`
[INFO] [stderr] Cloning into bare repository '/workspace/cache/git-repos/https%3A%2F%2Fgithub.com%2FSyazaaulia%2Fnode-sui'...
[INFO] running `Command { std: "git" "rev-parse" "HEAD", kill_on_drop: false }`
[INFO] [stdout] 6545c9a31d3ed6f4ea87ced361e42c3845358a11
[INFO] documenting Syazaaulia/node-sui against 1.75.0 for beta-1.76-rustdoc-1
[INFO] running `Command { std: "git" "clone" "/workspace/cache/git-repos/https%3A%2F%2Fgithub.com%2FSyazaaulia%2Fnode-sui" "/workspace/builds/worker-4-tc1/source", kill_on_drop: false }`
[INFO] [stderr] Cloning into '/workspace/builds/worker-4-tc1/source'...
[INFO] [stderr] done.
[INFO] validating manifest of git repo https://github.com/Syazaaulia/node-sui on toolchain 1.75.0
[INFO] running `Command { std: CARGO_HOME="/workspace/cargo-home" RUSTUP_HOME="/workspace/rustup-home" "/workspace/cargo-home/bin/cargo" "+1.75.0" "metadata" "--manifest-path" "Cargo.toml" "--no-deps", kill_on_drop: false }`
[INFO] removed /workspace/builds/worker-4-tc1/source/.cargo/config
[INFO] removed /workspace/builds/worker-4-tc1/source/rust-toolchain
[INFO] started tweaking git repo https://github.com/Syazaaulia/node-sui
[INFO] finished tweaking git repo https://github.com/Syazaaulia/node-sui
[INFO] tweaked toml for git repo https://github.com/Syazaaulia/node-sui written to /workspace/builds/worker-4-tc1/source/Cargo.toml
[INFO] crate git repo https://github.com/Syazaaulia/node-sui already has a lockfile, it will not be regenerated
[INFO] running `Command { std: CARGO_HOME="/workspace/cargo-home" RUSTUP_HOME="/workspace/rustup-home" "/workspace/cargo-home/bin/cargo" "+1.75.0" "fetch" "--manifest-path" "Cargo.toml", kill_on_drop: false }`
[INFO] [stderr]     Updating git repository `https://github.com/mystenlabs/anemo.git`
[INFO] [stderr]     Updating crates.io index
[INFO] [stderr]     Updating git repository `https://github.com/move-language/move`
[INFO] [stderr]     Updating git repository `https://github.com/MystenLabs/fastcrypto`
[INFO] [stderr]     Updating git repository `https://github.com/patrickkuo/jsonrpsee.git`
[INFO] [stderr]     Updating git repository `https://github.com/nextest-rs/nexlint.git`
[INFO] [stderr]     Updating git repository `https://github.com/huitseeker/sqlx`
[INFO] [stderr]     Updating git repository `https://github.com/MystenLabs/mysten-sim.git`
[INFO] [stderr]     Updating git repository `https://github.com/mystenmark/async-task`
[INFO] [stderr]     Updating git repository `https://github.com/mystenmark/tokio-madsim-fork.git`
[INFO] [stderr]  Downloading crates ...
[INFO] [stderr]   Downloaded test-fuzz-runtime v3.0.5
[INFO] [stderr]   Downloaded serde-name v0.2.1
[INFO] [stderr]   Downloaded ark-relations v0.3.0
[INFO] [stderr]   Downloaded tui v0.17.0
[INFO] [stderr]   Downloaded named-lock v0.2.0
[INFO] [stderr]   Downloaded guppy v0.15.1
[INFO] [stderr]   Downloaded better_typeid_derive v0.1.1
[INFO] [stderr]   Downloaded atomicwrites v0.3.1
[INFO] [stderr]   Downloaded cargo_metadata v0.15.2
[INFO] [stderr]   Downloaded naive-timer v0.2.0
[INFO] [stderr]   Downloaded colored-diff v0.2.3
[INFO] [stderr]   Downloaded datatest-stable v0.1.3
[INFO] [stderr]   Downloaded thrift v0.16.0
[INFO] [stderr]   Downloaded crossterm v0.21.0
[INFO] [stderr]   Downloaded libtest-mimic v0.5.2
[INFO] [stderr]   Downloaded fiat-crypto v0.1.17
[INFO] [stderr]   Downloaded bulletproofs v4.0.0
[INFO] [stderr]   Downloaded jemalloc-sys v0.5.2+5.3.0-patched
[INFO] [stderr]   Downloaded libsqlite3-sys v0.25.2
[INFO] [stderr]   Downloaded portable-atomic v0.3.16
[INFO] [stderr]   Downloaded iri-string v0.4.1
[INFO] [stderr]   Downloaded pprof v0.11.0
[INFO] [stderr]   Downloaded opentelemetry-jaeger v0.17.0
[INFO] [stderr]   Downloaded blst v0.3.10
[INFO] [stderr]   Downloaded ark-crypto-primitives v0.3.0
[INFO] [stderr]   Downloaded axum-server v0.4.4
[INFO] [stderr]   Downloaded bcs v0.1.4
[INFO] [stderr]   Downloaded diffus v0.10.0
[INFO] [stderr]   Downloaded guppy-summaries v0.7.1
[INFO] [stderr]   Downloaded simplelog v0.9.0
[INFO] [stderr]   Downloaded assert_cmd v2.0.7
[INFO] [stderr]   Downloaded ed25519-consensus v2.0.1
[INFO] [stderr]   Downloaded bip32 v0.4.0
[INFO] [stderr]   Downloaded ark-groth16 v0.3.0
[INFO] [stderr]   Downloaded flexstr v0.9.2
[INFO] [stderr]   Downloaded collectable v0.0.2
[INFO] [stderr]   Downloaded rust_decimal v1.27.0
[INFO] [stderr]   Downloaded roaring v0.10.1
[INFO] [stderr]   Downloaded tracing-test v0.2.3
[INFO] [stderr]   Downloaded tracing-test-macro v0.2.3
[INFO] [stderr]   Downloaded tonic-health v0.8.0
[INFO] [stderr]   Downloaded test-fuzz-internal v3.0.5
[INFO] [stderr]   Downloaded pretty v0.10.0
[INFO] [stderr]   Downloaded ptree v0.4.0
[INFO] [stderr]   Downloaded toml_edit v0.14.4
[INFO] [stderr]   Downloaded mysten-network v0.1.0
[INFO] [stderr]   Downloaded debug-ignore v1.0.3
[INFO] [stderr]   Downloaded ark-bls12-377 v0.3.0
[INFO] [stderr]   Downloaded target-spec v1.2.2
[INFO] [stderr]   Downloaded duration-str v0.4.0
[INFO] [stderr]   Downloaded guppy-workspace-hack v0.1.0
[INFO] [stderr]   Downloaded internment v0.5.6
[INFO] [stderr]   Downloaded whoami v1.2.3
[INFO] [stderr]   Downloaded nested v0.1.1
[INFO] [stderr]   Downloaded crossterm_winapi v0.8.0
[INFO] [stderr]   Downloaded tabular v0.2.0
[INFO] [stderr]   Downloaded readonly v0.2.2
[INFO] [stderr]   Downloaded test-fuzz v3.0.5
[INFO] [stderr]   Downloaded enum_dispatch v0.3.8
[INFO] [stderr]   Downloaded console-api v0.4.0
[INFO] [stderr]   Downloaded tint v1.0.1
[INFO] [stderr]   Downloaded console-subscriber v0.1.8
[INFO] [stderr]   Downloaded jemalloc-ctl v0.5.0
[INFO] [stderr]   Downloaded codespan v0.11.1
[INFO] [stderr]   Downloaded test-fuzz-macro v3.0.5
[INFO] [stderr]   Downloaded ethnum v1.3.2
[INFO] [stderr]   Downloaded serde_test v1.0.149
[INFO] [stderr]   Downloaded autotools v0.2.5
[INFO] [stderr]   Downloaded better_any v0.1.1
[INFO] [stderr]   Downloaded cfg-expr v0.12.0
[INFO] [stderr]   Downloaded ouroboros v0.9.5
[INFO] [stderr]   Downloaded ouroboros_macro v0.9.5
[INFO] [stderr]   Downloaded serde-reflection v0.3.6
[INFO] [stderr]   Downloaded determinator v0.10.0
[INFO] [stderr]   Downloaded tonic-health v0.6.0
[INFO] [stderr]   Downloaded match_opt v0.1.2
[INFO] [stderr]   Downloaded ark-snark v0.3.0
[INFO] [stderr]   Downloaded rustyline-derive v0.7.0
[INFO] [stderr]   Downloaded hakari v0.11.1
[INFO] [stderr]   Downloaded inferno v0.11.13
[INFO] [stderr]   Downloaded secp256k1 v0.24.1
[INFO] [stderr]   Downloaded insta v1.22.0
[INFO] running `Command { std: "docker" "create" "-v" "/var/lib/crater-agent-workspace/builds/worker-4-tc1/target:/opt/rustwide/target:rw,Z" "-v" "/var/lib/crater-agent-workspace/builds/worker-4-tc1/source:/opt/rustwide/workdir:ro,Z" "-v" "/var/lib/crater-agent-workspace/cargo-home:/opt/rustwide/cargo-home:ro,Z" "-v" "/var/lib/crater-agent-workspace/rustup-home:/opt/rustwide/rustup-home:ro,Z" "-e" "SOURCE_DIR=/opt/rustwide/workdir" "-e" "CARGO_TARGET_DIR=/opt/rustwide/target" "-e" "CARGO_HOME=/opt/rustwide/cargo-home" "-e" "RUSTUP_HOME=/opt/rustwide/rustup-home" "-w" "/opt/rustwide/workdir" "-m" "1610612736" "--user" "0:0" "--network" "none" "ghcr.io/rust-lang/crates-build-env/linux@sha256:2788e3201cd34a07e3172128adcd8b3090168a8e3bcc40d7c032b9dda1df7d1c" "/opt/rustwide/cargo-home/bin/cargo" "+1.75.0" "metadata" "--no-deps" "--format-version=1", kill_on_drop: false }`
[INFO] [stdout] e8846fe1fd406076fbaca3d581b4901c69fb7102ba30ca447b6c4b98097a16fb
[INFO] running `Command { std: "docker" "start" "-a" "e8846fe1fd406076fbaca3d581b4901c69fb7102ba30ca447b6c4b98097a16fb", kill_on_drop: false }`
[INFO] running `Command { std: "docker" "inspect" "e8846fe1fd406076fbaca3d581b4901c69fb7102ba30ca447b6c4b98097a16fb", kill_on_drop: false }`
[INFO] running `Command { std: "docker" "rm" "-f" "e8846fe1fd406076fbaca3d581b4901c69fb7102ba30ca447b6c4b98097a16fb", kill_on_drop: false }`
[INFO] [stdout] e8846fe1fd406076fbaca3d581b4901c69fb7102ba30ca447b6c4b98097a16fb
[INFO] running `Command { std: "docker" "create" "-v" "/var/lib/crater-agent-workspace/builds/worker-4-tc1/target:/opt/rustwide/target:rw,Z" "-v" "/var/lib/crater-agent-workspace/builds/worker-4-tc1/source:/opt/rustwide/workdir:ro,Z" "-v" "/var/lib/crater-agent-workspace/cargo-home:/opt/rustwide/cargo-home:ro,Z" "-v" "/var/lib/crater-agent-workspace/rustup-home:/opt/rustwide/rustup-home:ro,Z" "-e" "SOURCE_DIR=/opt/rustwide/workdir" "-e" "CARGO_TARGET_DIR=/opt/rustwide/target" "-e" "CARGO_INCREMENTAL=0" "-e" "RUST_BACKTRACE=full" "-e" "RUSTFLAGS=--cap-lints=warn" "-e" "RUSTDOCFLAGS=--cap-lints=warn" "-e" "CARGO_HOME=/opt/rustwide/cargo-home" "-e" "RUSTUP_HOME=/opt/rustwide/rustup-home" "-w" "/opt/rustwide/workdir" "-m" "1610612736" "--user" "0:0" "--network" "none" "ghcr.io/rust-lang/crates-build-env/linux@sha256:2788e3201cd34a07e3172128adcd8b3090168a8e3bcc40d7c032b9dda1df7d1c" "/opt/rustwide/cargo-home/bin/cargo" "+1.75.0" "doc" "--frozen" "--no-deps" "--document-private-items" "--message-format=json", kill_on_drop: false }`
[INFO] [stdout] ecd72e42ab95a3500b658271403862c1415b80c744b6d8bdbb1fd056cfef8ff9
[INFO] running `Command { std: "docker" "start" "-a" "ecd72e42ab95a3500b658271403862c1415b80c744b6d8bdbb1fd056cfef8ff9", kill_on_drop: false }`
[INFO] [stderr]    Compiling proc-macro2 v1.0.47
[INFO] [stderr]    Compiling libc v0.2.138
[INFO] [stderr]    Compiling unicode-ident v1.0.5
[INFO] [stderr]    Compiling syn v1.0.105
[INFO] [stderr]    Compiling serde_derive v1.0.150
[INFO] [stderr]    Compiling serde v1.0.150
[INFO] [stderr]    Compiling memchr v2.5.0
[INFO] [stderr]    Compiling log v0.4.17
[INFO] [stderr]    Compiling once_cell v1.16.0
[INFO] [stderr]    Compiling thiserror v1.0.37
[INFO] [stderr]    Compiling typenum v1.16.0
[INFO] [stderr]    Compiling quote v1.0.21
[INFO] [stderr]    Compiling ahash v0.7.6
[INFO] [stderr]    Compiling indexmap v1.9.2
[INFO] [stderr]    Compiling libm v0.2.6
[INFO] [stderr]    Compiling num-traits v0.2.15
[INFO] [stderr]    Compiling generic-array v0.14.6
[INFO] [stderr]    Compiling lock_api v0.4.9
[INFO] [stderr]    Compiling parking_lot_core v0.9.5
[INFO] [stderr]    Compiling anyhow v1.0.66
[INFO] [stderr]    Compiling futures-core v0.3.25
[INFO] [stderr]    Compiling tokio v1.22.0
[INFO] [stderr]    Compiling crossbeam-utils v0.8.8
[INFO] [stderr]    Compiling slab v0.4.7
[INFO] [stderr]    Compiling futures-channel v0.3.25
[INFO] [stderr]    Compiling num-integer v0.1.45
[INFO] [stderr]    Compiling regex-syntax v0.6.28
[INFO] [stderr]    Compiling futures-task v0.3.25
[INFO] [stderr]    Compiling futures-util v0.3.25
[INFO] [stderr]    Compiling aho-corasick v0.7.20
[INFO] [stderr]    Compiling ppv-lite86 v0.2.17
[INFO] [stderr]    Compiling num-bigint v0.4.3
[INFO] [stderr]    Compiling scopeguard v1.1.0
[INFO] [stderr]    Compiling unicode-xid v0.2.4
[INFO] [stderr]    Compiling serde_json v1.0.89
[INFO] [stderr]    Compiling smallvec v1.10.0
[INFO] [stderr]    Compiling unicode-segmentation v1.10.0
[INFO] [stderr]    Compiling either v1.8.0
[INFO] [stderr]    Compiling object v0.29.0
[INFO] [stderr]    Compiling itoa v1.0.4
[INFO] [stderr]    Compiling heck v0.4.0
[INFO] [stderr]    Compiling radium v0.6.2
[INFO] [stderr]    Compiling crunchy v0.2.2
[INFO] [stderr]    Compiling proc-macro-error-attr v1.0.4
[INFO] [stderr]     Checking pin-project-lite v0.2.9
[INFO] [stderr]    Compiling async-trait v0.1.59
[INFO] [stderr]    Compiling num-rational v0.4.1
[INFO] [stderr]    Compiling num-iter v0.1.43
[INFO] [stderr]     Checking getrandom v0.2.8
[INFO] [stderr]    Compiling byteorder v1.4.3
[INFO] [stderr]    Compiling ref-cast v1.0.13
[INFO] [stderr]     Checking num_cpus v1.14.0
[INFO] [stderr]    Compiling itertools v0.10.5
[INFO] [stderr]    Compiling jobserver v0.1.25
[INFO] [stderr]     Checking rand_core v0.6.4
[INFO] [stderr]    Compiling cc v1.0.77
[INFO] [stderr]     Checking rand_chacha v0.3.1
[INFO] [stderr]     Checking hashbrown v0.12.3
[INFO] [stderr]    Compiling fnv v1.0.7
[INFO] [stderr]    Compiling httparse v1.8.0
[INFO] [stderr]     Checking rand v0.8.5
[INFO] [stderr]    Compiling parking_lot v0.12.1
[INFO] [stderr]    Compiling signal-hook-registry v1.4.0
[INFO] [stderr]    Compiling regex v1.7.0
[INFO] [stderr]    Compiling tracing-core v0.1.30
[INFO] [stderr]    Compiling rustls v0.20.7
[INFO] [stderr]    Compiling socket2 v0.4.7
[INFO] [stderr]    Compiling futures-sink v0.3.25
[INFO] [stderr]    Compiling crossbeam-epoch v0.9.8
[INFO] [stderr]    Compiling cpufeatures v0.2.5
[INFO] [stderr]    Compiling futures-io v0.3.25
[INFO] [stderr]    Compiling pkg-config v0.3.26
[INFO] [stderr]    Compiling pin-utils v0.1.0
[INFO] [stderr]    Compiling static_assertions v1.1.0
[INFO] [stderr]    Compiling opaque-debug v0.3.0
[INFO] [stderr]     Checking adler v1.0.2
[INFO] [stderr]    Compiling arrayvec v0.7.2
[INFO] [stderr]    Compiling hex v0.4.3
[INFO] [stderr]    Compiling rayon-core v1.10.1
[INFO] [stderr]    Compiling subtle v2.4.1
[INFO] [stderr]    Compiling crossbeam-channel v0.5.6
[INFO] [stderr]    Compiling block-padding v0.2.1
[INFO] [stderr]    Compiling paste v1.0.9
[INFO] [stderr]    Compiling backtrace v0.3.66
[INFO] [stderr]    Compiling ring v0.16.20
[INFO] [stderr]    Compiling Inflector v0.11.4
[INFO] [stderr]    Compiling crc32fast v1.3.2
[INFO] [stderr]    Compiling tap v1.0.1
[INFO] [stderr]    Compiling funty v1.1.0
[INFO] [stderr]    Compiling wyz v0.2.0
[INFO] [stderr]    Compiling strsim v0.10.0
[INFO] [stderr]    Compiling unicode-width v0.1.10
[INFO] [stderr]    Compiling tempfile v3.3.0
[INFO] [stderr]    Compiling nom v7.1.1
[INFO] [stderr]    Compiling wasm-bindgen-shared v0.2.83
[INFO] [stderr]    Compiling time-macros v0.2.4
[INFO] [stderr]    Compiling byte-slice-cast v1.2.2
[INFO] [stderr]    Compiling base64 v0.13.1
[INFO] [stderr]    Compiling bumpalo v3.11.1
[INFO] [stderr]    Compiling bitvec v0.20.4
[INFO] [stderr]     Checking ryu v1.0.11
[INFO] [stderr]    Compiling rustc-hex v2.1.0
[INFO] [stderr]    Compiling uint v0.9.5
[INFO] [stderr]    Compiling fixed-hash v0.7.0
[INFO] [stderr]    Compiling num-complex v0.4.2
[INFO] [stderr]    Compiling wasm-bindgen v0.2.83
[INFO] [stderr]     Checking rustc-demangle v0.1.21
[INFO] [stderr]     Checking gimli v0.26.2
[INFO] [stderr]    Compiling ethnum v1.3.2
[INFO] [stderr]    Compiling same-file v1.0.6
[INFO] [stderr]    Compiling percent-encoding v2.2.0
[INFO] [stderr]     Checking miniz_oxide v0.5.4
[INFO] [stderr]    Compiling walkdir v2.3.2
[INFO] [stderr]    Compiling num v0.4.0
[INFO] [stderr]    Compiling openssl-sys v0.9.78
[INFO] [stderr]    Compiling tower-service v0.3.2
[INFO] [stderr]    Compiling memoffset v0.6.5
[INFO] [stderr]    Compiling uncased v0.9.7
[INFO] [stderr]    Compiling spin v0.5.2
[INFO] [stderr]    Compiling untrusted v0.7.1
[INFO] [stderr]    Compiling atty v0.2.14
[INFO] [stderr]    Compiling getrandom v0.1.16
[INFO] [stderr]    Compiling unicase v2.6.0
[INFO] [stderr]    Compiling termcolor v1.1.3
[INFO] [stderr]    Compiling synstructure v0.12.6
[INFO] [stderr]    Compiling proc-macro-error v1.0.4
[INFO] [stderr]    Compiling keccak v0.1.3
[INFO] [stderr]    Compiling unicode-linebreak v0.1.4
[INFO] [stderr]    Compiling mime_guess v2.0.4
[INFO] [stderr]    Compiling camino v1.1.1
[INFO] [stderr]    Compiling dirs-sys-next v0.1.2
[INFO] [stderr]    Compiling fixedbitset v0.2.0
[INFO] [stderr]    Compiling openssl v0.10.43
[INFO] [stderr]    Compiling httpdate v1.0.2
[INFO] [stderr]    Compiling crossbeam-deque v0.8.2
[INFO] [stderr]    Compiling fixedbitset v0.4.2
[INFO] [stderr]    Compiling try-lock v0.2.3
[INFO] [stderr]    Compiling dirs-next v2.0.0
[INFO] [stderr]    Compiling os_str_bytes v6.4.1
[INFO] [stderr]    Compiling siphasher v0.3.10
[INFO] [stderr]    Compiling semver v1.0.14
[INFO] [stderr]    Compiling smawk v0.3.1
[INFO] [stderr]    Compiling difference v2.0.0
[INFO] [stderr]     Checking addr2line v0.17.0
[INFO] [stderr]    Compiling im v15.1.0
[INFO] [stderr]    Compiling native-tls v0.2.11
[INFO] [stderr]    Compiling tinyvec_macros v0.1.0
[INFO] [stderr]    Compiling clap_lex v0.2.4
[INFO] [stderr]    Compiling phf_shared v0.11.1
[INFO] [stderr]    Compiling stable_deref_trait v1.2.0
[INFO] [stderr]    Compiling signal-hook v0.3.14
[INFO] [stderr]    Compiling tinyvec v1.6.0
[INFO] [stderr]    Compiling parse-zoneinfo v0.3.0
[INFO] [stderr]    Compiling phf_generator v0.11.1
[INFO] [stderr]    Compiling phf v0.11.1
[INFO] [stderr]    Compiling const-oid v0.9.1
[INFO] [stderr]    Compiling move-borrow-graph v0.0.1 (https://github.com/move-language/move?rev=265e8792ff2935db8246ddb308b36b893d507851#265e8792)
[INFO] [stderr]    Compiling dashmap v5.4.0
[INFO] [stderr]    Compiling phf_codegen v0.11.1
[INFO] [stderr]    Compiling bstr v0.2.17
[INFO] [stderr]    Compiling base64ct v1.5.3
[INFO] [stderr]    Compiling arrayvec v0.5.2
[INFO] [stderr]    Compiling rayon v1.6.0
[INFO] [stderr]    Compiling instant v0.1.12
[INFO] [stderr]    Compiling which v4.3.0
[INFO] [stderr]    Compiling chrono-tz-build v0.0.3
[INFO] [stderr]    Compiling miniz_oxide v0.6.2
[INFO] [stderr]    Compiling guppy-workspace-hack v0.1.0
[INFO] [stderr]    Compiling target-lexicon v0.12.5
[INFO] [stderr]    Compiling prettyplease v0.1.21
[INFO] [stderr]    Compiling num_threads v0.1.6
[INFO] [stderr]    Compiling parking_lot_core v0.8.5
[INFO] [stderr]    Compiling time v0.3.15
[INFO] [stderr]    Compiling colored v2.0.0
[INFO] [stderr]    Compiling webpki v0.22.0
[INFO] [stderr]    Compiling sct v0.7.0
[INFO] [stderr]    Compiling flate2 v1.0.25
[INFO] [stderr]    Compiling form_urlencoded v1.1.0
[INFO] [stderr]    Compiling axum-core v0.3.0
[INFO] [stderr]    Compiling mime v0.3.16
[INFO] [stderr]    Compiling chrono-tz v0.6.3
[INFO] [stderr]    Compiling tower-layer v0.3.2
[INFO] [stderr]    Compiling ident_case v1.0.1
[INFO] [stderr]    Compiling unicode-normalization v0.1.22
[INFO] [stderr]    Compiling parking_lot v0.11.2
[INFO] [stderr]    Compiling rustls-pemfile v1.0.1
[INFO] [stderr]    Compiling darling_core v0.14.2
[INFO] [stderr]    Compiling thread_local v1.1.4
[INFO] [stderr]    Compiling nom v5.1.2
[INFO] [stderr]    Compiling multimap v0.8.3
[INFO] [stderr]    Compiling textwrap v0.16.0
[INFO] [stderr]    Compiling hdrhistogram v7.5.2
[INFO] [stderr]    Compiling axum v0.6.1
[INFO] [stderr]    Compiling encoding_rs v0.8.31
[INFO] [stderr]    Compiling unicode-bidi v0.3.8
[INFO] [stderr]    Compiling internment v0.5.6
[INFO] [stderr]    Compiling uuid v1.1.2
[INFO] [stderr]    Compiling crossbeam-queue v0.3.8
[INFO] [stderr]    Compiling openssl-probe v0.1.5
[INFO] [stderr]    Compiling alloc-no-stdlib v2.0.4
[INFO] [stderr]    Compiling target-spec v1.2.2
[INFO] [stderr]     Checking fastrand v1.8.0
[INFO] [stderr]    Compiling alloc-stdlib v0.2.2
[INFO] [stderr]    Compiling idna v0.3.0
[INFO] [stderr]    Compiling vte_generate_state_changes v0.1.1
[INFO] [stderr]    Compiling oid-registry v0.6.0
[INFO] [stderr]    Compiling thiserror-impl v1.0.37
[INFO] [stderr]    Compiling tracing-attributes v0.1.23
[INFO] [stderr]    Compiling tokio-macros v1.8.2
[INFO] [stderr]    Compiling futures-macro v0.3.25
[INFO] [stderr]    Compiling zeroize_derive v1.3.3
[INFO] [stderr]    Compiling impl-trait-for-tuples v0.2.2
[INFO] [stderr]    Compiling ref-cast-impl v1.0.13
[INFO] [stderr]    Compiling variant_count v1.1.0
[INFO] [stderr]    Compiling pin-project-internal v1.0.12
[INFO] [stderr]    Compiling clap_derive v3.2.18
[INFO] [stderr]    Compiling ouroboros_macro v0.9.5
[INFO] [stderr]    Compiling openssl-macros v0.1.0
[INFO] [stderr]    Compiling prost-derive v0.11.2
[INFO] [stderr]    Compiling ark-serialize-derive v0.3.0
[INFO] [stderr]    Compiling ark-ff-asm v0.3.0
[INFO] [stderr]    Compiling zeroize v1.5.7
[INFO] [stderr]    Compiling der v0.6.0
[INFO] [stderr]    Compiling ark-ff-macros v0.3.0
[INFO] [stderr]    Compiling derivative v2.2.0
[INFO] [stderr]    Compiling async-stream-impl v0.3.3
[INFO] [stderr]    Compiling pest v2.5.1
[INFO] [stderr]    Compiling spki v0.6.0
[INFO] [stderr]    Compiling asn1-rs-impl v0.1.0
[INFO] [stderr]    Compiling better_typeid_derive v0.1.1
[INFO] [stderr]    Compiling asn1-rs-derive v0.4.0
[INFO] [stderr]    Compiling ouroboros v0.9.5
[INFO] [stderr]    Compiling pkcs8 v0.9.0
[INFO] [stderr]    Compiling displaydoc v0.2.3
[INFO] [stderr]    Compiling darling_macro v0.14.2
[INFO] [stderr]    Compiling pin-project v1.0.12
[INFO] [stderr]    Compiling prost-derive v0.10.1
[INFO] [stderr]    Compiling event-listener v2.5.3
[INFO] [stderr]    Compiling semver-parser v0.10.2
[INFO] [stderr]    Compiling pest_meta v2.5.1
[INFO] [stderr]    Compiling data-encoding v2.3.3
[INFO] [stderr]    Compiling url v2.3.1
[INFO] [stderr]    Compiling semver v0.11.0
[INFO] [stderr]    Compiling darling v0.14.2
[INFO] [stderr]    Compiling rustc_version v0.3.3
[INFO] [stderr]    Compiling brotli-decompressor v2.3.2
[INFO] [stderr]    Compiling pest_generator v2.5.1
[INFO] [stderr]    Compiling ark-ff v0.3.0
[INFO] [stderr]    Compiling time v0.1.45
[INFO] [stderr]     Checking futures-executor v0.3.25
[INFO] [stderr]    Compiling iana-time-zone v0.1.53
[INFO] [stderr]    Compiling rand_core v0.5.1
[INFO] [stderr]    Compiling ark-std v0.3.0
[INFO] [stderr]    Compiling strum_macros v0.24.3
[INFO] [stderr]    Compiling webpki-roots v0.22.5
[INFO] [stderr]    Compiling bzip2-sys v0.1.11+1.0.8
[INFO] [stderr]    Compiling futures v0.3.25
[INFO] [stderr]    Compiling libz-sys v1.1.8
[INFO] [stderr]    Compiling zstd-sys v2.0.4+zstd.1.5.2
[INFO] [stderr]    Compiling bitmaps v2.1.0
[INFO] [stderr]    Compiling libloading v0.7.4
[INFO] [stderr]    Compiling bindgen v0.60.1
[INFO] [stderr]    Compiling vcpkg v0.2.15
[INFO] [stderr]    Compiling brotli v3.3.4
[INFO] [stderr]    Compiling clang-sys v1.4.0
[INFO] [stderr]    Compiling pest_derive v2.5.1
[INFO] [stderr]    Compiling iri-string v0.4.1
[INFO] [stderr]    Compiling sized-chunks v0.6.5
[INFO] [stderr]    Compiling cexpr v0.6.0
[INFO] [stderr]    Compiling cmake v0.1.49
[INFO] [stderr]    Compiling regex-automata v0.1.10
[INFO] [stderr]    Compiling rand_xoshiro v0.6.0
[INFO] [stderr]    Compiling libsqlite3-sys v0.25.2
[INFO] [stderr]    Compiling heck v0.3.3
[INFO] [stderr]    Compiling http-range-header v0.3.0
[INFO] [stderr]    Compiling unic-char-range v0.9.0
[INFO] [stderr]    Compiling unic-common v0.9.0
[INFO] [stderr]    Compiling unic-char-property v0.9.0
[INFO] [stderr]    Compiling unic-ucd-version v0.9.0
[INFO] [stderr]    Compiling rand_chacha v0.2.2
[INFO] [stderr]    Compiling prost-build v0.10.4
[INFO] [stderr]    Compiling clear_on_drop v0.2.5
[INFO] [stderr]    Compiling secp256k1-sys v0.6.1
[INFO] [stderr]    Compiling include_dir_macros v0.7.3
[INFO] [stderr]    Compiling parking v2.0.0
[INFO] [stderr]    Compiling eyre v0.6.8
[INFO] [stderr]    Compiling foreign-types-shared v0.1.1
[INFO] [stderr]    Compiling sync_wrapper v0.1.1
[INFO] [stderr]    Compiling io-lifetimes v1.0.3
[INFO] [stderr]    Compiling radium v0.5.3
[INFO] [stderr]    Compiling waker-fn v1.1.0
[INFO] [stderr]    Compiling foreign-types v0.3.2
[INFO] [stderr]    Compiling futures-lite v1.12.0
[INFO] [stderr]    Compiling rand v0.7.3
[INFO] [stderr]    Compiling unic-ucd-segment v0.9.0
[INFO] [stderr]    Compiling lexical-core v0.7.6
[INFO] [stderr]    Compiling ff v0.12.1
[INFO] [stderr]    Compiling send_wrapper v0.4.0
[INFO] [stderr]    Compiling deunicode v0.4.3
[INFO] [stderr]    Compiling linked-hash-map v0.5.6
[INFO] [stderr]    Compiling test-fuzz-internal v3.0.5
[INFO] [stderr]    Compiling base16ct v0.1.1
[INFO] [stderr]    Compiling unic-segment v0.9.0
[INFO] [stderr]    Compiling yaml-rust v0.4.5
[INFO] [stderr]    Compiling slug v0.1.4
[INFO] [stderr]    Compiling async-lock v2.6.0
[INFO] [stderr]    Compiling group v0.12.1
[INFO] [stderr]    Compiling matchers v0.1.0
[INFO] [stderr]    Compiling async-stream v0.3.3
[INFO] [stderr]    Compiling rusticata-macros v4.1.0
[INFO] [stderr]    Compiling serde_derive_internals v0.26.0
[INFO] [stderr]    Compiling blake3 v1.3.3
[INFO] [stderr]    Compiling blst v0.3.10
[INFO] [stderr]    Compiling autotools v0.2.5
[INFO] [stderr]    Compiling threadpool v1.8.1
[INFO] [stderr]    Compiling ahash v0.8.2
[INFO] [stderr]    Compiling bytes v1.3.0
[INFO] [stderr]     Checking mio v0.8.5
[INFO] [stderr]     Checking tracing v0.1.37
[INFO] [stderr]    Compiling serde_bytes v0.11.7
[INFO] [stderr]    Compiling wasm-bindgen-backend v0.2.83
[INFO] [stderr]    Compiling toml v0.5.9
[INFO] [stderr]    Compiling impl-serde v0.3.2
[INFO] [stderr]    Compiling bcs v0.1.4
[INFO] [stderr]     Checking digest v0.9.0
[INFO] [stderr]    Compiling http v0.2.8
[INFO] [stderr]    Compiling block-buffer v0.9.0
[INFO] [stderr]    Compiling crypto-common v0.1.6
[INFO] [stderr]    Compiling block-buffer v0.10.3
[INFO] [stderr]    Compiling sha2 v0.9.9
[INFO] [stderr]    Compiling petgraph v0.6.2
[INFO] [stderr]    Compiling petgraph v0.5.1
[INFO] [stderr]    Compiling digest v0.10.6
[INFO] [stderr]    Compiling want v0.3.0
[INFO] [stderr]    Compiling sha3 v0.9.1
[INFO] [stderr]    Compiling clap v3.2.23
[INFO] [stderr]    Compiling move-symbol-pool v0.1.0 (https://github.com/move-language/move?rev=265e8792ff2935db8246ddb308b36b893d507851#265e8792)
[INFO] [stderr]    Compiling wasm-bindgen-macro-support v0.2.83
[INFO] [stderr]    Compiling http-body v0.4.5
[INFO] [stderr]    Compiling proc-macro-crate v1.1.3
[INFO] [stderr]    Compiling codespan-reporting v0.11.1
[INFO] [stderr]    Compiling globset v0.4.9
[INFO] [stderr]    Compiling signature v1.6.4
[INFO] [stderr]    Compiling prost v0.11.3
[INFO] [stderr]    Compiling parity-scale-codec-derive v2.3.1
[INFO] [stderr]    Compiling codespan v0.11.1
[INFO] [stderr]    Compiling wasm-bindgen-macro v0.2.83
[INFO] [stderr]    Compiling sha2 v0.10.6
[INFO] [stderr]    Compiling cargo-platform v0.1.2
[INFO] [stderr]    Compiling chrono v0.4.23
[INFO] [stderr]    Compiling prost-types v0.11.2
[INFO] [stderr]    Compiling multihash-derive v0.8.1
[INFO] [stderr]    Compiling cargo_metadata v0.15.2
[INFO] [stderr]    Compiling ark-serialize v0.3.0
[INFO] [stderr]    Compiling prost v0.10.4
[INFO] [stderr] The following warnings were emitted during compilation:
[INFO] [stderr] 
[INFO] [stderr] warning: libsqlite3-sys@0.25.2: cc: fatal error: Killed signal terminated program cc1
[INFO] [stderr] warning: libsqlite3-sys@0.25.2: compilation terminated.
[INFO] [stderr] 
[INFO] [stderr] error: failed to run custom build command for `libsqlite3-sys v0.25.2`
[INFO] [stderr] note: To improve backtraces for build dependencies, set the CARGO_PROFILE_DEV_BUILD_OVERRIDE_DEBUG=true environment variable to enable debug information generation.
[INFO] [stderr] 
[INFO] [stderr] Caused by:
[INFO] [stderr]   process didn't exit successfully: `/opt/rustwide/target/debug/build/libsqlite3-sys-3d07f22a583dec9a/build-script-build` (exit status: 1)
[INFO] [stderr]   --- stdout
[INFO] [stderr]   cargo:rerun-if-changed=sqlite3/sqlite3.c
[INFO] [stderr]   cargo:rerun-if-changed=sqlite3/wasm32-wasi-vfs.c
[INFO] [stderr]   cargo:rerun-if-env-changed=SQLITE_MAX_VARIABLE_NUMBER
[INFO] [stderr]   cargo:rerun-if-env-changed=SQLITE_MAX_EXPR_DEPTH
[INFO] [stderr]   cargo:rerun-if-env-changed=LIBSQLITE3_FLAGS
[INFO] [stderr]   TARGET = Some("x86_64-unknown-linux-gnu")
[INFO] [stderr]   OPT_LEVEL = Some("0")
[INFO] [stderr]   HOST = Some("x86_64-unknown-linux-gnu")
[INFO] [stderr]   cargo:rerun-if-env-changed=CC_x86_64-unknown-linux-gnu
[INFO] [stderr]   CC_x86_64-unknown-linux-gnu = None
[INFO] [stderr]   cargo:rerun-if-env-changed=CC_x86_64_unknown_linux_gnu
[INFO] [stderr]   CC_x86_64_unknown_linux_gnu = None
[INFO] [stderr]   cargo:rerun-if-env-changed=HOST_CC
[INFO] [stderr]   HOST_CC = None
[INFO] [stderr]   cargo:rerun-if-env-changed=CC
[INFO] [stderr]   CC = None
[INFO] [stderr]   cargo:rerun-if-env-changed=CFLAGS_x86_64-unknown-linux-gnu
[INFO] [stderr]   CFLAGS_x86_64-unknown-linux-gnu = None
[INFO] [stderr]   cargo:rerun-if-env-changed=CFLAGS_x86_64_unknown_linux_gnu
[INFO] [stderr]   CFLAGS_x86_64_unknown_linux_gnu = None
[INFO] [stderr]   cargo:rerun-if-env-changed=HOST_CFLAGS
[INFO] [stderr]   HOST_CFLAGS = None
[INFO] [stderr]   cargo:rerun-if-env-changed=CFLAGS
[INFO] [stderr]   CFLAGS = None
[INFO] [stderr]   cargo:rerun-if-env-changed=CRATE_CC_NO_DEFAULTS
[INFO] [stderr]   CRATE_CC_NO_DEFAULTS = None
[INFO] [stderr]   DEBUG = Some("true")
[INFO] [stderr]   CARGO_CFG_TARGET_FEATURE = Some("fxsr,sse,sse2")
[INFO] [stderr]   running: "cc" "-O0" "-ffunction-sections" "-fdata-sections" "-fPIC" "-gdwarf-4" "-fno-omit-frame-pointer" "-m64" "-DSQLITE_CORE" "-DSQLITE_DEFAULT_FOREIGN_KEYS=1" "-DSQLITE_ENABLE_API_ARMOR" "-DSQLITE_ENABLE_COLUMN_METADATA" "-DSQLITE_ENABLE_DBSTAT_VTAB" "-DSQLITE_ENABLE_FTS3" "-DSQLITE_ENABLE_FTS3_PARENTHESIS" "-DSQLITE_ENABLE_FTS5" "-DSQLITE_ENABLE_JSON1" "-DSQLITE_ENABLE_LOAD_EXTENSION=1" "-DSQLITE_ENABLE_MEMORY_MANAGEMENT" "-DSQLITE_ENABLE_RTREE" "-DSQLITE_ENABLE_STAT2" "-DSQLITE_ENABLE_STAT4" "-DSQLITE_SOUNDEX" "-DSQLITE_THREADSAFE=1" "-DSQLITE_USE_URI" "-DHAVE_USLEEP=1" "-D_POSIX_THREAD_SAFE_FUNCTIONS" "-DHAVE_ISNAN" "-DHAVE_LOCALTIME_R" "-DSQLITE_ENABLE_UNLOCK_NOTIFY" "-o" "/opt/rustwide/target/debug/build/libsqlite3-sys-6934fc154d2abc35/out/sqlite3/sqlite3.o" "-c" "sqlite3/sqlite3.c"
[INFO] [stderr]   cargo:warning=cc: fatal error: Killed signal terminated program cc1
[INFO] [stderr]   cargo:warning=compilation terminated.
[INFO] [stderr]   exit status: 1
[INFO] [stderr] 
[INFO] [stderr]   --- stderr
[INFO] [stderr] 
[INFO] [stderr] 
[INFO] [stderr]   error occurred: Command "cc" "-O0" "-ffunction-sections" "-fdata-sections" "-fPIC" "-gdwarf-4" "-fno-omit-frame-pointer" "-m64" "-DSQLITE_CORE" "-DSQLITE_DEFAULT_FOREIGN_KEYS=1" "-DSQLITE_ENABLE_API_ARMOR" "-DSQLITE_ENABLE_COLUMN_METADATA" "-DSQLITE_ENABLE_DBSTAT_VTAB" "-DSQLITE_ENABLE_FTS3" "-DSQLITE_ENABLE_FTS3_PARENTHESIS" "-DSQLITE_ENABLE_FTS5" "-DSQLITE_ENABLE_JSON1" "-DSQLITE_ENABLE_LOAD_EXTENSION=1" "-DSQLITE_ENABLE_MEMORY_MANAGEMENT" "-DSQLITE_ENABLE_RTREE" "-DSQLITE_ENABLE_STAT2" "-DSQLITE_ENABLE_STAT4" "-DSQLITE_SOUNDEX" "-DSQLITE_THREADSAFE=1" "-DSQLITE_USE_URI" "-DHAVE_USLEEP=1" "-D_POSIX_THREAD_SAFE_FUNCTIONS" "-DHAVE_ISNAN" "-DHAVE_LOCALTIME_R" "-DSQLITE_ENABLE_UNLOCK_NOTIFY" "-o" "/opt/rustwide/target/debug/build/libsqlite3-sys-6934fc154d2abc35/out/sqlite3/sqlite3.o" "-c" "sqlite3/sqlite3.c" with args "cc" did not execute successfully (status code exit status: 1).
[INFO] [stderr] 
[INFO] [stderr] 
[INFO] [stderr] warning: build failed, waiting for other jobs to finish...
[INFO] running `Command { std: "docker" "inspect" "ecd72e42ab95a3500b658271403862c1415b80c744b6d8bdbb1fd056cfef8ff9", kill_on_drop: false }`
[INFO] running `Command { std: "docker" "rm" "-f" "ecd72e42ab95a3500b658271403862c1415b80c744b6d8bdbb1fd056cfef8ff9", kill_on_drop: false }`
[INFO] [stdout] ecd72e42ab95a3500b658271403862c1415b80c744b6d8bdbb1fd056cfef8ff9
[INFO] documenting Syazaaulia/node-sui against beta-2023-12-22 for beta-1.76-rustdoc-1
[INFO] running `Command { std: "git" "clone" "/workspace/cache/git-repos/https%3A%2F%2Fgithub.com%2FSyazaaulia%2Fnode-sui" "/workspace/builds/worker-4-tc2/source", kill_on_drop: false }`
[INFO] [stderr] Cloning into '/workspace/builds/worker-4-tc2/source'...
[INFO] [stderr] done.
[INFO] validating manifest of git repo https://github.com/Syazaaulia/node-sui on toolchain beta-2023-12-22
[INFO] running `Command { std: CARGO_HOME="/workspace/cargo-home" RUSTUP_HOME="/workspace/rustup-home" "/workspace/cargo-home/bin/cargo" "+beta-2023-12-22" "metadata" "--manifest-path" "Cargo.toml" "--no-deps", kill_on_drop: false }`
[INFO] removed /workspace/builds/worker-4-tc2/source/.cargo/config
[INFO] removed /workspace/builds/worker-4-tc2/source/rust-toolchain
[INFO] started tweaking git repo https://github.com/Syazaaulia/node-sui
[INFO] finished tweaking git repo https://github.com/Syazaaulia/node-sui
[INFO] tweaked toml for git repo https://github.com/Syazaaulia/node-sui written to /workspace/builds/worker-4-tc2/source/Cargo.toml
[INFO] crate git repo https://github.com/Syazaaulia/node-sui already has a lockfile, it will not be regenerated
[INFO] running `Command { std: CARGO_HOME="/workspace/cargo-home" RUSTUP_HOME="/workspace/rustup-home" "/workspace/cargo-home/bin/cargo" "+beta-2023-12-22" "fetch" "--manifest-path" "Cargo.toml", kill_on_drop: false }`
[INFO] running `Command { std: "docker" "create" "-v" "/var/lib/crater-agent-workspace/builds/worker-4-tc2/target:/opt/rustwide/target:rw,Z" "-v" "/var/lib/crater-agent-workspace/builds/worker-4-tc2/source:/opt/rustwide/workdir:ro,Z" "-v" "/var/lib/crater-agent-workspace/cargo-home:/opt/rustwide/cargo-home:ro,Z" "-v" "/var/lib/crater-agent-workspace/rustup-home:/opt/rustwide/rustup-home:ro,Z" "-e" "SOURCE_DIR=/opt/rustwide/workdir" "-e" "CARGO_TARGET_DIR=/opt/rustwide/target" "-e" "CARGO_HOME=/opt/rustwide/cargo-home" "-e" "RUSTUP_HOME=/opt/rustwide/rustup-home" "-w" "/opt/rustwide/workdir" "-m" "1610612736" "--user" "0:0" "--network" "none" "ghcr.io/rust-lang/crates-build-env/linux@sha256:2788e3201cd34a07e3172128adcd8b3090168a8e3bcc40d7c032b9dda1df7d1c" "/opt/rustwide/cargo-home/bin/cargo" "+beta-2023-12-22" "metadata" "--no-deps" "--format-version=1", kill_on_drop: false }`
[INFO] [stdout] 486b7c605f0a46dab509dde33c5494c57c62d8257772d64eb39f3feb8f804034
[INFO] running `Command { std: "docker" "start" "-a" "486b7c605f0a46dab509dde33c5494c57c62d8257772d64eb39f3feb8f804034", kill_on_drop: false }`
[INFO] running `Command { std: "docker" "inspect" "486b7c605f0a46dab509dde33c5494c57c62d8257772d64eb39f3feb8f804034", kill_on_drop: false }`
[INFO] running `Command { std: "docker" "rm" "-f" "486b7c605f0a46dab509dde33c5494c57c62d8257772d64eb39f3feb8f804034", kill_on_drop: false }`
[INFO] [stdout] 486b7c605f0a46dab509dde33c5494c57c62d8257772d64eb39f3feb8f804034
[INFO] running `Command { std: "docker" "create" "-v" "/var/lib/crater-agent-workspace/builds/worker-4-tc2/target:/opt/rustwide/target:rw,Z" "-v" "/var/lib/crater-agent-workspace/builds/worker-4-tc2/source:/opt/rustwide/workdir:ro,Z" "-v" "/var/lib/crater-agent-workspace/cargo-home:/opt/rustwide/cargo-home:ro,Z" "-v" "/var/lib/crater-agent-workspace/rustup-home:/opt/rustwide/rustup-home:ro,Z" "-e" "SOURCE_DIR=/opt/rustwide/workdir" "-e" "CARGO_TARGET_DIR=/opt/rustwide/target" "-e" "CARGO_INCREMENTAL=0" "-e" "RUST_BACKTRACE=full" "-e" "RUSTFLAGS=--cap-lints=warn" "-e" "RUSTDOCFLAGS=--cap-lints=warn" "-e" "CARGO_HOME=/opt/rustwide/cargo-home" "-e" "RUSTUP_HOME=/opt/rustwide/rustup-home" "-w" "/opt/rustwide/workdir" "-m" "1610612736" "--user" "0:0" "--network" "none" "ghcr.io/rust-lang/crates-build-env/linux@sha256:2788e3201cd34a07e3172128adcd8b3090168a8e3bcc40d7c032b9dda1df7d1c" "/opt/rustwide/cargo-home/bin/cargo" "+beta-2023-12-22" "doc" "--frozen" "--no-deps" "--document-private-items" "--message-format=json", kill_on_drop: false }`
[INFO] [stdout] ce95b61b6b376728993a7f4e87551c5c15f6eb9233ebe14bec4fa1300cacf570
[INFO] running `Command { std: "docker" "start" "-a" "ce95b61b6b376728993a7f4e87551c5c15f6eb9233ebe14bec4fa1300cacf570", kill_on_drop: false }`
[INFO] [stderr]    Compiling proc-macro2 v1.0.47
[INFO] [stderr]    Compiling libc v0.2.138
[INFO] [stderr]    Compiling unicode-ident v1.0.5
[INFO] [stderr]    Compiling syn v1.0.105
[INFO] [stderr]    Compiling serde_derive v1.0.150
[INFO] [stderr]    Compiling serde v1.0.150
[INFO] [stderr]    Compiling memchr v2.5.0
[INFO] [stderr]    Compiling log v0.4.17
[INFO] [stderr]    Compiling once_cell v1.16.0
[INFO] [stderr]    Compiling thiserror v1.0.37
[INFO] [stderr]    Compiling typenum v1.16.0
[INFO] [stderr]    Compiling quote v1.0.21
[INFO] [stderr]    Compiling ahash v0.7.6
[INFO] [stderr]    Compiling indexmap v1.9.2
[INFO] [stderr]    Compiling libm v0.2.6
[INFO] [stderr]    Compiling num-traits v0.2.15
[INFO] [stderr]    Compiling generic-array v0.14.6
[INFO] [stderr]    Compiling lock_api v0.4.9
[INFO] [stderr]    Compiling parking_lot_core v0.9.5
[INFO] [stderr]    Compiling futures-core v0.3.25
[INFO] [stderr]    Compiling anyhow v1.0.66
[INFO] [stderr]    Compiling tokio v1.22.0
[INFO] [stderr]    Compiling crossbeam-utils v0.8.8
[INFO] [stderr]    Compiling slab v0.4.7
[INFO] [stderr]    Compiling futures-channel v0.3.25
[INFO] [stderr]    Compiling num-integer v0.1.45
[INFO] [stderr]    Compiling regex-syntax v0.6.28
[INFO] [stderr]    Compiling futures-task v0.3.25
[INFO] [stderr]    Compiling futures-util v0.3.25
[INFO] [stderr]    Compiling ppv-lite86 v0.2.17
[INFO] [stderr]    Compiling num-bigint v0.4.3
[INFO] [stderr]    Compiling scopeguard v1.1.0
[INFO] [stderr]    Compiling unicode-xid v0.2.4
[INFO] [stderr]    Compiling serde_json v1.0.89
[INFO] [stderr]    Compiling aho-corasick v0.7.20
[INFO] [stderr]    Compiling smallvec v1.10.0
[INFO] [stderr]    Compiling unicode-segmentation v1.10.0
[INFO] [stderr]    Compiling either v1.8.0
[INFO] [stderr]    Compiling object v0.29.0
[INFO] [stderr]    Compiling itoa v1.0.4
[INFO] [stderr]    Compiling heck v0.4.0
[INFO] [stderr]    Compiling radium v0.6.2
[INFO] [stderr]    Compiling crunchy v0.2.2
[INFO] [stderr]    Compiling proc-macro-error-attr v1.0.4
[INFO] [stderr]     Checking pin-project-lite v0.2.9
[INFO] [stderr]    Compiling async-trait v0.1.59
[INFO] [stderr]    Compiling num-rational v0.4.1
[INFO] [stderr]     Checking getrandom v0.2.8
[INFO] [stderr]    Compiling num-iter v0.1.43
[INFO] [stderr]    Compiling byteorder v1.4.3
[INFO] [stderr]    Compiling ref-cast v1.0.13
[INFO] [stderr]     Checking rand_core v0.6.4
[INFO] [stderr]     Checking num_cpus v1.14.0
[INFO] [stderr]    Compiling jobserver v0.1.25
[INFO] [stderr]     Checking rand_chacha v0.3.1
[INFO] [stderr]    Compiling cc v1.0.77
[INFO] [stderr]    Compiling itertools v0.10.5
[INFO] [stderr]     Checking rand v0.8.5
[INFO] [stderr]    Compiling fnv v1.0.7
[INFO] [stderr]     Checking hashbrown v0.12.3
[INFO] [stderr]    Compiling parking_lot v0.12.1
[INFO] [stderr]    Compiling httparse v1.8.0
[INFO] [stderr]    Compiling signal-hook-registry v1.4.0
[INFO] [stderr]    Compiling tracing-core v0.1.30
[INFO] [stderr]    Compiling rustls v0.20.7
[INFO] [stderr]    Compiling socket2 v0.4.7
[INFO] [stderr]    Compiling regex v1.7.0
[INFO] [stderr]    Compiling futures-sink v0.3.25
[INFO] [stderr]    Compiling crossbeam-epoch v0.9.8
[INFO] [stderr]    Compiling cpufeatures v0.2.5
[INFO] [stderr]    Compiling pkg-config v0.3.26
[INFO] [stderr]    Compiling futures-io v0.3.25
[INFO] [stderr]    Compiling backtrace v0.3.66
[INFO] [stderr]    Compiling ring v0.16.20
[INFO] [stderr]    Compiling static_assertions v1.1.0
[INFO] [stderr]    Compiling opaque-debug v0.3.0
[INFO] [stderr]    Compiling pin-utils v0.1.0
[INFO] [stderr]     Checking adler v1.0.2
[INFO] [stderr]    Compiling arrayvec v0.7.2
[INFO] [stderr]    Compiling hex v0.4.3
[INFO] [stderr]    Compiling rayon-core v1.10.1
[INFO] [stderr]    Compiling subtle v2.4.1
[INFO] [stderr]    Compiling crossbeam-channel v0.5.6
[INFO] [stderr]    Compiling paste v1.0.9
[INFO] [stderr]    Compiling block-padding v0.2.1
[INFO] [stderr]    Compiling Inflector v0.11.4
[INFO] [stderr]    Compiling crc32fast v1.3.2
[INFO] [stderr]    Compiling tap v1.0.1
[INFO] [stderr]    Compiling funty v1.1.0
[INFO] [stderr]    Compiling wyz v0.2.0
[INFO] [stderr]    Compiling strsim v0.10.0
[INFO] [stderr]    Compiling unicode-width v0.1.10
[INFO] [stderr]    Compiling tempfile v3.3.0
[INFO] [stderr]    Compiling nom v7.1.1
[INFO] [stderr]    Compiling wasm-bindgen-shared v0.2.83
[INFO] [stderr]    Compiling byte-slice-cast v1.2.2
[INFO] [stderr]    Compiling time-macros v0.2.4
[INFO] [stderr]    Compiling bumpalo v3.11.1
[INFO] [stderr]    Compiling bitvec v0.20.4
[INFO] [stderr]    Compiling base64 v0.13.1
[INFO] [stderr]     Checking ryu v1.0.11
[INFO] [stderr]    Compiling rustc-hex v2.1.0
[INFO] [stderr]    Compiling uint v0.9.5
[INFO] [stderr]    Compiling fixed-hash v0.7.0
[INFO] [stderr]    Compiling num-complex v0.4.2
[INFO] [stderr]    Compiling wasm-bindgen v0.2.83
[INFO] [stderr]    Compiling same-file v1.0.6
[INFO] [stderr]     Checking gimli v0.26.2
[INFO] [stderr]    Compiling ethnum v1.3.2
[INFO] [stderr]     Checking rustc-demangle v0.1.21
[INFO] [stderr]    Compiling percent-encoding v2.2.0
[INFO] [stderr]    Compiling walkdir v2.3.2
[INFO] [stderr]     Checking miniz_oxide v0.5.4
[INFO] [stderr]    Compiling num v0.4.0
[INFO] [stderr]    Compiling openssl-sys v0.9.78
[INFO] [stderr]    Compiling tower-service v0.3.2
[INFO] [stderr]    Compiling memoffset v0.6.5
[INFO] [stderr]    Compiling uncased v0.9.7
[INFO] [stderr]    Compiling untrusted v0.7.1
[INFO] [stderr]    Compiling spin v0.5.2
[INFO] [stderr]    Compiling atty v0.2.14
[INFO] [stderr]    Compiling synstructure v0.12.6
[INFO] [stderr]    Compiling proc-macro-error v1.0.4
[INFO] [stderr]    Compiling getrandom v0.1.16
[INFO] [stderr]    Compiling unicode-linebreak v0.1.4
[INFO] [stderr]    Compiling unicase v2.6.0
[INFO] [stderr]    Compiling keccak v0.1.3
[INFO] [stderr]    Compiling termcolor v1.1.3
[INFO] [stderr]    Compiling mime_guess v2.0.4
[INFO] [stderr]    Compiling camino v1.1.1
[INFO] [stderr]    Compiling dirs-sys-next v0.1.2
[INFO] [stderr]    Compiling fixedbitset v0.4.2
[INFO] [stderr]    Compiling httpdate v1.0.2
[INFO] [stderr]    Compiling crossbeam-deque v0.8.2
[INFO] [stderr]    Compiling try-lock v0.2.3
[INFO] [stderr]    Compiling fixedbitset v0.2.0
[INFO] [stderr]    Compiling openssl v0.10.43
[INFO] [stderr]    Compiling dirs-next v2.0.0
[INFO] [stderr]    Compiling semver v1.0.14
[INFO] [stderr]    Compiling smawk v0.3.1
[INFO] [stderr]    Compiling siphasher v0.3.10
[INFO] [stderr]     Checking addr2line v0.17.0
[INFO] [stderr]    Compiling os_str_bytes v6.4.1
[INFO] [stderr]    Compiling difference v2.0.0
[INFO] [stderr]    Compiling im v15.1.0
[INFO] [stderr]    Compiling phf_shared v0.11.1
[INFO] [stderr]    Compiling tinyvec_macros v0.1.0
[INFO] [stderr]    Compiling stable_deref_trait v1.2.0
[INFO] [stderr]    Compiling signal-hook v0.3.14
[INFO] [stderr]    Compiling clap_lex v0.2.4
[INFO] [stderr]    Compiling native-tls v0.2.11
[INFO] [stderr]    Compiling tinyvec v1.6.0
[INFO] [stderr]    Compiling parse-zoneinfo v0.3.0
[INFO] [stderr]    Compiling move-borrow-graph v0.0.1 (https://github.com/move-language/move?rev=265e8792ff2935db8246ddb308b36b893d507851#265e8792)
[INFO] [stderr]    Compiling const-oid v0.9.1
[INFO] [stderr]    Compiling phf_generator v0.11.1
[INFO] [stderr]    Compiling phf v0.11.1
[INFO] [stderr]    Compiling phf_codegen v0.11.1
[INFO] [stderr]    Compiling dashmap v5.4.0
[INFO] [stderr]    Compiling bstr v0.2.17
[INFO] [stderr]    Compiling base64ct v1.5.3
[INFO] [stderr]    Compiling arrayvec v0.5.2
[INFO] [stderr]    Compiling instant v0.1.12
[INFO] [stderr]    Compiling which v4.3.0
[INFO] [stderr]    Compiling miniz_oxide v0.6.2
[INFO] [stderr]    Compiling guppy-workspace-hack v0.1.0
[INFO] [stderr]    Compiling rayon v1.6.0
[INFO] [stderr]    Compiling chrono-tz-build v0.0.3
[INFO] [stderr]    Compiling target-lexicon v0.12.5
[INFO] [stderr]    Compiling num_threads v0.1.6
[INFO] [stderr]    Compiling prettyplease v0.1.21
[INFO] [stderr]    Compiling parking_lot_core v0.8.5
[INFO] [stderr]    Compiling time v0.3.15
[INFO] [stderr]    Compiling colored v2.0.0
[INFO] [stderr]    Compiling webpki v0.22.0
[INFO] [stderr]    Compiling sct v0.7.0
[INFO] [stderr]    Compiling flate2 v1.0.25
[INFO] [stderr]    Compiling axum-core v0.3.0
[INFO] [stderr]    Compiling form_urlencoded v1.1.0
[INFO] [stderr]    Compiling textwrap v0.16.0
[INFO] [stderr]    Compiling mime v0.3.16
[INFO] [stderr]    Compiling tower-layer v0.3.2
[INFO] [stderr]    Compiling ident_case v1.0.1
[INFO] [stderr]    Compiling chrono-tz v0.6.3
[INFO] [stderr]    Compiling parking_lot v0.11.2
[INFO] [stderr]    Compiling unicode-normalization v0.1.22
[INFO] [stderr]    Compiling darling_core v0.14.2
[INFO] [stderr]    Compiling rustls-pemfile v1.0.1
[INFO] [stderr]    Compiling thread_local v1.1.4
[INFO] [stderr]    Compiling nom v5.1.2
[INFO] [stderr]    Compiling multimap v0.8.3
[INFO] [stderr]    Compiling hdrhistogram v7.5.2
[INFO] [stderr]    Compiling axum v0.6.1
[INFO] [stderr]    Compiling unicode-bidi v0.3.8
[INFO] [stderr]    Compiling encoding_rs v0.8.31
[INFO] [stderr]    Compiling internment v0.5.6
[INFO] [stderr]    Compiling thiserror-impl v1.0.37
[INFO] [stderr]    Compiling tracing-attributes v0.1.23
[INFO] [stderr]    Compiling tokio-macros v1.8.2
[INFO] [stderr]    Compiling futures-macro v0.3.25
[INFO] [stderr]    Compiling zeroize_derive v1.3.3
[INFO] [stderr]    Compiling impl-trait-for-tuples v0.2.2
[INFO] [stderr]    Compiling ref-cast-impl v1.0.13
[INFO] [stderr]    Compiling variant_count v1.1.0
[INFO] [stderr]    Compiling pin-project-internal v1.0.12
[INFO] [stderr]    Compiling clap_derive v3.2.18
[INFO] [stderr]    Compiling ouroboros_macro v0.9.5
[INFO] [stderr]    Compiling prost-derive v0.11.2
[INFO] [stderr]    Compiling openssl-macros v0.1.0
[INFO] [stderr]    Compiling ark-serialize-derive v0.3.0
[INFO] [stderr]    Compiling async-stream-impl v0.3.3
[INFO] [stderr]    Compiling zeroize v1.5.7
[INFO] [stderr]    Compiling ark-ff-macros v0.3.0
[INFO] [stderr]    Compiling der v0.6.0
[INFO] [stderr]    Compiling ark-ff-asm v0.3.0
[INFO] [stderr]    Compiling pest v2.5.1
[INFO] [stderr]    Compiling derivative v2.2.0
[INFO] [stderr]    Compiling asn1-rs-derive v0.4.0
[INFO] [stderr]    Compiling pin-project v1.0.12
[INFO] [stderr]    Compiling spki v0.6.0
[INFO] [stderr]    Compiling displaydoc v0.2.3
[INFO] [stderr]    Compiling ouroboros v0.9.5
[INFO] [stderr]    Compiling asn1-rs-impl v0.1.0
[INFO] [stderr]    Compiling pkcs8 v0.9.0
[INFO] [stderr]    Compiling better_typeid_derive v0.1.1
[INFO] [stderr]    Compiling darling_macro v0.14.2
[INFO] [stderr]    Compiling uuid v1.1.2
[INFO] [stderr]    Compiling alloc-no-stdlib v2.0.4
[INFO] [stderr]    Compiling semver-parser v0.10.2
[INFO] [stderr]    Compiling pest_meta v2.5.1
[INFO] [stderr]    Compiling target-spec v1.2.2
[INFO] [stderr]     Checking fastrand v1.8.0
[INFO] [stderr]    Compiling openssl-probe v0.1.5
[INFO] [stderr]    Compiling crossbeam-queue v0.3.8
[INFO] [stderr]    Compiling alloc-stdlib v0.2.2
[INFO] [stderr]    Compiling semver v0.11.0
[INFO] [stderr]    Compiling idna v0.3.0
[INFO] [stderr]    Compiling prost-derive v0.10.1
[INFO] [stderr]    Compiling vte_generate_state_changes v0.1.1
[INFO] [stderr]    Compiling data-encoding v2.3.3
[INFO] [stderr]    Compiling rustc_version v0.3.3
[INFO] [stderr]    Compiling event-listener v2.5.3
[INFO] [stderr]    Compiling darling v0.14.2
[INFO] [stderr]    Compiling pest_generator v2.5.1
[INFO] [stderr]    Compiling oid-registry v0.6.0
[INFO] [stderr]    Compiling brotli-decompressor v2.3.2
[INFO] [stderr]    Compiling ark-ff v0.3.0
[INFO] [stderr]    Compiling url v2.3.1
[INFO] [stderr]     Checking futures-executor v0.3.25
[INFO] [stderr]    Compiling time v0.1.45
[INFO] [stderr]    Compiling iana-time-zone v0.1.53
[INFO] [stderr]    Compiling ark-std v0.3.0
[INFO] [stderr]    Compiling rand_core v0.5.1
[INFO] [stderr]    Compiling strum_macros v0.24.3
[INFO] [stderr]    Compiling futures v0.3.25
[INFO] [stderr]    Compiling webpki-roots v0.22.5
[INFO] [stderr]    Compiling bzip2-sys v0.1.11+1.0.8
[INFO] [stderr]    Compiling libz-sys v1.1.8
[INFO] [stderr]    Compiling zstd-sys v2.0.4+zstd.1.5.2
[INFO] [stderr]    Compiling bitmaps v2.1.0
[INFO] [stderr]    Compiling libloading v0.7.4
[INFO] [stderr]    Compiling vcpkg v0.2.15
[INFO] [stderr]    Compiling bindgen v0.60.1
[INFO] [stderr]    Compiling clang-sys v1.4.0
[INFO] [stderr]    Compiling brotli v3.3.4
[INFO] [stderr]    Compiling pest_derive v2.5.1
[INFO] [stderr]    Compiling cexpr v0.6.0
[INFO] [stderr]    Compiling iri-string v0.4.1
[INFO] [stderr]    Compiling sized-chunks v0.6.5
[INFO] [stderr]    Compiling regex-automata v0.1.10
[INFO] [stderr]    Compiling cmake v0.1.49
[INFO] [stderr]    Compiling libsqlite3-sys v0.25.2
[INFO] [stderr]    Compiling rand_xoshiro v0.6.0
[INFO] [stderr]    Compiling heck v0.3.3
[INFO] [stderr]    Compiling unic-common v0.9.0
[INFO] [stderr]    Compiling unic-char-range v0.9.0
[INFO] [stderr]    Compiling http-range-header v0.3.0
[INFO] [stderr]    Compiling unic-char-property v0.9.0
[INFO] [stderr]    Compiling unic-ucd-version v0.9.0
[INFO] [stderr]    Compiling prost-build v0.10.4
[INFO] [stderr]    Compiling rand_chacha v0.2.2
[INFO] [stderr]    Compiling secp256k1-sys v0.6.1
[INFO] [stderr]    Compiling clear_on_drop v0.2.5
[INFO] [stderr]    Compiling include_dir_macros v0.7.3
[INFO] [stderr]    Compiling parking v2.0.0
[INFO] [stderr]    Compiling foreign-types-shared v0.1.1
[INFO] [stderr]    Compiling eyre v0.6.8
[INFO] [stderr]    Compiling radium v0.5.3
[INFO] [stderr]    Compiling waker-fn v1.1.0
[INFO] [stderr]    Compiling sync_wrapper v0.1.1
[INFO] [stderr]    Compiling io-lifetimes v1.0.3
[INFO] [stderr]    Compiling futures-lite v1.12.0
[INFO] [stderr]    Compiling foreign-types v0.3.2
[INFO] [stderr]    Compiling rand v0.7.3
[INFO] [stderr]    Compiling unic-ucd-segment v0.9.0
[INFO] [stderr]    Compiling lexical-core v0.7.6
[INFO] [stderr]    Compiling ff v0.12.1
[INFO] [stderr]    Compiling base16ct v0.1.1
[INFO] [stderr]    Compiling deunicode v0.4.3
[INFO] [stderr]    Compiling test-fuzz-internal v3.0.5
[INFO] [stderr]    Compiling linked-hash-map v0.5.6
[INFO] [stderr]    Compiling send_wrapper v0.4.0
[INFO] [stderr]    Compiling unic-segment v0.9.0
[INFO] [stderr]    Compiling slug v0.1.4
[INFO] [stderr]    Compiling group v0.12.1
[INFO] [stderr]    Compiling matchers v0.1.0
[INFO] [stderr]    Compiling yaml-rust v0.4.5
[INFO] [stderr]    Compiling async-lock v2.6.0
[INFO] [stderr]    Compiling async-stream v0.3.3
[INFO] [stderr]    Compiling rusticata-macros v4.1.0
[INFO] [stderr]    Compiling serde_derive_internals v0.26.0
[INFO] [stderr]    Compiling blst v0.3.10
[INFO] [stderr]    Compiling blake3 v1.3.3
[INFO] [stderr]    Compiling autotools v0.2.5
[INFO] [stderr]    Compiling threadpool v1.8.1
[INFO] [stderr]     Checking bytes v1.3.0
[INFO] [stderr]     Checking mio v0.8.5
[INFO] [stderr]    Compiling tracing v0.1.37
[INFO] [stderr]    Compiling serde_bytes v0.11.7
[INFO] [stderr]    Compiling wasm-bindgen-backend v0.2.83
[INFO] [stderr]    Compiling toml v0.5.9
[INFO] [stderr]     Checking digest v0.9.0
[INFO] [stderr]    Compiling impl-serde v0.3.2
[INFO] [stderr]    Compiling bcs v0.1.4
[INFO] [stderr]    Compiling http v0.2.8
[INFO] [stderr]    Compiling block-buffer v0.9.0
[INFO] [stderr]    Compiling crypto-common v0.1.6
[INFO] [stderr]    Compiling block-buffer v0.10.3
[INFO] [stderr]    Compiling sha2 v0.9.9
[INFO] [stderr]    Compiling petgraph v0.5.1
[INFO] [stderr]    Compiling petgraph v0.6.2
[INFO] [stderr]    Compiling digest v0.10.6
[INFO] [stderr]    Compiling want v0.3.0
[INFO] [stderr]    Compiling sha3 v0.9.1
[INFO] [stderr]    Compiling clap v3.2.23
[INFO] [stderr]    Compiling wasm-bindgen-macro-support v0.2.83
[INFO] [stderr]    Compiling http-body v0.4.5
[INFO] [stderr]    Compiling proc-macro-crate v1.1.3
[INFO] [stderr]    Compiling move-symbol-pool v0.1.0 (https://github.com/move-language/move?rev=265e8792ff2935db8246ddb308b36b893d507851#265e8792)
[INFO] [stderr]    Compiling codespan-reporting v0.11.1
[INFO] [stderr]    Compiling globset v0.4.9
[INFO] [stderr]    Compiling signature v1.6.4
[INFO] [stderr]    Compiling prost v0.11.3
[INFO] [stderr]    Compiling codespan v0.11.1
[INFO] [stderr]    Compiling parity-scale-codec-derive v2.3.1
[INFO] [stderr]    Compiling sha2 v0.10.6
[INFO] [stderr]    Compiling cargo-platform v0.1.2
[INFO] [stderr]    Compiling chrono v0.4.23
[INFO] [stderr]    Compiling prost-types v0.11.2
[INFO] [stderr]    Compiling wasm-bindgen-macro v0.2.83
[INFO] [stderr]    Compiling cargo_metadata v0.15.2
[INFO] [stderr]    Compiling multihash-derive v0.8.1
[INFO] [stderr]    Compiling ark-serialize v0.3.0
[INFO] [stderr]    Compiling prost v0.10.4
[INFO] [stderr]    Compiling ed25519 v1.5.2
[INFO] [stderr]    Compiling hmac v0.12.1
[INFO] [stderr]    Compiling mio v0.7.14
[INFO] [stderr]    Compiling prost-types v0.10.1
[INFO] [stderr]    Compiling ignore v0.4.18
[INFO] [stderr] error: could not compile `bindgen` (lib)
[INFO] [stderr] 
[INFO] [stderr] Caused by:
[INFO] [stderr]   process didn't exit successfully: `/opt/rustwide/rustup-home/toolchains/beta-2023-12-22-x86_64-unknown-linux-gnu/bin/rustc --crate-name bindgen --edition=2018 /opt/rustwide/cargo-home/registry/src/index.crates.io-6f17d22bba15001f/bindgen-0.60.1/src/lib.rs --error-format=json --json=diagnostic-rendered-ansi,artifacts,future-incompat --crate-type lib --emit=dep-info,metadata,link -C embed-bitcode=no --cfg 'feature="runtime"' -C metadata=2bf6b859f1bb7131 -C extra-filename=-2bf6b859f1bb7131 --out-dir /opt/rustwide/target/debug/deps -L dependency=/opt/rustwide/target/debug/deps --extern bitflags=/opt/rustwide/target/debug/deps/libbitflags-7dea74733173235c.rmeta --extern cexpr=/opt/rustwide/target/debug/deps/libcexpr-1f5d461dcbe2e551.rmeta --extern clang_sys=/opt/rustwide/target/debug/deps/libclang_sys-22a7db0a1f02ac5d.rmeta --extern lazy_static=/opt/rustwide/target/debug/deps/liblazy_static-9e387837147b962e.rmeta --extern lazycell=/opt/rustwide/target/debug/deps/liblazycell-12abb96df01d4234.rmeta --extern peeking_take_while=/opt/rustwide/target/debug/deps/libpeeking_take_while-b6d60bfccddccb5e.rmeta --extern proc_macro2=/opt/rustwide/target/debug/deps/libproc_macro2-defcb51631f6297b.rmeta --extern quote=/opt/rustwide/target/debug/deps/libquote-0592286c54d9a802.rmeta --extern regex=/opt/rustwide/target/debug/deps/libregex-da21a5afdf25ebc5.rmeta --extern rustc_hash=/opt/rustwide/target/debug/deps/librustc_hash-5fc4804f431dba66.rmeta --extern shlex=/opt/rustwide/target/debug/deps/libshlex-596959a66104deb2.rmeta --cap-lints allow --cap-lints=warn` (signal: 9, SIGKILL: kill)
[INFO] [stderr] warning: build failed, waiting for other jobs to finish...
[INFO] [stderr] The following warnings were emitted during compilation:
[INFO] [stderr] 
[INFO] [stderr] warning: libsqlite3-sys@0.25.2: cc: fatal error: Killed signal terminated program cc1
[INFO] [stderr] warning: libsqlite3-sys@0.25.2: compilation terminated.
[INFO] [stderr] 
[INFO] [stderr] error: failed to run custom build command for `libsqlite3-sys v0.25.2`
[INFO] [stderr] note: To improve backtraces for build dependencies, set the CARGO_PROFILE_DEV_BUILD_OVERRIDE_DEBUG=true environment variable to enable debug information generation.
[INFO] [stderr] 
[INFO] [stderr] Caused by:
[INFO] [stderr]   process didn't exit successfully: `/opt/rustwide/target/debug/build/libsqlite3-sys-d82fed223b27c895/build-script-build` (exit status: 1)
[INFO] [stderr]   --- stdout
[INFO] [stderr]   cargo:rerun-if-changed=sqlite3/sqlite3.c
[INFO] [stderr]   cargo:rerun-if-changed=sqlite3/wasm32-wasi-vfs.c
[INFO] [stderr]   cargo:rerun-if-env-changed=SQLITE_MAX_VARIABLE_NUMBER
[INFO] [stderr]   cargo:rerun-if-env-changed=SQLITE_MAX_EXPR_DEPTH
[INFO] [stderr]   cargo:rerun-if-env-changed=LIBSQLITE3_FLAGS
[INFO] [stderr]   TARGET = Some("x86_64-unknown-linux-gnu")
[INFO] [stderr]   OPT_LEVEL = Some("0")
[INFO] [stderr]   HOST = Some("x86_64-unknown-linux-gnu")
[INFO] [stderr]   cargo:rerun-if-env-changed=CC_x86_64-unknown-linux-gnu
[INFO] [stderr]   CC_x86_64-unknown-linux-gnu = None
[INFO] [stderr]   cargo:rerun-if-env-changed=CC_x86_64_unknown_linux_gnu
[INFO] [stderr]   CC_x86_64_unknown_linux_gnu = None
[INFO] [stderr]   cargo:rerun-if-env-changed=HOST_CC
[INFO] [stderr]   HOST_CC = None
[INFO] [stderr]   cargo:rerun-if-env-changed=CC
[INFO] [stderr]   CC = None
[INFO] [stderr]   cargo:rerun-if-env-changed=CFLAGS_x86_64-unknown-linux-gnu
[INFO] [stderr]   CFLAGS_x86_64-unknown-linux-gnu = None
[INFO] [stderr]   cargo:rerun-if-env-changed=CFLAGS_x86_64_unknown_linux_gnu
[INFO] [stderr]   CFLAGS_x86_64_unknown_linux_gnu = None
[INFO] [stderr]   cargo:rerun-if-env-changed=HOST_CFLAGS
[INFO] [stderr]   HOST_CFLAGS = None
[INFO] [stderr]   cargo:rerun-if-env-changed=CFLAGS
[INFO] [stderr]   CFLAGS = None
[INFO] [stderr]   cargo:rerun-if-env-changed=CRATE_CC_NO_DEFAULTS
[INFO] [stderr]   CRATE_CC_NO_DEFAULTS = None
[INFO] [stderr]   DEBUG = Some("true")
[INFO] [stderr]   CARGO_CFG_TARGET_FEATURE = Some("fxsr,sse,sse2")
[INFO] [stderr]   running: "cc" "-O0" "-ffunction-sections" "-fdata-sections" "-fPIC" "-gdwarf-4" "-fno-omit-frame-pointer" "-m64" "-DSQLITE_CORE" "-DSQLITE_DEFAULT_FOREIGN_KEYS=1" "-DSQLITE_ENABLE_API_ARMOR" "-DSQLITE_ENABLE_COLUMN_METADATA" "-DSQLITE_ENABLE_DBSTAT_VTAB" "-DSQLITE_ENABLE_FTS3" "-DSQLITE_ENABLE_FTS3_PARENTHESIS" "-DSQLITE_ENABLE_FTS5" "-DSQLITE_ENABLE_JSON1" "-DSQLITE_ENABLE_LOAD_EXTENSION=1" "-DSQLITE_ENABLE_MEMORY_MANAGEMENT" "-DSQLITE_ENABLE_RTREE" "-DSQLITE_ENABLE_STAT2" "-DSQLITE_ENABLE_STAT4" "-DSQLITE_SOUNDEX" "-DSQLITE_THREADSAFE=1" "-DSQLITE_USE_URI" "-DHAVE_USLEEP=1" "-D_POSIX_THREAD_SAFE_FUNCTIONS" "-DHAVE_ISNAN" "-DHAVE_LOCALTIME_R" "-DSQLITE_ENABLE_UNLOCK_NOTIFY" "-o" "/opt/rustwide/target/debug/build/libsqlite3-sys-b143dcaede5b0b1f/out/sqlite3/sqlite3.o" "-c" "sqlite3/sqlite3.c"
[INFO] [stderr]   cargo:warning=cc: fatal error: Killed signal terminated program cc1
[INFO] [stderr]   cargo:warning=compilation terminated.
[INFO] [stderr]   exit status: 1
[INFO] [stderr] 
[INFO] [stderr]   --- stderr
[INFO] [stderr] 
[INFO] [stderr] 
[INFO] [stderr]   error occurred: Command "cc" "-O0" "-ffunction-sections" "-fdata-sections" "-fPIC" "-gdwarf-4" "-fno-omit-frame-pointer" "-m64" "-DSQLITE_CORE" "-DSQLITE_DEFAULT_FOREIGN_KEYS=1" "-DSQLITE_ENABLE_API_ARMOR" "-DSQLITE_ENABLE_COLUMN_METADATA" "-DSQLITE_ENABLE_DBSTAT_VTAB" "-DSQLITE_ENABLE_FTS3" "-DSQLITE_ENABLE_FTS3_PARENTHESIS" "-DSQLITE_ENABLE_FTS5" "-DSQLITE_ENABLE_JSON1" "-DSQLITE_ENABLE_LOAD_EXTENSION=1" "-DSQLITE_ENABLE_MEMORY_MANAGEMENT" "-DSQLITE_ENABLE_RTREE" "-DSQLITE_ENABLE_STAT2" "-DSQLITE_ENABLE_STAT4" "-DSQLITE_SOUNDEX" "-DSQLITE_THREADSAFE=1" "-DSQLITE_USE_URI" "-DHAVE_USLEEP=1" "-D_POSIX_THREAD_SAFE_FUNCTIONS" "-DHAVE_ISNAN" "-DHAVE_LOCALTIME_R" "-DSQLITE_ENABLE_UNLOCK_NOTIFY" "-o" "/opt/rustwide/target/debug/build/libsqlite3-sys-b143dcaede5b0b1f/out/sqlite3/sqlite3.o" "-c" "sqlite3/sqlite3.c" with args "cc" did not execute successfully (status code exit status: 1).
[INFO] [stderr] 
[INFO] [stderr] 
[INFO] running `Command { std: "docker" "inspect" "ce95b61b6b376728993a7f4e87551c5c15f6eb9233ebe14bec4fa1300cacf570", kill_on_drop: false }`
[INFO] running `Command { std: "docker" "rm" "-f" "ce95b61b6b376728993a7f4e87551c5c15f6eb9233ebe14bec4fa1300cacf570", kill_on_drop: false }`
[INFO] [stdout] ce95b61b6b376728993a7f4e87551c5c15f6eb9233ebe14bec4fa1300cacf570
