[INFO] cloning repository https://github.com/SuzukiTakamasa/Shuttle-app
[INFO] running `Command { std: "git" "-c" "credential.helper=" "-c" "credential.helper=/workspace/cargo-home/bin/git-credential-null" "clone" "--bare" "https://github.com/SuzukiTakamasa/Shuttle-app" "/workspace/cache/git-repos/https%3A%2F%2Fgithub.com%2FSuzukiTakamasa%2FShuttle-app", kill_on_drop: false }`
[INFO] [stderr] Cloning into bare repository '/workspace/cache/git-repos/https%3A%2F%2Fgithub.com%2FSuzukiTakamasa%2FShuttle-app'...
[INFO] running `Command { std: "git" "rev-parse" "HEAD", kill_on_drop: false }`
[INFO] [stdout] 30623226fb9c4947f0f3a15c7d4b883fd8080966
[INFO] documenting SuzukiTakamasa/Shuttle-app against 1.75.0 for beta-1.76-rustdoc-1
[INFO] running `Command { std: "git" "clone" "/workspace/cache/git-repos/https%3A%2F%2Fgithub.com%2FSuzukiTakamasa%2FShuttle-app" "/workspace/builds/worker-2-tc1/source", kill_on_drop: false }`
[INFO] [stderr] Cloning into '/workspace/builds/worker-2-tc1/source'...
[INFO] [stderr] done.
[INFO] validating manifest of git repo https://github.com/SuzukiTakamasa/Shuttle-app on toolchain 1.75.0
[INFO] running `Command { std: CARGO_HOME="/workspace/cargo-home" RUSTUP_HOME="/workspace/rustup-home" "/workspace/cargo-home/bin/cargo" "+1.75.0" "metadata" "--manifest-path" "Cargo.toml" "--no-deps", kill_on_drop: false }`
[INFO] started tweaking git repo https://github.com/SuzukiTakamasa/Shuttle-app
[INFO] finished tweaking git repo https://github.com/SuzukiTakamasa/Shuttle-app
[INFO] tweaked toml for git repo https://github.com/SuzukiTakamasa/Shuttle-app written to /workspace/builds/worker-2-tc1/source/Cargo.toml
[INFO] crate git repo https://github.com/SuzukiTakamasa/Shuttle-app already has a lockfile, it will not be regenerated
[INFO] running `Command { std: CARGO_HOME="/workspace/cargo-home" RUSTUP_HOME="/workspace/rustup-home" "/workspace/cargo-home/bin/cargo" "+1.75.0" "fetch" "--manifest-path" "Cargo.toml", kill_on_drop: false }`
[INFO] [stderr] warning: virtual workspace defaulting to `resolver = "1"` despite one or more workspace members being on edition 2021 which implies `resolver = "2"`
[INFO] [stderr] note: to keep the current resolver, specify `workspace.resolver = "1"` in the workspace root's manifest
[INFO] [stderr] note: to use the edition 2021 resolver, specify `workspace.resolver = "2"` in the workspace root's manifest
[INFO] [stderr] note: for more details see https://doc.rust-lang.org/cargo/reference/resolver.html#resolver-versions
[INFO] [stderr]  Downloading crates ...
[INFO] [stderr]   Downloaded shuttle-shared-db v0.20.0
[INFO] [stderr]   Downloaded shuttle-actix-web v0.20.0
[INFO] [stderr]   Downloaded shuttle-service v0.20.0
[INFO] [stderr]   Downloaded shuttle-runtime v0.20.0
[INFO] [stderr]   Downloaded shuttle-codegen v0.20.0
[INFO] [stderr]   Downloaded shuttle-common v0.20.0
[INFO] [stderr]   Downloaded shuttle-proto v0.20.0
[INFO] [stderr]   Downloaded allocator-api2 v0.2.15
[INFO] [stderr]   Downloaded tower-http v0.4.1
[INFO] [stderr]   Downloaded rustrict v0.7.7
[INFO] running `Command { std: "docker" "create" "-v" "/var/lib/crater-agent-workspace/builds/worker-2-tc1/target:/opt/rustwide/target:rw,Z" "-v" "/var/lib/crater-agent-workspace/builds/worker-2-tc1/source:/opt/rustwide/workdir:ro,Z" "-v" "/var/lib/crater-agent-workspace/cargo-home:/opt/rustwide/cargo-home:ro,Z" "-v" "/var/lib/crater-agent-workspace/rustup-home:/opt/rustwide/rustup-home:ro,Z" "-e" "SOURCE_DIR=/opt/rustwide/workdir" "-e" "CARGO_TARGET_DIR=/opt/rustwide/target" "-e" "CARGO_HOME=/opt/rustwide/cargo-home" "-e" "RUSTUP_HOME=/opt/rustwide/rustup-home" "-w" "/opt/rustwide/workdir" "-m" "1610612736" "--user" "0:0" "--network" "none" "ghcr.io/rust-lang/crates-build-env/linux@sha256:2788e3201cd34a07e3172128adcd8b3090168a8e3bcc40d7c032b9dda1df7d1c" "/opt/rustwide/cargo-home/bin/cargo" "+1.75.0" "metadata" "--no-deps" "--format-version=1", kill_on_drop: false }`
[INFO] [stdout] dec1deca5805069aa32fc4eeaa5dc9a27a82252234ff25f093901b95ae3ef031
[INFO] running `Command { std: "docker" "start" "-a" "dec1deca5805069aa32fc4eeaa5dc9a27a82252234ff25f093901b95ae3ef031", kill_on_drop: false }`
[INFO] running `Command { std: "docker" "inspect" "dec1deca5805069aa32fc4eeaa5dc9a27a82252234ff25f093901b95ae3ef031", kill_on_drop: false }`
[INFO] running `Command { std: "docker" "rm" "-f" "dec1deca5805069aa32fc4eeaa5dc9a27a82252234ff25f093901b95ae3ef031", kill_on_drop: false }`
[INFO] [stdout] dec1deca5805069aa32fc4eeaa5dc9a27a82252234ff25f093901b95ae3ef031
[INFO] running `Command { std: "docker" "create" "-v" "/var/lib/crater-agent-workspace/builds/worker-2-tc1/target:/opt/rustwide/target:rw,Z" "-v" "/var/lib/crater-agent-workspace/builds/worker-2-tc1/source:/opt/rustwide/workdir:ro,Z" "-v" "/var/lib/crater-agent-workspace/cargo-home:/opt/rustwide/cargo-home:ro,Z" "-v" "/var/lib/crater-agent-workspace/rustup-home:/opt/rustwide/rustup-home:ro,Z" "-e" "SOURCE_DIR=/opt/rustwide/workdir" "-e" "CARGO_TARGET_DIR=/opt/rustwide/target" "-e" "CARGO_INCREMENTAL=0" "-e" "RUST_BACKTRACE=full" "-e" "RUSTFLAGS=--cap-lints=warn" "-e" "RUSTDOCFLAGS=--cap-lints=warn" "-e" "CARGO_HOME=/opt/rustwide/cargo-home" "-e" "RUSTUP_HOME=/opt/rustwide/rustup-home" "-w" "/opt/rustwide/workdir" "-m" "1610612736" "--user" "0:0" "--network" "none" "ghcr.io/rust-lang/crates-build-env/linux@sha256:2788e3201cd34a07e3172128adcd8b3090168a8e3bcc40d7c032b9dda1df7d1c" "/opt/rustwide/cargo-home/bin/cargo" "+1.75.0" "doc" "--frozen" "--no-deps" "--document-private-items" "--message-format=json", kill_on_drop: false }`
[INFO] [stdout] fbed64fa0cfa0b18cdea5cca1355b16c2d027b809f022c41f842bb6dafbb6de2
[INFO] running `Command { std: "docker" "start" "-a" "fbed64fa0cfa0b18cdea5cca1355b16c2d027b809f022c41f842bb6dafbb6de2", kill_on_drop: false }`
[INFO] [stderr] warning: virtual workspace defaulting to `resolver = "1"` despite one or more workspace members being on edition 2021 which implies `resolver = "2"`
[INFO] [stderr] note: to keep the current resolver, specify `workspace.resolver = "1"` in the workspace root's manifest
[INFO] [stderr] note: to use the edition 2021 resolver, specify `workspace.resolver = "2"` in the workspace root's manifest
[INFO] [stderr] note: for more details see https://doc.rust-lang.org/cargo/reference/resolver.html#resolver-versions
[INFO] [stderr]    Compiling libc v0.2.147
[INFO] [stderr]    Compiling proc-macro2 v1.0.63
[INFO] [stderr]    Compiling unicode-ident v1.0.10
[INFO] [stderr]    Compiling quote v1.0.29
[INFO] [stderr]    Compiling futures-core v0.3.28
[INFO] [stderr]    Compiling lock_api v0.4.10
[INFO] [stderr]     Checking pin-project-lite v0.2.10
[INFO] [stderr]     Checking once_cell v1.18.0
[INFO] [stderr]     Checking bytes v1.4.0
[INFO] [stderr]    Compiling parking_lot_core v0.9.8
[INFO] [stderr]     Checking log v0.4.19
[INFO] [stderr]    Compiling tokio v1.29.1
[INFO] [stderr]     Checking smallvec v1.11.0
[INFO] [stderr]    Compiling slab v0.4.8
[INFO] [stderr]    Compiling futures-task v0.3.28
[INFO] [stderr]    Compiling futures-channel v0.3.28
[INFO] [stderr]    Compiling cfg-if v1.0.0
[INFO] [stderr]    Compiling futures-util v0.3.28
[INFO] [stderr]    Compiling typenum v1.16.0
[INFO] [stderr]     Checking futures-sink v0.3.28
[INFO] [stderr]    Compiling generic-array v0.14.7
[INFO] [stderr]     Checking itoa v1.0.8
[INFO] [stderr]    Compiling serde v1.0.167
[INFO] [stderr]     Checking futures-io v0.3.28
[INFO] [stderr]    Compiling syn v2.0.23
[INFO] [stderr]    Compiling indexmap v1.9.3
[INFO] [stderr]    Compiling pkg-config v0.3.27
[INFO] [stderr]    Compiling syn v1.0.109
[INFO] [stderr]     Checking hashbrown v0.12.3
[INFO] [stderr]     Checking tracing-core v0.1.31
[INFO] [stderr]    Compiling num-traits v0.2.15
[INFO] [stderr]    Compiling jobserver v0.1.26
[INFO] [stderr]     Checking mio v0.8.8
[INFO] [stderr]     Checking num_cpus v1.16.0
[INFO] [stderr]     Checking signal-hook-registry v1.4.1
[INFO] [stderr]    Compiling cc v1.0.79
[INFO] [stderr]     Checking parking_lot v0.12.1
[INFO] [stderr]     Checking socket2 v0.4.9
[INFO] [stderr]     Checking getrandom v0.2.10
[INFO] [stderr]    Compiling thiserror v1.0.43
[INFO] [stderr]     Checking http v0.2.9
[INFO] [stderr]     Checking percent-encoding v2.3.0
[INFO] [stderr]    Compiling crossbeam-utils v0.8.16
[INFO] [stderr]     Checking rand_core v0.6.4
[INFO] [stderr]    Compiling wasm-bindgen-shared v0.2.87
[INFO] [stderr]     Checking rand_chacha v0.3.1
[INFO] [stderr]    Compiling paste v1.0.13
[INFO] [stderr]     Checking rand v0.8.5
[INFO] [stderr]    Compiling either v1.8.1
[INFO] [stderr]    Compiling bumpalo v3.13.0
[INFO] [stderr]     Checking subtle v2.5.0
[INFO] [stderr]    Compiling itertools v0.10.5
[INFO] [stderr]    Compiling openssl-sys v0.9.90
[INFO] [stderr]     Checking block-buffer v0.10.4
[INFO] [stderr]     Checking crypto-common v0.1.6
[INFO] [stderr]    Compiling ahash v0.8.3
[INFO] [stderr]     Checking digest v0.10.7
[INFO] [stderr]    Compiling rustversion v1.0.13
[INFO] [stderr]    Compiling async-trait v0.1.71
[INFO] [stderr]    Compiling serde_json v1.0.100
[INFO] [stderr]     Checking tinyvec_macros v0.1.1
[INFO] [stderr]    Compiling wasm-bindgen v0.2.87
[INFO] [stderr]     Checking tinyvec v1.6.0
[INFO] [stderr]    Compiling memchr v2.5.0
[INFO] [stderr]     Checking base64 v0.13.1
[INFO] [stderr]    Compiling openssl v0.10.55
[INFO] [stderr]    Compiling httparse v1.8.0
[INFO] [stderr]     Checking unicode-normalization v0.1.22
[INFO] [stderr]    Compiling wasm-bindgen-backend v0.2.87
[INFO] [stderr]     Checking httpdate v1.0.2
[INFO] [stderr]     Checking cpufeatures v0.2.9
[INFO] [stderr]     Checking mime v0.3.17
[INFO] [stderr]    Compiling scopeguard v1.1.0
[INFO] [stderr]    Compiling parking_lot_core v0.8.6
[INFO] [stderr]    Compiling native-tls v0.2.11
[INFO] [stderr]     Checking ryu v1.0.14
[INFO] [stderr]     Checking sha1 v0.10.5
[INFO] [stderr]     Checking tower-service v0.3.2
[INFO] [stderr]    Compiling anyhow v1.0.71
[INFO] [stderr]    Compiling unicode-segmentation v1.10.1
[INFO] [stderr]     Checking http-body v0.4.5
[INFO] [stderr]    Compiling wasm-bindgen-macro-support v0.2.87
[INFO] [stderr]    Compiling heck v0.4.1
[INFO] [stderr]     Checking aho-corasick v1.0.2
[INFO] [stderr]    Compiling ahash v0.7.6
[INFO] [stderr]     Checking regex-syntax v0.7.3
[INFO] [stderr]    Compiling time-core v0.1.1
[INFO] [stderr]     Checking byteorder v1.4.3
[INFO] [stderr]    Compiling time-macros v0.2.9
[INFO] [stderr]     Checking time v0.1.45
[INFO] [stderr]     Checking try-lock v0.2.4
[INFO] [stderr]     Checking tower-layer v0.3.2
[INFO] [stderr]     Checking urlencoding v2.1.2
[INFO] [stderr]     Checking iana-time-zone v0.1.57
[INFO] [stderr]    Compiling foreign-types-shared v0.1.1
[INFO] [stderr]     Checking want v0.3.1
[INFO] [stderr]    Compiling foreign-types v0.3.2
[INFO] [stderr]    Compiling axum-core v0.3.4
[INFO] [stderr]    Compiling tokio-macros v2.1.0
[INFO] [stderr]    Compiling futures-macro v0.3.28
[INFO] [stderr]    Compiling serde_derive v1.0.167
[INFO] [stderr]    Compiling tracing-attributes v0.1.26
[INFO] [stderr]    Compiling thiserror-impl v1.0.43
[INFO] [stderr]    Compiling wasm-bindgen-macro v0.2.87
[INFO] [stderr]    Compiling openssl-macros v0.1.1
[INFO] [stderr]     Checking regex-automata v0.3.2
[INFO] [stderr]    Compiling pin-project-internal v1.1.2
[INFO] [stderr]     Checking tracing v0.1.37
[INFO] [stderr]     Checking time v0.3.22
[INFO] [stderr]    Compiling crossbeam-queue v0.3.8
[INFO] [stderr]    Compiling bitflags v1.3.2
[INFO] [stderr]     Checking regex v1.9.1
[INFO] [stderr]     Checking unicode-bidi v0.3.13
[INFO] [stderr]     Checking opentelemetry_api v0.19.0
[INFO] [stderr]     Checking futures-executor v0.3.28
[INFO] [stderr]     Checking pin-project v1.1.2
[INFO] [stderr]    Compiling prost-derive v0.11.9
[INFO] [stderr]    Compiling axum v0.6.18
[INFO] [stderr]     Checking crossbeam-channel v0.5.8
[INFO] [stderr]     Checking form_urlencoded v1.2.0
[INFO] [stderr]     Checking dashmap v5.4.0
[INFO] [stderr]    Compiling instant v0.1.12
[INFO] [stderr]     Checking tokio-util v0.7.8
[INFO] [stderr]     Checking tokio-stream v0.1.14
[INFO] [stderr]    Compiling num-integer v0.1.45
[INFO] [stderr]     Checking h2 v0.3.20
[INFO] [stderr]    Compiling openssl-probe v0.1.5
[INFO] [stderr]     Checking base64 v0.21.2
[INFO] [stderr]     Checking tower v0.4.13
[INFO] [stderr]     Checking opentelemetry_sdk v0.19.0
[INFO] [stderr]     Checking prost v0.11.9
[INFO] [stderr]     Checking tokio-io-timeout v1.2.0
[INFO] [stderr]     Checking idna v0.4.0
[INFO] [stderr]     Checking chrono v0.4.26
[INFO] [stderr]     Checking uuid v1.4.0
[INFO] [stderr]    Compiling async-stream-impl v0.3.5
[INFO] [stderr]    Compiling zstd-sys v2.0.8+zstd.1.5.5
[INFO] [stderr]    Compiling num-bigint v0.4.3
[INFO] [stderr]     Checking hyper v0.14.27
[INFO] [stderr]    Compiling allocator-api2 v0.2.15
[INFO] [stderr]     Checking regex-syntax v0.6.29
[INFO] [stderr]    Compiling minimal-lexical v0.2.1
[INFO] [stderr]     Checking sync_wrapper v0.1.2
[INFO] [stderr]     Checking matchit v0.7.0
[INFO] [stderr]    Compiling ppv-lite86 v0.2.17
[INFO] [stderr]    Compiling hashbrown v0.14.0
[INFO] [stderr]    Compiling nom v7.1.3
[INFO] [stderr]     Checking async-stream v0.3.5
[INFO] [stderr]    Compiling tokio-native-tls v0.3.1
[INFO] [stderr]     Checking url v2.4.0
[INFO] [stderr]    Compiling parking_lot v0.11.2
[INFO] [stderr]     Checking opentelemetry v0.19.0
[INFO] [stderr]     Checking tracing-futures v0.2.5
[INFO] [stderr]    Compiling hmac v0.12.1
[INFO] [stderr]    Compiling ring v0.16.20
[INFO] [stderr]     Checking regex-automata v0.1.10
[INFO] [stderr]    Compiling dirs-sys v0.3.7
[INFO] [stderr]     Checking overload v0.1.1
[INFO] [stderr]    Compiling unicode_categories v0.1.1
[INFO] [stderr]    Compiling crc-catalog v2.2.0
[INFO] [stderr]    Compiling pin-utils v0.1.0
[INFO] [stderr]    Compiling doc-comment v0.3.3
[INFO] [stderr]    Compiling sqlformat v0.2.1
[INFO] [stderr]    Compiling crc v3.0.1
[INFO] [stderr]     Checking nu-ansi-term v0.46.0
[INFO] [stderr]     Checking matchers v0.1.0
[INFO] [stderr]    Compiling dirs v4.0.0
[INFO] [stderr]     Checking hyper-timeout v0.4.1
[INFO] [stderr]    Compiling hkdf v0.12.3
[INFO] [stderr]    Compiling futures-intrusive v0.4.2
[INFO] [stderr]    Compiling sqlx-rt v0.6.3
[INFO] [stderr]    Compiling hashlink v0.8.3
[INFO] [stderr]    Compiling atoi v1.0.0
[INFO] [stderr]    Compiling sha2 v0.10.7
[INFO] [stderr]     Checking tracing-log v0.1.3
[INFO] [stderr]    Compiling stringprep v0.1.2
[INFO] [stderr]     Checking futures v0.3.28
[INFO] [stderr]    Compiling md-5 v0.10.5
[INFO] [stderr]     Checking thread_local v1.1.7
[INFO] [stderr]    Compiling zstd-safe v6.0.5+zstd.1.5.4
[INFO] [stderr]    Compiling dotenvy v0.15.7
[INFO] [stderr]     Checking local-waker v0.1.3
[INFO] [stderr]     Checking alloc-no-stdlib v2.0.4
[INFO] [stderr]    Compiling crc32fast v1.3.2
[INFO] [stderr]    Compiling event-listener v2.5.3
[INFO] [stderr]    Compiling hex v0.4.3
[INFO] [stderr]    Compiling whoami v1.4.1
[INFO] [stderr]     Checking alloc-stdlib v0.2.2
[INFO] [stderr]     Checking tracing-subscriber v0.3.17
[INFO] [stderr]    Compiling sqlx-core v0.6.3
[INFO] [stderr]     Checking simple_asn1 v0.6.2
[INFO] [stderr]    Compiling actix-macros v0.2.3
[INFO] [stderr]    Compiling strum_macros v0.24.3
[INFO] [stderr]     Checking rmp v0.8.11
[INFO] [stderr]     Checking pem v1.1.1
[INFO] [stderr]     Checking tonic v0.8.3
[INFO] [stderr]     Checking headers-core v0.2.0
[INFO] [stderr]    Compiling fnv v1.0.7
[INFO] [stderr]     Checking linked-hash-map v0.5.6
[INFO] [stderr]     Checking bitflags v2.3.3
[INFO] [stderr]     Checking arrayvec v0.7.4
[INFO] [stderr]     Checking finl_unicode v1.2.0
[INFO] [stderr]     Checking rustc-hash v1.1.0
[INFO] [stderr]     Checking http-range-header v0.3.0
[INFO] [stderr]     Checking rustrict v0.7.7
[INFO] [stderr]     Checking tower-http v0.4.1
[INFO] [stderr]     Checking miniz_oxide v0.7.1
[INFO] [stderr]     Checking opentelemetry-proto v0.2.0
[INFO] [stderr]     Checking ttl_cache v0.5.1
[INFO] [stderr]     Checking actix-rt v2.8.0
[INFO] [stderr]     Checking opentelemetry-otlp v0.12.0
[INFO] [stderr]     Checking headers v0.3.8
[INFO] [stderr]     Checking rmp-serde v1.1.1
[INFO] [stderr]     Checking strum v0.24.1
[INFO] [stderr]     Checking tracing-opentelemetry v0.19.0
[INFO] [stderr]     Checking brotli-decompressor v2.3.4
[INFO] [stderr]     Checking actix-utils v3.0.1
[INFO] [stderr]     Checking http-serde v1.1.2
[INFO] [stderr]     Checking prost-types v0.11.9
[INFO] [stderr]     Checking opentelemetry-http v0.8.0
[INFO] [stderr]    Compiling bytestring v1.3.0
[INFO] [stderr]     Checking actix-service v2.0.2
[INFO] [stderr]    Compiling cookie v0.16.2
[INFO] [stderr]    Compiling convert_case v0.4.0
[INFO] [stderr]     Checking brotli v3.3.4
[INFO] [stderr]    Compiling actix-router v0.5.1
[INFO] [stderr]     Checking flate2 v1.0.26
[INFO] [stderr]    Compiling derive_more v0.99.17
[INFO] [stderr]     Checking local-channel v0.1.3
[INFO] [stderr]     Checking actix-codec v0.5.1
[INFO] [stderr]     Checking encoding_rs v0.8.32
[INFO] [stderr]     Checking language-tags v0.3.2
[INFO] [stderr]    Compiling proc-macro-error-attr v1.0.4
[INFO] [stderr]     Checking actix-server v2.2.0
[INFO] [stderr]    Compiling actix-web-codegen v4.2.0
[INFO] [stderr]     Checking serde_urlencoded v0.7.1
[INFO] [stderr]     Checking strfmt v0.2.4
[INFO] [stderr]    Compiling proc-macro-error v1.0.4
[INFO] [stderr]     Checking home v0.5.5
[INFO] [stderr]    Compiling shuttle-codegen v0.20.0
[INFO] [stderr]    Compiling sqlx-macros v0.6.3
[INFO] [stderr]     Checking jsonwebtoken v8.3.0
[INFO] [stderr]     Checking shuttle-common v0.20.0
[INFO] [stderr]     Checking shuttle-service v0.20.0
[INFO] [stderr]     Checking shuttle-proto v0.20.0
[INFO] [stderr]     Checking shuttle-runtime v0.20.0
[INFO] [stderr]     Checking sqlx v0.6.3
[INFO] [stderr]     Checking shared v0.1.0 (/opt/rustwide/workdir/shared)
[INFO] [stderr]     Checking shuttle-shared-db v0.20.0
[INFO] [stderr]  Documenting shared v0.1.0 (/opt/rustwide/workdir/shared)
[INFO] [stderr]     Checking zstd v0.12.3+zstd.1.5.2
[INFO] [stderr]     Checking actix-http v3.3.1
[INFO] [stderr]     Checking actix-web v4.3.1
[INFO] [stderr]     Checking shuttle-actix-web v0.20.0
[INFO] [stderr]     Checking api-lib v0.1.0 (/opt/rustwide/workdir/api/lib)
[INFO] [stderr]  Documenting api-lib v0.1.0 (/opt/rustwide/workdir/api/lib)
[INFO] [stdout] error[E0658]: associated type bounds are unstable
[INFO] [stdout]   --> api/lib/src/film_repository/postgres_film_repository.rs:79:33
[INFO] [stdout]    |
[INFO] [stdout] 79 |         sqlx::query_scalar::<_, uuid:Uuid>(
[INFO] [stdout]    |                                 ^^^^^^^^^
[INFO] [stdout]    |
[INFO] [stdout]    = note: see issue #52662 <https://github.com/rust-lang/rust/issues/52662> for more information
[INFO] [stdout] 
[INFO] [stdout] 
[INFO] [stdout] error[E0405]: cannot find trait `Uuid` in this scope
[INFO] [stdout]   --> api/lib/src/film_repository/postgres_film_repository.rs:79:38
[INFO] [stdout]    |
[INFO] [stdout] 79 |         sqlx::query_scalar::<_, uuid:Uuid>(
[INFO] [stdout]    |                                      ^^^^ not found in this scope
[INFO] [stdout] 
[INFO] [stdout] 
[INFO] [stdout] error[E0658]: associated type bounds are unstable
[INFO] [stdout]   --> api/lib/src/film_repository/postgres_film_repository.rs:79:33
[INFO] [stdout]    |
[INFO] [stdout] 79 |         sqlx::query_scalar::<_, uuid:Uuid>(
[INFO] [stdout]    |                                 ^^^^^^^^^
[INFO] [stdout]    |
[INFO] [stdout]    = note: see issue #52662 <https://github.com/rust-lang/rust/issues/52662> for more information
[INFO] [stdout] 
[INFO] [stdout] 
[INFO] [stdout] error: aborting due to previous error
[INFO] [stdout] 
[INFO] [stdout] 
[INFO] [stdout] For more information about this error, try `rustc --explain E0658`.
[INFO] [stdout] 
[INFO] [stderr] error: could not document `api-lib`
[INFO] [stderr] 
[INFO] [stderr] Caused by:
[INFO] [stderr]   process didn't exit successfully: `/opt/rustwide/rustup-home/toolchains/1.75.0-x86_64-unknown-linux-gnu/bin/rustdoc --edition=2021 --crate-type lib --crate-name api_lib api/lib/src/lib.rs -o /opt/rustwide/target/doc --error-format=json --json=diagnostic-rendered-ansi,artifacts,future-incompat --document-private-items -C metadata=775f2c91bbdbf976 -L dependency=/opt/rustwide/target/debug/deps --extern actix_web=/opt/rustwide/target/debug/deps/libactix_web-c59b0c7f95508578.rmeta --extern async_trait=/opt/rustwide/target/debug/deps/libasync_trait-ea8dddf8257968d8.so --extern serde=/opt/rustwide/target/debug/deps/libserde-f90e67eae3db1fe5.rmeta --extern serde_json=/opt/rustwide/target/debug/deps/libserde_json-f8deffcc5a21ed8f.rmeta --extern shared=/opt/rustwide/target/debug/deps/libshared-2b75f2e93ff4528a.rmeta --extern sqlx=/opt/rustwide/target/debug/deps/libsqlx-fd2325dbeae811f4.rmeta --extern tracing=/opt/rustwide/target/debug/deps/libtracing-a83f2321480381a4.rmeta --extern uuid=/opt/rustwide/target/debug/deps/libuuid-fae469bcca9ab834.rmeta --cap-lints=warn --crate-version 0.1.0` (exit status: 1)
[INFO] [stderr] warning: build failed, waiting for other jobs to finish...
[INFO] [stdout] error[E0229]: associated type bindings are not allowed here
[INFO] [stdout]   --> api/lib/src/film_repository/postgres_film_repository.rs:79:33
[INFO] [stdout]    |
[INFO] [stdout] 79 |         sqlx::query_scalar::<_, uuid:Uuid>(
[INFO] [stdout]    |                                 ^^^^^^^^^ associated type not allowed here
[INFO] [stdout] 
[INFO] [stdout] 
[INFO] [stdout] error[E0107]: function takes 2 generic arguments but 1 generic argument was supplied
[INFO] [stdout]    --> api/lib/src/film_repository/postgres_film_repository.rs:79:15
[INFO] [stdout]     |
[INFO] [stdout] 79  |         sqlx::query_scalar::<_, uuid:Uuid>(
[INFO] [stdout]     |               ^^^^^^^^^^^^   - supplied 1 generic argument
[INFO] [stdout]     |               |
[INFO] [stdout]     |               expected 2 generic arguments
[INFO] [stdout]     |
[INFO] [stdout] note: function defined here, with 2 generic parameters: `DB`, `O`
[INFO] [stdout]    --> /opt/rustwide/cargo-home/registry/src/index.crates.io-6f17d22bba15001f/sqlx-core-0.6.3/src/query_scalar.rs:164:8
[INFO] [stdout]     |
[INFO] [stdout] 164 | pub fn query_scalar<'q, DB, O>(
[INFO] [stdout]     |        ^^^^^^^^^^^^     --  -
[INFO] [stdout] help: add missing generic argument
[INFO] [stdout]     |
[INFO] [stdout] 79  |         sqlx::query_scalar::<_, O, uuid:Uuid>(
[INFO] [stdout]     |                               +++
[INFO] [stdout] 
[INFO] [stdout] 
[INFO] [stdout] error: aborting due to 4 previous errors
[INFO] [stdout] 
[INFO] [stdout] 
[INFO] [stdout] Some errors have detailed explanations: E0107, E0229, E0405, E0658.
[INFO] [stdout] 
[INFO] [stdout] For more information about an error, try `rustc --explain E0107`.
[INFO] [stdout] 
[INFO] [stderr] error: could not compile `api-lib` (lib) due to 5 previous errors
[INFO] running `Command { std: "docker" "inspect" "fbed64fa0cfa0b18cdea5cca1355b16c2d027b809f022c41f842bb6dafbb6de2", kill_on_drop: false }`
[INFO] running `Command { std: "docker" "rm" "-f" "fbed64fa0cfa0b18cdea5cca1355b16c2d027b809f022c41f842bb6dafbb6de2", kill_on_drop: false }`
[INFO] [stdout] fbed64fa0cfa0b18cdea5cca1355b16c2d027b809f022c41f842bb6dafbb6de2
