[INFO] cloning repository https://github.com/Sustrak/LuL
[INFO] running `Command { std: "git" "-c" "credential.helper=" "-c" "credential.helper=/workspace/cargo-home/bin/git-credential-null" "clone" "--bare" "https://github.com/Sustrak/LuL" "/workspace/cache/git-repos/https%3A%2F%2Fgithub.com%2FSustrak%2FLuL", kill_on_drop: false }`
[INFO] [stderr] Cloning into bare repository '/workspace/cache/git-repos/https%3A%2F%2Fgithub.com%2FSustrak%2FLuL'...
[INFO] running `Command { std: "git" "rev-parse" "HEAD", kill_on_drop: false }`
[INFO] [stdout] 6496b5712741dbf76397d9013e8c300aa4480811
[INFO] documenting Sustrak/LuL against 1.75.0 for beta-1.76-rustdoc-1
[INFO] running `Command { std: "git" "clone" "/workspace/cache/git-repos/https%3A%2F%2Fgithub.com%2FSustrak%2FLuL" "/workspace/builds/worker-7-tc1/source", kill_on_drop: false }`
[INFO] [stderr] Cloning into '/workspace/builds/worker-7-tc1/source'...
[INFO] [stderr] done.
[INFO] validating manifest of git repo https://github.com/Sustrak/LuL on toolchain 1.75.0
[INFO] running `Command { std: CARGO_HOME="/workspace/cargo-home" RUSTUP_HOME="/workspace/rustup-home" "/workspace/cargo-home/bin/cargo" "+1.75.0" "metadata" "--manifest-path" "Cargo.toml" "--no-deps", kill_on_drop: false }`
[INFO] started tweaking git repo https://github.com/Sustrak/LuL
[INFO] finished tweaking git repo https://github.com/Sustrak/LuL
[INFO] tweaked toml for git repo https://github.com/Sustrak/LuL written to /workspace/builds/worker-7-tc1/source/Cargo.toml
[INFO] crate git repo https://github.com/Sustrak/LuL already has a lockfile, it will not be regenerated
[INFO] running `Command { std: CARGO_HOME="/workspace/cargo-home" RUSTUP_HOME="/workspace/rustup-home" "/workspace/cargo-home/bin/cargo" "+1.75.0" "fetch" "--manifest-path" "Cargo.toml", kill_on_drop: false }`
[INFO] [stderr]  Downloading crates ...
[INFO] [stderr]   Downloaded hyper-native-tls v0.2.2
[INFO] [stderr]   Downloaded log v0.3.6
[INFO] [stderr]   Downloaded security-framework v0.1.10
[INFO] [stderr]   Downloaded native-tls v0.1.1
[INFO] [stderr]   Downloaded num_cpus v1.2.1
[INFO] [stderr]   Downloaded metadeps v1.1.1
[INFO] [stderr]   Downloaded redox_syscall v0.1.16
[INFO] [stderr]   Downloaded lazy_static v0.2.2
[INFO] [stderr]   Downloaded unicode-bidi v0.2.4
[INFO] [stderr]   Downloaded serde v0.9.6
[INFO] [stderr]   Downloaded libc v0.2.20
[INFO] [stderr]   Downloaded hyper v0.10.4
[INFO] [stderr]   Downloaded openssl v0.9.6
[INFO] [stderr]   Downloaded openssl-sys v0.9.6
[INFO] [stderr]   Downloaded mime v0.2.2
[INFO] [stderr]   Downloaded schannel v0.1.2
[INFO] [stderr]   Downloaded serde_json v0.9.5
[INFO] [stderr]   Downloaded security-framework-sys v0.1.10
[INFO] running `Command { std: "docker" "create" "-v" "/var/lib/crater-agent-workspace/builds/worker-7-tc1/target:/opt/rustwide/target:rw,Z" "-v" "/var/lib/crater-agent-workspace/builds/worker-7-tc1/source:/opt/rustwide/workdir:ro,Z" "-v" "/var/lib/crater-agent-workspace/cargo-home:/opt/rustwide/cargo-home:ro,Z" "-v" "/var/lib/crater-agent-workspace/rustup-home:/opt/rustwide/rustup-home:ro,Z" "-e" "SOURCE_DIR=/opt/rustwide/workdir" "-e" "CARGO_TARGET_DIR=/opt/rustwide/target" "-e" "CARGO_HOME=/opt/rustwide/cargo-home" "-e" "RUSTUP_HOME=/opt/rustwide/rustup-home" "-w" "/opt/rustwide/workdir" "-m" "1610612736" "--user" "0:0" "--network" "none" "ghcr.io/rust-lang/crates-build-env/linux@sha256:2788e3201cd34a07e3172128adcd8b3090168a8e3bcc40d7c032b9dda1df7d1c" "/opt/rustwide/cargo-home/bin/cargo" "+1.75.0" "metadata" "--no-deps" "--format-version=1", kill_on_drop: false }`
[INFO] [stdout] ad946339f1ce3b12ce825ded3ab23d2159afbc627be6bad7b2146a358cefcb89
[INFO] running `Command { std: "docker" "start" "-a" "ad946339f1ce3b12ce825ded3ab23d2159afbc627be6bad7b2146a358cefcb89", kill_on_drop: false }`
[INFO] running `Command { std: "docker" "inspect" "ad946339f1ce3b12ce825ded3ab23d2159afbc627be6bad7b2146a358cefcb89", kill_on_drop: false }`
[INFO] running `Command { std: "docker" "rm" "-f" "ad946339f1ce3b12ce825ded3ab23d2159afbc627be6bad7b2146a358cefcb89", kill_on_drop: false }`
[INFO] [stdout] ad946339f1ce3b12ce825ded3ab23d2159afbc627be6bad7b2146a358cefcb89
[INFO] running `Command { std: "docker" "create" "-v" "/var/lib/crater-agent-workspace/builds/worker-7-tc1/target:/opt/rustwide/target:rw,Z" "-v" "/var/lib/crater-agent-workspace/builds/worker-7-tc1/source:/opt/rustwide/workdir:ro,Z" "-v" "/var/lib/crater-agent-workspace/cargo-home:/opt/rustwide/cargo-home:ro,Z" "-v" "/var/lib/crater-agent-workspace/rustup-home:/opt/rustwide/rustup-home:ro,Z" "-e" "SOURCE_DIR=/opt/rustwide/workdir" "-e" "CARGO_TARGET_DIR=/opt/rustwide/target" "-e" "CARGO_INCREMENTAL=0" "-e" "RUST_BACKTRACE=full" "-e" "RUSTFLAGS=--cap-lints=warn" "-e" "RUSTDOCFLAGS=--cap-lints=warn" "-e" "CARGO_HOME=/opt/rustwide/cargo-home" "-e" "RUSTUP_HOME=/opt/rustwide/rustup-home" "-w" "/opt/rustwide/workdir" "-m" "1610612736" "--user" "0:0" "--network" "none" "ghcr.io/rust-lang/crates-build-env/linux@sha256:2788e3201cd34a07e3172128adcd8b3090168a8e3bcc40d7c032b9dda1df7d1c" "/opt/rustwide/cargo-home/bin/cargo" "+1.75.0" "doc" "--frozen" "--no-deps" "--document-private-items" "--message-format=json", kill_on_drop: false }`
[INFO] [stdout] 2313005cf2e918e61a1b574d7e77caeda0060f3acbe795b2543fc59a1a65330a
[INFO] running `Command { std: "docker" "start" "-a" "2313005cf2e918e61a1b574d7e77caeda0060f3acbe795b2543fc59a1a65330a", kill_on_drop: false }`
[INFO] [stderr]    Compiling error-chain v0.7.2
[INFO] [stderr]    Compiling pkg-config v0.3.9
[INFO] [stderr]    Compiling toml v0.2.1
[INFO] [stderr]    Compiling semver v0.1.20
[INFO] [stderr]     Checking libc v0.2.20
[INFO] [stderr]     Checking matches v0.1.4
[INFO] [stderr]     Checking unicode-normalization v0.1.4
[INFO] [stderr]    Compiling openssl v0.9.6
[INFO] [stderr]     Checking unicode-bidi v0.2.4
[INFO] [stderr]     Checking lazy_static v0.2.2
[INFO] [stderr]    Compiling rustc_version v0.1.7
[INFO] [stderr]     Checking log v0.3.6
[INFO] [stderr]    Compiling metadeps v1.1.1
[INFO] [stderr]     Checking bitflags v0.7.0
[INFO] [stderr]     Checking num_cpus v1.2.1
[INFO] [stderr]     Checking time v0.1.36
[INFO] [stderr]     Checking httparse v1.2.1
[INFO] [stderr]    Compiling unicase v1.4.0
[INFO] [stderr]    Compiling hyper v0.10.4
[INFO] [stderr]     Checking mime v0.2.2
[INFO] [stderr]     Checking language-tags v0.2.2
[INFO] [stderr]     Checking rustc-serialize v0.3.22
[INFO] [stderr]     Checking traitobject v0.0.1
[INFO] [stderr]     Checking typeable v0.1.2
[INFO] [stderr]     Checking serde v0.9.6
[INFO] [stderr]     Checking itoa v0.3.1
[INFO] [stderr]     Checking antidote v1.0.0
[INFO] [stderr]    Compiling openssl-sys v0.9.6
[INFO] [stderr]     Checking idna v0.1.0
[INFO] [stderr]     Checking dtoa v0.4.1
[INFO] [stderr]     Checking num-traits v0.1.36
[INFO] [stderr] error: failed to run custom build command for `openssl-sys v0.9.6`
[INFO] [stderr] note: To improve backtraces for build dependencies, set the CARGO_PROFILE_DEV_BUILD_OVERRIDE_DEBUG=true environment variable to enable debug information generation.
[INFO] [stderr] 
[INFO] [stderr] Caused by:
[INFO] [stderr]   process didn't exit successfully: `/opt/rustwide/target/debug/build/openssl-sys-6449b9885c44468e/build-script-build` (exit status: 101)
[INFO] [stderr]   --- stdout
[INFO] [stderr]   cargo:rustc-link-search=native=/usr/lib/x86_64-linux-gnu
[INFO] [stderr]   cargo:rustc-link-lib=ssl
[INFO] [stderr]   cargo:rustc-link-lib=crypto
[INFO] [stderr] 
[INFO] [stderr]   --- stderr
[INFO] [stderr]   thread 'main' panicked at /opt/rustwide/cargo-home/registry/src/index.crates.io-6f17d22bba15001f/openssl-sys-0.9.6/build.rs:247:13:
[INFO] [stderr]   header file at `{}` did not include `OPENSSL_VERSION_NUMBER` that this crate recognized, failed to learn about the OpenSSL version number
[INFO] [stderr]   stack backtrace:
[INFO] [stderr]      0:     0x56288d0ce12c - std::backtrace_rs::backtrace::libunwind::trace::ha637c64ce894333a
[INFO] [stderr]                                  at /rustc/82e1608dfa6e0b5569232559e3d385fea5a93112/library/std/src/../../backtrace/src/backtrace/libunwind.rs:104:5
[INFO] [stderr]      1:     0x56288d0ce12c - std::backtrace_rs::backtrace::trace_unsynchronized::h47f62dea28e0c88d
[INFO] [stderr]                                  at /rustc/82e1608dfa6e0b5569232559e3d385fea5a93112/library/std/src/../../backtrace/src/backtrace/mod.rs:66:5
[INFO] [stderr]      2:     0x56288d0ce12c - std::sys_common::backtrace::_print_fmt::h9eef0abe20ede486
[INFO] [stderr]                                  at /rustc/82e1608dfa6e0b5569232559e3d385fea5a93112/library/std/src/sys_common/backtrace.rs:67:5
[INFO] [stderr]      3:     0x56288d0ce12c - <std::sys_common::backtrace::_print::DisplayBacktrace as core::fmt::Display>::fmt::hed7f999df88cc644
[INFO] [stderr]                                  at /rustc/82e1608dfa6e0b5569232559e3d385fea5a93112/library/std/src/sys_common/backtrace.rs:44:22
[INFO] [stderr]      4:     0x56288d0f4780 - core::fmt::rt::Argument::fmt::h1539a9308b8d058d
[INFO] [stderr]                                  at /rustc/82e1608dfa6e0b5569232559e3d385fea5a93112/library/core/src/fmt/rt.rs:142:9
[INFO] [stderr]      5:     0x56288d0f4780 - core::fmt::write::h3a39390d8560d9c9
[INFO] [stderr]                                  at /rustc/82e1608dfa6e0b5569232559e3d385fea5a93112/library/core/src/fmt/mod.rs:1120:17
[INFO] [stderr]      6:     0x56288d0cbc8f - std::io::Write::write_fmt::h5fc9997dfe05f882
[INFO] [stderr]                                  at /rustc/82e1608dfa6e0b5569232559e3d385fea5a93112/library/std/src/io/mod.rs:1762:15
[INFO] [stderr]      7:     0x56288d0cdf14 - std::sys_common::backtrace::_print::h894006fb5c6f3d45
[INFO] [stderr]                                  at /rustc/82e1608dfa6e0b5569232559e3d385fea5a93112/library/std/src/sys_common/backtrace.rs:47:5
[INFO] [stderr]      8:     0x56288d0cdf14 - std::sys_common::backtrace::print::h23a2d212c6fff936
[INFO] [stderr]                                  at /rustc/82e1608dfa6e0b5569232559e3d385fea5a93112/library/std/src/sys_common/backtrace.rs:34:9
[INFO] [stderr]      9:     0x56288d0cf637 - std::panicking::default_hook::{{closure}}::h8a1d2ee00185001a
[INFO] [stderr]     10:     0x56288d0cf39f - std::panicking::default_hook::h6038f2eba384e475
[INFO] [stderr]                                  at /rustc/82e1608dfa6e0b5569232559e3d385fea5a93112/library/std/src/panicking.rs:292:9
[INFO] [stderr]     11:     0x56288d0cfab8 - std::panicking::rust_panic_with_hook::h2b5517d590cab22e
[INFO] [stderr]                                  at /rustc/82e1608dfa6e0b5569232559e3d385fea5a93112/library/std/src/panicking.rs:779:13
[INFO] [stderr]     12:     0x56288d0a22fe - std::panicking::begin_panic::{{closure}}::h6b4e93bbe0c0e8fe
[INFO] [stderr]     13:     0x56288d09e4aa - std::sys_common::backtrace::__rust_end_short_backtrace::h8b63441812259ac6
[INFO] [stderr]     14:     0x56288d0a227b - std::panicking::begin_panic::hd71a3dacdc6bfd96
[INFO] [stderr]     15:     0x56288d063d48 - build_script_build::validate_headers::h3943573e479a1e8b
[INFO] [stderr]     16:     0x56288d0636ee - build_script_build::try_pkg_config::h2c666f9b72f5f621
[INFO] [stderr]     17:     0x56288d062833 - build_script_build::find_openssl_dir::h315f0e3c433d582f
[INFO] [stderr]     18:     0x56288d062698 - build_script_build::main::{{closure}}::hddae3895a135e71c
[INFO] [stderr]     19:     0x56288d06ac89 - core::option::Option<T>::unwrap_or_else::h18dcbd0902931f35
[INFO] [stderr]     20:     0x56288d06196d - build_script_build::main::hec4cc14e56fd18ef
[INFO] [stderr]     21:     0x56288d069423 - core::ops::function::FnOnce::call_once::hb50286f714358ea9
[INFO] [stderr]     22:     0x56288d068a36 - std::sys_common::backtrace::__rust_begin_short_backtrace::h65e577b810780e44
[INFO] [stderr]     23:     0x56288d068d19 - std::rt::lang_start::{{closure}}::hff3f93e31692687d
[INFO] [stderr]     24:     0x56288d0c83c7 - core::ops::function::impls::<impl core::ops::function::FnOnce<A> for &F>::call_once::hd95060ecd5e1ca24
[INFO] [stderr]                                  at /rustc/82e1608dfa6e0b5569232559e3d385fea5a93112/library/core/src/ops/function.rs:284:13
[INFO] [stderr]     25:     0x56288d0c83c7 - std::panicking::try::do_call::h6e8cf51db32a6e4b
[INFO] [stderr]                                  at /rustc/82e1608dfa6e0b5569232559e3d385fea5a93112/library/std/src/panicking.rs:552:40
[INFO] [stderr]     26:     0x56288d0c83c7 - std::panicking::try::h3a52eefe24fe3c29
[INFO] [stderr]                                  at /rustc/82e1608dfa6e0b5569232559e3d385fea5a93112/library/std/src/panicking.rs:516:19
[INFO] [stderr]     27:     0x56288d0c83c7 - std::panic::catch_unwind::h24c28c23c02c3841
[INFO] [stderr]                                  at /rustc/82e1608dfa6e0b5569232559e3d385fea5a93112/library/std/src/panic.rs:142:14
[INFO] [stderr]     28:     0x56288d0c83c7 - std::rt::lang_start_internal::{{closure}}::h705d3c9cbc06ef47
[INFO] [stderr]                                  at /rustc/82e1608dfa6e0b5569232559e3d385fea5a93112/library/std/src/rt.rs:148:48
[INFO] [stderr]     29:     0x56288d0c83c7 - std::panicking::try::do_call::ha21f52ba13158470
[INFO] [stderr]                                  at /rustc/82e1608dfa6e0b5569232559e3d385fea5a93112/library/std/src/panicking.rs:552:40
[INFO] [stderr]     30:     0x56288d0c83c7 - std::panicking::try::h5581346bf6aeb1f8
[INFO] [stderr]                                  at /rustc/82e1608dfa6e0b5569232559e3d385fea5a93112/library/std/src/panicking.rs:516:19
[INFO] [stderr]     31:     0x56288d0c83c7 - std::panic::catch_unwind::h7919645a6b72e25b
[INFO] [stderr]                                  at /rustc/82e1608dfa6e0b5569232559e3d385fea5a93112/library/std/src/panic.rs:142:14
[INFO] [stderr]     32:     0x56288d0c83c7 - std::rt::lang_start_internal::h12de51168669836e
[INFO] [stderr]                                  at /rustc/82e1608dfa6e0b5569232559e3d385fea5a93112/library/std/src/rt.rs:148:20
[INFO] [stderr]     33:     0x56288d068cf7 - std::rt::lang_start::hbfe6f626241de8c7
[INFO] [stderr]     34:     0x56288d065ab5 - main
[INFO] [stderr]     35:     0x7febdf560d90 - <unknown>
[INFO] [stderr]     36:     0x7febdf560e40 - __libc_start_main
[INFO] [stderr]     37:     0x56288d05dd35 - _start
[INFO] [stderr]     38:                0x0 - <unknown>
[INFO] [stderr] warning: build failed, waiting for other jobs to finish...
[INFO] running `Command { std: "docker" "inspect" "2313005cf2e918e61a1b574d7e77caeda0060f3acbe795b2543fc59a1a65330a", kill_on_drop: false }`
[INFO] running `Command { std: "docker" "rm" "-f" "2313005cf2e918e61a1b574d7e77caeda0060f3acbe795b2543fc59a1a65330a", kill_on_drop: false }`
[INFO] [stdout] 2313005cf2e918e61a1b574d7e77caeda0060f3acbe795b2543fc59a1a65330a
[INFO] documenting Sustrak/LuL against beta-2023-12-22 for beta-1.76-rustdoc-1
[INFO] running `Command { std: "git" "clone" "/workspace/cache/git-repos/https%3A%2F%2Fgithub.com%2FSustrak%2FLuL" "/workspace/builds/worker-7-tc2/source", kill_on_drop: false }`
[INFO] [stderr] Cloning into '/workspace/builds/worker-7-tc2/source'...
[INFO] [stderr] done.
[INFO] validating manifest of git repo https://github.com/Sustrak/LuL on toolchain beta-2023-12-22
[INFO] running `Command { std: CARGO_HOME="/workspace/cargo-home" RUSTUP_HOME="/workspace/rustup-home" "/workspace/cargo-home/bin/cargo" "+beta-2023-12-22" "metadata" "--manifest-path" "Cargo.toml" "--no-deps", kill_on_drop: false }`
[INFO] started tweaking git repo https://github.com/Sustrak/LuL
[INFO] finished tweaking git repo https://github.com/Sustrak/LuL
[INFO] tweaked toml for git repo https://github.com/Sustrak/LuL written to /workspace/builds/worker-7-tc2/source/Cargo.toml
[INFO] crate git repo https://github.com/Sustrak/LuL already has a lockfile, it will not be regenerated
[INFO] running `Command { std: CARGO_HOME="/workspace/cargo-home" RUSTUP_HOME="/workspace/rustup-home" "/workspace/cargo-home/bin/cargo" "+beta-2023-12-22" "fetch" "--manifest-path" "Cargo.toml", kill_on_drop: false }`
[INFO] running `Command { std: "docker" "create" "-v" "/var/lib/crater-agent-workspace/builds/worker-7-tc2/target:/opt/rustwide/target:rw,Z" "-v" "/var/lib/crater-agent-workspace/builds/worker-7-tc2/source:/opt/rustwide/workdir:ro,Z" "-v" "/var/lib/crater-agent-workspace/cargo-home:/opt/rustwide/cargo-home:ro,Z" "-v" "/var/lib/crater-agent-workspace/rustup-home:/opt/rustwide/rustup-home:ro,Z" "-e" "SOURCE_DIR=/opt/rustwide/workdir" "-e" "CARGO_TARGET_DIR=/opt/rustwide/target" "-e" "CARGO_HOME=/opt/rustwide/cargo-home" "-e" "RUSTUP_HOME=/opt/rustwide/rustup-home" "-w" "/opt/rustwide/workdir" "-m" "1610612736" "--user" "0:0" "--network" "none" "ghcr.io/rust-lang/crates-build-env/linux@sha256:2788e3201cd34a07e3172128adcd8b3090168a8e3bcc40d7c032b9dda1df7d1c" "/opt/rustwide/cargo-home/bin/cargo" "+beta-2023-12-22" "metadata" "--no-deps" "--format-version=1", kill_on_drop: false }`
[INFO] [stdout] 335080eafef38370382ea97fd2e0c8e4a1e8b0ba703148b70047601345574e0d
[INFO] running `Command { std: "docker" "start" "-a" "335080eafef38370382ea97fd2e0c8e4a1e8b0ba703148b70047601345574e0d", kill_on_drop: false }`
[INFO] running `Command { std: "docker" "inspect" "335080eafef38370382ea97fd2e0c8e4a1e8b0ba703148b70047601345574e0d", kill_on_drop: false }`
[INFO] running `Command { std: "docker" "rm" "-f" "335080eafef38370382ea97fd2e0c8e4a1e8b0ba703148b70047601345574e0d", kill_on_drop: false }`
[INFO] [stdout] 335080eafef38370382ea97fd2e0c8e4a1e8b0ba703148b70047601345574e0d
[INFO] running `Command { std: "docker" "create" "-v" "/var/lib/crater-agent-workspace/builds/worker-7-tc2/target:/opt/rustwide/target:rw,Z" "-v" "/var/lib/crater-agent-workspace/builds/worker-7-tc2/source:/opt/rustwide/workdir:ro,Z" "-v" "/var/lib/crater-agent-workspace/cargo-home:/opt/rustwide/cargo-home:ro,Z" "-v" "/var/lib/crater-agent-workspace/rustup-home:/opt/rustwide/rustup-home:ro,Z" "-e" "SOURCE_DIR=/opt/rustwide/workdir" "-e" "CARGO_TARGET_DIR=/opt/rustwide/target" "-e" "CARGO_INCREMENTAL=0" "-e" "RUST_BACKTRACE=full" "-e" "RUSTFLAGS=--cap-lints=warn" "-e" "RUSTDOCFLAGS=--cap-lints=warn" "-e" "CARGO_HOME=/opt/rustwide/cargo-home" "-e" "RUSTUP_HOME=/opt/rustwide/rustup-home" "-w" "/opt/rustwide/workdir" "-m" "1610612736" "--user" "0:0" "--network" "none" "ghcr.io/rust-lang/crates-build-env/linux@sha256:2788e3201cd34a07e3172128adcd8b3090168a8e3bcc40d7c032b9dda1df7d1c" "/opt/rustwide/cargo-home/bin/cargo" "+beta-2023-12-22" "doc" "--frozen" "--no-deps" "--document-private-items" "--message-format=json", kill_on_drop: false }`
[INFO] [stdout] 62ee9b229317d628bfdff50bc64714d05c75298e878044d4d50d741f9b86dfc5
[INFO] running `Command { std: "docker" "start" "-a" "62ee9b229317d628bfdff50bc64714d05c75298e878044d4d50d741f9b86dfc5", kill_on_drop: false }`
[INFO] [stderr]    Compiling toml v0.2.1
[INFO] [stderr]    Compiling error-chain v0.7.2
[INFO] [stderr]    Compiling pkg-config v0.3.9
[INFO] [stderr]    Compiling semver v0.1.20
[INFO] [stderr]     Checking libc v0.2.20
[INFO] [stderr]     Checking matches v0.1.4
[INFO] [stderr]    Compiling openssl v0.9.6
[INFO] [stderr]     Checking unicode-normalization v0.1.4
[INFO] [stderr]     Checking unicode-bidi v0.2.4
[INFO] [stderr]     Checking lazy_static v0.2.2
[INFO] [stderr]    Compiling metadeps v1.1.1
[INFO] [stderr]    Compiling rustc_version v0.1.7
[INFO] [stderr]     Checking bitflags v0.7.0
[INFO] [stderr]     Checking log v0.3.6
[INFO] [stderr]     Checking num_cpus v1.2.1
[INFO] [stderr]     Checking time v0.1.36
[INFO] [stderr]     Checking rustc-serialize v0.3.22
[INFO] [stderr]     Checking typeable v0.1.2
[INFO] [stderr]     Checking mime v0.2.2
[INFO] [stderr]     Checking httparse v1.2.1
[INFO] [stderr]     Checking language-tags v0.2.2
[INFO] [stderr]    Compiling unicase v1.4.0
[INFO] [stderr]    Compiling hyper v0.10.4
[INFO] [stderr]    Compiling openssl-sys v0.9.6
[INFO] [stdout] error[E0310]: the parameter type `T` may not live long enough
[INFO] [stdout]     --> /opt/rustwide/cargo-home/registry/src/index.crates.io-6f17d22bba15001f/rustc-serialize-0.3.22/src/serialize.rs:1155:5
[INFO] [stdout]      |
[INFO] [stdout] 1155 |     fn decode<D: Decoder>(d: &mut D) -> Result<Cow<'static, T>, D::Error> {
[INFO] [stdout]      |     ^^^^^^^^^^^^^^^^^^^^^^^^^^^^^^^^^^^^^^^^^^^^^^^^^^^^^^^^^^^^^^^^^^^^^
[INFO] [stdout]      |     |
[INFO] [stdout]      |     the parameter type `T` must be valid for the static lifetime...
[INFO] [stdout]      |     ...so that the type `T` will meet its required lifetime bounds...
[INFO] [stdout]      |
[INFO] [stdout] note: ...that is required by this bound
[INFO] [stdout]     --> /rustc/0e09125c6c3c2fd70d7de961bcf0e51575235fad/library/alloc/src/borrow.rs:180:30
[INFO] [stdout] help: consider adding an explicit lifetime bound
[INFO] [stdout]      |
[INFO] [stdout] 1151 | impl<'a, T: ?Sized + 'static> Decodable for Cow<'a, T>
[INFO] [stdout]      |                    +++++++++
[INFO] [stdout] 
[INFO] [stdout] 
[INFO] [stderr]     Checking traitobject v0.0.1
[INFO] [stderr]     Checking num-traits v0.1.36
[INFO] [stderr]     Checking dtoa v0.4.1
[INFO] [stderr]     Checking serde v0.9.6
[INFO] [stderr]     Checking idna v0.1.0
[INFO] [stderr]     Checking itoa v0.3.1
[INFO] [stderr]     Checking antidote v1.0.0
[INFO] [stderr] error: failed to run custom build command for `openssl-sys v0.9.6`
[INFO] [stderr] note: To improve backtraces for build dependencies, set the CARGO_PROFILE_DEV_BUILD_OVERRIDE_DEBUG=true environment variable to enable debug information generation.
[INFO] [stderr] 
[INFO] [stderr] Caused by:
[INFO] [stderr]   process didn't exit successfully: `/opt/rustwide/target/debug/build/openssl-sys-125e98a1bbde7a6d/build-script-build` (exit status: 101)
[INFO] [stderr]   --- stdout
[INFO] [stderr]   cargo:rustc-link-search=native=/usr/lib/x86_64-linux-gnu
[INFO] [stderr]   cargo:rustc-link-lib=ssl
[INFO] [stderr]   cargo:rustc-link-lib=crypto
[INFO] [stderr] 
[INFO] [stderr]   --- stderr
[INFO] [stderr]   thread 'main' panicked at /opt/rustwide/cargo-home/registry/src/index.crates.io-6f17d22bba15001f/openssl-sys-0.9.6/build.rs:247:13:
[INFO] [stderr]   header file at `{}` did not include `OPENSSL_VERSION_NUMBER` that this crate recognized, failed to learn about the OpenSSL version number
[INFO] [stderr]   stack backtrace:
[INFO] [stderr]      0:     0x563c700fe4d6 - std::backtrace_rs::backtrace::libunwind::trace::h261606ad26a499c1
[INFO] [stderr]                                  at /rustc/0e09125c6c3c2fd70d7de961bcf0e51575235fad/library/std/src/../../backtrace/src/backtrace/libunwind.rs:104:5
[INFO] [stderr]      1:     0x563c700fe4d6 - std::backtrace_rs::backtrace::trace_unsynchronized::hd183f0625477fb28
[INFO] [stderr]                                  at /rustc/0e09125c6c3c2fd70d7de961bcf0e51575235fad/library/std/src/../../backtrace/src/backtrace/mod.rs:66:5
[INFO] [stderr]      2:     0x563c700fe4d6 - std::sys_common::backtrace::_print_fmt::hd7f8fef21b4eda67
[INFO] [stderr]                                  at /rustc/0e09125c6c3c2fd70d7de961bcf0e51575235fad/library/std/src/sys_common/backtrace.rs:68:5
[INFO] [stderr]      3:     0x563c700fe4d6 - <std::sys_common::backtrace::_print::DisplayBacktrace as core::fmt::Display>::fmt::h623d9b51f2f453f1
[INFO] [stderr]                                  at /rustc/0e09125c6c3c2fd70d7de961bcf0e51575235fad/library/std/src/sys_common/backtrace.rs:44:22
[INFO] [stderr]      4:     0x563c70123e60 - core::fmt::rt::Argument::fmt::h9f417ac76a86f368
[INFO] [stderr]                                  at /rustc/0e09125c6c3c2fd70d7de961bcf0e51575235fad/library/core/src/fmt/rt.rs:142:9
[INFO] [stderr]      5:     0x563c70123e60 - core::fmt::write::hc9b6faf4ac2aeff7
[INFO] [stderr]                                  at /rustc/0e09125c6c3c2fd70d7de961bcf0e51575235fad/library/core/src/fmt/mod.rs:1120:17
[INFO] [stderr]      6:     0x563c700fc0df - std::io::Write::write_fmt::hfead1eee52c2e65e
[INFO] [stderr]                                  at /rustc/0e09125c6c3c2fd70d7de961bcf0e51575235fad/library/std/src/io/mod.rs:1810:15
[INFO] [stderr]      7:     0x563c700fe2b4 - std::sys_common::backtrace::_print::hd5d66399c7df88a2
[INFO] [stderr]                                  at /rustc/0e09125c6c3c2fd70d7de961bcf0e51575235fad/library/std/src/sys_common/backtrace.rs:47:5
[INFO] [stderr]      8:     0x563c700fe2b4 - std::sys_common::backtrace::print::he81ed2da642d37e5
[INFO] [stderr]                                  at /rustc/0e09125c6c3c2fd70d7de961bcf0e51575235fad/library/std/src/sys_common/backtrace.rs:34:9
[INFO] [stderr]      9:     0x563c700ffa27 - std::panicking::default_hook::{{closure}}::h85773f4fa117163d
[INFO] [stderr]     10:     0x563c700ff789 - std::panicking::default_hook::h6a1694a91d09b278
[INFO] [stderr]                                  at /rustc/0e09125c6c3c2fd70d7de961bcf0e51575235fad/library/std/src/panicking.rs:292:9
[INFO] [stderr]     11:     0x563c700ffeb8 - std::panicking::rust_panic_with_hook::h0a7ad96e90f7145b
[INFO] [stderr]                                  at /rustc/0e09125c6c3c2fd70d7de961bcf0e51575235fad/library/std/src/panicking.rs:779:13
[INFO] [stderr]     12:     0x563c700d14ee - std::panicking::begin_panic::{{closure}}::hcb7dbc657146e1bc
[INFO] [stderr]     13:     0x563c700cdfda - std::sys_common::backtrace::__rust_end_short_backtrace::h698599791721b93b
[INFO] [stderr]     14:     0x563c700d146b - std::panicking::begin_panic::hf65bab93d97e043b
[INFO] [stderr]     15:     0x563c700931fe - build_script_build::validate_headers::hfc5acac9211d982a
[INFO] [stderr]     16:     0x563c70092b9c - build_script_build::try_pkg_config::h597338afd4db0fcc
[INFO] [stderr]     17:     0x563c70091cd3 - build_script_build::find_openssl_dir::h36bfb000bf8aa945
[INFO] [stderr]     18:     0x563c70091b38 - build_script_build::main::{{closure}}::h5d6542006c403b87
[INFO] [stderr]     19:     0x563c70099e3f - core::option::Option<T>::unwrap_or_else::hae8be1a40dcc09b7
[INFO] [stderr]     20:     0x563c70090e0b - build_script_build::main::h98cfa543da57d98b
[INFO] [stderr]     21:     0x563c700988f3 - core::ops::function::FnOnce::call_once::h8a349bb6462efd70
[INFO] [stderr]     22:     0x563c70097e76 - std::sys_common::backtrace::__rust_begin_short_backtrace::h935ac3a876ff36aa
[INFO] [stderr]     23:     0x563c70098119 - std::rt::lang_start::{{closure}}::h4541e5089af10de4
[INFO] [stderr]     24:     0x563c700f8591 - core::ops::function::impls::<impl core::ops::function::FnOnce<A> for &F>::call_once::h4eb4c5e1620f29b0
[INFO] [stderr]                                  at /rustc/0e09125c6c3c2fd70d7de961bcf0e51575235fad/library/core/src/ops/function.rs:284:13
[INFO] [stderr]     25:     0x563c700f8591 - std::panicking::try::do_call::h73fd26535faffcdf
[INFO] [stderr]                                  at /rustc/0e09125c6c3c2fd70d7de961bcf0e51575235fad/library/std/src/panicking.rs:552:40
[INFO] [stderr]     26:     0x563c700f8591 - std::panicking::try::h77ff1d98f0fb9f39
[INFO] [stderr]                                  at /rustc/0e09125c6c3c2fd70d7de961bcf0e51575235fad/library/std/src/panicking.rs:516:19
[INFO] [stderr]     27:     0x563c700f8591 - std::panic::catch_unwind::hab3caf2448b95e37
[INFO] [stderr]                                  at /rustc/0e09125c6c3c2fd70d7de961bcf0e51575235fad/library/std/src/panic.rs:142:14
[INFO] [stderr]     28:     0x563c700f8591 - std::rt::lang_start_internal::{{closure}}::h8086711f9c783f78
[INFO] [stderr]                                  at /rustc/0e09125c6c3c2fd70d7de961bcf0e51575235fad/library/std/src/rt.rs:148:48
[INFO] [stderr]     29:     0x563c700f8591 - std::panicking::try::do_call::hf920d4dc291cd6ca
[INFO] [stderr]                                  at /rustc/0e09125c6c3c2fd70d7de961bcf0e51575235fad/library/std/src/panicking.rs:552:40
[INFO] [stderr]     30:     0x563c700f8591 - std::panicking::try::h2b806ccc0a85db74
[INFO] [stderr]                                  at /rustc/0e09125c6c3c2fd70d7de961bcf0e51575235fad/library/std/src/panicking.rs:516:19
[INFO] [stderr]     31:     0x563c700f8591 - std::panic::catch_unwind::h038489539c507df2
[INFO] [stderr]                                  at /rustc/0e09125c6c3c2fd70d7de961bcf0e51575235fad/library/std/src/panic.rs:142:14
[INFO] [stderr]     32:     0x563c700f8591 - std::rt::lang_start_internal::h28503b88912e8a5c
[INFO] [stderr]                                  at /rustc/0e09125c6c3c2fd70d7de961bcf0e51575235fad/library/std/src/rt.rs:148:20
[INFO] [stderr]     33:     0x563c700980f7 - std::rt::lang_start::h3295da18af26a87f
[INFO] [stderr]     34:     0x563c70094f65 - main
[INFO] [stderr]     35:     0x7f52b24a0d90 - <unknown>
[INFO] [stderr]     36:     0x7f52b24a0e40 - __libc_start_main
[INFO] [stderr]     37:     0x563c7008cd45 - _start
[INFO] [stderr]     38:                0x0 - <unknown>
[INFO] [stderr] warning: build failed, waiting for other jobs to finish...
[INFO] [stdout] error: aborting due to 1 previous error
[INFO] [stdout] 
[INFO] [stdout] 
[INFO] [stdout] For more information about this error, try `rustc --explain E0310`.
[INFO] [stdout] 
[INFO] [stderr] error: could not compile `rustc-serialize` (lib) due to 2 previous errors
[INFO] running `Command { std: "docker" "inspect" "62ee9b229317d628bfdff50bc64714d05c75298e878044d4d50d741f9b86dfc5", kill_on_drop: false }`
[INFO] running `Command { std: "docker" "rm" "-f" "62ee9b229317d628bfdff50bc64714d05c75298e878044d4d50d741f9b86dfc5", kill_on_drop: false }`
[INFO] [stdout] 62ee9b229317d628bfdff50bc64714d05c75298e878044d4d50d741f9b86dfc5
