[INFO] cloning repository https://github.com/Sup3Legacy/macrojazz
[INFO] running `Command { std: "git" "-c" "credential.helper=" "-c" "credential.helper=/workspace/cargo-home/bin/git-credential-null" "clone" "--bare" "https://github.com/Sup3Legacy/macrojazz" "/workspace/cache/git-repos/https%3A%2F%2Fgithub.com%2FSup3Legacy%2Fmacrojazz", kill_on_drop: false }`
[INFO] [stderr] Cloning into bare repository '/workspace/cache/git-repos/https%3A%2F%2Fgithub.com%2FSup3Legacy%2Fmacrojazz'...
[INFO] running `Command { std: "git" "rev-parse" "HEAD", kill_on_drop: false }`
[INFO] [stdout] 6aa835c5022b585f60daaabfd270dcbff5b21d52
[INFO] documenting Sup3Legacy/macrojazz against 1.75.0 for beta-1.76-rustdoc-1
[INFO] running `Command { std: "git" "clone" "/workspace/cache/git-repos/https%3A%2F%2Fgithub.com%2FSup3Legacy%2Fmacrojazz" "/workspace/builds/worker-5-tc1/source", kill_on_drop: false }`
[INFO] [stderr] Cloning into '/workspace/builds/worker-5-tc1/source'...
[INFO] [stderr] done.
[INFO] validating manifest of git repo https://github.com/Sup3Legacy/macrojazz on toolchain 1.75.0
[INFO] running `Command { std: CARGO_HOME="/workspace/cargo-home" RUSTUP_HOME="/workspace/rustup-home" "/workspace/cargo-home/bin/cargo" "+1.75.0" "metadata" "--manifest-path" "Cargo.toml" "--no-deps", kill_on_drop: false }`
[INFO] started tweaking git repo https://github.com/Sup3Legacy/macrojazz
[INFO] finished tweaking git repo https://github.com/Sup3Legacy/macrojazz
[INFO] tweaked toml for git repo https://github.com/Sup3Legacy/macrojazz written to /workspace/builds/worker-5-tc1/source/Cargo.toml
[INFO] crate git repo https://github.com/Sup3Legacy/macrojazz already has a lockfile, it will not be regenerated
[INFO] running `Command { std: CARGO_HOME="/workspace/cargo-home" RUSTUP_HOME="/workspace/rustup-home" "/workspace/cargo-home/bin/cargo" "+1.75.0" "fetch" "--manifest-path" "Cargo.toml", kill_on_drop: false }`
[INFO] [stderr]     Updating crates.io index
[INFO] [stderr]  Downloading crates ...
[INFO] [stderr]   Downloaded codemap v0.1.3
[INFO] [stderr]   Downloaded codemap-diagnostic v0.1.2
[INFO] running `Command { std: "docker" "create" "-v" "/var/lib/crater-agent-workspace/builds/worker-5-tc1/target:/opt/rustwide/target:rw,Z" "-v" "/var/lib/crater-agent-workspace/builds/worker-5-tc1/source:/opt/rustwide/workdir:ro,Z" "-v" "/var/lib/crater-agent-workspace/cargo-home:/opt/rustwide/cargo-home:ro,Z" "-v" "/var/lib/crater-agent-workspace/rustup-home:/opt/rustwide/rustup-home:ro,Z" "-e" "SOURCE_DIR=/opt/rustwide/workdir" "-e" "CARGO_TARGET_DIR=/opt/rustwide/target" "-e" "CARGO_HOME=/opt/rustwide/cargo-home" "-e" "RUSTUP_HOME=/opt/rustwide/rustup-home" "-w" "/opt/rustwide/workdir" "-m" "1610612736" "--user" "0:0" "--network" "none" "ghcr.io/rust-lang/crates-build-env/linux@sha256:2788e3201cd34a07e3172128adcd8b3090168a8e3bcc40d7c032b9dda1df7d1c" "/opt/rustwide/cargo-home/bin/cargo" "+1.75.0" "metadata" "--no-deps" "--format-version=1", kill_on_drop: false }`
[INFO] [stdout] 84150f81327550dc542c979014bbeffa4412527a8f126bcbc581b663f66d5b3c
[INFO] running `Command { std: "docker" "start" "-a" "84150f81327550dc542c979014bbeffa4412527a8f126bcbc581b663f66d5b3c", kill_on_drop: false }`
[INFO] running `Command { std: "docker" "inspect" "84150f81327550dc542c979014bbeffa4412527a8f126bcbc581b663f66d5b3c", kill_on_drop: false }`
[INFO] running `Command { std: "docker" "rm" "-f" "84150f81327550dc542c979014bbeffa4412527a8f126bcbc581b663f66d5b3c", kill_on_drop: false }`
[INFO] [stdout] 84150f81327550dc542c979014bbeffa4412527a8f126bcbc581b663f66d5b3c
[INFO] running `Command { std: "docker" "create" "-v" "/var/lib/crater-agent-workspace/builds/worker-5-tc1/target:/opt/rustwide/target:rw,Z" "-v" "/var/lib/crater-agent-workspace/builds/worker-5-tc1/source:/opt/rustwide/workdir:ro,Z" "-v" "/var/lib/crater-agent-workspace/cargo-home:/opt/rustwide/cargo-home:ro,Z" "-v" "/var/lib/crater-agent-workspace/rustup-home:/opt/rustwide/rustup-home:ro,Z" "-e" "SOURCE_DIR=/opt/rustwide/workdir" "-e" "CARGO_TARGET_DIR=/opt/rustwide/target" "-e" "CARGO_INCREMENTAL=0" "-e" "RUST_BACKTRACE=full" "-e" "RUSTFLAGS=--cap-lints=warn" "-e" "RUSTDOCFLAGS=--cap-lints=warn" "-e" "CARGO_HOME=/opt/rustwide/cargo-home" "-e" "RUSTUP_HOME=/opt/rustwide/rustup-home" "-w" "/opt/rustwide/workdir" "-m" "1610612736" "--user" "0:0" "--network" "none" "ghcr.io/rust-lang/crates-build-env/linux@sha256:2788e3201cd34a07e3172128adcd8b3090168a8e3bcc40d7c032b9dda1df7d1c" "/opt/rustwide/cargo-home/bin/cargo" "+1.75.0" "doc" "--frozen" "--no-deps" "--document-private-items" "--message-format=json", kill_on_drop: false }`
[INFO] [stdout] 9a8f6f5284d796033a16df782ef1997137bf83d856195c2e2c040461b23f677b
[INFO] running `Command { std: "docker" "start" "-a" "9a8f6f5284d796033a16df782ef1997137bf83d856195c2e2c040461b23f677b", kill_on_drop: false }`
[INFO] [stderr]    Compiling proc-macro2 v1.0.69
[INFO] [stderr]    Compiling libc v0.2.149
[INFO] [stderr]    Compiling glob v0.3.1
[INFO] [stderr]    Compiling regex-syntax v0.8.2
[INFO] [stderr]    Compiling minimal-lexical v0.2.1
[INFO] [stderr]    Compiling memchr v2.7.1
[INFO] [stderr]    Compiling bindgen v0.66.1
[INFO] [stderr]    Compiling lazy_static v1.4.0
[INFO] [stderr]    Compiling peeking_take_while v0.1.2
[INFO] [stderr]    Compiling syn v1.0.109
[INFO] [stderr]    Compiling shlex v1.2.0
[INFO] [stderr]    Compiling libloading v0.8.1
[INFO] [stderr]    Compiling rustc-hash v1.1.0
[INFO] [stderr]    Compiling lazycell v1.3.0
[INFO] [stderr]    Compiling bitflags v2.4.1
[INFO] [stderr]    Compiling indexmap v1.9.3
[INFO] [stderr]    Compiling peg-runtime v0.8.2
[INFO] [stderr]     Checking termcolor v1.3.0
[INFO] [stderr]     Checking os_str_bytes v6.6.1
[INFO] [stderr]     Checking codemap v0.1.3
[INFO] [stderr]     Checking textwrap v0.16.0
[INFO] [stderr]     Checking smallvec v1.11.1
[INFO] [stderr]     Checking yansi v0.5.1
[INFO] [stderr]     Checking clap_lex v0.2.4
[INFO] [stderr]     Checking codemap-diagnostic v0.1.2
[INFO] [stderr]     Checking ariadne v0.3.0
[INFO] [stderr]     Checking smallstr v0.3.0
[INFO] [stderr]    Compiling clang-sys v1.7.0
[INFO] [stderr]    Compiling nom v7.1.3
[INFO] [stderr]    Compiling quote v1.0.33
[INFO] [stderr]    Compiling cc v1.0.83
[INFO] [stderr]    Compiling syn v2.0.43
[INFO] [stderr]     Checking atty v0.2.14
[INFO] [stderr]    Compiling proc-macro-error-attr v1.0.4
[INFO] [stderr]    Compiling peg-macros v0.8.2
[INFO] [stderr]    Compiling cmake v0.1.50
[INFO] [stderr]    Compiling cexpr v0.6.0
[INFO] [stderr]    Compiling regex-automata v0.4.3
[INFO] [stderr]     Checking peg v0.8.2
[INFO] [stderr]    Compiling proc-macro-error v1.0.4
[INFO] [stderr]    Compiling regex v1.10.2
[INFO] [stderr]    Compiling clap_derive v3.2.25
[INFO] [stderr]     Checking clap v3.2.25
[INFO] [stderr]    Compiling z3-sys v0.8.1
[INFO] [stderr] error: failed to run custom build command for `z3-sys v0.8.1`
[INFO] [stderr] note: To improve backtraces for build dependencies, set the CARGO_PROFILE_DEV_BUILD_OVERRIDE_DEBUG=true environment variable to enable debug information generation.
[INFO] [stderr] 
[INFO] [stderr] Caused by:
[INFO] [stderr]   process didn't exit successfully: `/opt/rustwide/target/debug/build/z3-sys-063b387dc8729915/build-script-build` (exit status: 101)
[INFO] [stderr]   --- stdout
[INFO] [stderr]   CMAKE_TOOLCHAIN_FILE_x86_64-unknown-linux-gnu = None
[INFO] [stderr]   CMAKE_TOOLCHAIN_FILE_x86_64_unknown_linux_gnu = None
[INFO] [stderr]   HOST_CMAKE_TOOLCHAIN_FILE = None
[INFO] [stderr]   CMAKE_TOOLCHAIN_FILE = None
[INFO] [stderr]   CMAKE_GENERATOR_x86_64-unknown-linux-gnu = None
[INFO] [stderr]   CMAKE_GENERATOR_x86_64_unknown_linux_gnu = None
[INFO] [stderr]   HOST_CMAKE_GENERATOR = None
[INFO] [stderr]   CMAKE_GENERATOR = None
[INFO] [stderr]   CMAKE_PREFIX_PATH_x86_64-unknown-linux-gnu = None
[INFO] [stderr]   CMAKE_PREFIX_PATH_x86_64_unknown_linux_gnu = None
[INFO] [stderr]   HOST_CMAKE_PREFIX_PATH = None
[INFO] [stderr]   CMAKE_PREFIX_PATH = None
[INFO] [stderr]   CMAKE_x86_64-unknown-linux-gnu = None
[INFO] [stderr]   CMAKE_x86_64_unknown_linux_gnu = None
[INFO] [stderr]   HOST_CMAKE = None
[INFO] [stderr]   CMAKE = None
[INFO] [stderr]   running: cd "/opt/rustwide/target/debug/build/z3-sys-f891172a85c24614/out/build" && CMAKE_PREFIX_PATH="" "cmake" "/opt/rustwide/cargo-home/registry/src/index.crates.io-6f17d22bba15001f/z3-sys-0.8.1/z3" "-DZ3_BUILD_LIBZ3_SHARED=false" "-DZ3_BUILD_EXECUTABLE=false" "-DZ3_BUILD_TEST_EXECUTABLES=false" "-DCMAKE_INSTALL_PREFIX=/opt/rustwide/target/debug/build/z3-sys-f891172a85c24614/out" "-DCMAKE_C_FLAGS= -ffunction-sections -fdata-sections -fPIC -m64" "-DCMAKE_C_COMPILER=/usr/bin/cc" "-DCMAKE_CXX_FLAGS= -ffunction-sections -fdata-sections -fPIC -m64" "-DCMAKE_CXX_COMPILER=/usr/bin/c++" "-DCMAKE_ASM_FLAGS= -ffunction-sections -fdata-sections -fPIC -m64" "-DCMAKE_ASM_COMPILER=/usr/bin/cc" "-DCMAKE_BUILD_TYPE=Debug"
[INFO] [stderr]   -- The CXX compiler identification is GNU 11.4.0
[INFO] [stderr]   -- Detecting CXX compiler ABI info
[INFO] [stderr]   -- Detecting CXX compiler ABI info - done
[INFO] [stderr]   -- Check for working CXX compiler: /usr/bin/c++ - skipped
[INFO] [stderr]   -- Detecting CXX compile features
[INFO] [stderr]   -- Detecting CXX compile features - done
[INFO] [stderr]   -- Z3 version 4.12.1.0
[INFO] [stderr]   -- Failed to find git directory.
[INFO] [stderr]   -- CMake generator: Unix Makefiles
[INFO] [stderr]   -- Build type: Debug
[INFO] [stderr]   -- Found PythonInterp: /usr/bin/python3 (found suitable version "3.10.12", minimum required is "3") 
[INFO] [stderr]   -- PYTHON_EXECUTABLE: /usr/bin/python3
[INFO] [stderr]   -- Detected target architecture: x86_64
[INFO] [stderr]   -- Not using libgmp
[INFO] [stderr]   -- Not using Z3_API_LOG_SYNC
[INFO] [stderr]   -- Thread-safe build
[INFO] [stderr]   -- Performing Test HAS_SSE2
[INFO] [stderr]   -- Performing Test HAS_SSE2 - Success
[INFO] [stderr]   -- Looking for C++ include pthread.h
[INFO] [stderr]   -- Looking for C++ include pthread.h - found
[INFO] [stderr]   -- Performing Test CMAKE_HAVE_LIBC_PTHREAD
[INFO] [stderr]   -- Performing Test CMAKE_HAVE_LIBC_PTHREAD - Success
[INFO] [stderr]   -- Found Threads: TRUE  
[INFO] [stderr]   -- Performing Test HAS__Wall
[INFO] [stderr]   -- Performing Test HAS__Wall - Success
[INFO] [stderr]   -- C++ compiler supports -Wall
[INFO] [stderr]   -- Treating only serious compiler warnings as errors
[INFO] [stderr]   -- Performing Test HAS__Werror_odr
[INFO] [stderr]   -- Performing Test HAS__Werror_odr - Success
[INFO] [stderr]   -- C++ compiler supports -Werror=odr
[INFO] [stderr]   -- LTO disabled
[INFO] [stderr]   -- Performing Test BUILTIN_ATOMIC
[INFO] [stderr]   -- Performing Test BUILTIN_ATOMIC - Success
[INFO] [stderr]   -- CMAKE_CXX_FLAGS: " -ffunction-sections -fdata-sections -fPIC -m64 -Werror=odr "
[INFO] [stderr]   -- CMAKE_EXE_LINKER_FLAGS: ""
[INFO] [stderr]   -- CMAKE_STATIC_LINKER_FLAGS: ""
[INFO] [stderr]   -- CMAKE_SHARED_LINKER_FLAGS: ""
[INFO] [stderr]   -- CMAKE_CXX_FLAGS_DEBUG: "-g -O0"
[INFO] [stderr]   -- CMAKE_EXE_LINKER_FLAGS_DEBUG: ""
[INFO] [stderr]   -- CMAKE_SHARED_LINKER_FLAGS_DEBUG: ""
[INFO] [stderr]   -- CMAKE_STATIC_LINKER_FLAGS_DEBUG: ""
[INFO] [stderr]   -- Z3_COMPONENT_CXX_DEFINES: $<$<CONFIG:Debug>:Z3DEBUG>;$<$<CONFIG:Release>:_EXTERNAL_RELEASE>;$<$<CONFIG:RelWithDebInfo>:_EXTERNAL_RELEASE>;-D_MP_INTERNAL;$<$<CONFIG:Debug>:_TRACE>
[INFO] [stderr]   -- Z3_COMPONENT_CXX_FLAGS: -mfpmath=sse;-msse;-msse2;-Wall
[INFO] [stderr]   -- Z3_DEPENDENT_LIBS: Threads::Threads
[INFO] [stderr]   -- Z3_COMPONENT_EXTRA_INCLUDE_DIRS: /opt/rustwide/target/debug/build/z3-sys-f891172a85c24614/out/build/src;/opt/rustwide/cargo-home/registry/src/index.crates.io-6f17d22bba15001f/z3-sys-0.8.1/z3/src
[INFO] [stderr]   -- Z3_DEPENDENT_EXTRA_CXX_LINK_FLAGS: 
[INFO] [stderr]   -- CMAKE_INSTALL_LIBDIR: "lib"
[INFO] [stderr]   -- CMAKE_INSTALL_BINDIR: "bin"
[INFO] [stderr]   -- CMAKE_INSTALL_INCLUDEDIR: "include"
[INFO] [stderr]   -- CMAKE_INSTALL_PKGCONFIGDIR: "lib/pkgconfig"
[INFO] [stderr]   -- CMAKE_INSTALL_Z3_CMAKE_PACKAGE_DIR: "lib/cmake/z3"
[INFO] [stderr]   -- Adding component util
[INFO] [stderr]   -- Adding component polynomial
[INFO] [stderr]   -- Adding rule to generate "algebraic_params.hpp"
[INFO] [stderr]   -- Adding component dd
[INFO] [stderr]   -- Adding component hilbert
[INFO] [stderr]   -- Adding component simplex
[INFO] [stderr]   -- Adding component automata
[INFO] [stderr]   -- Adding component interval
[INFO] [stderr]   -- Adding component realclosure
[INFO] [stderr]   -- Adding rule to generate "rcf_params.hpp"
[INFO] [stderr]   -- Adding component subpaving
[INFO] [stderr]   -- Adding component ast
[INFO] [stderr]   -- Adding rule to generate "pp_params.hpp"
[INFO] [stderr]   -- Adding component params
[INFO] [stderr]   -- Adding rule to generate "arith_rewriter_params.hpp"
[INFO] [stderr]   -- Adding rule to generate "array_rewriter_params.hpp"
[INFO] [stderr]   -- Adding rule to generate "bool_rewriter_params.hpp"
[INFO] [stderr]   -- Adding rule to generate "bv_rewriter_params.hpp"
[INFO] [stderr]   -- Adding rule to generate "fpa_rewriter_params.hpp"
[INFO] [stderr]   -- Adding rule to generate "fpa2bv_rewriter_params.hpp"
[INFO] [stderr]   -- Adding rule to generate "pattern_inference_params_helper.hpp"
[INFO] [stderr]   -- Adding rule to generate "poly_rewriter_params.hpp"
[INFO] [stderr]   -- Adding rule to generate "rewriter_params.hpp"
[INFO] [stderr]   -- Adding rule to generate "seq_rewriter_params.hpp"
[INFO] [stderr]   -- Adding rule to generate "solver_params.hpp"
[INFO] [stderr]   -- Adding rule to generate "tactic_params.hpp"
[INFO] [stderr]   -- Adding component rewriter
[INFO] [stderr]   -- Adding component bit_blaster
[INFO] [stderr]   -- Adding component normal_forms
[INFO] [stderr]   -- Adding rule to generate "nnf_params.hpp"
[INFO] [stderr]   -- Adding component macros
[INFO] [stderr]   -- Adding component model
[INFO] [stderr]   -- Adding rule to generate "model_evaluator_params.hpp"
[INFO] [stderr]   -- Adding rule to generate "model_params.hpp"
[INFO] [stderr]   -- Adding component euf
[INFO] [stderr]   -- Adding component converters
[INFO] [stderr]   -- Adding component substitution
[INFO] [stderr]   -- Adding component simplifiers
[INFO] [stderr]   -- Adding component tactic
[INFO] [stderr]   -- Adding component smt_params
[INFO] [stderr]   -- Adding rule to generate "smt_params_helper.hpp"
[INFO] [stderr]   -- Adding component parser_util
[INFO] [stderr]   -- Adding rule to generate "parser_params.hpp"
[INFO] [stderr]   -- Adding component grobner
[INFO] [stderr]   -- Adding component sat
[INFO] [stderr]   -- Adding rule to generate "sat_asymm_branch_params.hpp"
[INFO] [stderr]   -- Adding rule to generate "sat_params.hpp"
[INFO] [stderr]   -- Adding rule to generate "sat_scc_params.hpp"
[INFO] [stderr]   -- Adding rule to generate "sat_simplifier_params.hpp"
[INFO] [stderr]   -- Adding component nlsat
[INFO] [stderr]   -- Adding rule to generate "nlsat_params.hpp"
[INFO] [stderr]   -- Adding component core_tactics
[INFO] [stderr]   -- Adding component subpaving_tactic
[INFO] [stderr]   -- Adding component aig_tactic
[INFO] [stderr]   -- Adding component arith_tactics
[INFO] [stderr]   -- Adding component solver
[INFO] [stderr]   -- Adding rule to generate "combined_solver_params.hpp"
[INFO] [stderr]   -- Adding rule to generate "parallel_params.hpp"
[INFO] [stderr]   -- Adding component cmd_context
[INFO] [stderr]   -- Adding component extra_cmds
[INFO] [stderr]   -- Adding component smt2parser
[INFO] [stderr]   -- Adding component mbp
[INFO] [stderr]   -- Adding component qe_lite
[INFO] [stderr]   -- Adding component solver_assertions
[INFO] [stderr]   -- Adding component pattern
[INFO] [stderr]   -- Adding component lp
[INFO] [stderr]   -- Adding component sat_smt
[INFO] [stderr]   -- Adding component sat_tactic
[INFO] [stderr]   -- Adding component nlsat_tactic
[INFO] [stderr]   -- Adding component ackermannization
[INFO] [stderr]   -- Adding rule to generate "ackermannization_params.hpp"
[INFO] [stderr]   -- Adding rule to generate "ackermannize_bv_tactic_params.hpp"
[INFO] [stderr]   -- Adding component proofs
[INFO] [stderr]   -- Adding component fpa
[INFO] [stderr]   -- Adding component proto_model
[INFO] [stderr]   -- Adding component smt
[INFO] [stderr]   -- Adding component bv_tactics
[INFO] [stderr]   -- Adding component smt_tactic
[INFO] [stderr]   -- Adding component sls_tactic
[INFO] [stderr]   -- Adding rule to generate "sls_params.hpp"
[INFO] [stderr]   -- Adding component qe
[INFO] [stderr]   -- Adding component muz
[INFO] [stderr]   -- Adding rule to generate "fp_params.hpp"
[INFO] [stderr]   -- Adding component dataflow
[INFO] [stderr]   -- Adding component transforms
[INFO] [stderr]   -- Adding component rel
[INFO] [stderr]   -- Adding component clp
[INFO] [stderr]   -- Adding component tab
[INFO] [stderr]   -- Adding component bmc
[INFO] [stderr]   -- Adding component ddnf
[INFO] [stderr]   -- Adding component spacer
[INFO] [stderr]   -- Adding component fp
[INFO] [stderr]   -- Adding component ufbv_tactic
[INFO] [stderr]   -- Adding component sat_solver
[INFO] [stderr]   -- Adding component smtlogic_tactics
[INFO] [stderr]   -- Adding rule to generate "qfufbv_tactic_params.hpp"
[INFO] [stderr]   -- Adding component fpa_tactics
[INFO] [stderr]   -- Adding component fd_solver
[INFO] [stderr]   -- Adding component portfolio
[INFO] [stderr]   -- Adding component opt
[INFO] [stderr]   -- Adding rule to generate "opt_params.hpp"
[INFO] [stderr]   -- Adding component api
[INFO] [stderr]   -- Adding component api_dll
[INFO] [stderr]   -- Building documentation disabled
[INFO] [stderr]   -- Configuring done
[INFO] [stderr]   -- Generating done
[INFO] [stderr]   -- Build files have been written to: /opt/rustwide/target/debug/build/z3-sys-f891172a85c24614/out/build
[INFO] [stderr]   running: cd "/opt/rustwide/target/debug/build/z3-sys-f891172a85c24614/out/build" && MAKEFLAGS="-j --jobserver-fds=7,8 --jobserver-auth=7,8" "cmake" "--build" "." "--target" "install" "--config" "Debug"
[INFO] [stderr]   [  0%] Building CXX object src/util/CMakeFiles/util.dir/bit_vector.cpp.o
[INFO] [stderr]   [  0%] Building CXX object src/util/CMakeFiles/util.dir/approx_set.cpp.o
[INFO] [stderr]   [  0%] Building CXX object src/util/CMakeFiles/util.dir/approx_nat.cpp.o
[INFO] [stderr]   [  0%] Building CXX object src/util/CMakeFiles/util.dir/cmd_context_types.cpp.o
[INFO] [stderr]   [  0%] Building CXX object src/util/CMakeFiles/util.dir/bit_util.cpp.o
[INFO] [stderr]   [  0%] Building CXX object src/util/CMakeFiles/util.dir/common_msgs.cpp.o
[INFO] [stderr]   [  0%] Building CXX object src/util/CMakeFiles/util.dir/debug.cpp.o
[INFO] [stderr]   [  1%] Building CXX object src/util/CMakeFiles/util.dir/env_params.cpp.o
[INFO] [stderr]   [  1%] Building CXX object src/util/CMakeFiles/util.dir/fixed_bit_vector.cpp.o
[INFO] [stderr]   [  1%] Building CXX object src/util/CMakeFiles/util.dir/hash.cpp.o
[INFO] [stderr]   [  1%] Building CXX object src/util/CMakeFiles/util.dir/inf_int_rational.cpp.o
[INFO] [stderr]   [  1%] Building CXX object src/util/CMakeFiles/util.dir/gparams.cpp.o
[INFO] [stderr]   [  1%] Building CXX object src/util/CMakeFiles/util.dir/inf_s_integer.cpp.o
[INFO] [stderr]   [  1%] Building CXX object src/util/CMakeFiles/util.dir/hwf.cpp.o
[INFO] [stderr]   [  1%] Building CXX object src/util/CMakeFiles/util.dir/lbool.cpp.o
[INFO] [stderr]   [  1%] Building CXX object src/util/CMakeFiles/util.dir/inf_rational.cpp.o
[INFO] [stderr]   [  2%] Building CXX object src/util/CMakeFiles/util.dir/luby.cpp.o
[INFO] [stderr]   [  2%] Building CXX object src/util/CMakeFiles/util.dir/memory_manager.cpp.o
[INFO] [stderr]   [  2%] Building CXX object src/util/CMakeFiles/util.dir/min_cut.cpp.o
[INFO] [stderr]   [  2%] Building CXX object src/util/CMakeFiles/util.dir/mpbq.cpp.o
[INFO] [stderr]   [  2%] Building CXX object src/util/CMakeFiles/util.dir/mpf.cpp.o
[INFO] [stderr]   [  2%] Building CXX object src/util/CMakeFiles/util.dir/mpff.cpp.o
[INFO] [stderr]   [  2%] Building CXX object src/util/CMakeFiles/util.dir/mpfx.cpp.o
[INFO] [stderr]   [  2%] Building CXX object src/util/CMakeFiles/util.dir/mpq.cpp.o
[INFO] [stderr]   [  2%] Building CXX object src/util/CMakeFiles/util.dir/mpn.cpp.o
[INFO] [stderr]   [  2%] Building CXX object src/util/CMakeFiles/util.dir/mpz.cpp.o
[INFO] [stderr]   [  3%] Building CXX object src/util/CMakeFiles/util.dir/mpq_inf.cpp.o
[INFO] [stderr]   [  3%] Building CXX object src/util/CMakeFiles/util.dir/page.cpp.o
[INFO] [stderr]   [  3%] Building CXX object src/util/CMakeFiles/util.dir/params.cpp.o
[INFO] [stderr]   [  3%] Building CXX object src/util/CMakeFiles/util.dir/permutation.cpp.o
[INFO] [stderr]   [  3%] Building CXX object src/util/CMakeFiles/util.dir/prime_generator.cpp.o
[INFO] [stderr]   [  3%] Building CXX object src/util/CMakeFiles/util.dir/rational.cpp.o
[INFO] [stderr]   [  3%] Building CXX object src/util/CMakeFiles/util.dir/region.cpp.o
[INFO] [stderr]   [  4%] Building CXX object src/util/CMakeFiles/util.dir/rlimit.cpp.o
[INFO] [stderr]   [  4%] Building CXX object src/util/CMakeFiles/util.dir/scoped_ctrl_c.cpp.o
[INFO] [stderr]   [  4%] Building CXX object src/util/CMakeFiles/util.dir/scoped_timer.cpp.o
[INFO] [stderr]   [  4%] Building CXX object src/util/CMakeFiles/util.dir/sexpr.cpp.o
[INFO] [stderr]   [  4%] Building CXX object src/util/CMakeFiles/util.dir/s_integer.cpp.o
[INFO] [stderr]   [  4%] Building CXX object src/util/CMakeFiles/util.dir/small_object_allocator.cpp.o
[INFO] [stderr]   [  4%] Building CXX object src/util/CMakeFiles/util.dir/smt2_util.cpp.o
[INFO] [stderr]   [  4%] Building CXX object src/util/CMakeFiles/util.dir/stack.cpp.o
[INFO] [stderr]   [  4%] Building CXX object src/util/CMakeFiles/util.dir/state_graph.cpp.o
[INFO] [stderr]   [  5%] Building CXX object src/util/CMakeFiles/util.dir/statistics.cpp.o
[INFO] [stderr]   [  5%] Building CXX object src/util/CMakeFiles/util.dir/symbol.cpp.o
[INFO] [stderr]   [  5%] Building CXX object src/util/CMakeFiles/util.dir/tbv.cpp.o
[INFO] [stderr]   [  5%] Building CXX object src/util/CMakeFiles/util.dir/timeit.cpp.o
[INFO] [stderr]   [  5%] Building CXX object src/util/CMakeFiles/util.dir/timeout.cpp.o
[INFO] [stderr]   [  5%] Building CXX object src/util/CMakeFiles/util.dir/trace.cpp.o
[INFO] [stderr]   [  5%] Building CXX object src/util/CMakeFiles/util.dir/util.cpp.o
[INFO] [stderr]   [  5%] Building CXX object src/util/CMakeFiles/util.dir/warning.cpp.o
[INFO] [stderr]   [  5%] Building CXX object src/util/CMakeFiles/util.dir/z3_exception.cpp.o
[INFO] [stderr]   [  6%] Building CXX object src/util/CMakeFiles/util.dir/zstring.cpp.o
[INFO] [stderr]   [  6%] Built target util
[INFO] [stderr]   [  6%] Generating "/opt/rustwide/target/debug/build/z3-sys-f891172a85c24614/out/build/src/params/tactic_params.hpp" from "tactic_params.pyg"
[INFO] [stderr]   [  6%] Generating "/opt/rustwide/target/debug/build/z3-sys-f891172a85c24614/out/build/src/params/arith_rewriter_params.hpp" from "arith_rewriter_params.pyg"
[INFO] [stderr]   [  6%] Generating "/opt/rustwide/target/debug/build/z3-sys-f891172a85c24614/out/build/src/params/array_rewriter_params.hpp" from "array_rewriter_params.pyg"
[INFO] [stderr]   [  6%] Generating "/opt/rustwide/target/debug/build/z3-sys-f891172a85c24614/out/build/src/math/polynomial/algebraic_params.hpp" from "algebraic_params.pyg"
[INFO] [stderr]   [  6%] Generating "/opt/rustwide/target/debug/build/z3-sys-f891172a85c24614/out/build/src/params/bv_rewriter_params.hpp" from "bv_rewriter_params.pyg"
[INFO] [stderr]   [  6%] Generating "/opt/rustwide/target/debug/build/z3-sys-f891172a85c24614/out/build/src/params/bool_rewriter_params.hpp" from "bool_rewriter_params.pyg"
[INFO] [stderr]   [  6%] Generating "/opt/rustwide/target/debug/build/z3-sys-f891172a85c24614/out/build/src/params/fpa2bv_rewriter_params.hpp" from "fpa2bv_rewriter_params.pyg"
[INFO] [stderr]   [  6%] Generating "/opt/rustwide/target/debug/build/z3-sys-f891172a85c24614/out/build/src/params/fpa_rewriter_params.hpp" from "fpa_rewriter_params.pyg"
[INFO] [stderr]   [  7%] Generating "/opt/rustwide/target/debug/build/z3-sys-f891172a85c24614/out/build/src/params/pattern_inference_params_helper.hpp" from "pattern_inference_params_helper.pyg"
[INFO] [stderr]   [  7%] Generating "/opt/rustwide/target/debug/build/z3-sys-f891172a85c24614/out/build/src/params/poly_rewriter_params.hpp" from "poly_rewriter_params.pyg"
[INFO] [stderr]   [  7%] Generating "/opt/rustwide/target/debug/build/z3-sys-f891172a85c24614/out/build/src/params/rewriter_params.hpp" from "rewriter_params.pyg"
[INFO] [stderr]   [  7%] Building CXX object src/math/dd/CMakeFiles/dd.dir/dd_bdd.cpp.o
[INFO] [stderr]   [  7%] Building CXX object src/math/automata/CMakeFiles/automata.dir/automaton.cpp.o
[INFO] [stderr]   [  7%] Building CXX object src/math/interval/CMakeFiles/interval.dir/interval_mpq.cpp.o
[INFO] [stderr]   [  8%] Building CXX object src/math/hilbert/CMakeFiles/hilbert.dir/hilbert_basis.cpp.o
[INFO] [stderr]   [  8%] Building CXX object src/math/simplex/CMakeFiles/simplex.dir/simplex.cpp.o
[INFO] [stderr]   [  8%] Building CXX object src/math/interval/CMakeFiles/interval.dir/dep_intervals.cpp.o
[INFO] [stderr]   [  8%] Generating "/opt/rustwide/target/debug/build/z3-sys-f891172a85c24614/out/build/src/params/seq_rewriter_params.hpp" from "seq_rewriter_params.pyg"
[INFO] [stderr]   [  8%] Building CXX object src/math/dd/CMakeFiles/dd.dir/dd_fdd.cpp.o
[INFO] [stderr]   [  8%] Building CXX object src/math/simplex/CMakeFiles/simplex.dir/model_based_opt.cpp.o
[INFO] [stderr]   [  8%] Building CXX object src/math/dd/CMakeFiles/dd.dir/dd_pdd.cpp.o
[INFO] [stderr]   [  8%] Building CXX object src/math/simplex/CMakeFiles/simplex.dir/bit_matrix.cpp.o
[INFO] [stderr]   [  8%] Generating "/opt/rustwide/target/debug/build/z3-sys-f891172a85c24614/out/build/src/params/solver_params.hpp" from "solver_params.pyg"
[INFO] [stderr]   [  8%] Building CXX object src/math/polynomial/CMakeFiles/polynomial.dir/polynomial.cpp.o
[INFO] [stderr]   [  8%] Building CXX object src/math/polynomial/CMakeFiles/polynomial.dir/polynomial_cache.cpp.o
[INFO] [stderr]   [  9%] Building CXX object src/math/polynomial/CMakeFiles/polynomial.dir/algebraic_numbers.cpp.o
[INFO] [stderr]   [  9%] Building CXX object src/math/polynomial/CMakeFiles/polynomial.dir/rpolynomial.cpp.o
[INFO] [stderr]   [  9%] Building CXX object src/math/polynomial/CMakeFiles/polynomial.dir/sexpr2upolynomial.cpp.o
[INFO] [stderr]   [  9%] Building CXX object src/params/CMakeFiles/params.dir/pattern_inference_params.cpp.o
[INFO] [stderr]   [  9%] Building CXX object src/params/CMakeFiles/params.dir/context_params.cpp.o
[INFO] [stderr]   [  9%] Building CXX object src/math/polynomial/CMakeFiles/polynomial.dir/upolynomial.cpp.o
[INFO] [stderr]   [  9%] Building CXX object src/math/polynomial/CMakeFiles/polynomial.dir/upolynomial_factorization.cpp.o
[INFO] [stderr]   [  9%] Built target params
[INFO] [stderr]   [  9%] Built target interval
[INFO] [stderr]   [  9%] Built target hilbert
[INFO] [stderr]   [  9%] Built target simplex
[INFO] [stderr]   [  9%] Built target polynomial
[INFO] [stderr] 
[INFO] [stderr]   --- stderr
[INFO] [stderr]   CMake Warning at CMakeLists.txt:44 (message):
[INFO] [stderr]     Disabling Z3_INCLUDE_GIT_DESCRIBE
[INFO] [stderr]   Call Stack (most recent call first):
[INFO] [stderr]     CMakeLists.txt:93 (disable_git_describe)
[INFO] [stderr] 
[INFO] [stderr] 
[INFO] [stderr]   CMake Warning at CMakeLists.txt:48 (message):
[INFO] [stderr]     Disabling Z3_INCLUDE_GIT_HASH
[INFO] [stderr]   Call Stack (most recent call first):
[INFO] [stderr]     CMakeLists.txt:94 (disable_git_hash)
[INFO] [stderr] 
[INFO] [stderr] 
[INFO] [stderr]   CMake Warning:
[INFO] [stderr]     Manually-specified variables were not used by the project:
[INFO] [stderr] 
[INFO] [stderr]       CMAKE_ASM_COMPILER
[INFO] [stderr]       CMAKE_ASM_FLAGS
[INFO] [stderr]       CMAKE_C_COMPILER
[INFO] [stderr]       CMAKE_C_FLAGS
[INFO] [stderr] 
[INFO] [stderr] 
[INFO] [stderr]   INFO:root:Using /opt/rustwide/cargo-home/registry/src/index.crates.io-6f17d22bba15001f/z3-sys-0.8.1/z3/src/params/poly_rewriter_params.pyg
[INFO] [stderr]   INFO:root:Using /opt/rustwide/cargo-home/registry/src/index.crates.io-6f17d22bba15001f/z3-sys-0.8.1/z3/src/params/arith_rewriter_params.pyg
[INFO] [stderr]   INFO:root:Using /opt/rustwide/cargo-home/registry/src/index.crates.io-6f17d22bba15001f/z3-sys-0.8.1/z3/src/params/rewriter_params.pyg
[INFO] [stderr]   INFO:root:Using /opt/rustwide/cargo-home/registry/src/index.crates.io-6f17d22bba15001f/z3-sys-0.8.1/z3/src/params/pattern_inference_params_helper.pyg
[INFO] [stderr]   INFO:root:Using /opt/rustwide/cargo-home/registry/src/index.crates.io-6f17d22bba15001f/z3-sys-0.8.1/z3/src/params/fpa2bv_rewriter_params.pyg
[INFO] [stderr]   INFO:root:Using /opt/rustwide/cargo-home/registry/src/index.crates.io-6f17d22bba15001f/z3-sys-0.8.1/z3/src/math/polynomial/algebraic_params.pyg
[INFO] [stderr]   INFO:root:Using /opt/rustwide/cargo-home/registry/src/index.crates.io-6f17d22bba15001f/z3-sys-0.8.1/z3/src/params/fpa_rewriter_params.pyg
[INFO] [stderr]   INFO:root:Using /opt/rustwide/cargo-home/registry/src/index.crates.io-6f17d22bba15001f/z3-sys-0.8.1/z3/src/params/bool_rewriter_params.pyg
[INFO] [stderr]   INFO:root:Using /opt/rustwide/cargo-home/registry/src/index.crates.io-6f17d22bba15001f/z3-sys-0.8.1/z3/src/params/array_rewriter_params.pyg
[INFO] [stderr]   INFO:root:Using /opt/rustwide/cargo-home/registry/src/index.crates.io-6f17d22bba15001f/z3-sys-0.8.1/z3/src/params/tactic_params.pyg
[INFO] [stderr]   INFO:root:Generated "/opt/rustwide/target/debug/build/z3-sys-f891172a85c24614/out/build/src/params/fpa_rewriter_params.hpp"
[INFO] [stderr]   INFO:root:Generated "/opt/rustwide/target/debug/build/z3-sys-f891172a85c24614/out/build/src/math/polynomial/algebraic_params.hpp"
[INFO] [stderr]   INFO:root:Generated "/opt/rustwide/target/debug/build/z3-sys-f891172a85c24614/out/build/src/params/rewriter_params.hpp"
[INFO] [stderr]   INFO:root:Generated "/opt/rustwide/target/debug/build/z3-sys-f891172a85c24614/out/build/src/params/poly_rewriter_params.hpp"
[INFO] [stderr]   INFO:root:Generated "/opt/rustwide/target/debug/build/z3-sys-f891172a85c24614/out/build/src/params/arith_rewriter_params.hpp"
[INFO] [stderr]   INFO:root:Generated "/opt/rustwide/target/debug/build/z3-sys-f891172a85c24614/out/build/src/params/fpa2bv_rewriter_params.hpp"
[INFO] [stderr]   INFO:root:Generated "/opt/rustwide/target/debug/build/z3-sys-f891172a85c24614/out/build/src/params/bool_rewriter_params.hpp"
[INFO] [stderr]   INFO:root:Generated "/opt/rustwide/target/debug/build/z3-sys-f891172a85c24614/out/build/src/params/array_rewriter_params.hpp"
[INFO] [stderr]   INFO:root:Generated "/opt/rustwide/target/debug/build/z3-sys-f891172a85c24614/out/build/src/params/pattern_inference_params_helper.hpp"
[INFO] [stderr]   INFO:root:Using /opt/rustwide/cargo-home/registry/src/index.crates.io-6f17d22bba15001f/z3-sys-0.8.1/z3/src/params/bv_rewriter_params.pyg
[INFO] [stderr]   INFO:root:Generated "/opt/rustwide/target/debug/build/z3-sys-f891172a85c24614/out/build/src/params/bv_rewriter_params.hpp"
[INFO] [stderr]   INFO:root:Generated "/opt/rustwide/target/debug/build/z3-sys-f891172a85c24614/out/build/src/params/tactic_params.hpp"
[INFO] [stderr]   INFO:root:Using /opt/rustwide/cargo-home/registry/src/index.crates.io-6f17d22bba15001f/z3-sys-0.8.1/z3/src/params/seq_rewriter_params.pyg
[INFO] [stderr]   INFO:root:Generated "/opt/rustwide/target/debug/build/z3-sys-f891172a85c24614/out/build/src/params/seq_rewriter_params.hpp"
[INFO] [stderr]   INFO:root:Using /opt/rustwide/cargo-home/registry/src/index.crates.io-6f17d22bba15001f/z3-sys-0.8.1/z3/src/params/solver_params.pyg
[INFO] [stderr]   INFO:root:Generated "/opt/rustwide/target/debug/build/z3-sys-f891172a85c24614/out/build/src/params/solver_params.hpp"
[INFO] [stderr]   c++: fatal error: Killed signal terminated program cc1plus
[INFO] [stderr]   compilation terminated.
[INFO] [stderr]   gmake[2]: *** [src/math/automata/CMakeFiles/automata.dir/build.make:76: src/math/automata/CMakeFiles/automata.dir/automaton.cpp.o] Error 1
[INFO] [stderr]   gmake[1]: *** [CMakeFiles/Makefile2:1631: src/math/automata/CMakeFiles/automata.dir/all] Error 2
[INFO] [stderr]   gmake[1]: *** Waiting for unfinished jobs....
[INFO] [stderr]   c++: fatal error: Killed signal terminated program cc1plus
[INFO] [stderr]   compilation terminated.
[INFO] [stderr]   gmake[2]: *** [src/math/dd/CMakeFiles/dd.dir/build.make:76: src/math/dd/CMakeFiles/dd.dir/dd_bdd.cpp.o] Error 1
[INFO] [stderr]   gmake[2]: *** Waiting for unfinished jobs....
[INFO] [stderr]   gmake[1]: *** [CMakeFiles/Makefile2:1553: src/math/dd/CMakeFiles/dd.dir/all] Error 2
[INFO] [stderr]   gmake: *** [Makefile:136: all] Error 2
[INFO] [stderr]   thread 'main' panicked at /opt/rustwide/cargo-home/registry/src/index.crates.io-6f17d22bba15001f/cmake-0.1.50/src/lib.rs:1098:5:
[INFO] [stderr] 
[INFO] [stderr]   command did not execute successfully, got: exit status: 2
[INFO] [stderr] 
[INFO] [stderr]   build script failed, must exit now
[INFO] [stderr]   stack backtrace:
[INFO] [stderr]      0:     0x5652b78a630c - std::backtrace_rs::backtrace::libunwind::trace::ha637c64ce894333a
[INFO] [stderr]                                  at /rustc/82e1608dfa6e0b5569232559e3d385fea5a93112/library/std/src/../../backtrace/src/backtrace/libunwind.rs:104:5
[INFO] [stderr]      1:     0x5652b78a630c - std::backtrace_rs::backtrace::trace_unsynchronized::h47f62dea28e0c88d
[INFO] [stderr]                                  at /rustc/82e1608dfa6e0b5569232559e3d385fea5a93112/library/std/src/../../backtrace/src/backtrace/mod.rs:66:5
[INFO] [stderr]      2:     0x5652b78a630c - std::sys_common::backtrace::_print_fmt::h9eef0abe20ede486
[INFO] [stderr]                                  at /rustc/82e1608dfa6e0b5569232559e3d385fea5a93112/library/std/src/sys_common/backtrace.rs:67:5
[INFO] [stderr]      3:     0x5652b78a630c - <std::sys_common::backtrace::_print::DisplayBacktrace as core::fmt::Display>::fmt::hed7f999df88cc644
[INFO] [stderr]                                  at /rustc/82e1608dfa6e0b5569232559e3d385fea5a93112/library/std/src/sys_common/backtrace.rs:44:22
[INFO] [stderr]      4:     0x5652b78d2110 - core::fmt::rt::Argument::fmt::h1539a9308b8d058d
[INFO] [stderr]                                  at /rustc/82e1608dfa6e0b5569232559e3d385fea5a93112/library/core/src/fmt/rt.rs:142:9
[INFO] [stderr]      5:     0x5652b78d2110 - core::fmt::write::h3a39390d8560d9c9
[INFO] [stderr]                                  at /rustc/82e1608dfa6e0b5569232559e3d385fea5a93112/library/core/src/fmt/mod.rs:1120:17
[INFO] [stderr]      6:     0x5652b78a351f - std::io::Write::write_fmt::h5fc9997dfe05f882
[INFO] [stderr]                                  at /rustc/82e1608dfa6e0b5569232559e3d385fea5a93112/library/std/src/io/mod.rs:1762:15
[INFO] [stderr]      7:     0x5652b78a60f4 - std::sys_common::backtrace::_print::h894006fb5c6f3d45
[INFO] [stderr]                                  at /rustc/82e1608dfa6e0b5569232559e3d385fea5a93112/library/std/src/sys_common/backtrace.rs:47:5
[INFO] [stderr]      8:     0x5652b78a60f4 - std::sys_common::backtrace::print::h23a2d212c6fff936
[INFO] [stderr]                                  at /rustc/82e1608dfa6e0b5569232559e3d385fea5a93112/library/std/src/sys_common/backtrace.rs:34:9
[INFO] [stderr]      9:     0x5652b78a7907 - std::panicking::default_hook::{{closure}}::h8a1d2ee00185001a
[INFO] [stderr]     10:     0x5652b78a766f - std::panicking::default_hook::h6038f2eba384e475
[INFO] [stderr]                                  at /rustc/82e1608dfa6e0b5569232559e3d385fea5a93112/library/std/src/panicking.rs:292:9
[INFO] [stderr]     11:     0x5652b78a7d88 - std::panicking::rust_panic_with_hook::h2b5517d590cab22e
[INFO] [stderr]                                  at /rustc/82e1608dfa6e0b5569232559e3d385fea5a93112/library/std/src/panicking.rs:779:13
[INFO] [stderr]     12:     0x5652b78a7c6e - std::panicking::begin_panic_handler::{{closure}}::h233112c06e0ef43e
[INFO] [stderr]                                  at /rustc/82e1608dfa6e0b5569232559e3d385fea5a93112/library/std/src/panicking.rs:657:13
[INFO] [stderr]     13:     0x5652b78a67d6 - std::sys_common::backtrace::__rust_end_short_backtrace::h6e893f24d7ebbff8
[INFO] [stderr]                                  at /rustc/82e1608dfa6e0b5569232559e3d385fea5a93112/library/std/src/sys_common/backtrace.rs:170:18
[INFO] [stderr]     14:     0x5652b78a79d2 - rust_begin_unwind
[INFO] [stderr]                                  at /rustc/82e1608dfa6e0b5569232559e3d385fea5a93112/library/std/src/panicking.rs:645:5
[INFO] [stderr]     15:     0x5652b72ff7b5 - core::panicking::panic_fmt::hbf0e066aabfa482c
[INFO] [stderr]                                  at /rustc/82e1608dfa6e0b5569232559e3d385fea5a93112/library/core/src/panicking.rs:72:14
[INFO] [stderr]     16:     0x5652b73176c1 - cmake::fail::h819d1eda9010c8e1
[INFO] [stderr]     17:     0x5652b7316e47 - cmake::run::hbed3a6ae26563639
[INFO] [stderr]     18:     0x5652b7313761 - cmake::Config::build::h3c9676638fbf5930
[INFO] [stderr]     19:     0x5652b7304db5 - build_script_build::build_z3::hcae1fdb76930cdb3
[INFO] [stderr]     20:     0x5652b730402a - build_script_build::main::h5988979f1a3cfe84
[INFO] [stderr]     21:     0x5652b7300bd3 - core::ops::function::FnOnce::call_once::h71288661ce420d88
[INFO] [stderr]     22:     0x5652b7300156 - std::sys_common::backtrace::__rust_begin_short_backtrace::hc7382754badd358a
[INFO] [stderr]     23:     0x5652b7300819 - std::rt::lang_start::{{closure}}::h324006952acd24dd
[INFO] [stderr]     24:     0x5652b789ed27 - core::ops::function::impls::<impl core::ops::function::FnOnce<A> for &F>::call_once::hd95060ecd5e1ca24
[INFO] [stderr]                                  at /rustc/82e1608dfa6e0b5569232559e3d385fea5a93112/library/core/src/ops/function.rs:284:13
[INFO] [stderr]     25:     0x5652b789ed27 - std::panicking::try::do_call::h6e8cf51db32a6e4b
[INFO] [stderr]                                  at /rustc/82e1608dfa6e0b5569232559e3d385fea5a93112/library/std/src/panicking.rs:552:40
[INFO] [stderr]     26:     0x5652b789ed27 - std::panicking::try::h3a52eefe24fe3c29
[INFO] [stderr]                                  at /rustc/82e1608dfa6e0b5569232559e3d385fea5a93112/library/std/src/panicking.rs:516:19
[INFO] [stderr]     27:     0x5652b789ed27 - std::panic::catch_unwind::h24c28c23c02c3841
[INFO] [stderr]                                  at /rustc/82e1608dfa6e0b5569232559e3d385fea5a93112/library/std/src/panic.rs:142:14
[INFO] [stderr]     28:     0x5652b789ed27 - std::rt::lang_start_internal::{{closure}}::h705d3c9cbc06ef47
[INFO] [stderr]                                  at /rustc/82e1608dfa6e0b5569232559e3d385fea5a93112/library/std/src/rt.rs:148:48
[INFO] [stderr]     29:     0x5652b789ed27 - std::panicking::try::do_call::ha21f52ba13158470
[INFO] [stderr]                                  at /rustc/82e1608dfa6e0b5569232559e3d385fea5a93112/library/std/src/panicking.rs:552:40
[INFO] [stderr]     30:     0x5652b789ed27 - std::panicking::try::h5581346bf6aeb1f8
[INFO] [stderr]                                  at /rustc/82e1608dfa6e0b5569232559e3d385fea5a93112/library/std/src/panicking.rs:516:19
[INFO] [stderr]     31:     0x5652b789ed27 - std::panic::catch_unwind::h7919645a6b72e25b
[INFO] [stderr]                                  at /rustc/82e1608dfa6e0b5569232559e3d385fea5a93112/library/std/src/panic.rs:142:14
[INFO] [stderr]     32:     0x5652b789ed27 - std::rt::lang_start_internal::h12de51168669836e
[INFO] [stderr]                                  at /rustc/82e1608dfa6e0b5569232559e3d385fea5a93112/library/std/src/rt.rs:148:20
[INFO] [stderr]     33:     0x5652b73007f7 - std::rt::lang_start::hd43aceec3a9d76a1
[INFO] [stderr]     34:     0x5652b7305905 - main
[INFO] [stderr]     35:     0x7f11677b7d90 - <unknown>
[INFO] [stderr]     36:     0x7f11677b7e40 - __libc_start_main
[INFO] [stderr]     37:     0x5652b7300085 - _start
[INFO] [stderr]     38:                0x0 - <unknown>
[INFO] running `Command { std: "docker" "inspect" "9a8f6f5284d796033a16df782ef1997137bf83d856195c2e2c040461b23f677b", kill_on_drop: false }`
[INFO] running `Command { std: "docker" "rm" "-f" "9a8f6f5284d796033a16df782ef1997137bf83d856195c2e2c040461b23f677b", kill_on_drop: false }`
[INFO] [stdout] 9a8f6f5284d796033a16df782ef1997137bf83d856195c2e2c040461b23f677b
[INFO] documenting Sup3Legacy/macrojazz against beta-2023-12-22 for beta-1.76-rustdoc-1
[INFO] running `Command { std: "git" "clone" "/workspace/cache/git-repos/https%3A%2F%2Fgithub.com%2FSup3Legacy%2Fmacrojazz" "/workspace/builds/worker-5-tc2/source", kill_on_drop: false }`
[INFO] [stderr] Cloning into '/workspace/builds/worker-5-tc2/source'...
[INFO] [stderr] done.
[INFO] validating manifest of git repo https://github.com/Sup3Legacy/macrojazz on toolchain beta-2023-12-22
[INFO] running `Command { std: CARGO_HOME="/workspace/cargo-home" RUSTUP_HOME="/workspace/rustup-home" "/workspace/cargo-home/bin/cargo" "+beta-2023-12-22" "metadata" "--manifest-path" "Cargo.toml" "--no-deps", kill_on_drop: false }`
[INFO] started tweaking git repo https://github.com/Sup3Legacy/macrojazz
[INFO] finished tweaking git repo https://github.com/Sup3Legacy/macrojazz
[INFO] tweaked toml for git repo https://github.com/Sup3Legacy/macrojazz written to /workspace/builds/worker-5-tc2/source/Cargo.toml
[INFO] crate git repo https://github.com/Sup3Legacy/macrojazz already has a lockfile, it will not be regenerated
[INFO] running `Command { std: CARGO_HOME="/workspace/cargo-home" RUSTUP_HOME="/workspace/rustup-home" "/workspace/cargo-home/bin/cargo" "+beta-2023-12-22" "fetch" "--manifest-path" "Cargo.toml", kill_on_drop: false }`
[INFO] running `Command { std: "docker" "create" "-v" "/var/lib/crater-agent-workspace/builds/worker-5-tc2/target:/opt/rustwide/target:rw,Z" "-v" "/var/lib/crater-agent-workspace/builds/worker-5-tc2/source:/opt/rustwide/workdir:ro,Z" "-v" "/var/lib/crater-agent-workspace/cargo-home:/opt/rustwide/cargo-home:ro,Z" "-v" "/var/lib/crater-agent-workspace/rustup-home:/opt/rustwide/rustup-home:ro,Z" "-e" "SOURCE_DIR=/opt/rustwide/workdir" "-e" "CARGO_TARGET_DIR=/opt/rustwide/target" "-e" "CARGO_HOME=/opt/rustwide/cargo-home" "-e" "RUSTUP_HOME=/opt/rustwide/rustup-home" "-w" "/opt/rustwide/workdir" "-m" "1610612736" "--user" "0:0" "--network" "none" "ghcr.io/rust-lang/crates-build-env/linux@sha256:2788e3201cd34a07e3172128adcd8b3090168a8e3bcc40d7c032b9dda1df7d1c" "/opt/rustwide/cargo-home/bin/cargo" "+beta-2023-12-22" "metadata" "--no-deps" "--format-version=1", kill_on_drop: false }`
[INFO] [stdout] c6b6bad517b960ba0e890fa04b9bac2986edec6f6a973a3dbf68db3d2bd8dd61
[INFO] running `Command { std: "docker" "start" "-a" "c6b6bad517b960ba0e890fa04b9bac2986edec6f6a973a3dbf68db3d2bd8dd61", kill_on_drop: false }`
[INFO] running `Command { std: "docker" "inspect" "c6b6bad517b960ba0e890fa04b9bac2986edec6f6a973a3dbf68db3d2bd8dd61", kill_on_drop: false }`
[INFO] running `Command { std: "docker" "rm" "-f" "c6b6bad517b960ba0e890fa04b9bac2986edec6f6a973a3dbf68db3d2bd8dd61", kill_on_drop: false }`
[INFO] [stdout] c6b6bad517b960ba0e890fa04b9bac2986edec6f6a973a3dbf68db3d2bd8dd61
[INFO] running `Command { std: "docker" "create" "-v" "/var/lib/crater-agent-workspace/builds/worker-5-tc2/target:/opt/rustwide/target:rw,Z" "-v" "/var/lib/crater-agent-workspace/builds/worker-5-tc2/source:/opt/rustwide/workdir:ro,Z" "-v" "/var/lib/crater-agent-workspace/cargo-home:/opt/rustwide/cargo-home:ro,Z" "-v" "/var/lib/crater-agent-workspace/rustup-home:/opt/rustwide/rustup-home:ro,Z" "-e" "SOURCE_DIR=/opt/rustwide/workdir" "-e" "CARGO_TARGET_DIR=/opt/rustwide/target" "-e" "CARGO_INCREMENTAL=0" "-e" "RUST_BACKTRACE=full" "-e" "RUSTFLAGS=--cap-lints=warn" "-e" "RUSTDOCFLAGS=--cap-lints=warn" "-e" "CARGO_HOME=/opt/rustwide/cargo-home" "-e" "RUSTUP_HOME=/opt/rustwide/rustup-home" "-w" "/opt/rustwide/workdir" "-m" "1610612736" "--user" "0:0" "--network" "none" "ghcr.io/rust-lang/crates-build-env/linux@sha256:2788e3201cd34a07e3172128adcd8b3090168a8e3bcc40d7c032b9dda1df7d1c" "/opt/rustwide/cargo-home/bin/cargo" "+beta-2023-12-22" "doc" "--frozen" "--no-deps" "--document-private-items" "--message-format=json", kill_on_drop: false }`
[INFO] [stdout] 06f2e162ff554038896dc010b82134d7a4f423e81486cdb7bbed9921ec3c4f8c
[INFO] running `Command { std: "docker" "start" "-a" "06f2e162ff554038896dc010b82134d7a4f423e81486cdb7bbed9921ec3c4f8c", kill_on_drop: false }`
[INFO] [stderr]    Compiling proc-macro2 v1.0.69
[INFO] [stderr]    Compiling libc v0.2.149
[INFO] [stderr]    Compiling glob v0.3.1
[INFO] [stderr]    Compiling regex-syntax v0.8.2
[INFO] [stderr]    Compiling memchr v2.7.1
[INFO] [stderr]    Compiling minimal-lexical v0.2.1
[INFO] [stderr]    Compiling bindgen v0.66.1
[INFO] [stderr]    Compiling peeking_take_while v0.1.2
[INFO] [stderr]    Compiling lazy_static v1.4.0
[INFO] [stderr]    Compiling syn v1.0.109
[INFO] [stderr]    Compiling lazycell v1.3.0
[INFO] [stderr]    Compiling rustc-hash v1.1.0
[INFO] [stderr]    Compiling bitflags v2.4.1
[INFO] [stderr]    Compiling shlex v1.2.0
[INFO] [stderr]    Compiling libloading v0.8.1
[INFO] [stderr]    Compiling indexmap v1.9.3
[INFO] [stderr]    Compiling peg-runtime v0.8.2
[INFO] [stderr]     Checking termcolor v1.3.0
[INFO] [stderr]     Checking os_str_bytes v6.6.1
[INFO] [stderr]     Checking textwrap v0.16.0
[INFO] [stderr]     Checking yansi v0.5.1
[INFO] [stderr]     Checking smallvec v1.11.1
[INFO] [stderr]     Checking codemap v0.1.3
[INFO] [stderr]     Checking clap_lex v0.2.4
[INFO] [stderr]     Checking ariadne v0.3.0
[INFO] [stderr]     Checking codemap-diagnostic v0.1.2
[INFO] [stderr]     Checking smallstr v0.3.0
[INFO] [stderr]    Compiling clang-sys v1.7.0
[INFO] [stderr]    Compiling nom v7.1.3
[INFO] [stderr]    Compiling quote v1.0.33
[INFO] [stderr]    Compiling syn v2.0.43
[INFO] [stderr]    Compiling cc v1.0.83
[INFO] [stderr]    Compiling proc-macro-error-attr v1.0.4
[INFO] [stderr]    Compiling peg-macros v0.8.2
[INFO] [stderr]     Checking atty v0.2.14
[INFO] [stderr]    Compiling cmake v0.1.50
[INFO] [stderr]    Compiling cexpr v0.6.0
[INFO] [stderr]    Compiling regex-automata v0.4.3
[INFO] [stderr]     Checking peg v0.8.2
[INFO] [stderr]    Compiling proc-macro-error v1.0.4
[INFO] [stderr]    Compiling clap_derive v3.2.25
[INFO] [stderr]    Compiling regex v1.10.2
[INFO] [stderr]     Checking clap v3.2.25
[INFO] [stderr]    Compiling z3-sys v0.8.1
[INFO] [stderr] error: failed to run custom build command for `z3-sys v0.8.1`
[INFO] [stderr] note: To improve backtraces for build dependencies, set the CARGO_PROFILE_DEV_BUILD_OVERRIDE_DEBUG=true environment variable to enable debug information generation.
[INFO] [stderr] 
[INFO] [stderr] Caused by:
[INFO] [stderr]   process didn't exit successfully: `/opt/rustwide/target/debug/build/z3-sys-74c85a1289870ed5/build-script-build` (exit status: 101)
[INFO] [stderr]   --- stdout
[INFO] [stderr]   CMAKE_TOOLCHAIN_FILE_x86_64-unknown-linux-gnu = None
[INFO] [stderr]   CMAKE_TOOLCHAIN_FILE_x86_64_unknown_linux_gnu = None
[INFO] [stderr]   HOST_CMAKE_TOOLCHAIN_FILE = None
[INFO] [stderr]   CMAKE_TOOLCHAIN_FILE = None
[INFO] [stderr]   CMAKE_GENERATOR_x86_64-unknown-linux-gnu = None
[INFO] [stderr]   CMAKE_GENERATOR_x86_64_unknown_linux_gnu = None
[INFO] [stderr]   HOST_CMAKE_GENERATOR = None
[INFO] [stderr]   CMAKE_GENERATOR = None
[INFO] [stderr]   CMAKE_PREFIX_PATH_x86_64-unknown-linux-gnu = None
[INFO] [stderr]   CMAKE_PREFIX_PATH_x86_64_unknown_linux_gnu = None
[INFO] [stderr]   HOST_CMAKE_PREFIX_PATH = None
[INFO] [stderr]   CMAKE_PREFIX_PATH = None
[INFO] [stderr]   CMAKE_x86_64-unknown-linux-gnu = None
[INFO] [stderr]   CMAKE_x86_64_unknown_linux_gnu = None
[INFO] [stderr]   HOST_CMAKE = None
[INFO] [stderr]   CMAKE = None
[INFO] [stderr]   running: cd "/opt/rustwide/target/debug/build/z3-sys-f30b87b41d91453a/out/build" && CMAKE_PREFIX_PATH="" "cmake" "/opt/rustwide/cargo-home/registry/src/index.crates.io-6f17d22bba15001f/z3-sys-0.8.1/z3" "-DZ3_BUILD_LIBZ3_SHARED=false" "-DZ3_BUILD_EXECUTABLE=false" "-DZ3_BUILD_TEST_EXECUTABLES=false" "-DCMAKE_INSTALL_PREFIX=/opt/rustwide/target/debug/build/z3-sys-f30b87b41d91453a/out" "-DCMAKE_C_FLAGS= -ffunction-sections -fdata-sections -fPIC -m64" "-DCMAKE_C_COMPILER=/usr/bin/cc" "-DCMAKE_CXX_FLAGS= -ffunction-sections -fdata-sections -fPIC -m64" "-DCMAKE_CXX_COMPILER=/usr/bin/c++" "-DCMAKE_ASM_FLAGS= -ffunction-sections -fdata-sections -fPIC -m64" "-DCMAKE_ASM_COMPILER=/usr/bin/cc" "-DCMAKE_BUILD_TYPE=Debug"
[INFO] [stderr]   -- The CXX compiler identification is GNU 11.4.0
[INFO] [stderr]   -- Detecting CXX compiler ABI info
[INFO] [stderr]   -- Detecting CXX compiler ABI info - done
[INFO] [stderr]   -- Check for working CXX compiler: /usr/bin/c++ - skipped
[INFO] [stderr]   -- Detecting CXX compile features
[INFO] [stderr]   -- Detecting CXX compile features - done
[INFO] [stderr]   -- Z3 version 4.12.1.0
[INFO] [stderr]   -- Failed to find git directory.
[INFO] [stderr]   -- CMake generator: Unix Makefiles
[INFO] [stderr]   -- Build type: Debug
[INFO] [stderr]   -- Found PythonInterp: /usr/bin/python3 (found suitable version "3.10.12", minimum required is "3") 
[INFO] [stderr]   -- PYTHON_EXECUTABLE: /usr/bin/python3
[INFO] [stderr]   -- Detected target architecture: x86_64
[INFO] [stderr]   -- Not using libgmp
[INFO] [stderr]   -- Not using Z3_API_LOG_SYNC
[INFO] [stderr]   -- Thread-safe build
[INFO] [stderr]   -- Performing Test HAS_SSE2
[INFO] [stderr]   -- Performing Test HAS_SSE2 - Success
[INFO] [stderr]   -- Looking for C++ include pthread.h
[INFO] [stderr]   -- Looking for C++ include pthread.h - found
[INFO] [stderr]   -- Performing Test CMAKE_HAVE_LIBC_PTHREAD
[INFO] [stderr]   -- Performing Test CMAKE_HAVE_LIBC_PTHREAD - Success
[INFO] [stderr]   -- Found Threads: TRUE  
[INFO] [stderr]   -- Performing Test HAS__Wall
[INFO] [stderr]   -- Performing Test HAS__Wall - Success
[INFO] [stderr]   -- C++ compiler supports -Wall
[INFO] [stderr]   -- Treating only serious compiler warnings as errors
[INFO] [stderr]   -- Performing Test HAS__Werror_odr
[INFO] [stderr]   -- Performing Test HAS__Werror_odr - Success
[INFO] [stderr]   -- C++ compiler supports -Werror=odr
[INFO] [stderr]   -- LTO disabled
[INFO] [stderr]   -- Performing Test BUILTIN_ATOMIC
[INFO] [stderr]   -- Performing Test BUILTIN_ATOMIC - Success
[INFO] [stderr]   -- CMAKE_CXX_FLAGS: " -ffunction-sections -fdata-sections -fPIC -m64 -Werror=odr "
[INFO] [stderr]   -- CMAKE_EXE_LINKER_FLAGS: ""
[INFO] [stderr]   -- CMAKE_STATIC_LINKER_FLAGS: ""
[INFO] [stderr]   -- CMAKE_SHARED_LINKER_FLAGS: ""
[INFO] [stderr]   -- CMAKE_CXX_FLAGS_DEBUG: "-g -O0"
[INFO] [stderr]   -- CMAKE_EXE_LINKER_FLAGS_DEBUG: ""
[INFO] [stderr]   -- CMAKE_SHARED_LINKER_FLAGS_DEBUG: ""
[INFO] [stderr]   -- CMAKE_STATIC_LINKER_FLAGS_DEBUG: ""
[INFO] [stderr]   -- Z3_COMPONENT_CXX_DEFINES: $<$<CONFIG:Debug>:Z3DEBUG>;$<$<CONFIG:Release>:_EXTERNAL_RELEASE>;$<$<CONFIG:RelWithDebInfo>:_EXTERNAL_RELEASE>;-D_MP_INTERNAL;$<$<CONFIG:Debug>:_TRACE>
[INFO] [stderr]   -- Z3_COMPONENT_CXX_FLAGS: -mfpmath=sse;-msse;-msse2;-Wall
[INFO] [stderr]   -- Z3_DEPENDENT_LIBS: Threads::Threads
[INFO] [stderr]   -- Z3_COMPONENT_EXTRA_INCLUDE_DIRS: /opt/rustwide/target/debug/build/z3-sys-f30b87b41d91453a/out/build/src;/opt/rustwide/cargo-home/registry/src/index.crates.io-6f17d22bba15001f/z3-sys-0.8.1/z3/src
[INFO] [stderr]   -- Z3_DEPENDENT_EXTRA_CXX_LINK_FLAGS: 
[INFO] [stderr]   -- CMAKE_INSTALL_LIBDIR: "lib"
[INFO] [stderr]   -- CMAKE_INSTALL_BINDIR: "bin"
[INFO] [stderr]   -- CMAKE_INSTALL_INCLUDEDIR: "include"
[INFO] [stderr]   -- CMAKE_INSTALL_PKGCONFIGDIR: "lib/pkgconfig"
[INFO] [stderr]   -- CMAKE_INSTALL_Z3_CMAKE_PACKAGE_DIR: "lib/cmake/z3"
[INFO] [stderr]   -- Adding component util
[INFO] [stderr]   -- Adding component polynomial
[INFO] [stderr]   -- Adding rule to generate "algebraic_params.hpp"
[INFO] [stderr]   -- Adding component dd
[INFO] [stderr]   -- Adding component hilbert
[INFO] [stderr]   -- Adding component simplex
[INFO] [stderr]   -- Adding component automata
[INFO] [stderr]   -- Adding component interval
[INFO] [stderr]   -- Adding component realclosure
[INFO] [stderr]   -- Adding rule to generate "rcf_params.hpp"
[INFO] [stderr]   -- Adding component subpaving
[INFO] [stderr]   -- Adding component ast
[INFO] [stderr]   -- Adding rule to generate "pp_params.hpp"
[INFO] [stderr]   -- Adding component params
[INFO] [stderr]   -- Adding rule to generate "arith_rewriter_params.hpp"
[INFO] [stderr]   -- Adding rule to generate "array_rewriter_params.hpp"
[INFO] [stderr]   -- Adding rule to generate "bool_rewriter_params.hpp"
[INFO] [stderr]   -- Adding rule to generate "bv_rewriter_params.hpp"
[INFO] [stderr]   -- Adding rule to generate "fpa_rewriter_params.hpp"
[INFO] [stderr]   -- Adding rule to generate "fpa2bv_rewriter_params.hpp"
[INFO] [stderr]   -- Adding rule to generate "pattern_inference_params_helper.hpp"
[INFO] [stderr]   -- Adding rule to generate "poly_rewriter_params.hpp"
[INFO] [stderr]   -- Adding rule to generate "rewriter_params.hpp"
[INFO] [stderr]   -- Adding rule to generate "seq_rewriter_params.hpp"
[INFO] [stderr]   -- Adding rule to generate "solver_params.hpp"
[INFO] [stderr]   -- Adding rule to generate "tactic_params.hpp"
[INFO] [stderr]   -- Adding component rewriter
[INFO] [stderr]   -- Adding component bit_blaster
[INFO] [stderr]   -- Adding component normal_forms
[INFO] [stderr]   -- Adding rule to generate "nnf_params.hpp"
[INFO] [stderr]   -- Adding component macros
[INFO] [stderr]   -- Adding component model
[INFO] [stderr]   -- Adding rule to generate "model_evaluator_params.hpp"
[INFO] [stderr]   -- Adding rule to generate "model_params.hpp"
[INFO] [stderr]   -- Adding component euf
[INFO] [stderr]   -- Adding component converters
[INFO] [stderr]   -- Adding component substitution
[INFO] [stderr]   -- Adding component simplifiers
[INFO] [stderr]   -- Adding component tactic
[INFO] [stderr]   -- Adding component smt_params
[INFO] [stderr]   -- Adding rule to generate "smt_params_helper.hpp"
[INFO] [stderr]   -- Adding component parser_util
[INFO] [stderr]   -- Adding rule to generate "parser_params.hpp"
[INFO] [stderr]   -- Adding component grobner
[INFO] [stderr]   -- Adding component sat
[INFO] [stderr]   -- Adding rule to generate "sat_asymm_branch_params.hpp"
[INFO] [stderr]   -- Adding rule to generate "sat_params.hpp"
[INFO] [stderr]   -- Adding rule to generate "sat_scc_params.hpp"
[INFO] [stderr]   -- Adding rule to generate "sat_simplifier_params.hpp"
[INFO] [stderr]   -- Adding component nlsat
[INFO] [stderr]   -- Adding rule to generate "nlsat_params.hpp"
[INFO] [stderr]   -- Adding component core_tactics
[INFO] [stderr]   -- Adding component subpaving_tactic
[INFO] [stderr]   -- Adding component aig_tactic
[INFO] [stderr]   -- Adding component arith_tactics
[INFO] [stderr]   -- Adding component solver
[INFO] [stderr]   -- Adding rule to generate "combined_solver_params.hpp"
[INFO] [stderr]   -- Adding rule to generate "parallel_params.hpp"
[INFO] [stderr]   -- Adding component cmd_context
[INFO] [stderr]   -- Adding component extra_cmds
[INFO] [stderr]   -- Adding component smt2parser
[INFO] [stderr]   -- Adding component mbp
[INFO] [stderr]   -- Adding component qe_lite
[INFO] [stderr]   -- Adding component solver_assertions
[INFO] [stderr]   -- Adding component pattern
[INFO] [stderr]   -- Adding component lp
[INFO] [stderr]   -- Adding component sat_smt
[INFO] [stderr]   -- Adding component sat_tactic
[INFO] [stderr]   -- Adding component nlsat_tactic
[INFO] [stderr]   -- Adding component ackermannization
[INFO] [stderr]   -- Adding rule to generate "ackermannization_params.hpp"
[INFO] [stderr]   -- Adding rule to generate "ackermannize_bv_tactic_params.hpp"
[INFO] [stderr]   -- Adding component proofs
[INFO] [stderr]   -- Adding component fpa
[INFO] [stderr]   -- Adding component proto_model
[INFO] [stderr]   -- Adding component smt
[INFO] [stderr]   -- Adding component bv_tactics
[INFO] [stderr]   -- Adding component smt_tactic
[INFO] [stderr]   -- Adding component sls_tactic
[INFO] [stderr]   -- Adding rule to generate "sls_params.hpp"
[INFO] [stderr]   -- Adding component qe
[INFO] [stderr]   -- Adding component muz
[INFO] [stderr]   -- Adding rule to generate "fp_params.hpp"
[INFO] [stderr]   -- Adding component dataflow
[INFO] [stderr]   -- Adding component transforms
[INFO] [stderr]   -- Adding component rel
[INFO] [stderr]   -- Adding component clp
[INFO] [stderr]   -- Adding component tab
[INFO] [stderr]   -- Adding component bmc
[INFO] [stderr]   -- Adding component ddnf
[INFO] [stderr]   -- Adding component spacer
[INFO] [stderr]   -- Adding component fp
[INFO] [stderr]   -- Adding component ufbv_tactic
[INFO] [stderr]   -- Adding component sat_solver
[INFO] [stderr]   -- Adding component smtlogic_tactics
[INFO] [stderr]   -- Adding rule to generate "qfufbv_tactic_params.hpp"
[INFO] [stderr]   -- Adding component fpa_tactics
[INFO] [stderr]   -- Adding component fd_solver
[INFO] [stderr]   -- Adding component portfolio
[INFO] [stderr]   -- Adding component opt
[INFO] [stderr]   -- Adding rule to generate "opt_params.hpp"
[INFO] [stderr]   -- Adding component api
[INFO] [stderr]   -- Adding component api_dll
[INFO] [stderr]   -- Building documentation disabled
[INFO] [stderr]   -- Configuring done
[INFO] [stderr]   -- Generating done
[INFO] [stderr]   -- Build files have been written to: /opt/rustwide/target/debug/build/z3-sys-f30b87b41d91453a/out/build
[INFO] [stderr]   running: cd "/opt/rustwide/target/debug/build/z3-sys-f30b87b41d91453a/out/build" && MAKEFLAGS="-j --jobserver-fds=7,8 --jobserver-auth=7,8" "cmake" "--build" "." "--target" "install" "--config" "Debug"
[INFO] [stderr]   [  0%] Building CXX object src/util/CMakeFiles/util.dir/approx_nat.cpp.o
[INFO] [stderr]   [  0%] Building CXX object src/util/CMakeFiles/util.dir/bit_util.cpp.o
[INFO] [stderr]   [  0%] Building CXX object src/util/CMakeFiles/util.dir/approx_set.cpp.o
[INFO] [stderr]   [  0%] Building CXX object src/util/CMakeFiles/util.dir/bit_vector.cpp.o
[INFO] [stderr]   [  0%] Building CXX object src/util/CMakeFiles/util.dir/cmd_context_types.cpp.o
[INFO] [stderr]   [  0%] Building CXX object src/util/CMakeFiles/util.dir/common_msgs.cpp.o
[INFO] [stderr]   [  0%] Building CXX object src/util/CMakeFiles/util.dir/debug.cpp.o
[INFO] [stderr]   [  0%] Building CXX object src/util/CMakeFiles/util.dir/fixed_bit_vector.cpp.o
[INFO] [stderr]   [  0%] Building CXX object src/util/CMakeFiles/util.dir/gparams.cpp.o
[INFO] [stderr]   [  0%] Building CXX object src/util/CMakeFiles/util.dir/hash.cpp.o
[INFO] [stderr]   [  0%] Building CXX object src/util/CMakeFiles/util.dir/hwf.cpp.o
[INFO] [stderr]   [  1%] Building CXX object src/util/CMakeFiles/util.dir/env_params.cpp.o
[INFO] [stderr]   [  1%] Building CXX object src/util/CMakeFiles/util.dir/inf_int_rational.cpp.o
[INFO] [stderr]   [  1%] Building CXX object src/util/CMakeFiles/util.dir/inf_rational.cpp.o
[INFO] [stderr]   [  1%] Building CXX object src/util/CMakeFiles/util.dir/lbool.cpp.o
[INFO] [stderr]   [  1%] Building CXX object src/util/CMakeFiles/util.dir/inf_s_integer.cpp.o
[INFO] [stderr]   [  2%] Building CXX object src/util/CMakeFiles/util.dir/luby.cpp.o
[INFO] [stderr]   [  2%] Building CXX object src/util/CMakeFiles/util.dir/memory_manager.cpp.o
[INFO] [stderr]   [  2%] Building CXX object src/util/CMakeFiles/util.dir/min_cut.cpp.o
[INFO] [stderr]   [  2%] Building CXX object src/util/CMakeFiles/util.dir/mpbq.cpp.o
[INFO] [stderr]   [  2%] Building CXX object src/util/CMakeFiles/util.dir/mpf.cpp.o
[INFO] [stderr]   [  2%] Building CXX object src/util/CMakeFiles/util.dir/mpff.cpp.o
[INFO] [stderr]   [  2%] Building CXX object src/util/CMakeFiles/util.dir/mpfx.cpp.o
[INFO] [stderr]   [  2%] Building CXX object src/util/CMakeFiles/util.dir/mpq.cpp.o
[INFO] [stderr]   [  2%] Building CXX object src/util/CMakeFiles/util.dir/mpn.cpp.o
[INFO] [stderr]   [  3%] Building CXX object src/util/CMakeFiles/util.dir/mpq_inf.cpp.o
[INFO] [stderr]   [  3%] Building CXX object src/util/CMakeFiles/util.dir/mpz.cpp.o
[INFO] [stderr]   [  3%] Building CXX object src/util/CMakeFiles/util.dir/page.cpp.o
[INFO] [stderr]   [  3%] Building CXX object src/util/CMakeFiles/util.dir/params.cpp.o
[INFO] [stderr]   [  3%] Building CXX object src/util/CMakeFiles/util.dir/permutation.cpp.o
[INFO] [stderr]   [  3%] Building CXX object src/util/CMakeFiles/util.dir/prime_generator.cpp.o
[INFO] [stderr]   [  3%] Building CXX object src/util/CMakeFiles/util.dir/rational.cpp.o
[INFO] [stderr]   [  3%] Building CXX object src/util/CMakeFiles/util.dir/region.cpp.o
[INFO] [stderr]   [  4%] Building CXX object src/util/CMakeFiles/util.dir/rlimit.cpp.o
[INFO] [stderr]   [  4%] Building CXX object src/util/CMakeFiles/util.dir/scoped_ctrl_c.cpp.o
[INFO] [stderr]   [  4%] Building CXX object src/util/CMakeFiles/util.dir/scoped_timer.cpp.o
[INFO] [stderr]   [  4%] Building CXX object src/util/CMakeFiles/util.dir/sexpr.cpp.o
[INFO] [stderr]   [  4%] Building CXX object src/util/CMakeFiles/util.dir/s_integer.cpp.o
[INFO] [stderr]   [  4%] Building CXX object src/util/CMakeFiles/util.dir/small_object_allocator.cpp.o
[INFO] [stderr]   [  4%] Building CXX object src/util/CMakeFiles/util.dir/smt2_util.cpp.o
[INFO] [stderr]   [  4%] Building CXX object src/util/CMakeFiles/util.dir/stack.cpp.o
[INFO] [stderr]   [  4%] Building CXX object src/util/CMakeFiles/util.dir/state_graph.cpp.o
[INFO] [stderr]   [  5%] Building CXX object src/util/CMakeFiles/util.dir/statistics.cpp.o
[INFO] [stderr]   [  5%] Building CXX object src/util/CMakeFiles/util.dir/symbol.cpp.o
[INFO] [stderr]   [  5%] Building CXX object src/util/CMakeFiles/util.dir/tbv.cpp.o
[INFO] [stderr]   [  5%] Building CXX object src/util/CMakeFiles/util.dir/timeit.cpp.o
[INFO] [stderr]   [  5%] Building CXX object src/util/CMakeFiles/util.dir/timeout.cpp.o
[INFO] [stderr]   [  5%] Building CXX object src/util/CMakeFiles/util.dir/trace.cpp.o
[INFO] [stderr]   [  5%] Building CXX object src/util/CMakeFiles/util.dir/util.cpp.o
[INFO] [stderr]   [  5%] Building CXX object src/util/CMakeFiles/util.dir/warning.cpp.o
[INFO] [stderr]   [  5%] Building CXX object src/util/CMakeFiles/util.dir/z3_exception.cpp.o
[INFO] [stderr]   [  6%] Building CXX object src/util/CMakeFiles/util.dir/zstring.cpp.o
[INFO] [stderr]   [  6%] Built target util
[INFO] [stderr]   [  6%] Generating "/opt/rustwide/target/debug/build/z3-sys-f30b87b41d91453a/out/build/src/math/polynomial/algebraic_params.hpp" from "algebraic_params.pyg"
[INFO] [stderr]   [  6%] Generating "/opt/rustwide/target/debug/build/z3-sys-f30b87b41d91453a/out/build/src/params/tactic_params.hpp" from "tactic_params.pyg"
[INFO] [stderr]   [  6%] Generating "/opt/rustwide/target/debug/build/z3-sys-f30b87b41d91453a/out/build/src/params/arith_rewriter_params.hpp" from "arith_rewriter_params.pyg"
[INFO] [stderr]   [  6%] Generating "/opt/rustwide/target/debug/build/z3-sys-f30b87b41d91453a/out/build/src/params/bool_rewriter_params.hpp" from "bool_rewriter_params.pyg"
[INFO] [stderr]   [  6%] Generating "/opt/rustwide/target/debug/build/z3-sys-f30b87b41d91453a/out/build/src/params/bv_rewriter_params.hpp" from "bv_rewriter_params.pyg"
[INFO] [stderr]   [  6%] Generating "/opt/rustwide/target/debug/build/z3-sys-f30b87b41d91453a/out/build/src/params/fpa2bv_rewriter_params.hpp" from "fpa2bv_rewriter_params.pyg"
[INFO] [stderr]   [  6%] Generating "/opt/rustwide/target/debug/build/z3-sys-f30b87b41d91453a/out/build/src/params/array_rewriter_params.hpp" from "array_rewriter_params.pyg"
[INFO] [stderr]   [  6%] Generating "/opt/rustwide/target/debug/build/z3-sys-f30b87b41d91453a/out/build/src/params/fpa_rewriter_params.hpp" from "fpa_rewriter_params.pyg"
[INFO] [stderr]   [  7%] Generating "/opt/rustwide/target/debug/build/z3-sys-f30b87b41d91453a/out/build/src/params/pattern_inference_params_helper.hpp" from "pattern_inference_params_helper.pyg"
[INFO] [stderr]   [  7%] Generating "/opt/rustwide/target/debug/build/z3-sys-f30b87b41d91453a/out/build/src/params/poly_rewriter_params.hpp" from "poly_rewriter_params.pyg"
[INFO] [stderr]   [  7%] Generating "/opt/rustwide/target/debug/build/z3-sys-f30b87b41d91453a/out/build/src/params/rewriter_params.hpp" from "rewriter_params.pyg"
[INFO] [stderr]   [  7%] Building CXX object src/math/dd/CMakeFiles/dd.dir/dd_bdd.cpp.o
[INFO] [stderr]   [  7%] Building CXX object src/math/interval/CMakeFiles/interval.dir/interval_mpq.cpp.o
[INFO] [stderr]   [  8%] Building CXX object src/math/hilbert/CMakeFiles/hilbert.dir/hilbert_basis.cpp.o
[INFO] [stderr]   [  8%] Building CXX object src/math/automata/CMakeFiles/automata.dir/automaton.cpp.o
[INFO] [stderr]   [  8%] Building CXX object src/math/simplex/CMakeFiles/simplex.dir/simplex.cpp.o
[INFO] [stderr]   [  8%] Generating "/opt/rustwide/target/debug/build/z3-sys-f30b87b41d91453a/out/build/src/params/seq_rewriter_params.hpp" from "seq_rewriter_params.pyg"
[INFO] [stderr]   [  8%] Building CXX object src/math/interval/CMakeFiles/interval.dir/dep_intervals.cpp.o
[INFO] [stderr]   [  8%] Building CXX object src/math/dd/CMakeFiles/dd.dir/dd_fdd.cpp.o
[INFO] [stderr]   [  8%] Building CXX object src/math/simplex/CMakeFiles/simplex.dir/bit_matrix.cpp.o
[INFO] [stderr]   [  8%] Building CXX object src/math/dd/CMakeFiles/dd.dir/dd_pdd.cpp.o
[INFO] [stderr]   [  8%] Generating "/opt/rustwide/target/debug/build/z3-sys-f30b87b41d91453a/out/build/src/params/solver_params.hpp" from "solver_params.pyg"
[INFO] [stderr]   [  8%] Building CXX object src/math/simplex/CMakeFiles/simplex.dir/model_based_opt.cpp.o
[INFO] [stderr]   [  9%] Building CXX object src/math/polynomial/CMakeFiles/polynomial.dir/algebraic_numbers.cpp.o
[INFO] [stderr]   [  9%] Building CXX object src/math/polynomial/CMakeFiles/polynomial.dir/polynomial_cache.cpp.o
[INFO] [stderr]   [  9%] Building CXX object src/math/polynomial/CMakeFiles/polynomial.dir/polynomial.cpp.o
[INFO] [stderr]   [  9%] Building CXX object src/math/polynomial/CMakeFiles/polynomial.dir/rpolynomial.cpp.o
[INFO] [stderr]   [  9%] Building CXX object src/math/polynomial/CMakeFiles/polynomial.dir/sexpr2upolynomial.cpp.o
[INFO] [stderr]   [  9%] Building CXX object src/params/CMakeFiles/params.dir/pattern_inference_params.cpp.o
[INFO] [stderr]   [  9%] Building CXX object src/math/polynomial/CMakeFiles/polynomial.dir/upolynomial.cpp.o
[INFO] [stderr]   [  9%] Building CXX object src/params/CMakeFiles/params.dir/context_params.cpp.o
[INFO] [stderr]   [  9%] Building CXX object src/math/polynomial/CMakeFiles/polynomial.dir/upolynomial_factorization.cpp.o
[INFO] [stderr]   [  9%] Built target automata
[INFO] [stderr]   [  9%] Built target interval
[INFO] [stderr]   [  9%] Built target params
[INFO] [stderr]   [  9%] Built target dd
[INFO] [stderr]   [  9%] Built target polynomial
[INFO] [stderr] 
[INFO] [stderr]   --- stderr
[INFO] [stderr]   CMake Warning at CMakeLists.txt:44 (message):
[INFO] [stderr]     Disabling Z3_INCLUDE_GIT_DESCRIBE
[INFO] [stderr]   Call Stack (most recent call first):
[INFO] [stderr]     CMakeLists.txt:93 (disable_git_describe)
[INFO] [stderr] 
[INFO] [stderr] 
[INFO] [stderr]   CMake Warning at CMakeLists.txt:48 (message):
[INFO] [stderr]     Disabling Z3_INCLUDE_GIT_HASH
[INFO] [stderr]   Call Stack (most recent call first):
[INFO] [stderr]     CMakeLists.txt:94 (disable_git_hash)
[INFO] [stderr] 
[INFO] [stderr] 
[INFO] [stderr]   CMake Warning:
[INFO] [stderr]     Manually-specified variables were not used by the project:
[INFO] [stderr] 
[INFO] [stderr]       CMAKE_ASM_COMPILER
[INFO] [stderr]       CMAKE_ASM_FLAGS
[INFO] [stderr]       CMAKE_C_COMPILER
[INFO] [stderr]       CMAKE_C_FLAGS
[INFO] [stderr] 
[INFO] [stderr] 
[INFO] [stderr]   INFO:root:Using /opt/rustwide/cargo-home/registry/src/index.crates.io-6f17d22bba15001f/z3-sys-0.8.1/z3/src/params/fpa_rewriter_params.pyg
[INFO] [stderr]   INFO:root:Using /opt/rustwide/cargo-home/registry/src/index.crates.io-6f17d22bba15001f/z3-sys-0.8.1/z3/src/params/bv_rewriter_params.pyg
[INFO] [stderr]   INFO:root:Using /opt/rustwide/cargo-home/registry/src/index.crates.io-6f17d22bba15001f/z3-sys-0.8.1/z3/src/params/array_rewriter_params.pyg
[INFO] [stderr]   INFO:root:Using /opt/rustwide/cargo-home/registry/src/index.crates.io-6f17d22bba15001f/z3-sys-0.8.1/z3/src/params/pattern_inference_params_helper.pyg
[INFO] [stderr]   INFO:root:Using /opt/rustwide/cargo-home/registry/src/index.crates.io-6f17d22bba15001f/z3-sys-0.8.1/z3/src/params/bool_rewriter_params.pyg
[INFO] [stderr]   INFO:root:Using /opt/rustwide/cargo-home/registry/src/index.crates.io-6f17d22bba15001f/z3-sys-0.8.1/z3/src/math/polynomial/algebraic_params.pyg
[INFO] [stderr]   INFO:root:Using /opt/rustwide/cargo-home/registry/src/index.crates.io-6f17d22bba15001f/z3-sys-0.8.1/z3/src/params/arith_rewriter_params.pyg
[INFO] [stderr]   INFO:root:Generated "/opt/rustwide/target/debug/build/z3-sys-f30b87b41d91453a/out/build/src/params/fpa_rewriter_params.hpp"
[INFO] [stderr]   INFO:root:Generated "/opt/rustwide/target/debug/build/z3-sys-f30b87b41d91453a/out/build/src/params/pattern_inference_params_helper.hpp"
[INFO] [stderr]   INFO:root:Generated "/opt/rustwide/target/debug/build/z3-sys-f30b87b41d91453a/out/build/src/params/bool_rewriter_params.hpp"
[INFO] [stderr]   INFO:root:Generated "/opt/rustwide/target/debug/build/z3-sys-f30b87b41d91453a/out/build/src/params/bv_rewriter_params.hpp"
[INFO] [stderr]   INFO:root:Generated "/opt/rustwide/target/debug/build/z3-sys-f30b87b41d91453a/out/build/src/params/array_rewriter_params.hpp"
[INFO] [stderr]   INFO:root:Generated "/opt/rustwide/target/debug/build/z3-sys-f30b87b41d91453a/out/build/src/math/polynomial/algebraic_params.hpp"
[INFO] [stderr]   INFO:root:Generated "/opt/rustwide/target/debug/build/z3-sys-f30b87b41d91453a/out/build/src/params/arith_rewriter_params.hpp"
[INFO] [stderr]   INFO:root:Using /opt/rustwide/cargo-home/registry/src/index.crates.io-6f17d22bba15001f/z3-sys-0.8.1/z3/src/params/poly_rewriter_params.pyg
[INFO] [stderr]   INFO:root:Generated "/opt/rustwide/target/debug/build/z3-sys-f30b87b41d91453a/out/build/src/params/poly_rewriter_params.hpp"
[INFO] [stderr]   INFO:root:Using /opt/rustwide/cargo-home/registry/src/index.crates.io-6f17d22bba15001f/z3-sys-0.8.1/z3/src/params/tactic_params.pyg
[INFO] [stderr]   INFO:root:Generated "/opt/rustwide/target/debug/build/z3-sys-f30b87b41d91453a/out/build/src/params/tactic_params.hpp"
[INFO] [stderr]   INFO:root:Using /opt/rustwide/cargo-home/registry/src/index.crates.io-6f17d22bba15001f/z3-sys-0.8.1/z3/src/params/rewriter_params.pyg
[INFO] [stderr]   INFO:root:Generated "/opt/rustwide/target/debug/build/z3-sys-f30b87b41d91453a/out/build/src/params/rewriter_params.hpp"
[INFO] [stderr]   INFO:root:Using /opt/rustwide/cargo-home/registry/src/index.crates.io-6f17d22bba15001f/z3-sys-0.8.1/z3/src/params/fpa2bv_rewriter_params.pyg
[INFO] [stderr]   INFO:root:Generated "/opt/rustwide/target/debug/build/z3-sys-f30b87b41d91453a/out/build/src/params/fpa2bv_rewriter_params.hpp"
[INFO] [stderr]   INFO:root:Using /opt/rustwide/cargo-home/registry/src/index.crates.io-6f17d22bba15001f/z3-sys-0.8.1/z3/src/params/seq_rewriter_params.pyg
[INFO] [stderr]   INFO:root:Generated "/opt/rustwide/target/debug/build/z3-sys-f30b87b41d91453a/out/build/src/params/seq_rewriter_params.hpp"
[INFO] [stderr]   INFO:root:Using /opt/rustwide/cargo-home/registry/src/index.crates.io-6f17d22bba15001f/z3-sys-0.8.1/z3/src/params/solver_params.pyg
[INFO] [stderr]   INFO:root:Generated "/opt/rustwide/target/debug/build/z3-sys-f30b87b41d91453a/out/build/src/params/solver_params.hpp"
[INFO] [stderr]   c++: fatal error: Killed signal terminated program cc1plus
[INFO] [stderr]   compilation terminated.
[INFO] [stderr]   gmake[2]: *** [src/math/simplex/CMakeFiles/simplex.dir/build.make:76: src/math/simplex/CMakeFiles/simplex.dir/simplex.cpp.o] Error 1
[INFO] [stderr]   gmake[2]: *** Waiting for unfinished jobs....
[INFO] [stderr]   c++: fatal error: Killed signal terminated program cc1plus
[INFO] [stderr]   compilation terminated.
[INFO] [stderr]   gmake[2]: *** [src/math/hilbert/CMakeFiles/hilbert.dir/build.make:76: src/math/hilbert/CMakeFiles/hilbert.dir/hilbert_basis.cpp.o] Error 1
[INFO] [stderr]   gmake[1]: *** [CMakeFiles/Makefile2:1579: src/math/hilbert/CMakeFiles/hilbert.dir/all] Error 2
[INFO] [stderr]   gmake[1]: *** Waiting for unfinished jobs....
[INFO] [stderr]   gmake[1]: *** [CMakeFiles/Makefile2:1605: src/math/simplex/CMakeFiles/simplex.dir/all] Error 2
[INFO] [stderr]   gmake: *** [Makefile:136: all] Error 2
[INFO] [stderr]   thread 'main' panicked at /opt/rustwide/cargo-home/registry/src/index.crates.io-6f17d22bba15001f/cmake-0.1.50/src/lib.rs:1098:5:
[INFO] [stderr] 
[INFO] [stderr]   command did not execute successfully, got: exit status: 2
[INFO] [stderr] 
[INFO] [stderr]   build script failed, must exit now
[INFO] [stderr]   stack backtrace:
[INFO] [stderr]      0:     0x555d2486c6a6 - std::backtrace_rs::backtrace::libunwind::trace::h261606ad26a499c1
[INFO] [stderr]                                  at /rustc/0e09125c6c3c2fd70d7de961bcf0e51575235fad/library/std/src/../../backtrace/src/backtrace/libunwind.rs:104:5
[INFO] [stderr]      1:     0x555d2486c6a6 - std::backtrace_rs::backtrace::trace_unsynchronized::hd183f0625477fb28
[INFO] [stderr]                                  at /rustc/0e09125c6c3c2fd70d7de961bcf0e51575235fad/library/std/src/../../backtrace/src/backtrace/mod.rs:66:5
[INFO] [stderr]      2:     0x555d2486c6a6 - std::sys_common::backtrace::_print_fmt::hd7f8fef21b4eda67
[INFO] [stderr]                                  at /rustc/0e09125c6c3c2fd70d7de961bcf0e51575235fad/library/std/src/sys_common/backtrace.rs:68:5
[INFO] [stderr]      3:     0x555d2486c6a6 - <std::sys_common::backtrace::_print::DisplayBacktrace as core::fmt::Display>::fmt::h623d9b51f2f453f1
[INFO] [stderr]                                  at /rustc/0e09125c6c3c2fd70d7de961bcf0e51575235fad/library/std/src/sys_common/backtrace.rs:44:22
[INFO] [stderr]      4:     0x555d248977f0 - core::fmt::rt::Argument::fmt::h9f417ac76a86f368
[INFO] [stderr]                                  at /rustc/0e09125c6c3c2fd70d7de961bcf0e51575235fad/library/core/src/fmt/rt.rs:142:9
[INFO] [stderr]      5:     0x555d248977f0 - core::fmt::write::hc9b6faf4ac2aeff7
[INFO] [stderr]                                  at /rustc/0e09125c6c3c2fd70d7de961bcf0e51575235fad/library/core/src/fmt/mod.rs:1120:17
[INFO] [stderr]      6:     0x555d24869a2f - std::io::Write::write_fmt::hfead1eee52c2e65e
[INFO] [stderr]                                  at /rustc/0e09125c6c3c2fd70d7de961bcf0e51575235fad/library/std/src/io/mod.rs:1810:15
[INFO] [stderr]      7:     0x555d2486c484 - std::sys_common::backtrace::_print::hd5d66399c7df88a2
[INFO] [stderr]                                  at /rustc/0e09125c6c3c2fd70d7de961bcf0e51575235fad/library/std/src/sys_common/backtrace.rs:47:5
[INFO] [stderr]      8:     0x555d2486c484 - std::sys_common::backtrace::print::he81ed2da642d37e5
[INFO] [stderr]                                  at /rustc/0e09125c6c3c2fd70d7de961bcf0e51575235fad/library/std/src/sys_common/backtrace.rs:34:9
[INFO] [stderr]      9:     0x555d2486dd67 - std::panicking::default_hook::{{closure}}::h85773f4fa117163d
[INFO] [stderr]     10:     0x555d2486dac9 - std::panicking::default_hook::h6a1694a91d09b278
[INFO] [stderr]                                  at /rustc/0e09125c6c3c2fd70d7de961bcf0e51575235fad/library/std/src/panicking.rs:292:9
[INFO] [stderr]     11:     0x555d2486e1f8 - std::panicking::rust_panic_with_hook::h0a7ad96e90f7145b
[INFO] [stderr]                                  at /rustc/0e09125c6c3c2fd70d7de961bcf0e51575235fad/library/std/src/panicking.rs:779:13
[INFO] [stderr]     12:     0x555d2486e0d2 - std::panicking::begin_panic_handler::{{closure}}::h7919090525c6485e
[INFO] [stderr]                                  at /rustc/0e09125c6c3c2fd70d7de961bcf0e51575235fad/library/std/src/panicking.rs:657:13
[INFO] [stderr]     13:     0x555d2486cba6 - std::sys_common::backtrace::__rust_end_short_backtrace::hf3289479464f7dfe
[INFO] [stderr]                                  at /rustc/0e09125c6c3c2fd70d7de961bcf0e51575235fad/library/std/src/sys_common/backtrace.rs:171:18
[INFO] [stderr]     14:     0x555d2486de30 - rust_begin_unwind
[INFO] [stderr]                                  at /rustc/0e09125c6c3c2fd70d7de961bcf0e51575235fad/library/std/src/panicking.rs:645:5
[INFO] [stderr]     15:     0x555d242af7c5 - core::panicking::panic_fmt::hcc9f77c5c132af55
[INFO] [stderr]                                  at /rustc/0e09125c6c3c2fd70d7de961bcf0e51575235fad/library/core/src/panicking.rs:72:14
[INFO] [stderr]     16:     0x555d242caeb1 - cmake::fail::hcb3eddca85a7b29d
[INFO] [stderr]     17:     0x555d242ca647 - cmake::run::h8885bbd9acfd014c
[INFO] [stderr]     18:     0x555d242c6f7d - cmake::Config::build::h294fd1b4338e0c09
[INFO] [stderr]     19:     0x555d242b4e65 - build_script_build::build_z3::h150c6194be1b2625
[INFO] [stderr]     20:     0x555d242b40da - build_script_build::main::hc02de41a67d3df82
[INFO] [stderr]     21:     0x555d242b0be3 - core::ops::function::FnOnce::call_once::h60a4aeef1cbbcfee
[INFO] [stderr]     22:     0x555d242b0176 - std::sys_common::backtrace::__rust_begin_short_backtrace::h173c4e96561d3beb
[INFO] [stderr]     23:     0x555d242b0809 - std::rt::lang_start::{{closure}}::haabb4cb5f17a4734
[INFO] [stderr]     24:     0x555d24864fa1 - core::ops::function::impls::<impl core::ops::function::FnOnce<A> for &F>::call_once::h4eb4c5e1620f29b0
[INFO] [stderr]                                  at /rustc/0e09125c6c3c2fd70d7de961bcf0e51575235fad/library/core/src/ops/function.rs:284:13
[INFO] [stderr]     25:     0x555d24864fa1 - std::panicking::try::do_call::h73fd26535faffcdf
[INFO] [stderr]                                  at /rustc/0e09125c6c3c2fd70d7de961bcf0e51575235fad/library/std/src/panicking.rs:552:40
[INFO] [stderr]     26:     0x555d24864fa1 - std::panicking::try::h77ff1d98f0fb9f39
[INFO] [stderr]                                  at /rustc/0e09125c6c3c2fd70d7de961bcf0e51575235fad/library/std/src/panicking.rs:516:19
[INFO] [stderr]     27:     0x555d24864fa1 - std::panic::catch_unwind::hab3caf2448b95e37
[INFO] [stderr]                                  at /rustc/0e09125c6c3c2fd70d7de961bcf0e51575235fad/library/std/src/panic.rs:142:14
[INFO] [stderr]     28:     0x555d24864fa1 - std::rt::lang_start_internal::{{closure}}::h8086711f9c783f78
[INFO] [stderr]                                  at /rustc/0e09125c6c3c2fd70d7de961bcf0e51575235fad/library/std/src/rt.rs:148:48
[INFO] [stderr]     29:     0x555d24864fa1 - std::panicking::try::do_call::hf920d4dc291cd6ca
[INFO] [stderr]                                  at /rustc/0e09125c6c3c2fd70d7de961bcf0e51575235fad/library/std/src/panicking.rs:552:40
[INFO] [stderr]     30:     0x555d24864fa1 - std::panicking::try::h2b806ccc0a85db74
[INFO] [stderr]                                  at /rustc/0e09125c6c3c2fd70d7de961bcf0e51575235fad/library/std/src/panicking.rs:516:19
[INFO] [stderr]     31:     0x555d24864fa1 - std::panic::catch_unwind::h038489539c507df2
[INFO] [stderr]                                  at /rustc/0e09125c6c3c2fd70d7de961bcf0e51575235fad/library/std/src/panic.rs:142:14
[INFO] [stderr]     32:     0x555d24864fa1 - std::rt::lang_start_internal::h28503b88912e8a5c
[INFO] [stderr]                                  at /rustc/0e09125c6c3c2fd70d7de961bcf0e51575235fad/library/std/src/rt.rs:148:20
[INFO] [stderr]     33:     0x555d242b07e7 - std::rt::lang_start::h94478534e55c5be8
[INFO] [stderr]     34:     0x555d242b59c5 - main
[INFO] [stderr]     35:     0x7fb7ff139d90 - <unknown>
[INFO] [stderr]     36:     0x7fb7ff139e40 - __libc_start_main
[INFO] [stderr]     37:     0x555d242b00a5 - _start
[INFO] [stderr]     38:                0x0 - <unknown>
[INFO] running `Command { std: "docker" "inspect" "06f2e162ff554038896dc010b82134d7a4f423e81486cdb7bbed9921ec3c4f8c", kill_on_drop: false }`
[INFO] running `Command { std: "docker" "rm" "-f" "06f2e162ff554038896dc010b82134d7a4f423e81486cdb7bbed9921ec3c4f8c", kill_on_drop: false }`
[INFO] [stdout] 06f2e162ff554038896dc010b82134d7a4f423e81486cdb7bbed9921ec3c4f8c
