[INFO] cloning repository https://github.com/Subhranil-Maity/bluemoon-client
[INFO] running `Command { std: "git" "-c" "credential.helper=" "-c" "credential.helper=/workspace/cargo-home/bin/git-credential-null" "clone" "--bare" "https://github.com/Subhranil-Maity/bluemoon-client" "/workspace/cache/git-repos/https%3A%2F%2Fgithub.com%2FSubhranil-Maity%2Fbluemoon-client", kill_on_drop: false }`
[INFO] [stderr] Cloning into bare repository '/workspace/cache/git-repos/https%3A%2F%2Fgithub.com%2FSubhranil-Maity%2Fbluemoon-client'...
[INFO] running `Command { std: "git" "rev-parse" "HEAD", kill_on_drop: false }`
[INFO] [stdout] 00e55b55cde3d8febd6193237953c327f6cb8df2
[INFO] documenting Subhranil-Maity/bluemoon-client against 1.75.0 for beta-1.76-rustdoc-1
[INFO] running `Command { std: "git" "clone" "/workspace/cache/git-repos/https%3A%2F%2Fgithub.com%2FSubhranil-Maity%2Fbluemoon-client" "/workspace/builds/worker-1-tc1/source", kill_on_drop: false }`
[INFO] [stderr] Cloning into '/workspace/builds/worker-1-tc1/source'...
[INFO] [stderr] done.
[INFO] validating manifest of git repo https://github.com/Subhranil-Maity/bluemoon-client on toolchain 1.75.0
[INFO] running `Command { std: CARGO_HOME="/workspace/cargo-home" RUSTUP_HOME="/workspace/rustup-home" "/workspace/cargo-home/bin/cargo" "+1.75.0" "metadata" "--manifest-path" "Cargo.toml" "--no-deps", kill_on_drop: false }`
[INFO] started tweaking git repo https://github.com/Subhranil-Maity/bluemoon-client
[INFO] finished tweaking git repo https://github.com/Subhranil-Maity/bluemoon-client
[INFO] tweaked toml for git repo https://github.com/Subhranil-Maity/bluemoon-client written to /workspace/builds/worker-1-tc1/source/Cargo.toml
[INFO] crate git repo https://github.com/Subhranil-Maity/bluemoon-client already has a lockfile, it will not be regenerated
[INFO] running `Command { std: CARGO_HOME="/workspace/cargo-home" RUSTUP_HOME="/workspace/rustup-home" "/workspace/cargo-home/bin/cargo" "+1.75.0" "fetch" "--manifest-path" "Cargo.toml", kill_on_drop: false }`
[INFO] [stderr]     Updating crates.io index
[INFO] [stderr]  Downloading crates ...
[INFO] [stderr]   Downloaded color-print v0.3.5
[INFO] [stderr]   Downloaded color-print-proc-macro v0.3.5
[INFO] running `Command { std: "docker" "create" "-v" "/var/lib/crater-agent-workspace/builds/worker-1-tc1/target:/opt/rustwide/target:rw,Z" "-v" "/var/lib/crater-agent-workspace/builds/worker-1-tc1/source:/opt/rustwide/workdir:ro,Z" "-v" "/var/lib/crater-agent-workspace/cargo-home:/opt/rustwide/cargo-home:ro,Z" "-v" "/var/lib/crater-agent-workspace/rustup-home:/opt/rustwide/rustup-home:ro,Z" "-e" "SOURCE_DIR=/opt/rustwide/workdir" "-e" "CARGO_TARGET_DIR=/opt/rustwide/target" "-e" "CARGO_HOME=/opt/rustwide/cargo-home" "-e" "RUSTUP_HOME=/opt/rustwide/rustup-home" "-w" "/opt/rustwide/workdir" "-m" "1610612736" "--user" "0:0" "--network" "none" "ghcr.io/rust-lang/crates-build-env/linux@sha256:2788e3201cd34a07e3172128adcd8b3090168a8e3bcc40d7c032b9dda1df7d1c" "/opt/rustwide/cargo-home/bin/cargo" "+1.75.0" "metadata" "--no-deps" "--format-version=1", kill_on_drop: false }`
[INFO] [stdout] 615d64df0689365cbc04bb0369f3b32a7ae13795f443d1842df0434c0395eaa0
[INFO] running `Command { std: "docker" "start" "-a" "615d64df0689365cbc04bb0369f3b32a7ae13795f443d1842df0434c0395eaa0", kill_on_drop: false }`
[INFO] running `Command { std: "docker" "inspect" "615d64df0689365cbc04bb0369f3b32a7ae13795f443d1842df0434c0395eaa0", kill_on_drop: false }`
[INFO] running `Command { std: "docker" "rm" "-f" "615d64df0689365cbc04bb0369f3b32a7ae13795f443d1842df0434c0395eaa0", kill_on_drop: false }`
[INFO] [stdout] 615d64df0689365cbc04bb0369f3b32a7ae13795f443d1842df0434c0395eaa0
[INFO] running `Command { std: "docker" "create" "-v" "/var/lib/crater-agent-workspace/builds/worker-1-tc1/target:/opt/rustwide/target:rw,Z" "-v" "/var/lib/crater-agent-workspace/builds/worker-1-tc1/source:/opt/rustwide/workdir:ro,Z" "-v" "/var/lib/crater-agent-workspace/cargo-home:/opt/rustwide/cargo-home:ro,Z" "-v" "/var/lib/crater-agent-workspace/rustup-home:/opt/rustwide/rustup-home:ro,Z" "-e" "SOURCE_DIR=/opt/rustwide/workdir" "-e" "CARGO_TARGET_DIR=/opt/rustwide/target" "-e" "CARGO_INCREMENTAL=0" "-e" "RUST_BACKTRACE=full" "-e" "RUSTFLAGS=--cap-lints=warn" "-e" "RUSTDOCFLAGS=--cap-lints=warn" "-e" "CARGO_HOME=/opt/rustwide/cargo-home" "-e" "RUSTUP_HOME=/opt/rustwide/rustup-home" "-w" "/opt/rustwide/workdir" "-m" "1610612736" "--user" "0:0" "--network" "none" "ghcr.io/rust-lang/crates-build-env/linux@sha256:2788e3201cd34a07e3172128adcd8b3090168a8e3bcc40d7c032b9dda1df7d1c" "/opt/rustwide/cargo-home/bin/cargo" "+1.75.0" "doc" "--frozen" "--no-deps" "--document-private-items" "--message-format=json", kill_on_drop: false }`
[INFO] [stdout] 1f7fc3c0aaf5aba2a9ea2ab750646dc88db9fb424cbe65b86910427ab3867a03
[INFO] running `Command { std: "docker" "start" "-a" "1f7fc3c0aaf5aba2a9ea2ab750646dc88db9fb424cbe65b86910427ab3867a03", kill_on_drop: false }`
[INFO] [stderr]    Compiling proc-macro2 v1.0.69
[INFO] [stderr]    Compiling unicode-ident v1.0.12
[INFO] [stderr]    Compiling libc v0.2.150
[INFO] [stderr]     Checking scopeguard v1.2.0
[INFO] [stderr]    Compiling rustversion v1.0.14
[INFO] [stderr]     Checking pin-project-lite v0.2.13
[INFO] [stderr]    Compiling futures-core v0.3.29
[INFO] [stderr]     Checking itoa v1.0.9
[INFO] [stderr]    Compiling memoffset v0.9.0
[INFO] [stderr]    Compiling lock_api v0.4.11
[INFO] [stderr]    Compiling futures-task v0.3.29
[INFO] [stderr]     Checking bytes v1.5.0
[INFO] [stderr]    Compiling parking_lot_core v0.9.9
[INFO] [stderr]    Compiling crossbeam-utils v0.8.16
[INFO] [stderr]    Compiling crossbeam-epoch v0.9.15
[INFO] [stderr]     Checking smallvec v1.11.1
[INFO] [stderr]     Checking once_cell v1.18.0
[INFO] [stderr]    Compiling serde v1.0.192
[INFO] [stderr]    Compiling futures-util v0.3.29
[INFO] [stderr]     Checking http v0.2.9
[INFO] [stderr]    Compiling quote v1.0.33
[INFO] [stderr]     Checking tracing-core v0.1.32
[INFO] [stderr]    Compiling syn v2.0.39
[INFO] [stderr]     Checking log v0.4.20
[INFO] [stderr]     Checking mio v0.8.9
[INFO] [stderr]     Checking socket2 v0.5.5
[INFO] [stderr]     Checking signal-hook-registry v1.4.1
[INFO] [stderr]     Checking num_cpus v1.16.0
[INFO] [stderr]    Compiling rayon-core v1.12.0
[INFO] [stderr]     Checking parking_lot v0.12.1
[INFO] [stderr]    Compiling syn v1.0.109
[INFO] [stderr]    Compiling async-trait v0.1.74
[INFO] [stderr]    Compiling futures-channel v0.3.29
[INFO] [stderr]     Checking tracing v0.1.40
[INFO] [stderr]     Checking http-body v0.4.5
[INFO] [stderr]    Compiling axum-core v0.3.4
[INFO] [stderr]     Checking crossbeam-deque v0.8.3
[INFO] [stderr]     Checking percent-encoding v2.3.0
[INFO] [stderr]    Compiling memchr v2.6.4
[INFO] [stderr]    Compiling serde_json v1.0.108
[INFO] [stderr]    Compiling minimal-lexical v0.2.1
[INFO] [stderr]     Checking ryu v1.0.15
[INFO] [stderr]     Checking tower-layer v0.3.2
[INFO] [stderr]     Checking want v0.3.1
[INFO] [stderr]     Checking form_urlencoded v1.2.0
[INFO] [stderr]    Compiling axum v0.6.20
[INFO] [stderr]     Checking socket2 v0.4.10
[INFO] [stderr]     Checking either v1.9.0
[INFO] [stderr]     Checking mime v0.3.17
[INFO] [stderr]     Checking httpdate v1.0.3
[INFO] [stderr]     Checking rayon v1.8.0
[INFO] [stderr]    Compiling nom v7.1.3
[INFO] [stderr]     Checking matchit v0.7.3
[INFO] [stderr]     Checking sync_wrapper v0.1.2
[INFO] [stderr]    Compiling color-print-proc-macro v0.3.5
[INFO] [stderr]     Checking sysinfo v0.29.10
[INFO] [stderr]    Compiling serde_derive v1.0.192
[INFO] [stderr]    Compiling tokio-macros v2.1.0
[INFO] [stderr]    Compiling pin-project-internal v1.1.3
[INFO] [stderr]     Checking color-print v0.3.5
[INFO] [stderr]     Checking tokio v1.33.0
[INFO] [stderr]     Checking pin-project v1.1.3
[INFO] [stderr]     Checking tower v0.4.13
[INFO] [stderr]     Checking hyper v0.14.27
[INFO] [stderr]     Checking serde_urlencoded v0.7.1
[INFO] [stderr]     Checking serde_path_to_error v0.1.14
[INFO] [stderr]     Checking bluemoon_server v0.1.0 (/opt/rustwide/workdir)
[INFO] [stderr]  Documenting bluemoon_server v0.1.0 (/opt/rustwide/workdir)
[INFO] [stdout] error[E0433]: failed to resolve: could not find `windows` in `os`
[INFO] [stdout]  --> src/utils/fs.rs:2:14
[INFO] [stdout]   |
[INFO] [stdout] 2 | use std::os::windows::fs::MetadataExt;
[INFO] [stdout]   |              ^^^^^^^ could not find `windows` in `os`
[INFO] [stdout] 
[INFO] [stdout] 
[INFO] [stdout] error[E0433]: failed to resolve: could not find `windows` in `os`
[INFO] [stdout]  --> src/utils/fs.rs:2:14
[INFO] [stdout]   |
[INFO] [stdout] 2 | use std::os::windows::fs::MetadataExt;
[INFO] [stdout]   |              ^^^^^^^ could not find `windows` in `os`
[INFO] [stdout] 
[INFO] [stdout] 
[INFO] [stdout] error: aborting due to previous error
[INFO] [stdout] 
[INFO] [stdout] 
[INFO] [stdout] For more information about this error, try `rustc --explain E0433`.
[INFO] [stdout] 
[INFO] [stderr] error: could not document `bluemoon_server`
[INFO] [stderr] 
[INFO] [stderr] Caused by:
[INFO] [stderr]   process didn't exit successfully: `/opt/rustwide/rustup-home/toolchains/1.75.0-x86_64-unknown-linux-gnu/bin/rustdoc --edition=2021 --crate-type lib --crate-name bluemoon_server src/lib.rs -o /opt/rustwide/target/doc --error-format=json --json=diagnostic-rendered-ansi,artifacts,future-incompat --document-private-items -C metadata=d55bbac580592106 -L dependency=/opt/rustwide/target/debug/deps --extern axum=/opt/rustwide/target/debug/deps/libaxum-214519026988511c.rmeta --extern color_print=/opt/rustwide/target/debug/deps/libcolor_print-0b99f7d4b2501049.rmeta --extern once_cell=/opt/rustwide/target/debug/deps/libonce_cell-5022bfb9325dfd1a.rmeta --extern serde=/opt/rustwide/target/debug/deps/libserde-caa95cb3ec566475.rmeta --extern serde_json=/opt/rustwide/target/debug/deps/libserde_json-9b857e011c117352.rmeta --extern sysinfo=/opt/rustwide/target/debug/deps/libsysinfo-ee292fab1f67d1d2.rmeta --extern tokio=/opt/rustwide/target/debug/deps/libtokio-06356258193d5bc0.rmeta --cap-lints=warn --crate-version 0.1.0` (exit status: 1)
[INFO] [stderr] warning: build failed, waiting for other jobs to finish...
[INFO] [stdout] error[E0599]: no method named `file_size` found for struct `Metadata` in the current scope
[INFO] [stdout]   --> src/utils/fs.rs:41:37
[INFO] [stdout]    |
[INFO] [stdout] 41 |         get_metadata(path).unwrap().file_size(),
[INFO] [stdout]    |                                     ^^^^^^^^^ help: there is a method with a similar name: `file_type`
[INFO] [stdout] 
[INFO] [stdout] 
[INFO] [stdout] error: aborting due to 2 previous errors
[INFO] [stdout] 
[INFO] [stdout] 
[INFO] [stdout] Some errors have detailed explanations: E0433, E0599.
[INFO] [stdout] 
[INFO] [stdout] For more information about an error, try `rustc --explain E0433`.
[INFO] [stdout] 
[INFO] [stderr] error: could not compile `bluemoon_server` (lib) due to 3 previous errors
[INFO] running `Command { std: "docker" "inspect" "1f7fc3c0aaf5aba2a9ea2ab750646dc88db9fb424cbe65b86910427ab3867a03", kill_on_drop: false }`
[INFO] running `Command { std: "docker" "rm" "-f" "1f7fc3c0aaf5aba2a9ea2ab750646dc88db9fb424cbe65b86910427ab3867a03", kill_on_drop: false }`
[INFO] [stdout] 1f7fc3c0aaf5aba2a9ea2ab750646dc88db9fb424cbe65b86910427ab3867a03
[INFO] documenting Subhranil-Maity/bluemoon-client against beta-2023-12-22 for beta-1.76-rustdoc-1
[INFO] running `Command { std: "git" "clone" "/workspace/cache/git-repos/https%3A%2F%2Fgithub.com%2FSubhranil-Maity%2Fbluemoon-client" "/workspace/builds/worker-1-tc2/source", kill_on_drop: false }`
[INFO] [stderr] Cloning into '/workspace/builds/worker-1-tc2/source'...
[INFO] [stderr] done.
[INFO] validating manifest of git repo https://github.com/Subhranil-Maity/bluemoon-client on toolchain beta-2023-12-22
[INFO] running `Command { std: CARGO_HOME="/workspace/cargo-home" RUSTUP_HOME="/workspace/rustup-home" "/workspace/cargo-home/bin/cargo" "+beta-2023-12-22" "metadata" "--manifest-path" "Cargo.toml" "--no-deps", kill_on_drop: false }`
[INFO] started tweaking git repo https://github.com/Subhranil-Maity/bluemoon-client
[INFO] finished tweaking git repo https://github.com/Subhranil-Maity/bluemoon-client
[INFO] tweaked toml for git repo https://github.com/Subhranil-Maity/bluemoon-client written to /workspace/builds/worker-1-tc2/source/Cargo.toml
[INFO] crate git repo https://github.com/Subhranil-Maity/bluemoon-client already has a lockfile, it will not be regenerated
[INFO] running `Command { std: CARGO_HOME="/workspace/cargo-home" RUSTUP_HOME="/workspace/rustup-home" "/workspace/cargo-home/bin/cargo" "+beta-2023-12-22" "fetch" "--manifest-path" "Cargo.toml", kill_on_drop: false }`
[INFO] running `Command { std: "docker" "create" "-v" "/var/lib/crater-agent-workspace/builds/worker-1-tc2/target:/opt/rustwide/target:rw,Z" "-v" "/var/lib/crater-agent-workspace/builds/worker-1-tc2/source:/opt/rustwide/workdir:ro,Z" "-v" "/var/lib/crater-agent-workspace/cargo-home:/opt/rustwide/cargo-home:ro,Z" "-v" "/var/lib/crater-agent-workspace/rustup-home:/opt/rustwide/rustup-home:ro,Z" "-e" "SOURCE_DIR=/opt/rustwide/workdir" "-e" "CARGO_TARGET_DIR=/opt/rustwide/target" "-e" "CARGO_HOME=/opt/rustwide/cargo-home" "-e" "RUSTUP_HOME=/opt/rustwide/rustup-home" "-w" "/opt/rustwide/workdir" "-m" "1610612736" "--user" "0:0" "--network" "none" "ghcr.io/rust-lang/crates-build-env/linux@sha256:2788e3201cd34a07e3172128adcd8b3090168a8e3bcc40d7c032b9dda1df7d1c" "/opt/rustwide/cargo-home/bin/cargo" "+beta-2023-12-22" "metadata" "--no-deps" "--format-version=1", kill_on_drop: false }`
[INFO] [stdout] 98e4ee2d140e625c9109badc510b4dbfd37e1248c338d466877d49ed05729254
[INFO] running `Command { std: "docker" "start" "-a" "98e4ee2d140e625c9109badc510b4dbfd37e1248c338d466877d49ed05729254", kill_on_drop: false }`
[INFO] running `Command { std: "docker" "inspect" "98e4ee2d140e625c9109badc510b4dbfd37e1248c338d466877d49ed05729254", kill_on_drop: false }`
[INFO] running `Command { std: "docker" "rm" "-f" "98e4ee2d140e625c9109badc510b4dbfd37e1248c338d466877d49ed05729254", kill_on_drop: false }`
[INFO] [stdout] 98e4ee2d140e625c9109badc510b4dbfd37e1248c338d466877d49ed05729254
[INFO] running `Command { std: "docker" "create" "-v" "/var/lib/crater-agent-workspace/builds/worker-1-tc2/target:/opt/rustwide/target:rw,Z" "-v" "/var/lib/crater-agent-workspace/builds/worker-1-tc2/source:/opt/rustwide/workdir:ro,Z" "-v" "/var/lib/crater-agent-workspace/cargo-home:/opt/rustwide/cargo-home:ro,Z" "-v" "/var/lib/crater-agent-workspace/rustup-home:/opt/rustwide/rustup-home:ro,Z" "-e" "SOURCE_DIR=/opt/rustwide/workdir" "-e" "CARGO_TARGET_DIR=/opt/rustwide/target" "-e" "CARGO_INCREMENTAL=0" "-e" "RUST_BACKTRACE=full" "-e" "RUSTFLAGS=--cap-lints=warn" "-e" "RUSTDOCFLAGS=--cap-lints=warn" "-e" "CARGO_HOME=/opt/rustwide/cargo-home" "-e" "RUSTUP_HOME=/opt/rustwide/rustup-home" "-w" "/opt/rustwide/workdir" "-m" "1610612736" "--user" "0:0" "--network" "none" "ghcr.io/rust-lang/crates-build-env/linux@sha256:2788e3201cd34a07e3172128adcd8b3090168a8e3bcc40d7c032b9dda1df7d1c" "/opt/rustwide/cargo-home/bin/cargo" "+beta-2023-12-22" "doc" "--frozen" "--no-deps" "--document-private-items" "--message-format=json", kill_on_drop: false }`
[INFO] [stdout] 261c385777c090214a98d1870f089f473248395bd93dabd67e00328f34ee1ad6
[INFO] running `Command { std: "docker" "start" "-a" "261c385777c090214a98d1870f089f473248395bd93dabd67e00328f34ee1ad6", kill_on_drop: false }`
[INFO] [stderr]    Compiling proc-macro2 v1.0.69
[INFO] [stderr]    Compiling unicode-ident v1.0.12
[INFO] [stderr]    Compiling libc v0.2.150
[INFO] [stderr]     Checking scopeguard v1.2.0
[INFO] [stderr]    Compiling futures-core v0.3.29
[INFO] [stderr]     Checking itoa v1.0.9
[INFO] [stderr]    Compiling rustversion v1.0.14
[INFO] [stderr]     Checking pin-project-lite v0.2.13
[INFO] [stderr]    Compiling memoffset v0.9.0
[INFO] [stderr]    Compiling lock_api v0.4.11
[INFO] [stderr]    Compiling parking_lot_core v0.9.9
[INFO] [stderr]    Compiling futures-task v0.3.29
[INFO] [stderr]     Checking bytes v1.5.0
[INFO] [stderr]    Compiling crossbeam-utils v0.8.16
[INFO] [stderr]    Compiling crossbeam-epoch v0.9.15
[INFO] [stderr]    Compiling futures-util v0.3.29
[INFO] [stderr]     Checking once_cell v1.18.0
[INFO] [stderr]    Compiling serde v1.0.192
[INFO] [stderr]     Checking smallvec v1.11.1
[INFO] [stderr]     Checking http v0.2.9
[INFO] [stderr]    Compiling quote v1.0.33
[INFO] [stderr]     Checking tracing-core v0.1.32
[INFO] [stderr]    Compiling syn v2.0.39
[INFO] [stderr]    Compiling rayon-core v1.12.0
[INFO] [stderr]     Checking signal-hook-registry v1.4.1
[INFO] [stderr]     Checking mio v0.8.9
[INFO] [stderr]     Checking socket2 v0.5.5
[INFO] [stderr]     Checking num_cpus v1.16.0
[INFO] [stderr]     Checking parking_lot v0.12.1
[INFO] [stderr]    Compiling syn v1.0.109
[INFO] [stderr]    Compiling futures-channel v0.3.29
[INFO] [stderr]    Compiling async-trait v0.1.74
[INFO] [stderr]     Checking log v0.4.20
[INFO] [stderr]     Checking http-body v0.4.5
[INFO] [stderr]     Checking tracing v0.1.40
[INFO] [stderr]    Compiling axum-core v0.3.4
[INFO] [stderr]     Checking crossbeam-deque v0.8.3
[INFO] [stderr]     Checking tower-layer v0.3.2
[INFO] [stderr]    Compiling memchr v2.6.4
[INFO] [stderr]    Compiling serde_json v1.0.108
[INFO] [stderr]     Checking percent-encoding v2.3.0
[INFO] [stderr]     Checking ryu v1.0.15
[INFO] [stderr]    Compiling minimal-lexical v0.2.1
[INFO] [stderr]     Checking want v0.3.1
[INFO] [stderr]     Checking form_urlencoded v1.2.0
[INFO] [stderr]    Compiling axum v0.6.20
[INFO] [stderr]     Checking socket2 v0.4.10
[INFO] [stderr]     Checking mime v0.3.17
[INFO] [stderr]     Checking httpdate v1.0.3
[INFO] [stderr]     Checking either v1.9.0
[INFO] [stderr]    Compiling nom v7.1.3
[INFO] [stderr]     Checking matchit v0.7.3
[INFO] [stderr]     Checking rayon v1.8.0
[INFO] [stderr]     Checking sync_wrapper v0.1.2
[INFO] [stderr]    Compiling color-print-proc-macro v0.3.5
[INFO] [stderr]     Checking sysinfo v0.29.10
[INFO] [stderr]    Compiling serde_derive v1.0.192
[INFO] [stderr]    Compiling tokio-macros v2.1.0
[INFO] [stderr]    Compiling pin-project-internal v1.1.3
[INFO] [stderr]     Checking color-print v0.3.5
[INFO] [stderr]     Checking tokio v1.33.0
[INFO] [stderr]     Checking pin-project v1.1.3
[INFO] [stderr]     Checking tower v0.4.13
[INFO] [stderr]     Checking hyper v0.14.27
[INFO] [stderr]     Checking serde_urlencoded v0.7.1
[INFO] [stderr]     Checking serde_path_to_error v0.1.14
[INFO] [stderr]     Checking bluemoon_server v0.1.0 (/opt/rustwide/workdir)
[INFO] [stderr]  Documenting bluemoon_server v0.1.0 (/opt/rustwide/workdir)
[INFO] [stdout] error[E0433]: failed to resolve: could not find `windows` in `os`
[INFO] [stdout]  --> src/utils/fs.rs:2:14
[INFO] [stdout]   |
[INFO] [stdout] 2 | use std::os::windows::fs::MetadataExt;
[INFO] [stdout]   |              ^^^^^^^ could not find `windows` in `os`
[INFO] [stdout] 
[INFO] [stdout] 
[INFO] [stdout] error[E0433]: failed to resolve: could not find `windows` in `os`
[INFO] [stdout]  --> src/utils/fs.rs:2:14
[INFO] [stdout]   |
[INFO] [stdout] 2 | use std::os::windows::fs::MetadataExt;
[INFO] [stdout]   |              ^^^^^^^ could not find `windows` in `os`
[INFO] [stdout] 
[INFO] [stdout] 
[INFO] [stdout] error: aborting due to 1 previous error
[INFO] [stdout] 
[INFO] [stdout] 
[INFO] [stdout] For more information about this error, try `rustc --explain E0433`.
[INFO] [stdout] 
[INFO] [stderr] error: could not document `bluemoon_server`
[INFO] [stderr] 
[INFO] [stderr] Caused by:
[INFO] [stderr]   process didn't exit successfully: `/opt/rustwide/rustup-home/toolchains/beta-2023-12-22-x86_64-unknown-linux-gnu/bin/rustdoc --edition=2021 --crate-type lib --crate-name bluemoon_server src/lib.rs -o /opt/rustwide/target/doc --error-format=json --json=diagnostic-rendered-ansi,artifacts,future-incompat --document-private-items -C metadata=72640186b918acc4 -L dependency=/opt/rustwide/target/debug/deps --extern axum=/opt/rustwide/target/debug/deps/libaxum-6eb9862252d266ce.rmeta --extern color_print=/opt/rustwide/target/debug/deps/libcolor_print-f4579eecc96eb2f9.rmeta --extern once_cell=/opt/rustwide/target/debug/deps/libonce_cell-69e0e9fac18d9775.rmeta --extern serde=/opt/rustwide/target/debug/deps/libserde-cec9829a43a08fb2.rmeta --extern serde_json=/opt/rustwide/target/debug/deps/libserde_json-d32c2d678f75048a.rmeta --extern sysinfo=/opt/rustwide/target/debug/deps/libsysinfo-4b768052a7474d60.rmeta --extern tokio=/opt/rustwide/target/debug/deps/libtokio-467346b76672c09f.rmeta --cap-lints=warn --crate-version 0.1.0` (exit status: 1)
[INFO] [stderr] warning: build failed, waiting for other jobs to finish...
[INFO] [stdout] error[E0599]: no method named `file_size` found for struct `Metadata` in the current scope
[INFO] [stdout]   --> src/utils/fs.rs:41:37
[INFO] [stdout]    |
[INFO] [stdout] 41 |         get_metadata(path).unwrap().file_size(),
[INFO] [stdout]    |                                     ^^^^^^^^^ help: there is a method with a similar name: `file_type`
[INFO] [stdout] 
[INFO] [stdout] 
[INFO] [stdout] error: aborting due to 2 previous errors
[INFO] [stdout] 
[INFO] [stdout] 
[INFO] [stdout] Some errors have detailed explanations: E0433, E0599.
[INFO] [stdout] 
[INFO] [stdout] For more information about an error, try `rustc --explain E0433`.
[INFO] [stdout] 
[INFO] [stderr] error: could not compile `bluemoon_server` (lib) due to 3 previous errors
[INFO] running `Command { std: "docker" "inspect" "261c385777c090214a98d1870f089f473248395bd93dabd67e00328f34ee1ad6", kill_on_drop: false }`
[INFO] running `Command { std: "docker" "rm" "-f" "261c385777c090214a98d1870f089f473248395bd93dabd67e00328f34ee1ad6", kill_on_drop: false }`
[INFO] [stdout] 261c385777c090214a98d1870f089f473248395bd93dabd67e00328f34ee1ad6
