[INFO] cloning repository https://github.com/Strrationalism/SDFTool
[INFO] running `Command { std: "git" "-c" "credential.helper=" "-c" "credential.helper=/workspace/cargo-home/bin/git-credential-null" "clone" "--bare" "https://github.com/Strrationalism/SDFTool" "/workspace/cache/git-repos/https%3A%2F%2Fgithub.com%2FStrrationalism%2FSDFTool", kill_on_drop: false }`
[INFO] [stderr] Cloning into bare repository '/workspace/cache/git-repos/https%3A%2F%2Fgithub.com%2FStrrationalism%2FSDFTool'...
[INFO] running `Command { std: "git" "rev-parse" "HEAD", kill_on_drop: false }`
[INFO] [stdout] a80097c83377bd02027b8e5f6e032ddc0e639142
[INFO] documenting Strrationalism/SDFTool against 1.75.0 for beta-1.76-rustdoc-1
[INFO] running `Command { std: "git" "clone" "/workspace/cache/git-repos/https%3A%2F%2Fgithub.com%2FStrrationalism%2FSDFTool" "/workspace/builds/worker-1-tc1/source", kill_on_drop: false }`
[INFO] [stderr] Cloning into '/workspace/builds/worker-1-tc1/source'...
[INFO] [stderr] done.
[INFO] validating manifest of git repo https://github.com/Strrationalism/SDFTool on toolchain 1.75.0
[INFO] running `Command { std: CARGO_HOME="/workspace/cargo-home" RUSTUP_HOME="/workspace/rustup-home" "/workspace/cargo-home/bin/cargo" "+1.75.0" "metadata" "--manifest-path" "Cargo.toml" "--no-deps", kill_on_drop: false }`
[INFO] started tweaking git repo https://github.com/Strrationalism/SDFTool
[INFO] finished tweaking git repo https://github.com/Strrationalism/SDFTool
[INFO] tweaked toml for git repo https://github.com/Strrationalism/SDFTool written to /workspace/builds/worker-1-tc1/source/Cargo.toml
[INFO] running `Command { std: CARGO_HOME="/workspace/cargo-home" RUSTUP_HOME="/workspace/rustup-home" "/workspace/cargo-home/bin/cargo" "+1.75.0" "generate-lockfile" "--manifest-path" "Cargo.toml", kill_on_drop: false }`
[INFO] [stderr]     Updating crates.io index
[INFO] running `Command { std: CARGO_HOME="/workspace/cargo-home" RUSTUP_HOME="/workspace/rustup-home" "/workspace/cargo-home/bin/cargo" "+1.75.0" "fetch" "--manifest-path" "Cargo.toml", kill_on_drop: false }`
[INFO] [stderr]  Downloading crates ...
[INFO] [stderr]   Downloaded cl-sys v0.4.3
[INFO] [stderr]   Downloaded cl3 v0.5.1
[INFO] [stderr]   Downloaded progress_bar v0.1.3
[INFO] [stderr]   Downloaded opencl3 v0.5.3
[INFO] running `Command { std: "docker" "create" "-v" "/var/lib/crater-agent-workspace/builds/worker-1-tc1/target:/opt/rustwide/target:rw,Z" "-v" "/var/lib/crater-agent-workspace/builds/worker-1-tc1/source:/opt/rustwide/workdir:ro,Z" "-v" "/var/lib/crater-agent-workspace/cargo-home:/opt/rustwide/cargo-home:ro,Z" "-v" "/var/lib/crater-agent-workspace/rustup-home:/opt/rustwide/rustup-home:ro,Z" "-e" "SOURCE_DIR=/opt/rustwide/workdir" "-e" "CARGO_TARGET_DIR=/opt/rustwide/target" "-e" "CARGO_HOME=/opt/rustwide/cargo-home" "-e" "RUSTUP_HOME=/opt/rustwide/rustup-home" "-w" "/opt/rustwide/workdir" "-m" "1610612736" "--user" "0:0" "--network" "none" "ghcr.io/rust-lang/crates-build-env/linux@sha256:2788e3201cd34a07e3172128adcd8b3090168a8e3bcc40d7c032b9dda1df7d1c" "/opt/rustwide/cargo-home/bin/cargo" "+1.75.0" "metadata" "--no-deps" "--format-version=1", kill_on_drop: false }`
[INFO] [stdout] 13856d52ce0ffbe8eae5afc07d2c52770c7fa54755b96fe2158e1bde05ab9c47
[INFO] running `Command { std: "docker" "start" "-a" "13856d52ce0ffbe8eae5afc07d2c52770c7fa54755b96fe2158e1bde05ab9c47", kill_on_drop: false }`
[INFO] running `Command { std: "docker" "inspect" "13856d52ce0ffbe8eae5afc07d2c52770c7fa54755b96fe2158e1bde05ab9c47", kill_on_drop: false }`
[INFO] running `Command { std: "docker" "rm" "-f" "13856d52ce0ffbe8eae5afc07d2c52770c7fa54755b96fe2158e1bde05ab9c47", kill_on_drop: false }`
[INFO] [stdout] 13856d52ce0ffbe8eae5afc07d2c52770c7fa54755b96fe2158e1bde05ab9c47
[INFO] running `Command { std: "docker" "create" "-v" "/var/lib/crater-agent-workspace/builds/worker-1-tc1/target:/opt/rustwide/target:rw,Z" "-v" "/var/lib/crater-agent-workspace/builds/worker-1-tc1/source:/opt/rustwide/workdir:ro,Z" "-v" "/var/lib/crater-agent-workspace/cargo-home:/opt/rustwide/cargo-home:ro,Z" "-v" "/var/lib/crater-agent-workspace/rustup-home:/opt/rustwide/rustup-home:ro,Z" "-e" "SOURCE_DIR=/opt/rustwide/workdir" "-e" "CARGO_TARGET_DIR=/opt/rustwide/target" "-e" "CARGO_INCREMENTAL=0" "-e" "RUST_BACKTRACE=full" "-e" "RUSTFLAGS=--cap-lints=warn" "-e" "RUSTDOCFLAGS=--cap-lints=warn" "-e" "CARGO_HOME=/opt/rustwide/cargo-home" "-e" "RUSTUP_HOME=/opt/rustwide/rustup-home" "-w" "/opt/rustwide/workdir" "-m" "1610612736" "--user" "0:0" "--network" "none" "ghcr.io/rust-lang/crates-build-env/linux@sha256:2788e3201cd34a07e3172128adcd8b3090168a8e3bcc40d7c032b9dda1df7d1c" "/opt/rustwide/cargo-home/bin/cargo" "+1.75.0" "doc" "--frozen" "--no-deps" "--document-private-items" "--message-format=json", kill_on_drop: false }`
[INFO] [stdout] 114d0bd59eb3dfe16ef83e06d7db5c1f322e0c372ad0ad4d217a6edebb5be7ca
[INFO] running `Command { std: "docker" "start" "-a" "114d0bd59eb3dfe16ef83e06d7db5c1f322e0c372ad0ad4d217a6edebb5be7ca", kill_on_drop: false }`
[INFO] [stderr]    Compiling libc v0.2.151
[INFO] [stderr]     Checking simd-adler32 v0.3.7
[INFO] [stderr]    Compiling cl-sys v0.4.3
[INFO] [stderr]     Checking ttf-parser v0.15.2
[INFO] [stderr]     Checking unicode-width v0.1.11
[INFO] [stderr]     Checking ansi_term v0.12.1
[INFO] [stderr]     Checking ab_glyph_rasterizer v0.1.8
[INFO] [stderr]    Compiling sdftool v0.9.3 (/opt/rustwide/workdir)
[INFO] [stdout] error[E0658]: use of unstable library feature 'fs_try_exists'
[INFO] [stdout]  --> build.rs:7:9
[INFO] [stdout]   |
[INFO] [stdout] 7 |     if !try_exists("./OpenCL-SDK/build").unwrap() {
[INFO] [stdout]   |         ^^^^^^^^^^
[INFO] [stdout]   |
[INFO] [stdout]   = note: see issue #83186 <https://github.com/rust-lang/rust/issues/83186> for more information
[INFO] [stdout] 
[INFO] [stdout] 
[INFO] [stdout] error[E0658]: use of unstable library feature 'fs_try_exists'
[INFO] [stdout]   --> build.rs:18:9
[INFO] [stdout]    |
[INFO] [stdout] 18 |     if !try_exists("./OpenCL-SDK/build/Makefile").unwrap() {
[INFO] [stdout]    |         ^^^^^^^^^^
[INFO] [stdout]    |
[INFO] [stdout]    = note: see issue #83186 <https://github.com/rust-lang/rust/issues/83186> for more information
[INFO] [stdout] 
[INFO] [stdout] 
[INFO] [stdout] error[E0554]: `#![feature]` may not be used on the stable release channel
[INFO] [stdout]  --> build.rs:1:12
[INFO] [stdout]   |
[INFO] [stdout] 1 | #![feature(path_try_exists)]
[INFO] [stdout]   |            ^^^^^^^^^^^^^^^
[INFO] [stdout] 
[INFO] [stdout] 
[INFO] [stdout] warning: the feature `path_try_exists` has been stable since 1.63.0 and no longer requires an attribute to enable
[INFO] [stdout]  --> build.rs:1:12
[INFO] [stdout]   |
[INFO] [stdout] 1 | #![feature(path_try_exists)]
[INFO] [stdout]   |            ^^^^^^^^^^^^^^^
[INFO] [stdout]   |
[INFO] [stdout]   = note: `#[warn(stable_features)]` on by default
[INFO] [stdout] 
[INFO] [stdout] 
[INFO] [stderr]     Checking miniz_oxide v0.7.1
[INFO] [stdout] error: aborting due to 3 previous errors; 1 warning emitted
[INFO] [stdout] 
[INFO] [stdout] 
[INFO] [stdout] Some errors have detailed explanations: E0554, E0658.
[INFO] [stdout] 
[INFO] [stdout] For more information about an error, try `rustc --explain E0554`.
[INFO] [stdout] 
[INFO] [stderr] error: could not compile `sdftool` (build script) due to 4 previous errors; 1 warning emitted
[INFO] [stderr] warning: build failed, waiting for other jobs to finish...
[INFO] running `Command { std: "docker" "inspect" "114d0bd59eb3dfe16ef83e06d7db5c1f322e0c372ad0ad4d217a6edebb5be7ca", kill_on_drop: false }`
[INFO] running `Command { std: "docker" "rm" "-f" "114d0bd59eb3dfe16ef83e06d7db5c1f322e0c372ad0ad4d217a6edebb5be7ca", kill_on_drop: false }`
[INFO] [stdout] 114d0bd59eb3dfe16ef83e06d7db5c1f322e0c372ad0ad4d217a6edebb5be7ca
[INFO] documenting Strrationalism/SDFTool against beta-2023-12-22 for beta-1.76-rustdoc-1
[INFO] running `Command { std: "git" "clone" "/workspace/cache/git-repos/https%3A%2F%2Fgithub.com%2FStrrationalism%2FSDFTool" "/workspace/builds/worker-1-tc2/source", kill_on_drop: false }`
[INFO] [stderr] Cloning into '/workspace/builds/worker-1-tc2/source'...
[INFO] [stderr] done.
[INFO] validating manifest of git repo https://github.com/Strrationalism/SDFTool on toolchain beta-2023-12-22
[INFO] running `Command { std: CARGO_HOME="/workspace/cargo-home" RUSTUP_HOME="/workspace/rustup-home" "/workspace/cargo-home/bin/cargo" "+beta-2023-12-22" "metadata" "--manifest-path" "Cargo.toml" "--no-deps", kill_on_drop: false }`
[INFO] started tweaking git repo https://github.com/Strrationalism/SDFTool
[INFO] finished tweaking git repo https://github.com/Strrationalism/SDFTool
[INFO] tweaked toml for git repo https://github.com/Strrationalism/SDFTool written to /workspace/builds/worker-1-tc2/source/Cargo.toml
[INFO] running `Command { std: CARGO_HOME="/workspace/cargo-home" RUSTUP_HOME="/workspace/rustup-home" "/workspace/cargo-home/bin/cargo" "+beta-2023-12-22" "generate-lockfile" "--manifest-path" "Cargo.toml", kill_on_drop: false }`
[INFO] [stderr]     Updating crates.io index
[INFO] running `Command { std: CARGO_HOME="/workspace/cargo-home" RUSTUP_HOME="/workspace/rustup-home" "/workspace/cargo-home/bin/cargo" "+beta-2023-12-22" "fetch" "--manifest-path" "Cargo.toml", kill_on_drop: false }`
[INFO] running `Command { std: "docker" "create" "-v" "/var/lib/crater-agent-workspace/builds/worker-1-tc2/target:/opt/rustwide/target:rw,Z" "-v" "/var/lib/crater-agent-workspace/builds/worker-1-tc2/source:/opt/rustwide/workdir:ro,Z" "-v" "/var/lib/crater-agent-workspace/cargo-home:/opt/rustwide/cargo-home:ro,Z" "-v" "/var/lib/crater-agent-workspace/rustup-home:/opt/rustwide/rustup-home:ro,Z" "-e" "SOURCE_DIR=/opt/rustwide/workdir" "-e" "CARGO_TARGET_DIR=/opt/rustwide/target" "-e" "CARGO_HOME=/opt/rustwide/cargo-home" "-e" "RUSTUP_HOME=/opt/rustwide/rustup-home" "-w" "/opt/rustwide/workdir" "-m" "1610612736" "--user" "0:0" "--network" "none" "ghcr.io/rust-lang/crates-build-env/linux@sha256:2788e3201cd34a07e3172128adcd8b3090168a8e3bcc40d7c032b9dda1df7d1c" "/opt/rustwide/cargo-home/bin/cargo" "+beta-2023-12-22" "metadata" "--no-deps" "--format-version=1", kill_on_drop: false }`
[INFO] [stdout] bec76e7891171f78a4d50ca4e9eecf9d66cc211658b44d48c5ff55f7d18cba42
[INFO] running `Command { std: "docker" "start" "-a" "bec76e7891171f78a4d50ca4e9eecf9d66cc211658b44d48c5ff55f7d18cba42", kill_on_drop: false }`
[INFO] running `Command { std: "docker" "inspect" "bec76e7891171f78a4d50ca4e9eecf9d66cc211658b44d48c5ff55f7d18cba42", kill_on_drop: false }`
[INFO] running `Command { std: "docker" "rm" "-f" "bec76e7891171f78a4d50ca4e9eecf9d66cc211658b44d48c5ff55f7d18cba42", kill_on_drop: false }`
[INFO] [stdout] bec76e7891171f78a4d50ca4e9eecf9d66cc211658b44d48c5ff55f7d18cba42
[INFO] running `Command { std: "docker" "create" "-v" "/var/lib/crater-agent-workspace/builds/worker-1-tc2/target:/opt/rustwide/target:rw,Z" "-v" "/var/lib/crater-agent-workspace/builds/worker-1-tc2/source:/opt/rustwide/workdir:ro,Z" "-v" "/var/lib/crater-agent-workspace/cargo-home:/opt/rustwide/cargo-home:ro,Z" "-v" "/var/lib/crater-agent-workspace/rustup-home:/opt/rustwide/rustup-home:ro,Z" "-e" "SOURCE_DIR=/opt/rustwide/workdir" "-e" "CARGO_TARGET_DIR=/opt/rustwide/target" "-e" "CARGO_INCREMENTAL=0" "-e" "RUST_BACKTRACE=full" "-e" "RUSTFLAGS=--cap-lints=warn" "-e" "RUSTDOCFLAGS=--cap-lints=warn" "-e" "CARGO_HOME=/opt/rustwide/cargo-home" "-e" "RUSTUP_HOME=/opt/rustwide/rustup-home" "-w" "/opt/rustwide/workdir" "-m" "1610612736" "--user" "0:0" "--network" "none" "ghcr.io/rust-lang/crates-build-env/linux@sha256:2788e3201cd34a07e3172128adcd8b3090168a8e3bcc40d7c032b9dda1df7d1c" "/opt/rustwide/cargo-home/bin/cargo" "+beta-2023-12-22" "doc" "--frozen" "--no-deps" "--document-private-items" "--message-format=json", kill_on_drop: false }`
[INFO] [stdout] 9c575efdd8edb58480d9049ab0f56eae531a33d3aa74b51c006536318f4a2ae0
[INFO] running `Command { std: "docker" "start" "-a" "9c575efdd8edb58480d9049ab0f56eae531a33d3aa74b51c006536318f4a2ae0", kill_on_drop: false }`
[INFO] [stderr]    Compiling libc v0.2.151
[INFO] [stderr]     Checking simd-adler32 v0.3.7
[INFO] [stderr]    Compiling cl-sys v0.4.3
[INFO] [stderr]     Checking unicode-width v0.1.11
[INFO] [stderr]     Checking ttf-parser v0.15.2
[INFO] [stderr]     Checking strsim v0.8.0
[INFO] [stderr]    Compiling sdftool v0.9.3 (/opt/rustwide/workdir)
[INFO] [stderr]     Checking ab_glyph_rasterizer v0.1.8
[INFO] [stdout] error[E0658]: use of unstable library feature 'fs_try_exists'
[INFO] [stdout]  --> build.rs:7:9
[INFO] [stdout]   |
[INFO] [stdout] 7 |     if !try_exists("./OpenCL-SDK/build").unwrap() {
[INFO] [stdout]   |         ^^^^^^^^^^
[INFO] [stdout]   |
[INFO] [stdout]   = note: see issue #83186 <https://github.com/rust-lang/rust/issues/83186> for more information
[INFO] [stdout] 
[INFO] [stdout] 
[INFO] [stdout] error[E0658]: use of unstable library feature 'fs_try_exists'
[INFO] [stdout]   --> build.rs:18:9
[INFO] [stdout]    |
[INFO] [stdout] 18 |     if !try_exists("./OpenCL-SDK/build/Makefile").unwrap() {
[INFO] [stdout]    |         ^^^^^^^^^^
[INFO] [stdout]    |
[INFO] [stdout]    = note: see issue #83186 <https://github.com/rust-lang/rust/issues/83186> for more information
[INFO] [stdout] 
[INFO] [stdout] 
[INFO] [stdout] error[E0554]: `#![feature]` may not be used on the beta release channel
[INFO] [stdout]  --> build.rs:1:12
[INFO] [stdout]   |
[INFO] [stdout] 1 | #![feature(path_try_exists)]
[INFO] [stdout]   |            ^^^^^^^^^^^^^^^
[INFO] [stdout] 
[INFO] [stdout] 
[INFO] [stdout] warning: the feature `path_try_exists` has been stable since 1.63.0 and no longer requires an attribute to enable
[INFO] [stdout]  --> build.rs:1:12
[INFO] [stdout]   |
[INFO] [stdout] 1 | #![feature(path_try_exists)]
[INFO] [stdout]   |            ^^^^^^^^^^^^^^^
[INFO] [stdout]   |
[INFO] [stdout]   = note: `#[warn(stable_features)]` on by default
[INFO] [stdout] 
[INFO] [stdout] 
[INFO] [stdout] error: aborting due to 3 previous errors; 1 warning emitted
[INFO] [stdout] 
[INFO] [stdout] 
[INFO] [stdout] Some errors have detailed explanations: E0554, E0658.
[INFO] [stdout] 
[INFO] [stdout] For more information about an error, try `rustc --explain E0554`.
[INFO] [stdout] 
[INFO] [stderr] error: could not compile `sdftool` (build script) due to 4 previous errors; 1 warning emitted
[INFO] [stderr] warning: build failed, waiting for other jobs to finish...
[INFO] running `Command { std: "docker" "inspect" "9c575efdd8edb58480d9049ab0f56eae531a33d3aa74b51c006536318f4a2ae0", kill_on_drop: false }`
[INFO] running `Command { std: "docker" "rm" "-f" "9c575efdd8edb58480d9049ab0f56eae531a33d3aa74b51c006536318f4a2ae0", kill_on_drop: false }`
[INFO] [stdout] 9c575efdd8edb58480d9049ab0f56eae531a33d3aa74b51c006536318f4a2ae0
