[INFO] cloning repository https://github.com/Strange21/trustzone-testing
[INFO] running `Command { std: "git" "-c" "credential.helper=" "-c" "credential.helper=/workspace/cargo-home/bin/git-credential-null" "clone" "--bare" "https://github.com/Strange21/trustzone-testing" "/workspace/cache/git-repos/https%3A%2F%2Fgithub.com%2FStrange21%2Ftrustzone-testing", kill_on_drop: false }`
[INFO] [stderr] Cloning into bare repository '/workspace/cache/git-repos/https%3A%2F%2Fgithub.com%2FStrange21%2Ftrustzone-testing'...
[INFO] running `Command { std: "git" "rev-parse" "HEAD", kill_on_drop: false }`
[INFO] [stdout] f42572403b8d5441a83f10d038bcabbaff7a5692
[INFO] documenting Strange21/trustzone-testing against 1.75.0 for beta-1.76-rustdoc-1
[INFO] running `Command { std: "git" "clone" "/workspace/cache/git-repos/https%3A%2F%2Fgithub.com%2FStrange21%2Ftrustzone-testing" "/workspace/builds/worker-2-tc1/source", kill_on_drop: false }`
[INFO] [stderr] Cloning into '/workspace/builds/worker-2-tc1/source'...
[INFO] [stderr] done.
[INFO] [stderr] Updating files:  25% (406/1563)
Updating files:  26% (407/1563)
Updating files:  27% (423/1563)
Updating files:  28% (438/1563)
Updating files:  29% (454/1563)
Updating files:  30% (469/1563)
Updating files:  31% (485/1563)
Updating files:  32% (501/1563)
Updating files:  33% (516/1563)
Updating files:  34% (532/1563)
Updating files:  35% (548/1563)
Updating files:  36% (563/1563)
Updating files:  37% (579/1563)
Updating files:  38% (594/1563)
Updating files:  39% (610/1563)
Updating files:  40% (626/1563)
Updating files:  41% (641/1563)
Updating files:  42% (657/1563)
Updating files:  42% (662/1563)
Updating files:  43% (673/1563)
Updating files:  44% (688/1563)
Updating files:  45% (704/1563)
Updating files:  46% (719/1563)
Updating files:  47% (735/1563)
Updating files:  48% (751/1563)
Updating files:  49% (766/1563)
Updating files:  50% (782/1563)
Updating files:  51% (798/1563)
Updating files:  52% (813/1563)
Updating files:  53% (829/1563)
Updating files:  54% (845/1563)
Updating files:  55% (860/1563)
Updating files:  56% (876/1563)
Updating files:  57% (891/1563)
Updating files:  58% (907/1563)
Updating files:  59% (923/1563)
Updating files:  60% (938/1563)
Updating files:  61% (954/1563)
Updating files:  62% (970/1563)
Updating files:  63% (985/1563)
Updating files:  64% (1001/1563)
Updating files:  65% (1016/1563)
Updating files:  66% (1032/1563)
Updating files:  67% (1048/1563)
Updating files:  68% (1063/1563)
Updating files:  69% (1079/1563)
Updating files:  70% (1095/1563)
Updating files:  71% (1110/1563)
Updating files:  72% (1126/1563)
Updating files:  73% (1141/1563)
Updating files:  74% (1157/1563)
Updating files:  75% (1173/1563)
Updating files:  76% (1188/1563)
Updating files:  77% (1204/1563)
Updating files:  78% (1220/1563)
Updating files:  79% (1235/1563)
Updating files:  80% (1251/1563)
Updating files:  81% (1267/1563)
Updating files:  82% (1282/1563)
Updating files:  83% (1298/1563)
Updating files:  84% (1313/1563)
Updating files:  85% (1329/1563)
Updating files:  85% (1336/1563)
Updating files:  86% (1345/1563)
Updating files:  87% (1360/1563)
Updating files:  88% (1376/1563)
Updating files:  89% (1392/1563)
Updating files:  90% (1407/1563)
Updating files:  91% (1423/1563)
Updating files:  92% (1438/1563)
Updating files:  93% (1454/1563)
Updating files:  94% (1470/1563)
Updating files:  95% (1485/1563)
Updating files:  96% (1501/1563)
Updating files:  97% (1517/1563)
Updating files:  98% (1532/1563)
Updating files:  99% (1548/1563)
Updating files: 100% (1563/1563)
Updating files: 100% (1563/1563), done.
[INFO] validating manifest of git repo https://github.com/Strange21/trustzone-testing on toolchain 1.75.0
[INFO] running `Command { std: CARGO_HOME="/workspace/cargo-home" RUSTUP_HOME="/workspace/rustup-home" "/workspace/cargo-home/bin/cargo" "+1.75.0" "metadata" "--manifest-path" "Cargo.toml" "--no-deps", kill_on_drop: false }`
[INFO] started tweaking git repo https://github.com/Strange21/trustzone-testing
[INFO] finished tweaking git repo https://github.com/Strange21/trustzone-testing
[INFO] tweaked toml for git repo https://github.com/Strange21/trustzone-testing written to /workspace/builds/worker-2-tc1/source/Cargo.toml
[INFO] crate git repo https://github.com/Strange21/trustzone-testing already has a lockfile, it will not be regenerated
[INFO] running `Command { std: CARGO_HOME="/workspace/cargo-home" RUSTUP_HOME="/workspace/rustup-home" "/workspace/cargo-home/bin/cargo" "+1.75.0" "fetch" "--manifest-path" "Cargo.toml", kill_on_drop: false }`
[INFO] [stderr]     Updating crates.io index
[INFO] [stderr]  Downloading crates ...
[INFO] [stderr]   Downloaded defmt-rtt v0.3.2
[INFO] [stderr]   Downloaded defmt-macros v0.3.5
[INFO] [stderr]   Downloaded p256 v0.10.1
[INFO] [stderr]   Downloaded libc-print v0.1.21
[INFO] running `Command { std: "docker" "create" "-v" "/var/lib/crater-agent-workspace/builds/worker-2-tc1/target:/opt/rustwide/target:rw,Z" "-v" "/var/lib/crater-agent-workspace/builds/worker-2-tc1/source:/opt/rustwide/workdir:ro,Z" "-v" "/var/lib/crater-agent-workspace/cargo-home:/opt/rustwide/cargo-home:ro,Z" "-v" "/var/lib/crater-agent-workspace/rustup-home:/opt/rustwide/rustup-home:ro,Z" "-e" "SOURCE_DIR=/opt/rustwide/workdir" "-e" "CARGO_TARGET_DIR=/opt/rustwide/target" "-e" "CARGO_HOME=/opt/rustwide/cargo-home" "-e" "RUSTUP_HOME=/opt/rustwide/rustup-home" "-w" "/opt/rustwide/workdir" "-m" "1610612736" "--user" "0:0" "--network" "none" "ghcr.io/rust-lang/crates-build-env/linux@sha256:2788e3201cd34a07e3172128adcd8b3090168a8e3bcc40d7c032b9dda1df7d1c" "/opt/rustwide/cargo-home/bin/cargo" "+1.75.0" "metadata" "--no-deps" "--format-version=1", kill_on_drop: false }`
[INFO] [stdout] d85c9359d971c41ef470f5dc4c0498ebd3dfa0aa408c1553b06b21833fc1180c
[INFO] running `Command { std: "docker" "start" "-a" "d85c9359d971c41ef470f5dc4c0498ebd3dfa0aa408c1553b06b21833fc1180c", kill_on_drop: false }`
[INFO] running `Command { std: "docker" "inspect" "d85c9359d971c41ef470f5dc4c0498ebd3dfa0aa408c1553b06b21833fc1180c", kill_on_drop: false }`
[INFO] running `Command { std: "docker" "rm" "-f" "d85c9359d971c41ef470f5dc4c0498ebd3dfa0aa408c1553b06b21833fc1180c", kill_on_drop: false }`
[INFO] [stdout] d85c9359d971c41ef470f5dc4c0498ebd3dfa0aa408c1553b06b21833fc1180c
[INFO] running `Command { std: "docker" "create" "-v" "/var/lib/crater-agent-workspace/builds/worker-2-tc1/target:/opt/rustwide/target:rw,Z" "-v" "/var/lib/crater-agent-workspace/builds/worker-2-tc1/source:/opt/rustwide/workdir:ro,Z" "-v" "/var/lib/crater-agent-workspace/cargo-home:/opt/rustwide/cargo-home:ro,Z" "-v" "/var/lib/crater-agent-workspace/rustup-home:/opt/rustwide/rustup-home:ro,Z" "-e" "SOURCE_DIR=/opt/rustwide/workdir" "-e" "CARGO_TARGET_DIR=/opt/rustwide/target" "-e" "CARGO_INCREMENTAL=0" "-e" "RUST_BACKTRACE=full" "-e" "RUSTFLAGS=--cap-lints=warn" "-e" "RUSTDOCFLAGS=--cap-lints=warn" "-e" "CARGO_HOME=/opt/rustwide/cargo-home" "-e" "RUSTUP_HOME=/opt/rustwide/rustup-home" "-w" "/opt/rustwide/workdir" "-m" "1610612736" "--user" "0:0" "--network" "none" "ghcr.io/rust-lang/crates-build-env/linux@sha256:2788e3201cd34a07e3172128adcd8b3090168a8e3bcc40d7c032b9dda1df7d1c" "/opt/rustwide/cargo-home/bin/cargo" "+1.75.0" "doc" "--frozen" "--no-deps" "--document-private-items" "--message-format=json", kill_on_drop: false }`
[INFO] [stdout] c8aea4d4378ad9113ddcc1d9dcff0d58275bc02a7cb5496c5409c1a5518e1adc
[INFO] running `Command { std: "docker" "start" "-a" "c8aea4d4378ad9113ddcc1d9dcff0d58275bc02a7cb5496c5409c1a5518e1adc", kill_on_drop: false }`
[INFO] [stderr]    Compiling generic-array v0.14.7
[INFO] [stderr]    Compiling proc-macro2 v1.0.59
[INFO] [stderr]    Compiling unicode-ident v1.0.9
[INFO] [stderr]    Compiling quote v1.0.28
[INFO] [stderr]     Checking subtle v2.4.1
[INFO] [stderr]     Checking rand_core v0.6.4
[INFO] [stderr]     Checking const-oid v0.7.1
[INFO] [stderr]    Compiling proc-macro-error-attr v1.0.4
[INFO] [stderr]    Compiling syn v1.0.109
[INFO] [stderr]     Checking zeroize v1.4.3
[INFO] [stderr]    Compiling proc-macro-error v1.0.4
[INFO] [stderr]    Compiling defmt-macros v0.3.5
[INFO] [stderr]    Compiling defmt v0.3.4
[INFO] [stderr]    Compiling thiserror v1.0.40
[INFO] [stderr]     Checking base16ct v0.1.1
[INFO] [stderr]    Compiling memchr v2.5.0
[INFO] [stderr]     Checking bare-metal v1.0.0
[INFO] [stderr]    Compiling defmt-rtt v0.3.2
[INFO] [stderr]    Compiling log v0.4.18
[INFO] [stderr]     Checking ff v0.11.1
[INFO] [stderr]     Checking cpufeatures v0.2.7
[INFO] [stderr]     Checking critical-section v1.1.1
[INFO] [stderr]     Checking minimal-lexical v0.2.1
[INFO] [stderr]     Checking der v0.5.1
[INFO] [stderr]     Checking stable_deref_trait v1.2.0
[INFO] [stderr]     Checking critical-section v0.2.8
[INFO] [stderr]     Checking group v0.11.0
[INFO] [stderr]    Compiling libc v0.2.144
[INFO] [stderr]     Checking as-slice v0.2.1
[INFO] [stderr]     Checking byteorder v1.4.3
[INFO] [stderr]    Compiling anyhow v1.0.71
[INFO] [stderr]    Compiling xshell-macros v0.2.3
[INFO] [stderr]     Checking nom v7.1.3
[INFO] [stderr]     Checking digest v0.9.0
[INFO] [stderr]     Checking crypto-mac v0.11.1
[INFO] [stderr]     Checking crypto-bigint v0.3.2
[INFO] [stderr]     Checking block-buffer v0.9.0
[INFO] [stderr]     Checking hmac v0.11.0
[INFO] [stderr]     Checking signature v1.3.2
[INFO] [stderr]     Checking sha2 v0.9.9
[INFO] [stderr]     Checking xshell v0.2.3
[INFO] [stderr]     Checking spki v0.5.4
[INFO] [stderr]     Checking pkcs8 v0.8.0
[INFO] [stderr]     Checking sec1 v0.2.1
[INFO] [stderr]    Compiling syn v2.0.18
[INFO] [stderr]     Checking rfc6979 v0.1.0
[INFO] [stderr]     Checking elliptic-curve v0.11.12
[INFO] [stderr]     Checking filetime v0.2.21
[INFO] [stderr]     Checking ecdsa v0.13.4
[INFO] [stderr]     Checking p256 v0.10.1
[INFO] [stderr]    Compiling thiserror-impl v1.0.40
[INFO] [stderr]    Compiling defmt-parser v0.3.3
[INFO] [stderr]     Checking rustBoot v0.1.0 (/opt/rustwide/workdir/rustBoot)
[INFO] [stderr]  Documenting rustBoot v0.1.0 (/opt/rustwide/workdir/rustBoot)
[INFO] [stdout] error[E0554]: `#![feature]` may not be used on the stable release channel
[INFO] [stdout]  --> rustBoot/src/lib.rs:3:12
[INFO] [stdout]   |
[INFO] [stdout] 3 | #![feature(once_cell, is_sorted, slice_as_chunks)]
[INFO] [stdout]   |            ^^^^^^^^^
[INFO] [stdout] 
[INFO] [stdout] 
[INFO] [stdout] error[E0554]: `#![feature]` may not be used on the stable release channel
[INFO] [stdout]  --> rustBoot/src/lib.rs:3:23
[INFO] [stdout]   |
[INFO] [stdout] 3 | #![feature(once_cell, is_sorted, slice_as_chunks)]
[INFO] [stdout]   |                       ^^^^^^^^^
[INFO] [stdout] 
[INFO] [stdout] 
[INFO] [stdout] error[E0554]: `#![feature]` may not be used on the stable release channel
[INFO] [stdout]  --> rustBoot/src/lib.rs:3:34
[INFO] [stdout]   |
[INFO] [stdout] 3 | #![feature(once_cell, is_sorted, slice_as_chunks)]
[INFO] [stdout]   |                                  ^^^^^^^^^^^^^^^
[INFO] [stdout] 
[INFO] [stdout] 
[INFO] [stdout] warning: the feature `once_cell` has been stable since 1.70.0 and no longer requires an attribute to enable
[INFO] [stdout]  --> rustBoot/src/lib.rs:3:12
[INFO] [stdout]   |
[INFO] [stdout] 3 | #![feature(once_cell, is_sorted, slice_as_chunks)]
[INFO] [stdout]   |            ^^^^^^^^^
[INFO] [stdout]   |
[INFO] [stdout]   = note: `#[warn(stable_features)]` on by default
[INFO] [stdout] 
[INFO] [stdout] 
[INFO] [stdout] error[E0554]: `#![feature]` may not be used on the stable release channel
[INFO] [stdout]  --> rustBoot/src/lib.rs:3:12
[INFO] [stdout]   |
[INFO] [stdout] 3 | #![feature(once_cell, is_sorted, slice_as_chunks)]
[INFO] [stdout]   |            ^^^^^^^^^
[INFO] [stdout] 
[INFO] [stdout] 
[INFO] [stdout] error[E0554]: `#![feature]` may not be used on the stable release channel
[INFO] [stdout]  --> rustBoot/src/lib.rs:3:23
[INFO] [stdout]   |
[INFO] [stdout] 3 | #![feature(once_cell, is_sorted, slice_as_chunks)]
[INFO] [stdout]   |                       ^^^^^^^^^
[INFO] [stdout] 
[INFO] [stdout] 
[INFO] [stdout] error[E0554]: `#![feature]` may not be used on the stable release channel
[INFO] [stdout]  --> rustBoot/src/lib.rs:3:34
[INFO] [stdout]   |
[INFO] [stdout] 3 | #![feature(once_cell, is_sorted, slice_as_chunks)]
[INFO] [stdout]   |                                  ^^^^^^^^^^^^^^^
[INFO] [stdout] 
[INFO] [stdout] 
[INFO] [stdout] warning: unresolved link to `EndOfHeader`
[INFO] [stdout]   --> rustBoot/src/rbconstants.rs:45:14
[INFO] [stdout]    |
[INFO] [stdout] 45 | /// *Note: [`EndOfHeader`] is a pseudo-Tag, i.e. doesnt come
[INFO] [stdout]    |              ^^^^^^^^^^^ no item named `EndOfHeader` in scope
[INFO] [stdout]    |
[INFO] [stdout]    = help: to escape `[` and `]` characters, add '\' before them like `\[` or `\]`
[INFO] [stdout]    = note: `#[warn(rustdoc::broken_intra_doc_links)]` on by default
[INFO] [stdout] 
[INFO] [stdout] 
[INFO] [stdout] error: aborting due to 3 previous errors; 1 warning emitted
[INFO] [stdout] 
[INFO] [stdout] 
[INFO] [stdout] For more information about this error, try `rustc --explain E0554`.
[INFO] [stdout] 
[INFO] [stderr] error: could not document `rustBoot`
[INFO] [stderr] 
[INFO] [stderr] Caused by:
[INFO] [stderr]   process didn't exit successfully: `/opt/rustwide/rustup-home/toolchains/1.75.0-x86_64-unknown-linux-gnu/bin/rustdoc --edition=2018 --crate-type lib --crate-name rustBoot rustBoot/src/lib.rs -o /opt/rustwide/target/doc --cfg 'feature="default"' --cfg 'feature="defmt"' --cfg 'feature="defmt-rtt"' --cfg 'feature="log"' --cfg 'feature="nistp256"' --cfg 'feature="sha256"' --error-format=json --json=diagnostic-rendered-ansi,artifacts,future-incompat --document-private-items -C metadata=ff4bf6d66bd30ea3 -L dependency=/opt/rustwide/target/debug/deps --extern as_slice=/opt/rustwide/target/debug/deps/libas_slice-e6e8f94865620f69.rmeta --extern byteorder=/opt/rustwide/target/debug/deps/libbyteorder-dff8842c3d34d5ea.rmeta --extern defmt=/opt/rustwide/target/debug/deps/libdefmt-9fa02e04be6b4d59.rmeta --extern defmt_rtt=/opt/rustwide/target/debug/deps/libdefmt_rtt-2b16098665629287.rmeta --extern log=/opt/rustwide/target/debug/deps/liblog-b4bab632f1fb492e.rmeta --extern nom=/opt/rustwide/target/debug/deps/libnom-4355c2c89ad60e8e.rmeta --extern p256=/opt/rustwide/target/debug/deps/libp256-25d5456518fcc89e.rmeta --extern sha2=/opt/rustwide/target/debug/deps/libsha2-c2baa4643f0a4766.rmeta --extern signature=/opt/rustwide/target/debug/deps/libsignature-8fa0bf8207529c77.rmeta --cap-lints=warn --crate-version 0.1.0` (exit status: 1)
[INFO] [stderr] warning: build failed, waiting for other jobs to finish...
[INFO] [stdout] error: aborting due to 3 previous errors; 1 warning emitted
[INFO] [stdout] 
[INFO] [stdout] 
[INFO] [stdout] For more information about this error, try `rustc --explain E0554`.
[INFO] [stdout] 
[INFO] [stderr] error: could not compile `rustBoot` (lib) due to 4 previous errors; 1 warning emitted
[INFO] running `Command { std: "docker" "inspect" "c8aea4d4378ad9113ddcc1d9dcff0d58275bc02a7cb5496c5409c1a5518e1adc", kill_on_drop: false }`
[INFO] running `Command { std: "docker" "rm" "-f" "c8aea4d4378ad9113ddcc1d9dcff0d58275bc02a7cb5496c5409c1a5518e1adc", kill_on_drop: false }`
[INFO] [stdout] c8aea4d4378ad9113ddcc1d9dcff0d58275bc02a7cb5496c5409c1a5518e1adc
