[INFO] cloning repository https://github.com/Strange21/rustBoot
[INFO] running `Command { std: "git" "-c" "credential.helper=" "-c" "credential.helper=/workspace/cargo-home/bin/git-credential-null" "clone" "--bare" "https://github.com/Strange21/rustBoot" "/workspace/cache/git-repos/https%3A%2F%2Fgithub.com%2FStrange21%2FrustBoot", kill_on_drop: false }`
[INFO] [stderr] Cloning into bare repository '/workspace/cache/git-repos/https%3A%2F%2Fgithub.com%2FStrange21%2FrustBoot'...
[INFO] running `Command { std: "git" "rev-parse" "HEAD", kill_on_drop: false }`
[INFO] [stdout] 20221b9ac14991063eb8454b622c15722030bbff
[INFO] documenting Strange21/rustBoot against 1.75.0 for beta-1.76-rustdoc-1
[INFO] running `Command { std: "git" "clone" "/workspace/cache/git-repos/https%3A%2F%2Fgithub.com%2FStrange21%2FrustBoot" "/workspace/builds/worker-2-tc1/source", kill_on_drop: false }`
[INFO] [stderr] Cloning into '/workspace/builds/worker-2-tc1/source'...
[INFO] [stderr] done.
[INFO] [stderr] Updating files:  36% (345/953)
Updating files:  37% (353/953)
Updating files:  38% (363/953)
Updating files:  39% (372/953)
Updating files:  40% (382/953)
Updating files:  41% (391/953)
Updating files:  42% (401/953)
Updating files:  43% (410/953)
Updating files:  44% (420/953)
Updating files:  45% (429/953)
Updating files:  46% (439/953)
Updating files:  47% (448/953)
Updating files:  48% (458/953)
Updating files:  49% (467/953)
Updating files:  50% (477/953)
Updating files:  51% (487/953)
Updating files:  52% (496/953)
Updating files:  53% (506/953)
Updating files:  54% (515/953)
Updating files:  55% (525/953)
Updating files:  56% (534/953)
Updating files:  57% (544/953)
Updating files:  58% (553/953)
Updating files:  59% (563/953)
Updating files:  60% (572/953)
Updating files:  61% (582/953)
Updating files:  62% (591/953)
Updating files:  63% (601/953)
Updating files:  64% (610/953)
Updating files:  65% (620/953)
Updating files:  66% (629/953)
Updating files:  67% (639/953)
Updating files:  68% (649/953)
Updating files:  69% (658/953)
Updating files:  70% (668/953)
Updating files:  71% (677/953)
Updating files:  72% (687/953)
Updating files:  73% (696/953)
Updating files:  74% (706/953)
Updating files:  75% (715/953)
Updating files:  76% (725/953)
Updating files:  77% (734/953)
Updating files:  78% (744/953)
Updating files:  79% (753/953)
Updating files:  80% (763/953)
Updating files:  81% (772/953)
Updating files:  82% (782/953)
Updating files:  83% (791/953)
Updating files:  84% (801/953)
Updating files:  85% (811/953)
Updating files:  86% (820/953)
Updating files:  87% (830/953)
Updating files:  88% (839/953)
Updating files:  89% (849/953)
Updating files:  90% (858/953)
Updating files:  91% (868/953)
Updating files:  92% (877/953)
Updating files:  93% (887/953)
Updating files:  94% (896/953)
Updating files:  95% (906/953)
Updating files:  96% (915/953)
Updating files:  97% (925/953)
Updating files:  98% (934/953)
Updating files:  99% (944/953)
Updating files: 100% (953/953)
Updating files: 100% (953/953), done.
[INFO] validating manifest of git repo https://github.com/Strange21/rustBoot on toolchain 1.75.0
[INFO] running `Command { std: CARGO_HOME="/workspace/cargo-home" RUSTUP_HOME="/workspace/rustup-home" "/workspace/cargo-home/bin/cargo" "+1.75.0" "metadata" "--manifest-path" "Cargo.toml" "--no-deps", kill_on_drop: false }`
[INFO] removed /workspace/builds/worker-2-tc1/source/.cargo/config.toml
[INFO] started tweaking git repo https://github.com/Strange21/rustBoot
[INFO] finished tweaking git repo https://github.com/Strange21/rustBoot
[INFO] tweaked toml for git repo https://github.com/Strange21/rustBoot written to /workspace/builds/worker-2-tc1/source/Cargo.toml
[INFO] crate git repo https://github.com/Strange21/rustBoot already has a lockfile, it will not be regenerated
[INFO] running `Command { std: CARGO_HOME="/workspace/cargo-home" RUSTUP_HOME="/workspace/rustup-home" "/workspace/cargo-home/bin/cargo" "+1.75.0" "fetch" "--manifest-path" "Cargo.toml", kill_on_drop: false }`
[INFO] [stderr]  Downloading crates ...
[INFO] [stderr]   Downloaded defmt-macros v0.3.2
[INFO] [stderr]   Downloaded ff v0.11.0
[INFO] [stderr]   Downloaded p256 v0.10.1
[INFO] [stderr]   Downloaded xshell v0.1.17
[INFO] [stderr]   Downloaded defmt v0.3.1
[INFO] [stderr]   Downloaded xshell-macros v0.1.17
[INFO] [stderr]   Downloaded libc-print v0.1.19
[INFO] running `Command { std: "docker" "create" "-v" "/var/lib/crater-agent-workspace/builds/worker-2-tc1/target:/opt/rustwide/target:rw,Z" "-v" "/var/lib/crater-agent-workspace/builds/worker-2-tc1/source:/opt/rustwide/workdir:ro,Z" "-v" "/var/lib/crater-agent-workspace/cargo-home:/opt/rustwide/cargo-home:ro,Z" "-v" "/var/lib/crater-agent-workspace/rustup-home:/opt/rustwide/rustup-home:ro,Z" "-e" "SOURCE_DIR=/opt/rustwide/workdir" "-e" "CARGO_TARGET_DIR=/opt/rustwide/target" "-e" "CARGO_HOME=/opt/rustwide/cargo-home" "-e" "RUSTUP_HOME=/opt/rustwide/rustup-home" "-w" "/opt/rustwide/workdir" "-m" "1610612736" "--user" "0:0" "--network" "none" "ghcr.io/rust-lang/crates-build-env/linux@sha256:2788e3201cd34a07e3172128adcd8b3090168a8e3bcc40d7c032b9dda1df7d1c" "/opt/rustwide/cargo-home/bin/cargo" "+1.75.0" "metadata" "--no-deps" "--format-version=1", kill_on_drop: false }`
[INFO] [stdout] 245cd0981fd2101873720b7dd1d48fd8b19b63b809923e03ceb564f123342c99
[INFO] running `Command { std: "docker" "start" "-a" "245cd0981fd2101873720b7dd1d48fd8b19b63b809923e03ceb564f123342c99", kill_on_drop: false }`
[INFO] running `Command { std: "docker" "inspect" "245cd0981fd2101873720b7dd1d48fd8b19b63b809923e03ceb564f123342c99", kill_on_drop: false }`
[INFO] running `Command { std: "docker" "rm" "-f" "245cd0981fd2101873720b7dd1d48fd8b19b63b809923e03ceb564f123342c99", kill_on_drop: false }`
[INFO] [stdout] 245cd0981fd2101873720b7dd1d48fd8b19b63b809923e03ceb564f123342c99
[INFO] running `Command { std: "docker" "create" "-v" "/var/lib/crater-agent-workspace/builds/worker-2-tc1/target:/opt/rustwide/target:rw,Z" "-v" "/var/lib/crater-agent-workspace/builds/worker-2-tc1/source:/opt/rustwide/workdir:ro,Z" "-v" "/var/lib/crater-agent-workspace/cargo-home:/opt/rustwide/cargo-home:ro,Z" "-v" "/var/lib/crater-agent-workspace/rustup-home:/opt/rustwide/rustup-home:ro,Z" "-e" "SOURCE_DIR=/opt/rustwide/workdir" "-e" "CARGO_TARGET_DIR=/opt/rustwide/target" "-e" "CARGO_INCREMENTAL=0" "-e" "RUST_BACKTRACE=full" "-e" "RUSTFLAGS=--cap-lints=warn" "-e" "RUSTDOCFLAGS=--cap-lints=warn" "-e" "CARGO_HOME=/opt/rustwide/cargo-home" "-e" "RUSTUP_HOME=/opt/rustwide/rustup-home" "-w" "/opt/rustwide/workdir" "-m" "1610612736" "--user" "0:0" "--network" "none" "ghcr.io/rust-lang/crates-build-env/linux@sha256:2788e3201cd34a07e3172128adcd8b3090168a8e3bcc40d7c032b9dda1df7d1c" "/opt/rustwide/cargo-home/bin/cargo" "+1.75.0" "doc" "--frozen" "--no-deps" "--document-private-items" "--message-format=json", kill_on_drop: false }`
[INFO] [stdout] 9902d6f9aded0816a02b36e3c9845d4a60a841d9c53d23e1a6e7e0d8ed49bc65
[INFO] running `Command { std: "docker" "start" "-a" "9902d6f9aded0816a02b36e3c9845d4a60a841d9c53d23e1a6e7e0d8ed49bc65", kill_on_drop: false }`
[INFO] [stderr]    Compiling typenum v1.15.0
[INFO] [stderr]    Compiling generic-array v0.14.5
[INFO] [stderr]     Checking subtle v2.4.1
[INFO] [stderr]     Checking rand_core v0.6.3
[INFO] [stderr]    Compiling proc-macro2 v1.0.37
[INFO] [stderr]    Compiling unicode-xid v0.2.2
[INFO] [stderr]     Checking const-oid v0.7.1
[INFO] [stderr]     Checking zeroize v1.4.3
[INFO] [stderr]    Compiling syn v1.0.91
[INFO] [stderr]     Checking base16ct v0.1.1
[INFO] [stderr]    Compiling memchr v2.4.1
[INFO] [stderr]    Compiling defmt-macros v0.3.2
[INFO] [stderr]    Compiling log v0.4.16
[INFO] [stderr]    Compiling defmt v0.3.1
[INFO] [stderr]     Checking opaque-debug v0.3.0
[INFO] [stderr]     Checking cpufeatures v0.2.2
[INFO] [stderr]    Compiling defmt-parser v0.3.1
[INFO] [stderr]     Checking minimal-lexical v0.2.1
[INFO] [stderr]     Checking stable_deref_trait v1.2.0
[INFO] [stderr]     Checking byteorder v1.4.3
[INFO] [stderr]    Compiling anyhow v1.0.57
[INFO] [stderr]     Checking ff v0.11.0
[INFO] [stderr]    Compiling xshell-macros v0.1.17
[INFO] [stderr]     Checking as-slice v0.2.1
[INFO] [stderr]     Checking der v0.5.1
[INFO] [stderr]     Checking group v0.11.0
[INFO] [stderr]     Checking xshell v0.1.17
[INFO] [stderr]     Checking nom v7.1.1
[INFO] [stderr]    Compiling quote v1.0.18
[INFO] [stderr]     Checking spki v0.5.4
[INFO] [stderr]     Checking pkcs8 v0.8.0
[INFO] [stderr]    Compiling proc-macro-error-attr v1.0.4
[INFO] [stderr]     Checking digest v0.9.0
[INFO] [stderr]     Checking crypto-bigint v0.3.2
[INFO] [stderr]     Checking crypto-mac v0.11.1
[INFO] [stderr]     Checking sec1 v0.2.1
[INFO] [stderr]     Checking block-buffer v0.9.0
[INFO] [stderr]     Checking hmac v0.11.0
[INFO] [stderr]     Checking signature v1.3.2
[INFO] [stderr]     Checking sha2 v0.9.9
[INFO] [stderr]     Checking elliptic-curve v0.11.12
[INFO] [stderr]     Checking rfc6979 v0.1.0
[INFO] [stderr]     Checking ecdsa v0.13.4
[INFO] [stderr]     Checking p256 v0.10.1
[INFO] [stderr]    Compiling proc-macro-error v1.0.4
[INFO] [stderr]     Checking rustBoot v0.1.0 (/opt/rustwide/workdir/rustBoot)
[INFO] [stderr]  Documenting rustBoot v0.1.0 (/opt/rustwide/workdir/rustBoot)
[INFO] [stdout] error[E0432]: unresolved import `core::lazy`
[INFO] [stdout]   --> rustBoot/src/image/image.rs:24:11
[INFO] [stdout]    |
[INFO] [stdout] 24 | use core::lazy::OnceCell;
[INFO] [stdout]    |           ^^^^ could not find `lazy` in `core`
[INFO] [stdout] 
[INFO] [stdout] 
[INFO] [stdout] error[E0432]: unresolved import `core::lazy`
[INFO] [stdout]   --> rustBoot/src/image/image.rs:24:11
[INFO] [stdout]    |
[INFO] [stdout] 24 | use core::lazy::OnceCell;
[INFO] [stdout]    |           ^^^^ could not find `lazy` in `core`
[INFO] [stdout] 
[INFO] [stdout] 
[INFO] [stdout] error: cannot find derive macro `Format` in this scope
[INFO] [stdout]   --> rustBoot/src/image/image.rs:33:38
[INFO] [stdout]    |
[INFO] [stdout] 33 | #[cfg_attr(feature = "defmt", derive(Format))]
[INFO] [stdout]    |                                      ^^^^^^
[INFO] [stdout]    |
[INFO] [stdout] help: consider importing this derive macro
[INFO] [stdout]    |
[INFO] [stdout] 1  + use defmt::Format;
[INFO] [stdout]    |
[INFO] [stdout] 
[INFO] [stdout] 
[INFO] [stdout] error: cannot find derive macro `Format` in this scope
[INFO] [stdout]   --> rustBoot/src/image/image.rs:33:38
[INFO] [stdout]    |
[INFO] [stdout] 33 | #[cfg_attr(feature = "defmt", derive(Format))]
[INFO] [stdout]    |                                      ^^^^^^
[INFO] [stdout]    |
[INFO] [stdout] help: consider importing this derive macro
[INFO] [stdout]    |
[INFO] [stdout] 1  + use defmt::Format;
[INFO] [stdout]    |
[INFO] [stdout] 
[INFO] [stdout] 
[INFO] [stdout] error: cannot find derive macro `Format` in this scope
[INFO] [stdout]   --> rustBoot/src/image/image.rs:65:38
[INFO] [stdout]    |
[INFO] [stdout] 65 | #[cfg_attr(feature = "defmt", derive(Format))]
[INFO] [stdout]    |                                      ^^^^^^
[INFO] [stdout]    |
[INFO] [stdout] help: consider importing this derive macro
[INFO] [stdout]    |
[INFO] [stdout] 1  + use defmt::Format;
[INFO] [stdout]    |
[INFO] [stdout] 
[INFO] [stdout] 
[INFO] [stdout] error: cannot find derive macro `Format` in this scope
[INFO] [stdout]   --> rustBoot/src/image/image.rs:65:38
[INFO] [stdout]    |
[INFO] [stdout] 65 | #[cfg_attr(feature = "defmt", derive(Format))]
[INFO] [stdout]    |                                      ^^^^^^
[INFO] [stdout]    |
[INFO] [stdout] help: consider importing this derive macro
[INFO] [stdout]    |
[INFO] [stdout] 1  + use defmt::Format;
[INFO] [stdout]    |
[INFO] [stdout] 
[INFO] [stdout] 
[INFO] [stdout] error: cannot find derive macro `Format` in this scope
[INFO] [stdout]   --> rustBoot/src/image/image.rs:76:38
[INFO] [stdout]    |
[INFO] [stdout] 76 | #[cfg_attr(feature = "defmt", derive(Format))]
[INFO] [stdout]    |                                      ^^^^^^
[INFO] [stdout]    |
[INFO] [stdout] help: consider importing this derive macro
[INFO] [stdout]    |
[INFO] [stdout] 1  + use defmt::Format;
[INFO] [stdout]    |
[INFO] [stdout] 
[INFO] [stdout] 
[INFO] [stdout] error: cannot find derive macro `Format` in this scope
[INFO] [stdout]   --> rustBoot/src/image/image.rs:76:38
[INFO] [stdout]    |
[INFO] [stdout] 76 | #[cfg_attr(feature = "defmt", derive(Format))]
[INFO] [stdout]    |                                      ^^^^^^
[INFO] [stdout]    |
[INFO] [stdout] help: consider importing this derive macro
[INFO] [stdout]    |
[INFO] [stdout] 1  + use defmt::Format;
[INFO] [stdout]    |
[INFO] [stdout] 
[INFO] [stdout] 
[INFO] [stdout] error: cannot find derive macro `Format` in this scope
[INFO] [stdout]   --> rustBoot/src/image/image.rs:89:38
[INFO] [stdout]    |
[INFO] [stdout] 89 | #[cfg_attr(feature = "defmt", derive(Format))]
[INFO] [stdout]    |                                      ^^^^^^
[INFO] [stdout]    |
[INFO] [stdout] help: consider importing this derive macro
[INFO] [stdout]    |
[INFO] [stdout] 1  + use defmt::Format;
[INFO] [stdout]    |
[INFO] [stdout] 
[INFO] [stdout] 
[INFO] [stdout] error: cannot find derive macro `Format` in this scope
[INFO] [stdout]   --> rustBoot/src/image/image.rs:89:38
[INFO] [stdout]    |
[INFO] [stdout] 89 | #[cfg_attr(feature = "defmt", derive(Format))]
[INFO] [stdout]    |                                      ^^^^^^
[INFO] [stdout]    |
[INFO] [stdout] help: consider importing this derive macro
[INFO] [stdout]    |
[INFO] [stdout] 1  + use defmt::Format;
[INFO] [stdout]    |
[INFO] [stdout] 
[INFO] [stdout] 
[INFO] [stdout] error: cannot find derive macro `Format` in this scope
[INFO] [stdout]    --> rustBoot/src/image/image.rs:101:38
[INFO] [stdout]     |
[INFO] [stdout] 101 | #[cfg_attr(feature = "defmt", derive(Format))]
[INFO] [stdout]     |                                      ^^^^^^
[INFO] [stdout]     |
[INFO] [stdout] help: consider importing this derive macro
[INFO] [stdout]     |
[INFO] [stdout] 1   + use defmt::Format;
[INFO] [stdout]     |
[INFO] [stdout] 
[INFO] [stdout] 
[INFO] [stdout] error: cannot find derive macro `Format` in this scope
[INFO] [stdout]    --> rustBoot/src/image/image.rs:101:38
[INFO] [stdout]     |
[INFO] [stdout] 101 | #[cfg_attr(feature = "defmt", derive(Format))]
[INFO] [stdout]     |                                      ^^^^^^
[INFO] [stdout]     |
[INFO] [stdout] help: consider importing this derive macro
[INFO] [stdout]     |
[INFO] [stdout] 1   + use defmt::Format;
[INFO] [stdout]     |
[INFO] [stdout] 
[INFO] [stdout] 
[INFO] [stdout] error: cannot find derive macro `Format` in this scope
[INFO] [stdout]    --> rustBoot/src/image/image.rs:114:38
[INFO] [stdout]     |
[INFO] [stdout] 114 | #[cfg_attr(feature = "defmt", derive(Format))]
[INFO] [stdout]     |                                      ^^^^^^
[INFO] [stdout]     |
[INFO] [stdout] help: consider importing this derive macro
[INFO] [stdout]     |
[INFO] [stdout] 1   + use defmt::Format;
[INFO] [stdout]     |
[INFO] [stdout] 
[INFO] [stdout] 
[INFO] [stdout] error: cannot find derive macro `Format` in this scope
[INFO] [stdout]    --> rustBoot/src/image/image.rs:114:38
[INFO] [stdout]     |
[INFO] [stdout] 114 | #[cfg_attr(feature = "defmt", derive(Format))]
[INFO] [stdout]     |                                      ^^^^^^
[INFO] [stdout]     |
[INFO] [stdout] help: consider importing this derive macro
[INFO] [stdout]     |
[INFO] [stdout] 1   + use defmt::Format;
[INFO] [stdout]     |
[INFO] [stdout] 
[INFO] [stdout] 
[INFO] [stdout] error: cannot find derive macro `Format` in this scope
[INFO] [stdout]    --> rustBoot/src/image/image.rs:413:38
[INFO] [stdout]     |
[INFO] [stdout] 413 | #[cfg_attr(feature = "defmt", derive(Format))]
[INFO] [stdout]     |                                      ^^^^^^
[INFO] [stdout]     |
[INFO] [stdout] help: consider importing this derive macro
[INFO] [stdout]     |
[INFO] [stdout] 1   + use defmt::Format;
[INFO] [stdout]     |
[INFO] [stdout] 
[INFO] [stdout] 
[INFO] [stdout] error: cannot find derive macro `Format` in this scope
[INFO] [stdout]    --> rustBoot/src/image/image.rs:413:38
[INFO] [stdout]     |
[INFO] [stdout] 413 | #[cfg_attr(feature = "defmt", derive(Format))]
[INFO] [stdout]     |                                      ^^^^^^
[INFO] [stdout]     |
[INFO] [stdout] help: consider importing this derive macro
[INFO] [stdout]     |
[INFO] [stdout] 1   + use defmt::Format;
[INFO] [stdout]     |
[INFO] [stdout] 
[INFO] [stdout] 
[INFO] [stdout] error[E0425]: cannot find value `BOOT_PARTITION_ADDRESS` in this scope
[INFO] [stdout]   --> rustBoot/src/constants.rs:62:41
[INFO] [stdout]    |
[INFO] [stdout] 62 | pub const BOOT_TRAILER_ADDRESS: usize = BOOT_PARTITION_ADDRESS + PARTITION_SIZE;
[INFO] [stdout]    |                                         ^^^^^^^^^^^^^^^^^^^^^^ not found in this scope
[INFO] [stdout] 
[INFO] [stdout] 
[INFO] [stdout] error[E0425]: cannot find value `PARTITION_SIZE` in this scope
[INFO] [stdout]   --> rustBoot/src/constants.rs:62:66
[INFO] [stdout]    |
[INFO] [stdout] 62 | pub const BOOT_TRAILER_ADDRESS: usize = BOOT_PARTITION_ADDRESS + PARTITION_SIZE;
[INFO] [stdout]    |                                                                  ^^^^^^^^^^^^^^ not found in this scope
[INFO] [stdout] 
[INFO] [stdout] 
[INFO] [stdout] error[E0425]: cannot find value `BOOT_PARTITION_ADDRESS` in this scope
[INFO] [stdout]   --> rustBoot/src/constants.rs:63:32
[INFO] [stdout]    |
[INFO] [stdout] 62 | pub const BOOT_TRAILER_ADDRESS: usize = BOOT_PARTITION_ADDRESS + PARTITION_SIZE;
[INFO] [stdout]    | -------------------------------------------------------------------------------- similarly named constant `BOOT_TRAILER_ADDRESS` defined here
[INFO] [stdout] 63 | pub const BOOT_FWBASE: usize = BOOT_PARTITION_ADDRESS + IMAGE_HEADER_SIZE;
[INFO] [stdout]    |                                ^^^^^^^^^^^^^^^^^^^^^^ help: a constant with a similar name exists: `BOOT_TRAILER_ADDRESS`
[INFO] [stdout] 
[INFO] [stdout] 
[INFO] [stdout] error[E0425]: cannot find value `UPDATE_PARTITION_ADDRESS` in this scope
[INFO] [stdout]   --> rustBoot/src/constants.rs:65:43
[INFO] [stdout]    |
[INFO] [stdout] 65 | pub const UPDATE_TRAILER_ADDRESS: usize = UPDATE_PARTITION_ADDRESS + PARTITION_SIZE;
[INFO] [stdout]    |                                           ^^^^^^^^^^^^^^^^^^^^^^^^ not found in this scope
[INFO] [stdout] 
[INFO] [stdout] 
[INFO] [stdout] error[E0425]: cannot find value `PARTITION_SIZE` in this scope
[INFO] [stdout]   --> rustBoot/src/constants.rs:65:70
[INFO] [stdout]    |
[INFO] [stdout] 65 | pub const UPDATE_TRAILER_ADDRESS: usize = UPDATE_PARTITION_ADDRESS + PARTITION_SIZE;
[INFO] [stdout]    |                                                                      ^^^^^^^^^^^^^^ not found in this scope
[INFO] [stdout] 
[INFO] [stdout] 
[INFO] [stdout] error[E0425]: cannot find value `UPDATE_PARTITION_ADDRESS` in this scope
[INFO] [stdout]   --> rustBoot/src/constants.rs:66:34
[INFO] [stdout]    |
[INFO] [stdout] 65 | pub const UPDATE_TRAILER_ADDRESS: usize = UPDATE_PARTITION_ADDRESS + PARTITION_SIZE;
[INFO] [stdout]    | ------------------------------------------------------------------------------------ similarly named constant `UPDATE_TRAILER_ADDRESS` defined here
[INFO] [stdout] 66 | pub const UPDATE_FWBASE: usize = UPDATE_PARTITION_ADDRESS + IMAGE_HEADER_SIZE;
[INFO] [stdout]    |                                  ^^^^^^^^^^^^^^^^^^^^^^^^ help: a constant with a similar name exists: `UPDATE_TRAILER_ADDRESS`
[INFO] [stdout] 
[INFO] [stdout] 
[INFO] [stdout] error[E0425]: cannot find value `SWAP_PARTITION_ADDRESS` in this scope
[INFO] [stdout]   --> rustBoot/src/constants.rs:68:30
[INFO] [stdout]    |
[INFO] [stdout] 68 | pub const SWAP_BASE: usize = SWAP_PARTITION_ADDRESS;
[INFO] [stdout]    |                              ^^^^^^^^^^^^^^^^^^^^^^ not found in this scope
[INFO] [stdout] 
[INFO] [stdout] 
[INFO] [stdout] error[E0425]: cannot find value `BOOT_PARTITION_ADDRESS` in this scope
[INFO] [stdout]   --> rustBoot/src/constants.rs:62:41
[INFO] [stdout]    |
[INFO] [stdout] 62 | pub const BOOT_TRAILER_ADDRESS: usize = BOOT_PARTITION_ADDRESS + PARTITION_SIZE;
[INFO] [stdout]    |                                         ^^^^^^^^^^^^^^^^^^^^^^ not found in this scope
[INFO] [stdout] 
[INFO] [stdout] 
[INFO] [stdout] error[E0425]: cannot find value `PARTITION_SIZE` in this scope
[INFO] [stdout]   --> rustBoot/src/constants.rs:62:66
[INFO] [stdout]    |
[INFO] [stdout] 62 | pub const BOOT_TRAILER_ADDRESS: usize = BOOT_PARTITION_ADDRESS + PARTITION_SIZE;
[INFO] [stdout]    |                                                                  ^^^^^^^^^^^^^^ not found in this scope
[INFO] [stdout] 
[INFO] [stdout] 
[INFO] [stdout] error[E0425]: cannot find value `BOOT_PARTITION_ADDRESS` in this scope
[INFO] [stdout]   --> rustBoot/src/constants.rs:63:32
[INFO] [stdout]    |
[INFO] [stdout] 62 | pub const BOOT_TRAILER_ADDRESS: usize = BOOT_PARTITION_ADDRESS + PARTITION_SIZE;
[INFO] [stdout]    | -------------------------------------------------------------------------------- similarly named constant `BOOT_TRAILER_ADDRESS` defined here
[INFO] [stdout] 63 | pub const BOOT_FWBASE: usize = BOOT_PARTITION_ADDRESS + IMAGE_HEADER_SIZE;
[INFO] [stdout]    |                                ^^^^^^^^^^^^^^^^^^^^^^ help: a constant with a similar name exists: `BOOT_TRAILER_ADDRESS`
[INFO] [stdout] 
[INFO] [stdout] 
[INFO] [stdout] error[E0425]: cannot find value `UPDATE_PARTITION_ADDRESS` in this scope
[INFO] [stdout]   --> rustBoot/src/constants.rs:65:43
[INFO] [stdout]    |
[INFO] [stdout] 65 | pub const UPDATE_TRAILER_ADDRESS: usize = UPDATE_PARTITION_ADDRESS + PARTITION_SIZE;
[INFO] [stdout]    |                                           ^^^^^^^^^^^^^^^^^^^^^^^^ not found in this scope
[INFO] [stdout] 
[INFO] [stdout] 
[INFO] [stdout] error[E0425]: cannot find value `PARTITION_SIZE` in this scope
[INFO] [stdout]   --> rustBoot/src/constants.rs:65:70
[INFO] [stdout]    |
[INFO] [stdout] 65 | pub const UPDATE_TRAILER_ADDRESS: usize = UPDATE_PARTITION_ADDRESS + PARTITION_SIZE;
[INFO] [stdout]    |                                                                      ^^^^^^^^^^^^^^ not found in this scope
[INFO] [stdout] 
[INFO] [stdout] 
[INFO] [stdout] error[E0425]: cannot find value `UPDATE_PARTITION_ADDRESS` in this scope
[INFO] [stdout]   --> rustBoot/src/constants.rs:66:34
[INFO] [stdout]    |
[INFO] [stdout] 65 | pub const UPDATE_TRAILER_ADDRESS: usize = UPDATE_PARTITION_ADDRESS + PARTITION_SIZE;
[INFO] [stdout]    | ------------------------------------------------------------------------------------ similarly named constant `UPDATE_TRAILER_ADDRESS` defined here
[INFO] [stdout] 66 | pub const UPDATE_FWBASE: usize = UPDATE_PARTITION_ADDRESS + IMAGE_HEADER_SIZE;
[INFO] [stdout]    |                                  ^^^^^^^^^^^^^^^^^^^^^^^^ help: a constant with a similar name exists: `UPDATE_TRAILER_ADDRESS`
[INFO] [stdout] 
[INFO] [stdout] 
[INFO] [stdout] error[E0425]: cannot find value `SWAP_PARTITION_ADDRESS` in this scope
[INFO] [stdout]   --> rustBoot/src/constants.rs:68:30
[INFO] [stdout]    |
[INFO] [stdout] 68 | pub const SWAP_BASE: usize = SWAP_PARTITION_ADDRESS;
[INFO] [stdout]    |                              ^^^^^^^^^^^^^^^^^^^^^^ not found in this scope
[INFO] [stdout] 
[INFO] [stdout] 
[INFO] [stdout] error[E0425]: cannot find value `BOOT_PARTITION_ADDRESS` in this scope
[INFO] [stdout]    --> rustBoot/src/image/image.rs:185:35
[INFO] [stdout]     |
[INFO] [stdout] 185 |                     let magic = *(BOOT_PARTITION_ADDRESS as *const usize);
[INFO] [stdout]     |                                   ^^^^^^^^^^^^^^^^^^^^^^ help: a constant with a similar name exists: `BOOT_TRAILER_ADDRESS`
[INFO] [stdout]     |
[INFO] [stdout]    ::: rustBoot/src/constants.rs:62:1
[INFO] [stdout]     |
[INFO] [stdout] 62  | pub const BOOT_TRAILER_ADDRESS: usize = BOOT_PARTITION_ADDRESS + PARTITION_SIZE;
[INFO] [stdout]     | -------------------------------------------------------------------------------- similarly named constant `BOOT_TRAILER_ADDRESS` defined here
[INFO] [stdout] 
[INFO] [stdout] 
[INFO] [stdout] error[E0425]: cannot find value `BOOT_PARTITION_ADDRESS` in this scope
[INFO] [stdout]    --> rustBoot/src/image/image.rs:186:31
[INFO] [stdout]     |
[INFO] [stdout] 186 |                     size = *((BOOT_PARTITION_ADDRESS + 4) as *const usize);
[INFO] [stdout]     |                               ^^^^^^^^^^^^^^^^^^^^^^ help: a constant with a similar name exists: `BOOT_TRAILER_ADDRESS`
[INFO] [stdout]     |
[INFO] [stdout]    ::: rustBoot/src/constants.rs:62:1
[INFO] [stdout]     |
[INFO] [stdout] 62  | pub const BOOT_TRAILER_ADDRESS: usize = BOOT_PARTITION_ADDRESS + PARTITION_SIZE;
[INFO] [stdout]     | -------------------------------------------------------------------------------- similarly named constant `BOOT_TRAILER_ADDRESS` defined here
[INFO] [stdout] 
[INFO] [stdout] 
[INFO] [stdout] error[E0425]: cannot find value `PARTITION_SIZE` in this scope
[INFO] [stdout]    --> rustBoot/src/image/image.rs:187:61
[INFO] [stdout]     |
[INFO] [stdout] 187 |                     if (magic != RUSTBOOT_MAGIC) || (size > PARTITION_SIZE - IMAGE_HEADER_SIZE) {
[INFO] [stdout]     |                                                             ^^^^^^^^^^^^^^ not found in this scope
[INFO] [stdout] 
[INFO] [stdout] 
[INFO] [stdout] error[E0425]: cannot find value `BOOT_PARTITION_ADDRESS` in this scope
[INFO] [stdout]    --> rustBoot/src/image/image.rs:192:31
[INFO] [stdout]     |
[INFO] [stdout] 192 |                     hdr: Some(BOOT_PARTITION_ADDRESS as *const u8),
[INFO] [stdout]     |                               ^^^^^^^^^^^^^^^^^^^^^^ help: a constant with a similar name exists: `BOOT_TRAILER_ADDRESS`
[INFO] [stdout]     |
[INFO] [stdout]    ::: rustBoot/src/constants.rs:62:1
[INFO] [stdout]     |
[INFO] [stdout] 62  | pub const BOOT_TRAILER_ADDRESS: usize = BOOT_PARTITION_ADDRESS + PARTITION_SIZE;
[INFO] [stdout]     | -------------------------------------------------------------------------------- similarly named constant `BOOT_TRAILER_ADDRESS` defined here
[INFO] [stdout] 
[INFO] [stdout] 
[INFO] [stdout] error[E0425]: cannot find value `UPDATE_PARTITION_ADDRESS` in this scope
[INFO] [stdout]    --> rustBoot/src/image/image.rs:230:35
[INFO] [stdout]     |
[INFO] [stdout] 230 |                     let magic = *(UPDATE_PARTITION_ADDRESS as *const usize);
[INFO] [stdout]     |                                   ^^^^^^^^^^^^^^^^^^^^^^^^ help: a constant with a similar name exists: `UPDATE_TRAILER_ADDRESS`
[INFO] [stdout]     |
[INFO] [stdout]    ::: rustBoot/src/constants.rs:65:1
[INFO] [stdout]     |
[INFO] [stdout] 65  | pub const UPDATE_TRAILER_ADDRESS: usize = UPDATE_PARTITION_ADDRESS + PARTITION_SIZE;
[INFO] [stdout]     | ------------------------------------------------------------------------------------ similarly named constant `UPDATE_TRAILER_ADDRESS` defined here
[INFO] [stdout] 
[INFO] [stdout] 
[INFO] [stdout] error[E0425]: cannot find value `UPDATE_PARTITION_ADDRESS` in this scope
[INFO] [stdout]    --> rustBoot/src/image/image.rs:231:31
[INFO] [stdout]     |
[INFO] [stdout] 231 |                     size = *((UPDATE_PARTITION_ADDRESS + 4) as *const usize);
[INFO] [stdout]     |                               ^^^^^^^^^^^^^^^^^^^^^^^^ help: a constant with a similar name exists: `UPDATE_TRAILER_ADDRESS`
[INFO] [stdout]     |
[INFO] [stdout]    ::: rustBoot/src/constants.rs:65:1
[INFO] [stdout]     |
[INFO] [stdout] 65  | pub const UPDATE_TRAILER_ADDRESS: usize = UPDATE_PARTITION_ADDRESS + PARTITION_SIZE;
[INFO] [stdout]     | ------------------------------------------------------------------------------------ similarly named constant `UPDATE_TRAILER_ADDRESS` defined here
[INFO] [stdout] 
[INFO] [stdout] 
[INFO] [stdout] error[E0425]: cannot find value `PARTITION_SIZE` in this scope
[INFO] [stdout]    --> rustBoot/src/image/image.rs:232:61
[INFO] [stdout]     |
[INFO] [stdout] 232 |                     if (magic != RUSTBOOT_MAGIC) || (size > PARTITION_SIZE - IMAGE_HEADER_SIZE) {
[INFO] [stdout]     |                                                             ^^^^^^^^^^^^^^ not found in this scope
[INFO] [stdout] 
[INFO] [stdout] 
[INFO] [stdout] error[E0425]: cannot find value `UPDATE_PARTITION_ADDRESS` in this scope
[INFO] [stdout]    --> rustBoot/src/image/image.rs:237:31
[INFO] [stdout]     |
[INFO] [stdout] 237 |                     hdr: Some(UPDATE_PARTITION_ADDRESS as *const u8),
[INFO] [stdout]     |                               ^^^^^^^^^^^^^^^^^^^^^^^^ help: a constant with a similar name exists: `UPDATE_TRAILER_ADDRESS`
[INFO] [stdout]     |
[INFO] [stdout]    ::: rustBoot/src/constants.rs:65:1
[INFO] [stdout]     |
[INFO] [stdout] 65  | pub const UPDATE_TRAILER_ADDRESS: usize = UPDATE_PARTITION_ADDRESS + PARTITION_SIZE;
[INFO] [stdout]     | ------------------------------------------------------------------------------------ similarly named constant `UPDATE_TRAILER_ADDRESS` defined here
[INFO] [stdout] 
[INFO] [stdout] 
[INFO] [stdout] error[E0425]: cannot find value `SWAP_PARTITION_ADDRESS` in this scope
[INFO] [stdout]    --> rustBoot/src/image/image.rs:271:31
[INFO] [stdout]     |
[INFO] [stdout] 271 |                     hdr: Some(SWAP_PARTITION_ADDRESS as *const u8),
[INFO] [stdout]     |                               ^^^^^^^^^^^^^^^^^^^^^^ not found in this scope
[INFO] [stdout] 
[INFO] [stdout] 
[INFO] [stdout] error[E0425]: cannot find value `SECTOR_SIZE` in this scope
[INFO] [stdout]    --> rustBoot/src/image/image.rs:275:30
[INFO] [stdout]     |
[INFO] [stdout] 275 |                     fw_size: SECTOR_SIZE,
[INFO] [stdout]     |                              ^^^^^^^^^^^ not found in this scope
[INFO] [stdout] 
[INFO] [stdout] 
[INFO] [stdout] error[E0425]: cannot find value `PARTITION_SIZE` in this scope
[INFO] [stdout]    --> rustBoot/src/image/image.rs:677:50
[INFO] [stdout]     |
[INFO] [stdout] 677 |         let part = (unsafe { (val as *const [u8; PARTITION_SIZE]).as_ref() })
[INFO] [stdout]     |                                                  ^^^^^^^^^^^^^^ not found in this scope
[INFO] [stdout] 
[INFO] [stdout] 
[INFO] [stdout] error[E0554]: `#![feature]` may not be used on the stable release channel
[INFO] [stdout]  --> rustBoot/src/lib.rs:3:12
[INFO] [stdout]   |
[INFO] [stdout] 3 | #![feature(once_cell, is_sorted, slice_as_chunks)]
[INFO] [stdout]   |            ^^^^^^^^^
[INFO] [stdout] 
[INFO] [stdout] 
[INFO] [stdout] error[E0554]: `#![feature]` may not be used on the stable release channel
[INFO] [stdout]  --> rustBoot/src/lib.rs:3:23
[INFO] [stdout]   |
[INFO] [stdout] 3 | #![feature(once_cell, is_sorted, slice_as_chunks)]
[INFO] [stdout]   |                       ^^^^^^^^^
[INFO] [stdout] 
[INFO] [stdout] 
[INFO] [stdout] error[E0554]: `#![feature]` may not be used on the stable release channel
[INFO] [stdout]  --> rustBoot/src/lib.rs:3:34
[INFO] [stdout]   |
[INFO] [stdout] 3 | #![feature(once_cell, is_sorted, slice_as_chunks)]
[INFO] [stdout]   |                                  ^^^^^^^^^^^^^^^
[INFO] [stdout] 
[INFO] [stdout] 
[INFO] [stdout] warning: the feature `once_cell` has been stable since 1.70.0 and no longer requires an attribute to enable
[INFO] [stdout]  --> rustBoot/src/lib.rs:3:12
[INFO] [stdout]   |
[INFO] [stdout] 3 | #![feature(once_cell, is_sorted, slice_as_chunks)]
[INFO] [stdout]   |            ^^^^^^^^^
[INFO] [stdout]   |
[INFO] [stdout]   = note: `#[warn(stable_features)]` on by default
[INFO] [stdout] 
[INFO] [stdout] 
[INFO] [stdout] error[E0433]: failed to resolve: could not resolve path `BOOT_PARTITION_ADDRESS`
[INFO] [stdout]   --> rustBoot/src/constants.rs:62:41
[INFO] [stdout]    |
[INFO] [stdout] 62 | pub const BOOT_TRAILER_ADDRESS: usize = BOOT_PARTITION_ADDRESS + PARTITION_SIZE;
[INFO] [stdout]    |                                         ^^^^^^^^^^^^^^^^^^^^^^ could not resolve path `BOOT_PARTITION_ADDRESS`
[INFO] [stdout]    |
[INFO] [stdout]    = note: this error was originally ignored because you are running `rustdoc`
[INFO] [stdout]    = note: try running again with `rustc` or `cargo check` and you may get a more detailed error
[INFO] [stdout] 
[INFO] [stdout] 
[INFO] [stdout] error[E0433]: failed to resolve: could not resolve path `PARTITION_SIZE`
[INFO] [stdout]   --> rustBoot/src/constants.rs:62:66
[INFO] [stdout]    |
[INFO] [stdout] 62 | pub const BOOT_TRAILER_ADDRESS: usize = BOOT_PARTITION_ADDRESS + PARTITION_SIZE;
[INFO] [stdout]    |                                                                  ^^^^^^^^^^^^^^ could not resolve path `PARTITION_SIZE`
[INFO] [stdout]    |
[INFO] [stdout]    = note: this error was originally ignored because you are running `rustdoc`
[INFO] [stdout]    = note: try running again with `rustc` or `cargo check` and you may get a more detailed error
[INFO] [stdout] 
[INFO] [stdout] 
[INFO] [stdout] error[E0433]: failed to resolve: could not resolve path `BOOT_PARTITION_ADDRESS`
[INFO] [stdout]   --> rustBoot/src/constants.rs:63:32
[INFO] [stdout]    |
[INFO] [stdout] 63 | pub const BOOT_FWBASE: usize = BOOT_PARTITION_ADDRESS + IMAGE_HEADER_SIZE;
[INFO] [stdout]    |                                ^^^^^^^^^^^^^^^^^^^^^^ could not resolve path `BOOT_PARTITION_ADDRESS`
[INFO] [stdout]    |
[INFO] [stdout]    = note: this error was originally ignored because you are running `rustdoc`
[INFO] [stdout]    = note: try running again with `rustc` or `cargo check` and you may get a more detailed error
[INFO] [stdout] 
[INFO] [stdout] 
[INFO] [stdout] error[E0433]: failed to resolve: could not resolve path `UPDATE_PARTITION_ADDRESS`
[INFO] [stdout]   --> rustBoot/src/constants.rs:65:43
[INFO] [stdout]    |
[INFO] [stdout] 65 | pub const UPDATE_TRAILER_ADDRESS: usize = UPDATE_PARTITION_ADDRESS + PARTITION_SIZE;
[INFO] [stdout]    |                                           ^^^^^^^^^^^^^^^^^^^^^^^^ could not resolve path `UPDATE_PARTITION_ADDRESS`
[INFO] [stdout]    |
[INFO] [stdout]    = note: this error was originally ignored because you are running `rustdoc`
[INFO] [stdout]    = note: try running again with `rustc` or `cargo check` and you may get a more detailed error
[INFO] [stdout] 
[INFO] [stdout] 
[INFO] [stdout] error[E0433]: failed to resolve: could not resolve path `PARTITION_SIZE`
[INFO] [stdout]   --> rustBoot/src/constants.rs:65:70
[INFO] [stdout]    |
[INFO] [stdout] 65 | pub const UPDATE_TRAILER_ADDRESS: usize = UPDATE_PARTITION_ADDRESS + PARTITION_SIZE;
[INFO] [stdout]    |                                                                      ^^^^^^^^^^^^^^ could not resolve path `PARTITION_SIZE`
[INFO] [stdout]    |
[INFO] [stdout]    = note: this error was originally ignored because you are running `rustdoc`
[INFO] [stdout]    = note: try running again with `rustc` or `cargo check` and you may get a more detailed error
[INFO] [stdout] 
[INFO] [stdout] 
[INFO] [stdout] error[E0433]: failed to resolve: could not resolve path `UPDATE_PARTITION_ADDRESS`
[INFO] [stdout]   --> rustBoot/src/constants.rs:66:34
[INFO] [stdout]    |
[INFO] [stdout] 66 | pub const UPDATE_FWBASE: usize = UPDATE_PARTITION_ADDRESS + IMAGE_HEADER_SIZE;
[INFO] [stdout]    |                                  ^^^^^^^^^^^^^^^^^^^^^^^^ could not resolve path `UPDATE_PARTITION_ADDRESS`
[INFO] [stdout]    |
[INFO] [stdout]    = note: this error was originally ignored because you are running `rustdoc`
[INFO] [stdout]    = note: try running again with `rustc` or `cargo check` and you may get a more detailed error
[INFO] [stdout] 
[INFO] [stdout] 
[INFO] [stdout] error[E0433]: failed to resolve: could not resolve path `SWAP_PARTITION_ADDRESS`
[INFO] [stdout]   --> rustBoot/src/constants.rs:68:30
[INFO] [stdout]    |
[INFO] [stdout] 68 | pub const SWAP_BASE: usize = SWAP_PARTITION_ADDRESS;
[INFO] [stdout]    |                              ^^^^^^^^^^^^^^^^^^^^^^ could not resolve path `SWAP_PARTITION_ADDRESS`
[INFO] [stdout]    |
[INFO] [stdout]    = note: this error was originally ignored because you are running `rustdoc`
[INFO] [stdout]    = note: try running again with `rustc` or `cargo check` and you may get a more detailed error
[INFO] [stdout] 
[INFO] [stdout] 
[INFO] [stdout] error[E0433]: failed to resolve: could not resolve path `OnceCell::new`
[INFO] [stdout]   --> rustBoot/src/image/image.rs:27:51
[INFO] [stdout]    |
[INFO] [stdout] 27 | static mut BOOT: OnceCell<PartDescriptor<Boot>> = OnceCell::new();
[INFO] [stdout]    |                                                   ^^^^^^^^^^^^^ could not resolve path `OnceCell::new`
[INFO] [stdout]    |
[INFO] [stdout]    = note: this error was originally ignored because you are running `rustdoc`
[INFO] [stdout]    = note: try running again with `rustc` or `cargo check` and you may get a more detailed error
[INFO] [stdout] 
[INFO] [stdout] 
[INFO] [stdout] error[E0433]: failed to resolve: could not resolve path `OnceCell::new`
[INFO] [stdout]   --> rustBoot/src/image/image.rs:29:53
[INFO] [stdout]    |
[INFO] [stdout] 29 | static mut UPDT: OnceCell<PartDescriptor<Update>> = OnceCell::new();
[INFO] [stdout]    |                                                     ^^^^^^^^^^^^^ could not resolve path `OnceCell::new`
[INFO] [stdout]    |
[INFO] [stdout]    = note: this error was originally ignored because you are running `rustdoc`
[INFO] [stdout]    = note: try running again with `rustc` or `cargo check` and you may get a more detailed error
[INFO] [stdout] 
[INFO] [stdout] 
[INFO] [stdout] error[E0433]: failed to resolve: could not resolve path `OnceCell::new`
[INFO] [stdout]   --> rustBoot/src/image/image.rs:31:51
[INFO] [stdout]    |
[INFO] [stdout] 31 | static mut SWAP: OnceCell<PartDescriptor<Swap>> = OnceCell::new();
[INFO] [stdout]    |                                                   ^^^^^^^^^^^^^ could not resolve path `OnceCell::new`
[INFO] [stdout]    |
[INFO] [stdout]    = note: this error was originally ignored because you are running `rustdoc`
[INFO] [stdout]    = note: try running again with `rustc` or `cargo check` and you may get a more detailed error
[INFO] [stdout] 
[INFO] [stdout] 
[INFO] [stdout] error: aborting due to 25 previous errors
[INFO] [stdout] 
[INFO] [stdout] 
[INFO] [stdout] Some errors have detailed explanations: E0425, E0432, E0433.
[INFO] [stdout] 
[INFO] [stdout] For more information about an error, try `rustc --explain E0425`.
[INFO] [stdout] 
[INFO] [stderr] error: could not document `rustBoot`
[INFO] [stderr] 
[INFO] [stderr] Caused by:
[INFO] [stderr]   process didn't exit successfully: `/opt/rustwide/rustup-home/toolchains/1.75.0-x86_64-unknown-linux-gnu/bin/rustdoc --edition=2018 --crate-type lib --crate-name rustBoot rustBoot/src/lib.rs -o /opt/rustwide/target/doc --cfg 'feature="default"' --cfg 'feature="defmt"' --cfg 'feature="log"' --cfg 'feature="mcu"' --cfg 'feature="nistp256"' --cfg 'feature="sha256"' --error-format=json --json=diagnostic-rendered-ansi,artifacts,future-incompat --document-private-items -C metadata=24efd910cf913632 -L dependency=/opt/rustwide/target/debug/deps --extern as_slice=/opt/rustwide/target/debug/deps/libas_slice-e6e8f94865620f69.rmeta --extern byteorder=/opt/rustwide/target/debug/deps/libbyteorder-dff8842c3d34d5ea.rmeta --extern defmt=/opt/rustwide/target/debug/deps/libdefmt-41320fd586ec9e60.rmeta --extern log=/opt/rustwide/target/debug/deps/liblog-1abcf87ef2ff6dc8.rmeta --extern nom=/opt/rustwide/target/debug/deps/libnom-43e665e5399ba97c.rmeta --extern p256=/opt/rustwide/target/debug/deps/libp256-b3b0ab28ac1389fb.rmeta --extern sha2=/opt/rustwide/target/debug/deps/libsha2-dbb4005dfca0407b.rmeta --extern signature=/opt/rustwide/target/debug/deps/libsignature-85f19be4b1027de1.rmeta --cap-lints=warn --crate-version 0.1.0` (exit status: 1)
[INFO] [stderr] warning: build failed, waiting for other jobs to finish...
[INFO] [stdout] error[E0283]: type annotations needed
[INFO] [stdout]    --> rustBoot/src/image/image.rs:532:19
[INFO] [stdout]     |
[INFO] [stdout] 532 |         let val = parse_tlv(self, Tags::Version)?;
[INFO] [stdout]     |                   ^^^^^^^^^ ---- type must be known at this point
[INFO] [stdout]     |                   |
[INFO] [stdout]     |                   cannot infer type of the type parameter `Part` declared on the function `parse_tlv`
[INFO] [stdout]     |
[INFO] [stdout]     = note: cannot satisfy `_: image::image::Swappable`
[INFO] [stdout]     = help: the following types implement trait `image::image::Swappable`:
[INFO] [stdout]               image::image::Boot
[INFO] [stdout]               image::image::Update
[INFO] [stdout] note: required by a bound in `parser::parse_tlv`
[INFO] [stdout]    --> rustBoot/src/parser.rs:11:47
[INFO] [stdout]     |
[INFO] [stdout] 11  | pub(crate) fn parse_tlv<'a, Part: ValidPart + Swappable, State: TypeState>(
[INFO] [stdout]     |                                               ^^^^^^^^^ required by this bound in `parse_tlv`
[INFO] [stdout] help: consider specifying the generic arguments
[INFO] [stdout]     |
[INFO] [stdout] 532 |         let val = parse_tlv::<Part, State>(self, Tags::Version)?;
[INFO] [stdout]     |                            +++++++++++++++
[INFO] [stdout] 
[INFO] [stdout] 
[INFO] [stdout] error[E0283]: type annotations needed
[INFO] [stdout]    --> rustBoot/src/image/image.rs:545:19
[INFO] [stdout]     |
[INFO] [stdout] 545 |         let val = parse_tlv(self, Tags::ImgType)?;
[INFO] [stdout]     |                   ^^^^^^^^^ ---- type must be known at this point
[INFO] [stdout]     |                   |
[INFO] [stdout]     |                   cannot infer type of the type parameter `Part` declared on the function `parse_tlv`
[INFO] [stdout]     |
[INFO] [stdout]     = note: cannot satisfy `_: image::image::Swappable`
[INFO] [stdout]     = help: the following types implement trait `image::image::Swappable`:
[INFO] [stdout]               image::image::Boot
[INFO] [stdout]               image::image::Update
[INFO] [stdout] note: required by a bound in `parser::parse_tlv`
[INFO] [stdout]    --> rustBoot/src/parser.rs:11:47
[INFO] [stdout]     |
[INFO] [stdout] 11  | pub(crate) fn parse_tlv<'a, Part: ValidPart + Swappable, State: TypeState>(
[INFO] [stdout]     |                                               ^^^^^^^^^ required by this bound in `parse_tlv`
[INFO] [stdout] help: consider specifying the generic arguments
[INFO] [stdout]     |
[INFO] [stdout] 545 |         let val = parse_tlv::<Part, State>(self, Tags::ImgType)?;
[INFO] [stdout]     |                            +++++++++++++++
[INFO] [stdout] 
[INFO] [stdout] 
[INFO] [stdout] error: aborting due to 31 previous errors; 1 warning emitted
[INFO] [stdout] 
[INFO] [stdout] 
[INFO] [stdout] Some errors have detailed explanations: E0283, E0425, E0432, E0554.
[INFO] [stdout] 
[INFO] [stdout] For more information about an error, try `rustc --explain E0283`.
[INFO] [stdout] 
[INFO] [stderr] error: could not compile `rustBoot` (lib) due to 32 previous errors; 1 warning emitted
[INFO] running `Command { std: "docker" "inspect" "9902d6f9aded0816a02b36e3c9845d4a60a841d9c53d23e1a6e7e0d8ed49bc65", kill_on_drop: false }`
[INFO] running `Command { std: "docker" "rm" "-f" "9902d6f9aded0816a02b36e3c9845d4a60a841d9c53d23e1a6e7e0d8ed49bc65", kill_on_drop: false }`
[INFO] [stdout] 9902d6f9aded0816a02b36e3c9845d4a60a841d9c53d23e1a6e7e0d8ed49bc65
[INFO] documenting Strange21/rustBoot against beta-2023-12-22 for beta-1.76-rustdoc-1
[INFO] running `Command { std: "git" "clone" "/workspace/cache/git-repos/https%3A%2F%2Fgithub.com%2FStrange21%2FrustBoot" "/workspace/builds/worker-2-tc2/source", kill_on_drop: false }`
[INFO] [stderr] Cloning into '/workspace/builds/worker-2-tc2/source'...
[INFO] [stderr] done.
[INFO] [stderr] Updating files:  33% (320/953)
Updating files:  34% (325/953)
Updating files:  35% (334/953)
Updating files:  36% (344/953)
Updating files:  37% (353/953)
Updating files:  38% (363/953)
Updating files:  39% (372/953)
Updating files:  40% (382/953)
Updating files:  41% (391/953)
Updating files:  42% (401/953)
Updating files:  43% (410/953)
Updating files:  44% (420/953)
Updating files:  45% (429/953)
Updating files:  46% (439/953)
Updating files:  47% (448/953)
Updating files:  48% (458/953)
Updating files:  49% (467/953)
Updating files:  50% (477/953)
Updating files:  51% (487/953)
Updating files:  52% (496/953)
Updating files:  53% (506/953)
Updating files:  54% (515/953)
Updating files:  55% (525/953)
Updating files:  56% (534/953)
Updating files:  57% (544/953)
Updating files:  58% (553/953)
Updating files:  59% (563/953)
Updating files:  60% (572/953)
Updating files:  61% (582/953)
Updating files:  62% (591/953)
Updating files:  63% (601/953)
Updating files:  64% (610/953)
Updating files:  65% (620/953)
Updating files:  66% (629/953)
Updating files:  67% (639/953)
Updating files:  68% (649/953)
Updating files:  69% (658/953)
Updating files:  70% (668/953)
Updating files:  71% (677/953)
Updating files:  72% (687/953)
Updating files:  73% (696/953)
Updating files:  74% (706/953)
Updating files:  75% (715/953)
Updating files:  76% (725/953)
Updating files:  77% (734/953)
Updating files:  78% (744/953)
Updating files:  79% (753/953)
Updating files:  80% (763/953)
Updating files:  81% (772/953)
Updating files:  82% (782/953)
Updating files:  83% (791/953)
Updating files:  84% (801/953)
Updating files:  85% (811/953)
Updating files:  86% (820/953)
Updating files:  87% (830/953)
Updating files:  88% (839/953)
Updating files:  88% (843/953)
Updating files:  89% (849/953)
Updating files:  90% (858/953)
Updating files:  91% (868/953)
Updating files:  92% (877/953)
Updating files:  93% (887/953)
Updating files:  94% (896/953)
Updating files:  95% (906/953)
Updating files:  96% (915/953)
Updating files:  97% (925/953)
Updating files:  98% (934/953)
Updating files:  99% (944/953)
Updating files: 100% (953/953)
Updating files: 100% (953/953), done.
[INFO] validating manifest of git repo https://github.com/Strange21/rustBoot on toolchain beta-2023-12-22
[INFO] running `Command { std: CARGO_HOME="/workspace/cargo-home" RUSTUP_HOME="/workspace/rustup-home" "/workspace/cargo-home/bin/cargo" "+beta-2023-12-22" "metadata" "--manifest-path" "Cargo.toml" "--no-deps", kill_on_drop: false }`
[INFO] removed /workspace/builds/worker-2-tc2/source/.cargo/config.toml
[INFO] started tweaking git repo https://github.com/Strange21/rustBoot
[INFO] finished tweaking git repo https://github.com/Strange21/rustBoot
[INFO] tweaked toml for git repo https://github.com/Strange21/rustBoot written to /workspace/builds/worker-2-tc2/source/Cargo.toml
[INFO] crate git repo https://github.com/Strange21/rustBoot already has a lockfile, it will not be regenerated
[INFO] running `Command { std: CARGO_HOME="/workspace/cargo-home" RUSTUP_HOME="/workspace/rustup-home" "/workspace/cargo-home/bin/cargo" "+beta-2023-12-22" "fetch" "--manifest-path" "Cargo.toml", kill_on_drop: false }`
[INFO] running `Command { std: "docker" "create" "-v" "/var/lib/crater-agent-workspace/builds/worker-2-tc2/target:/opt/rustwide/target:rw,Z" "-v" "/var/lib/crater-agent-workspace/builds/worker-2-tc2/source:/opt/rustwide/workdir:ro,Z" "-v" "/var/lib/crater-agent-workspace/cargo-home:/opt/rustwide/cargo-home:ro,Z" "-v" "/var/lib/crater-agent-workspace/rustup-home:/opt/rustwide/rustup-home:ro,Z" "-e" "SOURCE_DIR=/opt/rustwide/workdir" "-e" "CARGO_TARGET_DIR=/opt/rustwide/target" "-e" "CARGO_HOME=/opt/rustwide/cargo-home" "-e" "RUSTUP_HOME=/opt/rustwide/rustup-home" "-w" "/opt/rustwide/workdir" "-m" "1610612736" "--user" "0:0" "--network" "none" "ghcr.io/rust-lang/crates-build-env/linux@sha256:2788e3201cd34a07e3172128adcd8b3090168a8e3bcc40d7c032b9dda1df7d1c" "/opt/rustwide/cargo-home/bin/cargo" "+beta-2023-12-22" "metadata" "--no-deps" "--format-version=1", kill_on_drop: false }`
[INFO] [stdout] 3f9a69c411c9ae3a581d4ed4269076acafe425d680e8a856da8b266603175894
[INFO] running `Command { std: "docker" "start" "-a" "3f9a69c411c9ae3a581d4ed4269076acafe425d680e8a856da8b266603175894", kill_on_drop: false }`
[INFO] running `Command { std: "docker" "inspect" "3f9a69c411c9ae3a581d4ed4269076acafe425d680e8a856da8b266603175894", kill_on_drop: false }`
[INFO] running `Command { std: "docker" "rm" "-f" "3f9a69c411c9ae3a581d4ed4269076acafe425d680e8a856da8b266603175894", kill_on_drop: false }`
[INFO] [stdout] 3f9a69c411c9ae3a581d4ed4269076acafe425d680e8a856da8b266603175894
[INFO] running `Command { std: "docker" "create" "-v" "/var/lib/crater-agent-workspace/builds/worker-2-tc2/target:/opt/rustwide/target:rw,Z" "-v" "/var/lib/crater-agent-workspace/builds/worker-2-tc2/source:/opt/rustwide/workdir:ro,Z" "-v" "/var/lib/crater-agent-workspace/cargo-home:/opt/rustwide/cargo-home:ro,Z" "-v" "/var/lib/crater-agent-workspace/rustup-home:/opt/rustwide/rustup-home:ro,Z" "-e" "SOURCE_DIR=/opt/rustwide/workdir" "-e" "CARGO_TARGET_DIR=/opt/rustwide/target" "-e" "CARGO_INCREMENTAL=0" "-e" "RUST_BACKTRACE=full" "-e" "RUSTFLAGS=--cap-lints=warn" "-e" "RUSTDOCFLAGS=--cap-lints=warn" "-e" "CARGO_HOME=/opt/rustwide/cargo-home" "-e" "RUSTUP_HOME=/opt/rustwide/rustup-home" "-w" "/opt/rustwide/workdir" "-m" "1610612736" "--user" "0:0" "--network" "none" "ghcr.io/rust-lang/crates-build-env/linux@sha256:2788e3201cd34a07e3172128adcd8b3090168a8e3bcc40d7c032b9dda1df7d1c" "/opt/rustwide/cargo-home/bin/cargo" "+beta-2023-12-22" "doc" "--frozen" "--no-deps" "--document-private-items" "--message-format=json", kill_on_drop: false }`
[INFO] [stdout] eff2a5b916c9071954502703341043b146225111fcc0eb4163cb9c79d2ae7249
[INFO] running `Command { std: "docker" "start" "-a" "eff2a5b916c9071954502703341043b146225111fcc0eb4163cb9c79d2ae7249", kill_on_drop: false }`
[INFO] [stderr]    Compiling typenum v1.15.0
[INFO] [stderr]    Compiling generic-array v0.14.5
[INFO] [stderr]     Checking subtle v2.4.1
[INFO] [stderr]     Checking rand_core v0.6.3
[INFO] [stderr]    Compiling proc-macro2 v1.0.37
[INFO] [stderr]    Compiling unicode-xid v0.2.2
[INFO] [stderr]     Checking const-oid v0.7.1
[INFO] [stderr]     Checking zeroize v1.4.3
[INFO] [stderr]    Compiling syn v1.0.91
[INFO] [stderr]    Compiling defmt-macros v0.3.2
[INFO] [stderr]    Compiling memchr v2.4.1
[INFO] [stderr]     Checking base16ct v0.1.1
[INFO] [stderr]     Checking opaque-debug v0.3.0
[INFO] [stderr]     Checking cpufeatures v0.2.2
[INFO] [stderr]    Compiling log v0.4.16
[INFO] [stderr]    Compiling defmt v0.3.1
[INFO] [stderr]    Compiling defmt-parser v0.3.1
[INFO] [stderr]     Checking stable_deref_trait v1.2.0
[INFO] [stderr]     Checking minimal-lexical v0.2.1
[INFO] [stderr]     Checking byteorder v1.4.3
[INFO] [stderr]     Checking der v0.5.1
[INFO] [stderr]    Compiling anyhow v1.0.57
[INFO] [stderr]    Compiling xshell-macros v0.1.17
[INFO] [stderr]     Checking ff v0.11.0
[INFO] [stderr]     Checking as-slice v0.2.1
[INFO] [stderr]     Checking group v0.11.0
[INFO] [stderr]     Checking xshell v0.1.17
[INFO] [stderr]     Checking nom v7.1.1
[INFO] [stderr]     Checking spki v0.5.4
[INFO] [stderr]     Checking pkcs8 v0.8.0
[INFO] [stderr]    Compiling quote v1.0.18
[INFO] [stderr]    Compiling proc-macro-error-attr v1.0.4
[INFO] [stderr]     Checking digest v0.9.0
[INFO] [stderr]     Checking crypto-bigint v0.3.2
[INFO] [stderr]     Checking crypto-mac v0.11.1
[INFO] [stderr]     Checking sec1 v0.2.1
[INFO] [stderr]     Checking block-buffer v0.9.0
[INFO] [stderr]     Checking hmac v0.11.0
[INFO] [stderr]     Checking signature v1.3.2
[INFO] [stderr]     Checking sha2 v0.9.9
[INFO] [stderr]     Checking elliptic-curve v0.11.12
[INFO] [stderr]     Checking rfc6979 v0.1.0
[INFO] [stderr]     Checking ecdsa v0.13.4
[INFO] [stderr]     Checking p256 v0.10.1
[INFO] [stderr]    Compiling proc-macro-error v1.0.4
[INFO] [stderr]     Checking rustBoot v0.1.0 (/opt/rustwide/workdir/rustBoot)
[INFO] [stderr]  Documenting rustBoot v0.1.0 (/opt/rustwide/workdir/rustBoot)
[INFO] [stdout] error[E0432]: unresolved import `core::lazy`
[INFO] [stdout]   --> rustBoot/src/image/image.rs:24:11
[INFO] [stdout]    |
[INFO] [stdout] 24 | use core::lazy::OnceCell;
[INFO] [stdout]    |           ^^^^ could not find `lazy` in `core`
[INFO] [stdout] 
[INFO] [stdout] 
[INFO] [stdout] error[E0432]: unresolved import `core::lazy`
[INFO] [stdout]   --> rustBoot/src/image/image.rs:24:11
[INFO] [stdout]    |
[INFO] [stdout] 24 | use core::lazy::OnceCell;
[INFO] [stdout]    |           ^^^^ could not find `lazy` in `core`
[INFO] [stdout] 
[INFO] [stdout] 
[INFO] [stdout] error: cannot find derive macro `Format` in this scope
[INFO] [stdout]   --> rustBoot/src/image/image.rs:33:38
[INFO] [stdout]    |
[INFO] [stdout] 33 | #[cfg_attr(feature = "defmt", derive(Format))]
[INFO] [stdout]    |                                      ^^^^^^
[INFO] [stdout]    |
[INFO] [stdout] help: consider importing this derive macro
[INFO] [stdout]    |
[INFO] [stdout] 1  + use defmt::Format;
[INFO] [stdout]    |
[INFO] [stdout] 
[INFO] [stdout] 
[INFO] [stdout] error: cannot find derive macro `Format` in this scope
[INFO] [stdout]   --> rustBoot/src/image/image.rs:33:38
[INFO] [stdout]    |
[INFO] [stdout] 33 | #[cfg_attr(feature = "defmt", derive(Format))]
[INFO] [stdout]    |                                      ^^^^^^
[INFO] [stdout]    |
[INFO] [stdout] help: consider importing this derive macro
[INFO] [stdout]    |
[INFO] [stdout] 1  + use defmt::Format;
[INFO] [stdout]    |
[INFO] [stdout] 
[INFO] [stdout] 
[INFO] [stdout] error: cannot find derive macro `Format` in this scope
[INFO] [stdout]   --> rustBoot/src/image/image.rs:65:38
[INFO] [stdout]    |
[INFO] [stdout] 65 | #[cfg_attr(feature = "defmt", derive(Format))]
[INFO] [stdout]    |                                      ^^^^^^
[INFO] [stdout]    |
[INFO] [stdout] help: consider importing this derive macro
[INFO] [stdout]    |
[INFO] [stdout] 1  + use defmt::Format;
[INFO] [stdout]    |
[INFO] [stdout] 
[INFO] [stdout] 
[INFO] [stdout] error: cannot find derive macro `Format` in this scope
[INFO] [stdout]   --> rustBoot/src/image/image.rs:65:38
[INFO] [stdout]    |
[INFO] [stdout] 65 | #[cfg_attr(feature = "defmt", derive(Format))]
[INFO] [stdout]    |                                      ^^^^^^
[INFO] [stdout]    |
[INFO] [stdout] help: consider importing this derive macro
[INFO] [stdout]    |
[INFO] [stdout] 1  + use defmt::Format;
[INFO] [stdout]    |
[INFO] [stdout] 
[INFO] [stdout] 
[INFO] [stdout] error: cannot find derive macro `Format` in this scope
[INFO] [stdout]   --> rustBoot/src/image/image.rs:76:38
[INFO] [stdout]    |
[INFO] [stdout] 76 | #[cfg_attr(feature = "defmt", derive(Format))]
[INFO] [stdout]    |                                      ^^^^^^
[INFO] [stdout]    |
[INFO] [stdout] help: consider importing this derive macro
[INFO] [stdout]    |
[INFO] [stdout] 1  + use defmt::Format;
[INFO] [stdout]    |
[INFO] [stdout] 
[INFO] [stdout] 
[INFO] [stdout] error: cannot find derive macro `Format` in this scope
[INFO] [stdout]   --> rustBoot/src/image/image.rs:76:38
[INFO] [stdout]    |
[INFO] [stdout] 76 | #[cfg_attr(feature = "defmt", derive(Format))]
[INFO] [stdout]    |                                      ^^^^^^
[INFO] [stdout]    |
[INFO] [stdout] help: consider importing this derive macro
[INFO] [stdout]    |
[INFO] [stdout] 1  + use defmt::Format;
[INFO] [stdout]    |
[INFO] [stdout] 
[INFO] [stdout] 
[INFO] [stdout] error: cannot find derive macro `Format` in this scope
[INFO] [stdout]   --> rustBoot/src/image/image.rs:89:38
[INFO] [stdout]    |
[INFO] [stdout] 89 | #[cfg_attr(feature = "defmt", derive(Format))]
[INFO] [stdout]    |                                      ^^^^^^
[INFO] [stdout]    |
[INFO] [stdout] help: consider importing this derive macro
[INFO] [stdout]    |
[INFO] [stdout] 1  + use defmt::Format;
[INFO] [stdout]    |
[INFO] [stdout] 
[INFO] [stdout] 
[INFO] [stdout] error: cannot find derive macro `Format` in this scope
[INFO] [stdout]   --> rustBoot/src/image/image.rs:89:38
[INFO] [stdout]    |
[INFO] [stdout] 89 | #[cfg_attr(feature = "defmt", derive(Format))]
[INFO] [stdout]    |                                      ^^^^^^
[INFO] [stdout]    |
[INFO] [stdout] help: consider importing this derive macro
[INFO] [stdout]    |
[INFO] [stdout] 1  + use defmt::Format;
[INFO] [stdout]    |
[INFO] [stdout] 
[INFO] [stdout] 
[INFO] [stdout] error: cannot find derive macro `Format` in this scope
[INFO] [stdout]    --> rustBoot/src/image/image.rs:101:38
[INFO] [stdout]     |
[INFO] [stdout] 101 | #[cfg_attr(feature = "defmt", derive(Format))]
[INFO] [stdout]     |                                      ^^^^^^
[INFO] [stdout]     |
[INFO] [stdout] help: consider importing this derive macro
[INFO] [stdout]     |
[INFO] [stdout] 1   + use defmt::Format;
[INFO] [stdout]     |
[INFO] [stdout] 
[INFO] [stdout] 
[INFO] [stdout] error: cannot find derive macro `Format` in this scope
[INFO] [stdout]    --> rustBoot/src/image/image.rs:101:38
[INFO] [stdout]     |
[INFO] [stdout] 101 | #[cfg_attr(feature = "defmt", derive(Format))]
[INFO] [stdout]     |                                      ^^^^^^
[INFO] [stdout]     |
[INFO] [stdout] help: consider importing this derive macro
[INFO] [stdout]     |
[INFO] [stdout] 1   + use defmt::Format;
[INFO] [stdout]     |
[INFO] [stdout] 
[INFO] [stdout] 
[INFO] [stdout] error: cannot find derive macro `Format` in this scope
[INFO] [stdout]    --> rustBoot/src/image/image.rs:114:38
[INFO] [stdout]     |
[INFO] [stdout] 114 | #[cfg_attr(feature = "defmt", derive(Format))]
[INFO] [stdout]     |                                      ^^^^^^
[INFO] [stdout]     |
[INFO] [stdout] help: consider importing this derive macro
[INFO] [stdout]     |
[INFO] [stdout] 1   + use defmt::Format;
[INFO] [stdout]     |
[INFO] [stdout] 
[INFO] [stdout] 
[INFO] [stdout] error: cannot find derive macro `Format` in this scope
[INFO] [stdout]    --> rustBoot/src/image/image.rs:114:38
[INFO] [stdout]     |
[INFO] [stdout] 114 | #[cfg_attr(feature = "defmt", derive(Format))]
[INFO] [stdout]     |                                      ^^^^^^
[INFO] [stdout]     |
[INFO] [stdout] help: consider importing this derive macro
[INFO] [stdout]     |
[INFO] [stdout] 1   + use defmt::Format;
[INFO] [stdout]     |
[INFO] [stdout] 
[INFO] [stdout] 
[INFO] [stdout] error: cannot find derive macro `Format` in this scope
[INFO] [stdout]    --> rustBoot/src/image/image.rs:413:38
[INFO] [stdout]     |
[INFO] [stdout] 413 | #[cfg_attr(feature = "defmt", derive(Format))]
[INFO] [stdout]     |                                      ^^^^^^
[INFO] [stdout]     |
[INFO] [stdout] help: consider importing this derive macro
[INFO] [stdout]     |
[INFO] [stdout] 1   + use defmt::Format;
[INFO] [stdout]     |
[INFO] [stdout] 
[INFO] [stdout] 
[INFO] [stdout] error: cannot find derive macro `Format` in this scope
[INFO] [stdout]    --> rustBoot/src/image/image.rs:413:38
[INFO] [stdout]     |
[INFO] [stdout] 413 | #[cfg_attr(feature = "defmt", derive(Format))]
[INFO] [stdout]     |                                      ^^^^^^
[INFO] [stdout]     |
[INFO] [stdout] help: consider importing this derive macro
[INFO] [stdout]     |
[INFO] [stdout] 1   + use defmt::Format;
[INFO] [stdout]     |
[INFO] [stdout] 
[INFO] [stdout] 
[INFO] [stdout] error[E0425]: cannot find value `BOOT_PARTITION_ADDRESS` in this scope
[INFO] [stdout]   --> rustBoot/src/constants.rs:62:41
[INFO] [stdout]    |
[INFO] [stdout] 62 | pub const BOOT_TRAILER_ADDRESS: usize = BOOT_PARTITION_ADDRESS + PARTITION_SIZE;
[INFO] [stdout]    |                                         ^^^^^^^^^^^^^^^^^^^^^^ not found in this scope
[INFO] [stdout] 
[INFO] [stdout] 
[INFO] [stdout] error[E0425]: cannot find value `PARTITION_SIZE` in this scope
[INFO] [stdout]   --> rustBoot/src/constants.rs:62:66
[INFO] [stdout]    |
[INFO] [stdout] 62 | pub const BOOT_TRAILER_ADDRESS: usize = BOOT_PARTITION_ADDRESS + PARTITION_SIZE;
[INFO] [stdout]    |                                                                  ^^^^^^^^^^^^^^ not found in this scope
[INFO] [stdout] 
[INFO] [stdout] 
[INFO] [stdout] error[E0425]: cannot find value `BOOT_PARTITION_ADDRESS` in this scope
[INFO] [stdout]   --> rustBoot/src/constants.rs:63:32
[INFO] [stdout]    |
[INFO] [stdout] 62 | pub const BOOT_TRAILER_ADDRESS: usize = BOOT_PARTITION_ADDRESS + PARTITION_SIZE;
[INFO] [stdout]    | -------------------------------------------------------------------------------- similarly named constant `BOOT_TRAILER_ADDRESS` defined here
[INFO] [stdout] 63 | pub const BOOT_FWBASE: usize = BOOT_PARTITION_ADDRESS + IMAGE_HEADER_SIZE;
[INFO] [stdout]    |                                ^^^^^^^^^^^^^^^^^^^^^^ help: a constant with a similar name exists: `BOOT_TRAILER_ADDRESS`
[INFO] [stdout] 
[INFO] [stdout] 
[INFO] [stdout] error[E0425]: cannot find value `UPDATE_PARTITION_ADDRESS` in this scope
[INFO] [stdout]   --> rustBoot/src/constants.rs:65:43
[INFO] [stdout]    |
[INFO] [stdout] 65 | pub const UPDATE_TRAILER_ADDRESS: usize = UPDATE_PARTITION_ADDRESS + PARTITION_SIZE;
[INFO] [stdout]    |                                           ^^^^^^^^^^^^^^^^^^^^^^^^ not found in this scope
[INFO] [stdout] 
[INFO] [stdout] 
[INFO] [stdout] error[E0425]: cannot find value `PARTITION_SIZE` in this scope
[INFO] [stdout]   --> rustBoot/src/constants.rs:65:70
[INFO] [stdout]    |
[INFO] [stdout] 65 | pub const UPDATE_TRAILER_ADDRESS: usize = UPDATE_PARTITION_ADDRESS + PARTITION_SIZE;
[INFO] [stdout]    |                                                                      ^^^^^^^^^^^^^^ not found in this scope
[INFO] [stdout] 
[INFO] [stdout] 
[INFO] [stdout] error[E0425]: cannot find value `UPDATE_PARTITION_ADDRESS` in this scope
[INFO] [stdout]   --> rustBoot/src/constants.rs:66:34
[INFO] [stdout]    |
[INFO] [stdout] 65 | pub const UPDATE_TRAILER_ADDRESS: usize = UPDATE_PARTITION_ADDRESS + PARTITION_SIZE;
[INFO] [stdout]    | ------------------------------------------------------------------------------------ similarly named constant `UPDATE_TRAILER_ADDRESS` defined here
[INFO] [stdout] 66 | pub const UPDATE_FWBASE: usize = UPDATE_PARTITION_ADDRESS + IMAGE_HEADER_SIZE;
[INFO] [stdout]    |                                  ^^^^^^^^^^^^^^^^^^^^^^^^ help: a constant with a similar name exists: `UPDATE_TRAILER_ADDRESS`
[INFO] [stdout] 
[INFO] [stdout] 
[INFO] [stdout] error[E0425]: cannot find value `SWAP_PARTITION_ADDRESS` in this scope
[INFO] [stdout]   --> rustBoot/src/constants.rs:68:30
[INFO] [stdout]    |
[INFO] [stdout] 68 | pub const SWAP_BASE: usize = SWAP_PARTITION_ADDRESS;
[INFO] [stdout]    |                              ^^^^^^^^^^^^^^^^^^^^^^ not found in this scope
[INFO] [stdout] 
[INFO] [stdout] 
[INFO] [stdout] error[E0425]: cannot find value `BOOT_PARTITION_ADDRESS` in this scope
[INFO] [stdout]   --> rustBoot/src/constants.rs:62:41
[INFO] [stdout]    |
[INFO] [stdout] 62 | pub const BOOT_TRAILER_ADDRESS: usize = BOOT_PARTITION_ADDRESS + PARTITION_SIZE;
[INFO] [stdout]    |                                         ^^^^^^^^^^^^^^^^^^^^^^ not found in this scope
[INFO] [stdout] 
[INFO] [stdout] 
[INFO] [stdout] error[E0425]: cannot find value `PARTITION_SIZE` in this scope
[INFO] [stdout]   --> rustBoot/src/constants.rs:62:66
[INFO] [stdout]    |
[INFO] [stdout] 62 | pub const BOOT_TRAILER_ADDRESS: usize = BOOT_PARTITION_ADDRESS + PARTITION_SIZE;
[INFO] [stdout]    |                                                                  ^^^^^^^^^^^^^^ not found in this scope
[INFO] [stdout] 
[INFO] [stdout] 
[INFO] [stdout] error[E0425]: cannot find value `BOOT_PARTITION_ADDRESS` in this scope
[INFO] [stdout]   --> rustBoot/src/constants.rs:63:32
[INFO] [stdout]    |
[INFO] [stdout] 62 | pub const BOOT_TRAILER_ADDRESS: usize = BOOT_PARTITION_ADDRESS + PARTITION_SIZE;
[INFO] [stdout]    | -------------------------------------------------------------------------------- similarly named constant `BOOT_TRAILER_ADDRESS` defined here
[INFO] [stdout] 63 | pub const BOOT_FWBASE: usize = BOOT_PARTITION_ADDRESS + IMAGE_HEADER_SIZE;
[INFO] [stdout]    |                                ^^^^^^^^^^^^^^^^^^^^^^ help: a constant with a similar name exists: `BOOT_TRAILER_ADDRESS`
[INFO] [stdout] 
[INFO] [stdout] 
[INFO] [stdout] error[E0425]: cannot find value `UPDATE_PARTITION_ADDRESS` in this scope
[INFO] [stdout]   --> rustBoot/src/constants.rs:65:43
[INFO] [stdout]    |
[INFO] [stdout] 65 | pub const UPDATE_TRAILER_ADDRESS: usize = UPDATE_PARTITION_ADDRESS + PARTITION_SIZE;
[INFO] [stdout]    |                                           ^^^^^^^^^^^^^^^^^^^^^^^^ not found in this scope
[INFO] [stdout] 
[INFO] [stdout] 
[INFO] [stdout] error[E0425]: cannot find value `PARTITION_SIZE` in this scope
[INFO] [stdout]   --> rustBoot/src/constants.rs:65:70
[INFO] [stdout]    |
[INFO] [stdout] 65 | pub const UPDATE_TRAILER_ADDRESS: usize = UPDATE_PARTITION_ADDRESS + PARTITION_SIZE;
[INFO] [stdout]    |                                                                      ^^^^^^^^^^^^^^ not found in this scope
[INFO] [stdout] 
[INFO] [stdout] 
[INFO] [stdout] error[E0425]: cannot find value `UPDATE_PARTITION_ADDRESS` in this scope
[INFO] [stdout]   --> rustBoot/src/constants.rs:66:34
[INFO] [stdout]    |
[INFO] [stdout] 65 | pub const UPDATE_TRAILER_ADDRESS: usize = UPDATE_PARTITION_ADDRESS + PARTITION_SIZE;
[INFO] [stdout]    | ------------------------------------------------------------------------------------ similarly named constant `UPDATE_TRAILER_ADDRESS` defined here
[INFO] [stdout] 66 | pub const UPDATE_FWBASE: usize = UPDATE_PARTITION_ADDRESS + IMAGE_HEADER_SIZE;
[INFO] [stdout]    |                                  ^^^^^^^^^^^^^^^^^^^^^^^^ help: a constant with a similar name exists: `UPDATE_TRAILER_ADDRESS`
[INFO] [stdout] 
[INFO] [stdout] 
[INFO] [stdout] error[E0425]: cannot find value `SWAP_PARTITION_ADDRESS` in this scope
[INFO] [stdout]   --> rustBoot/src/constants.rs:68:30
[INFO] [stdout]    |
[INFO] [stdout] 68 | pub const SWAP_BASE: usize = SWAP_PARTITION_ADDRESS;
[INFO] [stdout]    |                              ^^^^^^^^^^^^^^^^^^^^^^ not found in this scope
[INFO] [stdout] 
[INFO] [stdout] 
[INFO] [stdout] error[E0425]: cannot find value `BOOT_PARTITION_ADDRESS` in this scope
[INFO] [stdout]    --> rustBoot/src/image/image.rs:185:35
[INFO] [stdout]     |
[INFO] [stdout] 185 |                     let magic = *(BOOT_PARTITION_ADDRESS as *const usize);
[INFO] [stdout]     |                                   ^^^^^^^^^^^^^^^^^^^^^^ help: a constant with a similar name exists: `BOOT_TRAILER_ADDRESS`
[INFO] [stdout]     |
[INFO] [stdout]    ::: rustBoot/src/constants.rs:62:1
[INFO] [stdout]     |
[INFO] [stdout] 62  | pub const BOOT_TRAILER_ADDRESS: usize = BOOT_PARTITION_ADDRESS + PARTITION_SIZE;
[INFO] [stdout]     | -------------------------------------------------------------------------------- similarly named constant `BOOT_TRAILER_ADDRESS` defined here
[INFO] [stdout] 
[INFO] [stdout] 
[INFO] [stdout] error[E0425]: cannot find value `BOOT_PARTITION_ADDRESS` in this scope
[INFO] [stdout]    --> rustBoot/src/image/image.rs:186:31
[INFO] [stdout]     |
[INFO] [stdout] 186 |                     size = *((BOOT_PARTITION_ADDRESS + 4) as *const usize);
[INFO] [stdout]     |                               ^^^^^^^^^^^^^^^^^^^^^^ help: a constant with a similar name exists: `BOOT_TRAILER_ADDRESS`
[INFO] [stdout]     |
[INFO] [stdout]    ::: rustBoot/src/constants.rs:62:1
[INFO] [stdout]     |
[INFO] [stdout] 62  | pub const BOOT_TRAILER_ADDRESS: usize = BOOT_PARTITION_ADDRESS + PARTITION_SIZE;
[INFO] [stdout]     | -------------------------------------------------------------------------------- similarly named constant `BOOT_TRAILER_ADDRESS` defined here
[INFO] [stdout] 
[INFO] [stdout] 
[INFO] [stdout] error[E0425]: cannot find value `PARTITION_SIZE` in this scope
[INFO] [stdout]    --> rustBoot/src/image/image.rs:187:61
[INFO] [stdout]     |
[INFO] [stdout] 187 |                     if (magic != RUSTBOOT_MAGIC) || (size > PARTITION_SIZE - IMAGE_HEADER_SIZE) {
[INFO] [stdout]     |                                                             ^^^^^^^^^^^^^^ not found in this scope
[INFO] [stdout] 
[INFO] [stdout] 
[INFO] [stdout] error[E0425]: cannot find value `BOOT_PARTITION_ADDRESS` in this scope
[INFO] [stdout]    --> rustBoot/src/image/image.rs:192:31
[INFO] [stdout]     |
[INFO] [stdout] 192 |                     hdr: Some(BOOT_PARTITION_ADDRESS as *const u8),
[INFO] [stdout]     |                               ^^^^^^^^^^^^^^^^^^^^^^ help: a constant with a similar name exists: `BOOT_TRAILER_ADDRESS`
[INFO] [stdout]     |
[INFO] [stdout]    ::: rustBoot/src/constants.rs:62:1
[INFO] [stdout]     |
[INFO] [stdout] 62  | pub const BOOT_TRAILER_ADDRESS: usize = BOOT_PARTITION_ADDRESS + PARTITION_SIZE;
[INFO] [stdout]     | -------------------------------------------------------------------------------- similarly named constant `BOOT_TRAILER_ADDRESS` defined here
[INFO] [stdout] 
[INFO] [stdout] 
[INFO] [stdout] error[E0425]: cannot find value `UPDATE_PARTITION_ADDRESS` in this scope
[INFO] [stdout]    --> rustBoot/src/image/image.rs:230:35
[INFO] [stdout]     |
[INFO] [stdout] 230 |                     let magic = *(UPDATE_PARTITION_ADDRESS as *const usize);
[INFO] [stdout]     |                                   ^^^^^^^^^^^^^^^^^^^^^^^^ help: a constant with a similar name exists: `UPDATE_TRAILER_ADDRESS`
[INFO] [stdout]     |
[INFO] [stdout]    ::: rustBoot/src/constants.rs:65:1
[INFO] [stdout]     |
[INFO] [stdout] 65  | pub const UPDATE_TRAILER_ADDRESS: usize = UPDATE_PARTITION_ADDRESS + PARTITION_SIZE;
[INFO] [stdout]     | ------------------------------------------------------------------------------------ similarly named constant `UPDATE_TRAILER_ADDRESS` defined here
[INFO] [stdout] 
[INFO] [stdout] 
[INFO] [stdout] error[E0425]: cannot find value `UPDATE_PARTITION_ADDRESS` in this scope
[INFO] [stdout]    --> rustBoot/src/image/image.rs:231:31
[INFO] [stdout]     |
[INFO] [stdout] 231 |                     size = *((UPDATE_PARTITION_ADDRESS + 4) as *const usize);
[INFO] [stdout]     |                               ^^^^^^^^^^^^^^^^^^^^^^^^ help: a constant with a similar name exists: `UPDATE_TRAILER_ADDRESS`
[INFO] [stdout]     |
[INFO] [stdout]    ::: rustBoot/src/constants.rs:65:1
[INFO] [stdout]     |
[INFO] [stdout] 65  | pub const UPDATE_TRAILER_ADDRESS: usize = UPDATE_PARTITION_ADDRESS + PARTITION_SIZE;
[INFO] [stdout]     | ------------------------------------------------------------------------------------ similarly named constant `UPDATE_TRAILER_ADDRESS` defined here
[INFO] [stdout] 
[INFO] [stdout] 
[INFO] [stdout] error[E0425]: cannot find value `PARTITION_SIZE` in this scope
[INFO] [stdout]    --> rustBoot/src/image/image.rs:232:61
[INFO] [stdout]     |
[INFO] [stdout] 232 |                     if (magic != RUSTBOOT_MAGIC) || (size > PARTITION_SIZE - IMAGE_HEADER_SIZE) {
[INFO] [stdout]     |                                                             ^^^^^^^^^^^^^^ not found in this scope
[INFO] [stdout] 
[INFO] [stdout] 
[INFO] [stdout] error[E0425]: cannot find value `UPDATE_PARTITION_ADDRESS` in this scope
[INFO] [stdout]    --> rustBoot/src/image/image.rs:237:31
[INFO] [stdout]     |
[INFO] [stdout] 237 |                     hdr: Some(UPDATE_PARTITION_ADDRESS as *const u8),
[INFO] [stdout]     |                               ^^^^^^^^^^^^^^^^^^^^^^^^ help: a constant with a similar name exists: `UPDATE_TRAILER_ADDRESS`
[INFO] [stdout]     |
[INFO] [stdout]    ::: rustBoot/src/constants.rs:65:1
[INFO] [stdout]     |
[INFO] [stdout] 65  | pub const UPDATE_TRAILER_ADDRESS: usize = UPDATE_PARTITION_ADDRESS + PARTITION_SIZE;
[INFO] [stdout]     | ------------------------------------------------------------------------------------ similarly named constant `UPDATE_TRAILER_ADDRESS` defined here
[INFO] [stdout] 
[INFO] [stdout] 
[INFO] [stdout] error[E0425]: cannot find value `SWAP_PARTITION_ADDRESS` in this scope
[INFO] [stdout]    --> rustBoot/src/image/image.rs:271:31
[INFO] [stdout]     |
[INFO] [stdout] 271 |                     hdr: Some(SWAP_PARTITION_ADDRESS as *const u8),
[INFO] [stdout]     |                               ^^^^^^^^^^^^^^^^^^^^^^ not found in this scope
[INFO] [stdout] 
[INFO] [stdout] 
[INFO] [stdout] error[E0425]: cannot find value `SECTOR_SIZE` in this scope
[INFO] [stdout]    --> rustBoot/src/image/image.rs:275:30
[INFO] [stdout]     |
[INFO] [stdout] 275 |                     fw_size: SECTOR_SIZE,
[INFO] [stdout]     |                              ^^^^^^^^^^^ not found in this scope
[INFO] [stdout] 
[INFO] [stdout] 
[INFO] [stdout] error[E0425]: cannot find value `PARTITION_SIZE` in this scope
[INFO] [stdout]    --> rustBoot/src/image/image.rs:677:50
[INFO] [stdout]     |
[INFO] [stdout] 677 |         let part = (unsafe { (val as *const [u8; PARTITION_SIZE]).as_ref() })
[INFO] [stdout]     |                                                  ^^^^^^^^^^^^^^ not found in this scope
[INFO] [stdout] 
[INFO] [stdout] 
[INFO] [stdout] error[E0554]: `#![feature]` may not be used on the beta release channel
[INFO] [stdout]  --> rustBoot/src/lib.rs:3:12
[INFO] [stdout]   |
[INFO] [stdout] 3 | #![feature(once_cell, is_sorted, slice_as_chunks)]
[INFO] [stdout]   |            ^^^^^^^^^
[INFO] [stdout] 
[INFO] [stdout] 
[INFO] [stdout] error[E0554]: `#![feature]` may not be used on the beta release channel
[INFO] [stdout]  --> rustBoot/src/lib.rs:3:23
[INFO] [stdout]   |
[INFO] [stdout] 3 | #![feature(once_cell, is_sorted, slice_as_chunks)]
[INFO] [stdout]   |                       ^^^^^^^^^
[INFO] [stdout] 
[INFO] [stdout] 
[INFO] [stdout] error[E0554]: `#![feature]` may not be used on the beta release channel
[INFO] [stdout]  --> rustBoot/src/lib.rs:3:34
[INFO] [stdout]   |
[INFO] [stdout] 3 | #![feature(once_cell, is_sorted, slice_as_chunks)]
[INFO] [stdout]   |                                  ^^^^^^^^^^^^^^^
[INFO] [stdout] 
[INFO] [stdout] 
[INFO] [stdout] warning: the feature `once_cell` has been stable since 1.70.0 and no longer requires an attribute to enable
[INFO] [stdout]  --> rustBoot/src/lib.rs:3:12
[INFO] [stdout]   |
[INFO] [stdout] 3 | #![feature(once_cell, is_sorted, slice_as_chunks)]
[INFO] [stdout]   |            ^^^^^^^^^
[INFO] [stdout]   |
[INFO] [stdout]   = note: `#[warn(stable_features)]` on by default
[INFO] [stdout] 
[INFO] [stdout] 
[INFO] [stdout] error[E0433]: failed to resolve: could not resolve path `BOOT_PARTITION_ADDRESS`
[INFO] [stdout]   --> rustBoot/src/constants.rs:62:41
[INFO] [stdout]    |
[INFO] [stdout] 62 | pub const BOOT_TRAILER_ADDRESS: usize = BOOT_PARTITION_ADDRESS + PARTITION_SIZE;
[INFO] [stdout]    |                                         ^^^^^^^^^^^^^^^^^^^^^^ could not resolve path `BOOT_PARTITION_ADDRESS`
[INFO] [stdout]    |
[INFO] [stdout]    = note: this error was originally ignored because you are running `rustdoc`
[INFO] [stdout]    = note: try running again with `rustc` or `cargo check` and you may get a more detailed error
[INFO] [stdout] 
[INFO] [stdout] 
[INFO] [stdout] error[E0433]: failed to resolve: could not resolve path `PARTITION_SIZE`
[INFO] [stdout]   --> rustBoot/src/constants.rs:62:66
[INFO] [stdout]    |
[INFO] [stdout] 62 | pub const BOOT_TRAILER_ADDRESS: usize = BOOT_PARTITION_ADDRESS + PARTITION_SIZE;
[INFO] [stdout]    |                                                                  ^^^^^^^^^^^^^^ could not resolve path `PARTITION_SIZE`
[INFO] [stdout]    |
[INFO] [stdout]    = note: this error was originally ignored because you are running `rustdoc`
[INFO] [stdout]    = note: try running again with `rustc` or `cargo check` and you may get a more detailed error
[INFO] [stdout] 
[INFO] [stdout] 
[INFO] [stdout] error[E0433]: failed to resolve: could not resolve path `BOOT_PARTITION_ADDRESS`
[INFO] [stdout]   --> rustBoot/src/constants.rs:63:32
[INFO] [stdout]    |
[INFO] [stdout] 63 | pub const BOOT_FWBASE: usize = BOOT_PARTITION_ADDRESS + IMAGE_HEADER_SIZE;
[INFO] [stdout]    |                                ^^^^^^^^^^^^^^^^^^^^^^ could not resolve path `BOOT_PARTITION_ADDRESS`
[INFO] [stdout]    |
[INFO] [stdout]    = note: this error was originally ignored because you are running `rustdoc`
[INFO] [stdout]    = note: try running again with `rustc` or `cargo check` and you may get a more detailed error
[INFO] [stdout] 
[INFO] [stdout] 
[INFO] [stdout] error[E0433]: failed to resolve: could not resolve path `UPDATE_PARTITION_ADDRESS`
[INFO] [stdout]   --> rustBoot/src/constants.rs:65:43
[INFO] [stdout]    |
[INFO] [stdout] 65 | pub const UPDATE_TRAILER_ADDRESS: usize = UPDATE_PARTITION_ADDRESS + PARTITION_SIZE;
[INFO] [stdout]    |                                           ^^^^^^^^^^^^^^^^^^^^^^^^ could not resolve path `UPDATE_PARTITION_ADDRESS`
[INFO] [stdout]    |
[INFO] [stdout]    = note: this error was originally ignored because you are running `rustdoc`
[INFO] [stdout]    = note: try running again with `rustc` or `cargo check` and you may get a more detailed error
[INFO] [stdout] 
[INFO] [stdout] 
[INFO] [stdout] error[E0433]: failed to resolve: could not resolve path `PARTITION_SIZE`
[INFO] [stdout]   --> rustBoot/src/constants.rs:65:70
[INFO] [stdout]    |
[INFO] [stdout] 65 | pub const UPDATE_TRAILER_ADDRESS: usize = UPDATE_PARTITION_ADDRESS + PARTITION_SIZE;
[INFO] [stdout]    |                                                                      ^^^^^^^^^^^^^^ could not resolve path `PARTITION_SIZE`
[INFO] [stdout]    |
[INFO] [stdout]    = note: this error was originally ignored because you are running `rustdoc`
[INFO] [stdout]    = note: try running again with `rustc` or `cargo check` and you may get a more detailed error
[INFO] [stdout] 
[INFO] [stdout] 
[INFO] [stdout] error[E0433]: failed to resolve: could not resolve path `UPDATE_PARTITION_ADDRESS`
[INFO] [stdout]   --> rustBoot/src/constants.rs:66:34
[INFO] [stdout]    |
[INFO] [stdout] 66 | pub const UPDATE_FWBASE: usize = UPDATE_PARTITION_ADDRESS + IMAGE_HEADER_SIZE;
[INFO] [stdout]    |                                  ^^^^^^^^^^^^^^^^^^^^^^^^ could not resolve path `UPDATE_PARTITION_ADDRESS`
[INFO] [stdout]    |
[INFO] [stdout]    = note: this error was originally ignored because you are running `rustdoc`
[INFO] [stdout]    = note: try running again with `rustc` or `cargo check` and you may get a more detailed error
[INFO] [stdout] 
[INFO] [stdout] 
[INFO] [stdout] error[E0433]: failed to resolve: could not resolve path `SWAP_PARTITION_ADDRESS`
[INFO] [stdout]   --> rustBoot/src/constants.rs:68:30
[INFO] [stdout]    |
[INFO] [stdout] 68 | pub const SWAP_BASE: usize = SWAP_PARTITION_ADDRESS;
[INFO] [stdout]    |                              ^^^^^^^^^^^^^^^^^^^^^^ could not resolve path `SWAP_PARTITION_ADDRESS`
[INFO] [stdout]    |
[INFO] [stdout]    = note: this error was originally ignored because you are running `rustdoc`
[INFO] [stdout]    = note: try running again with `rustc` or `cargo check` and you may get a more detailed error
[INFO] [stdout] 
[INFO] [stdout] 
[INFO] [stdout] error[E0433]: failed to resolve: could not resolve path `OnceCell::new`
[INFO] [stdout]   --> rustBoot/src/image/image.rs:27:51
[INFO] [stdout]    |
[INFO] [stdout] 27 | static mut BOOT: OnceCell<PartDescriptor<Boot>> = OnceCell::new();
[INFO] [stdout]    |                                                   ^^^^^^^^^^^^^ could not resolve path `OnceCell::new`
[INFO] [stdout]    |
[INFO] [stdout]    = note: this error was originally ignored because you are running `rustdoc`
[INFO] [stdout]    = note: try running again with `rustc` or `cargo check` and you may get a more detailed error
[INFO] [stdout] 
[INFO] [stdout] 
[INFO] [stdout] error[E0433]: failed to resolve: could not resolve path `OnceCell::new`
[INFO] [stdout]   --> rustBoot/src/image/image.rs:29:53
[INFO] [stdout]    |
[INFO] [stdout] 29 | static mut UPDT: OnceCell<PartDescriptor<Update>> = OnceCell::new();
[INFO] [stdout]    |                                                     ^^^^^^^^^^^^^ could not resolve path `OnceCell::new`
[INFO] [stdout]    |
[INFO] [stdout]    = note: this error was originally ignored because you are running `rustdoc`
[INFO] [stdout]    = note: try running again with `rustc` or `cargo check` and you may get a more detailed error
[INFO] [stdout] 
[INFO] [stdout] 
[INFO] [stdout] error[E0433]: failed to resolve: could not resolve path `OnceCell::new`
[INFO] [stdout]   --> rustBoot/src/image/image.rs:31:51
[INFO] [stdout]    |
[INFO] [stdout] 31 | static mut SWAP: OnceCell<PartDescriptor<Swap>> = OnceCell::new();
[INFO] [stdout]    |                                                   ^^^^^^^^^^^^^ could not resolve path `OnceCell::new`
[INFO] [stdout]    |
[INFO] [stdout]    = note: this error was originally ignored because you are running `rustdoc`
[INFO] [stdout]    = note: try running again with `rustc` or `cargo check` and you may get a more detailed error
[INFO] [stdout] 
[INFO] [stdout] 
[INFO] [stdout] error: aborting due to 25 previous errors
[INFO] [stdout] 
[INFO] [stdout] 
[INFO] [stdout] Some errors have detailed explanations: E0425, E0432, E0433.
[INFO] [stdout] 
[INFO] [stdout] For more information about an error, try `rustc --explain E0425`.
[INFO] [stdout] 
[INFO] [stderr] error: could not document `rustBoot`
[INFO] [stderr] 
[INFO] [stderr] Caused by:
[INFO] [stderr]   process didn't exit successfully: `/opt/rustwide/rustup-home/toolchains/beta-2023-12-22-x86_64-unknown-linux-gnu/bin/rustdoc --edition=2018 --crate-type lib --crate-name rustBoot rustBoot/src/lib.rs -o /opt/rustwide/target/doc --cfg 'feature="default"' --cfg 'feature="defmt"' --cfg 'feature="log"' --cfg 'feature="mcu"' --cfg 'feature="nistp256"' --cfg 'feature="sha256"' --error-format=json --json=diagnostic-rendered-ansi,artifacts,future-incompat --document-private-items -C metadata=a24cc3b2001bcc80 -L dependency=/opt/rustwide/target/debug/deps --extern as_slice=/opt/rustwide/target/debug/deps/libas_slice-1025dacac078b266.rmeta --extern byteorder=/opt/rustwide/target/debug/deps/libbyteorder-5a774c3a8fc1153e.rmeta --extern defmt=/opt/rustwide/target/debug/deps/libdefmt-4cce0afa2622cff7.rmeta --extern log=/opt/rustwide/target/debug/deps/liblog-5918015cefd2afe9.rmeta --extern nom=/opt/rustwide/target/debug/deps/libnom-63d9c66498bd61a3.rmeta --extern p256=/opt/rustwide/target/debug/deps/libp256-97a62ab1a5fdc0fd.rmeta --extern sha2=/opt/rustwide/target/debug/deps/libsha2-fbf306b198ea783c.rmeta --extern signature=/opt/rustwide/target/debug/deps/libsignature-59c1e2b7819ba4b2.rmeta --cap-lints=warn --crate-version 0.1.0` (exit status: 1)
[INFO] [stderr] warning: build failed, waiting for other jobs to finish...
[INFO] [stdout] error[E0283]: type annotations needed
[INFO] [stdout]    --> rustBoot/src/image/image.rs:532:19
[INFO] [stdout]     |
[INFO] [stdout] 532 |         let val = parse_tlv(self, Tags::Version)?;
[INFO] [stdout]     |                   ^^^^^^^^^ ---- type must be known at this point
[INFO] [stdout]     |                   |
[INFO] [stdout]     |                   cannot infer type of the type parameter `Part` declared on the function `parse_tlv`
[INFO] [stdout]     |
[INFO] [stdout]     = note: cannot satisfy `_: image::image::Swappable`
[INFO] [stdout]     = help: the following types implement trait `image::image::Swappable`:
[INFO] [stdout]               image::image::Boot
[INFO] [stdout]               image::image::Update
[INFO] [stdout] note: required by a bound in `parser::parse_tlv`
[INFO] [stdout]    --> rustBoot/src/parser.rs:11:47
[INFO] [stdout]     |
[INFO] [stdout] 11  | pub(crate) fn parse_tlv<'a, Part: ValidPart + Swappable, State: TypeState>(
[INFO] [stdout]     |                                               ^^^^^^^^^ required by this bound in `parse_tlv`
[INFO] [stdout] help: consider specifying the generic arguments
[INFO] [stdout]     |
[INFO] [stdout] 532 |         let val = parse_tlv::<Part, State>(self, Tags::Version)?;
[INFO] [stdout]     |                            +++++++++++++++
[INFO] [stdout] 
[INFO] [stdout] 
[INFO] [stdout] error[E0283]: type annotations needed
[INFO] [stdout]    --> rustBoot/src/image/image.rs:545:19
[INFO] [stdout]     |
[INFO] [stdout] 545 |         let val = parse_tlv(self, Tags::ImgType)?;
[INFO] [stdout]     |                   ^^^^^^^^^ ---- type must be known at this point
[INFO] [stdout]     |                   |
[INFO] [stdout]     |                   cannot infer type of the type parameter `Part` declared on the function `parse_tlv`
[INFO] [stdout]     |
[INFO] [stdout]     = note: cannot satisfy `_: image::image::Swappable`
[INFO] [stdout]     = help: the following types implement trait `image::image::Swappable`:
[INFO] [stdout]               image::image::Boot
[INFO] [stdout]               image::image::Update
[INFO] [stdout] note: required by a bound in `parser::parse_tlv`
[INFO] [stdout]    --> rustBoot/src/parser.rs:11:47
[INFO] [stdout]     |
[INFO] [stdout] 11  | pub(crate) fn parse_tlv<'a, Part: ValidPart + Swappable, State: TypeState>(
[INFO] [stdout]     |                                               ^^^^^^^^^ required by this bound in `parse_tlv`
[INFO] [stdout] help: consider specifying the generic arguments
[INFO] [stdout]     |
[INFO] [stdout] 545 |         let val = parse_tlv::<Part, State>(self, Tags::ImgType)?;
[INFO] [stdout]     |                            +++++++++++++++
[INFO] [stdout] 
[INFO] [stdout] 
[INFO] [stdout] error: aborting due to 31 previous errors; 1 warning emitted
[INFO] [stdout] 
[INFO] [stdout] 
[INFO] [stdout] Some errors have detailed explanations: E0283, E0425, E0432, E0554.
[INFO] [stdout] 
[INFO] [stdout] For more information about an error, try `rustc --explain E0283`.
[INFO] [stdout] 
[INFO] [stderr] error: could not compile `rustBoot` (lib) due to 32 previous errors; 1 warning emitted
[INFO] running `Command { std: "docker" "inspect" "eff2a5b916c9071954502703341043b146225111fcc0eb4163cb9c79d2ae7249", kill_on_drop: false }`
[INFO] running `Command { std: "docker" "rm" "-f" "eff2a5b916c9071954502703341043b146225111fcc0eb4163cb9c79d2ae7249", kill_on_drop: false }`
[INFO] [stdout] eff2a5b916c9071954502703341043b146225111fcc0eb4163cb9c79d2ae7249
