[INFO] cloning repository https://github.com/StevenGann/FoxTrotTest
[INFO] running `Command { std: "git" "-c" "credential.helper=" "-c" "credential.helper=/workspace/cargo-home/bin/git-credential-null" "clone" "--bare" "https://github.com/StevenGann/FoxTrotTest" "/workspace/cache/git-repos/https%3A%2F%2Fgithub.com%2FStevenGann%2FFoxTrotTest", kill_on_drop: false }`
[INFO] [stderr] Cloning into bare repository '/workspace/cache/git-repos/https%3A%2F%2Fgithub.com%2FStevenGann%2FFoxTrotTest'...
[INFO] running `Command { std: "git" "rev-parse" "HEAD", kill_on_drop: false }`
[INFO] [stdout] 953dff6685fffee5c0b2d6c8f5e8584c2743b175
[INFO] documenting StevenGann/FoxTrotTest against 1.75.0 for beta-1.76-rustdoc-1
[INFO] running `Command { std: "git" "clone" "/workspace/cache/git-repos/https%3A%2F%2Fgithub.com%2FStevenGann%2FFoxTrotTest" "/workspace/builds/worker-0-tc1/source", kill_on_drop: false }`
[INFO] [stderr] Cloning into '/workspace/builds/worker-0-tc1/source'...
[INFO] [stderr] done.
[INFO] validating manifest of git repo https://github.com/StevenGann/FoxTrotTest on toolchain 1.75.0
[INFO] running `Command { std: CARGO_HOME="/workspace/cargo-home" RUSTUP_HOME="/workspace/rustup-home" "/workspace/cargo-home/bin/cargo" "+1.75.0" "metadata" "--manifest-path" "Cargo.toml" "--no-deps", kill_on_drop: false }`
[INFO] removed /workspace/builds/worker-0-tc1/source/.cargo/config.toml
[INFO] removed /workspace/builds/worker-0-tc1/source/rust-toolchain.toml
[INFO] started tweaking git repo https://github.com/StevenGann/FoxTrotTest
[INFO] finished tweaking git repo https://github.com/StevenGann/FoxTrotTest
[INFO] tweaked toml for git repo https://github.com/StevenGann/FoxTrotTest written to /workspace/builds/worker-0-tc1/source/Cargo.toml
[INFO] crate git repo https://github.com/StevenGann/FoxTrotTest already has a lockfile, it will not be regenerated
[INFO] running `Command { std: CARGO_HOME="/workspace/cargo-home" RUSTUP_HOME="/workspace/rustup-home" "/workspace/cargo-home/bin/cargo" "+1.75.0" "fetch" "--manifest-path" "Cargo.toml", kill_on_drop: false }`
[INFO] [stderr]     Updating git repository `https://github.com/janhohenheim/warbler_grass`
[INFO] [stderr]  Downloading crates ...
[INFO] [stderr]   Downloaded bevy_editor_pls_core v0.3.1
[INFO] [stderr]   Downloaded bevy_editor_pls_default_windows v0.3.1
[INFO] [stderr]   Downloaded bevy_editor_pls v0.3.1
[INFO] [stderr]   Downloaded oxidized_navigation v0.3.0
[INFO] [stderr]   Downloaded spew v0.2.1
[INFO] running `Command { std: "docker" "create" "-v" "/var/lib/crater-agent-workspace/builds/worker-0-tc1/target:/opt/rustwide/target:rw,Z" "-v" "/var/lib/crater-agent-workspace/builds/worker-0-tc1/source:/opt/rustwide/workdir:ro,Z" "-v" "/var/lib/crater-agent-workspace/cargo-home:/opt/rustwide/cargo-home:ro,Z" "-v" "/var/lib/crater-agent-workspace/rustup-home:/opt/rustwide/rustup-home:ro,Z" "-e" "SOURCE_DIR=/opt/rustwide/workdir" "-e" "CARGO_TARGET_DIR=/opt/rustwide/target" "-e" "CARGO_HOME=/opt/rustwide/cargo-home" "-e" "RUSTUP_HOME=/opt/rustwide/rustup-home" "-w" "/opt/rustwide/workdir" "-m" "1610612736" "--user" "0:0" "--network" "none" "ghcr.io/rust-lang/crates-build-env/linux@sha256:2788e3201cd34a07e3172128adcd8b3090168a8e3bcc40d7c032b9dda1df7d1c" "/opt/rustwide/cargo-home/bin/cargo" "+1.75.0" "metadata" "--no-deps" "--format-version=1", kill_on_drop: false }`
[INFO] [stdout] 07837513d17989aba28a0363013e056ccc4cb2a0e722466c870b71288c1db6f5
[INFO] running `Command { std: "docker" "start" "-a" "07837513d17989aba28a0363013e056ccc4cb2a0e722466c870b71288c1db6f5", kill_on_drop: false }`
[INFO] running `Command { std: "docker" "inspect" "07837513d17989aba28a0363013e056ccc4cb2a0e722466c870b71288c1db6f5", kill_on_drop: false }`
[INFO] running `Command { std: "docker" "rm" "-f" "07837513d17989aba28a0363013e056ccc4cb2a0e722466c870b71288c1db6f5", kill_on_drop: false }`
[INFO] [stdout] 07837513d17989aba28a0363013e056ccc4cb2a0e722466c870b71288c1db6f5
[INFO] running `Command { std: "docker" "create" "-v" "/var/lib/crater-agent-workspace/builds/worker-0-tc1/target:/opt/rustwide/target:rw,Z" "-v" "/var/lib/crater-agent-workspace/builds/worker-0-tc1/source:/opt/rustwide/workdir:ro,Z" "-v" "/var/lib/crater-agent-workspace/cargo-home:/opt/rustwide/cargo-home:ro,Z" "-v" "/var/lib/crater-agent-workspace/rustup-home:/opt/rustwide/rustup-home:ro,Z" "-e" "SOURCE_DIR=/opt/rustwide/workdir" "-e" "CARGO_TARGET_DIR=/opt/rustwide/target" "-e" "CARGO_INCREMENTAL=0" "-e" "RUST_BACKTRACE=full" "-e" "RUSTFLAGS=--cap-lints=warn" "-e" "RUSTDOCFLAGS=--cap-lints=warn" "-e" "CARGO_HOME=/opt/rustwide/cargo-home" "-e" "RUSTUP_HOME=/opt/rustwide/rustup-home" "-w" "/opt/rustwide/workdir" "-m" "1610612736" "--user" "0:0" "--network" "none" "ghcr.io/rust-lang/crates-build-env/linux@sha256:2788e3201cd34a07e3172128adcd8b3090168a8e3bcc40d7c032b9dda1df7d1c" "/opt/rustwide/cargo-home/bin/cargo" "+1.75.0" "doc" "--frozen" "--no-deps" "--document-private-items" "--message-format=json", kill_on_drop: false }`
[INFO] [stdout] 926242c13194339b65102eefb9ed1ff18adf0ea4e23ddda5eb02102e07850336
[INFO] running `Command { std: "docker" "start" "-a" "926242c13194339b65102eefb9ed1ff18adf0ea4e23ddda5eb02102e07850336", kill_on_drop: false }`
[INFO] [stderr]    Compiling proc-macro2 v1.0.55
[INFO] [stderr]    Compiling libc v0.2.140
[INFO] [stderr]    Compiling serde_derive v1.0.159
[INFO] [stderr]    Compiling serde v1.0.159
[INFO] [stderr]     Checking once_cell v1.17.1
[INFO] [stderr]    Compiling syn v1.0.109
[INFO] [stderr]    Compiling crossbeam-utils v0.8.15
[INFO] [stderr]    Compiling log v0.4.17
[INFO] [stderr]    Compiling parking_lot_core v0.9.7
[INFO] [stderr]    Compiling ahash v0.7.6
[INFO] [stderr]    Compiling lock_api v0.4.9
[INFO] [stderr]    Compiling indexmap v1.9.3
[INFO] [stderr]    Compiling hashbrown v0.12.3
[INFO] [stderr]    Compiling winnow v0.4.1
[INFO] [stderr]    Compiling memchr v2.5.0
[INFO] [stderr]    Compiling thiserror v1.0.40
[INFO] [stderr]    Compiling toml_datetime v0.6.1
[INFO] [stderr]     Checking fixedbitset v0.4.2
[INFO] [stderr]     Checking pin-project-lite v0.2.9
[INFO] [stderr]    Compiling libm v0.2.6
[INFO] [stderr]    Compiling num-traits v0.2.15
[INFO] [stderr]    Compiling slab v0.4.8
[INFO] [stderr]    Compiling futures-core v0.3.28
[INFO] [stderr]     Checking tracing-core v0.1.30
[INFO] [stderr]     Checking instant v0.1.12
[INFO] [stderr]     Checking event-listener v2.5.3
[INFO] [stderr]    Compiling erased-serde v0.3.25
[INFO] [stderr]     Checking fastrand v1.9.0
[INFO] [stderr]    Compiling bit-vec v0.6.3
[INFO] [stderr]     Checking futures-io v0.3.28
[INFO] [stderr]     Checking concurrent-queue v2.1.0
[INFO] [stderr]     Checking async-lock v2.7.0
[INFO] [stderr]    Compiling bit-set v0.5.3
[INFO] [stderr]     Checking async-task v4.4.0
[INFO] [stderr]     Checking thread_local v1.1.7
[INFO] [stderr]     Checking tracing v0.1.37
[INFO] [stderr]     Checking futures-lite v1.12.0
[INFO] [stderr]     Checking async-channel v1.8.0
[INFO] [stderr]     Checking bevy_ptr v0.10.1
[INFO] [stderr]     Checking arrayvec v0.7.2
[INFO] [stderr]    Compiling quote v1.0.26
[INFO] [stderr]     Checking aho-corasick v0.7.20
[INFO] [stderr]     Checking tracing-log v0.1.3
[INFO] [stderr]     Checking sharded-slab v0.1.4
[INFO] [stderr]     Checking crossbeam-channel v0.5.7
[INFO] [stderr]    Compiling pkg-config v0.3.26
[INFO] [stderr]    Compiling num-rational v0.4.1
[INFO] [stderr]     Checking raw-window-handle v0.5.2
[INFO] [stderr]    Compiling syn v2.0.13
[INFO] [stderr]     Checking libloading v0.7.4
[INFO] [stderr]    Compiling anyhow v1.0.70
[INFO] [stderr]    Compiling ash v0.37.2+1.3.238
[INFO] [stderr]     Checking unicode-width v0.1.10
[INFO] [stderr]    Compiling khronos-egl v4.1.0
[INFO] [stderr]     Checking unicode-xid v0.2.4
[INFO] [stderr]     Checking termcolor v1.2.0
[INFO] [stderr]     Checking miniz_oxide v0.6.2
[INFO] [stderr]     Checking pp-rs v0.2.1
[INFO] [stderr]    Compiling getrandom v0.2.8
[INFO] [stderr]     Checking gpu-descriptor-types v0.1.1
[INFO] [stderr]     Checking codespan-reporting v0.11.1
[INFO] [stderr]     Checking regex v1.7.3
[INFO] [stderr]     Checking async-executor v1.5.0
[INFO] [stderr]     Checking gpu-alloc-types v0.2.0
[INFO] [stderr]     Checking hexf-parse v0.2.1
[INFO] [stderr]    Compiling uuid v1.3.0
[INFO] [stderr]     Checking walkdir v2.3.3
[INFO] [stderr]     Checking wgpu-types v0.15.2
[INFO] [stderr]     Checking profiling v1.0.7
[INFO] [stderr]     Checking gpu-alloc v0.5.3
[INFO] [stderr]     Checking renderdoc-sys v0.7.1
[INFO] [stderr]     Checking bevy_tasks v0.10.1
[INFO] [stderr]     Checking static_assertions v1.1.0
[INFO] [stderr]     Checking flate2 v1.0.25
[INFO] [stderr]     Checking glow v0.12.1
[INFO] [stderr]     Checking jpeg-decoder v0.3.0
[INFO] [stderr]     Checking twox-hash v1.6.3
[INFO] [stderr]    Compiling toml_edit v0.19.8
[INFO] [stderr]     Checking num-integer v0.1.45
[INFO] [stderr]     Checking mio v0.8.6
[INFO] [stderr]     Checking spirv v0.2.0+1.5.4
[INFO] [stderr]     Checking inotify-sys v0.1.5
[INFO] [stderr]     Checking inotify v0.9.6
[INFO] [stderr]     Checking filetime v0.2.20
[INFO] [stderr]     Checking sysinfo v0.28.4
[INFO] [stderr]     Checking png v0.17.7
[INFO] [stderr]     Checking const_panic v0.2.7
[INFO] [stderr]     Checking ruzstd v0.2.4
[INFO] [stderr]     Checking notify v5.1.0
[INFO] [stderr]     Checking ktx2 v0.3.0
[INFO] [stderr]     Checking approx v0.5.1
[INFO] [stderr]     Checking ttf-parser v0.18.1
[INFO] [stderr]     Checking ab_glyph_rasterizer v0.1.8
[INFO] [stderr]     Checking percent-encoding v2.2.0
[INFO] [stderr]    Compiling xml-rs v0.8.4
[INFO] [stderr]     Checking radsort v0.1.0
[INFO] [stderr]    Compiling x11-dl v2.21.0
[INFO] [stderr]    Compiling libudev-sys v0.1.4
[INFO] [stderr]    Compiling serde_json v1.0.95
[INFO] [stderr]     Checking euclid v0.22.9
[INFO] [stderr]    Compiling slotmap v1.0.6
[INFO] [stderr]     Checking itoa v1.0.6
[INFO] [stderr]     Checking accesskit v0.10.1
[INFO] [stderr]     Checking ryu v1.0.13
[INFO] [stderr]     Checking vec_map v0.8.2
[INFO] [stderr]    Compiling inflections v1.1.1
[INFO] [stderr]     Checking nix v0.25.1
[INFO] [stderr]    Compiling gilrs v0.10.1
[INFO] [stderr]     Checking rectangle-pack v0.4.2
[INFO] [stderr]    Compiling wayland-scanner v0.29.5
[INFO] [stderr]     Checking urlencoding v2.1.2
[INFO] [stderr]    Compiling memoffset v0.6.5
[INFO] [stderr]    Compiling ahash v0.8.3
[INFO] [stderr]    Compiling memoffset v0.8.0
[INFO] [stderr]     Checking nohash-hasher v0.2.0
[INFO] [stderr]     Checking unicode-bidi v0.3.13
[INFO] [stderr]     Checking form_urlencoded v1.1.0
[INFO] [stderr]     Checking guillotiere v0.6.2
[INFO] [stderr]     Checking dirs-sys v0.3.7
[INFO] [stderr]     Checking gethostname v0.2.3
[INFO] [stderr]     Checking taffy v0.3.10
[INFO] [stderr]    Compiling crossbeam-epoch v0.9.14
[INFO] [stderr]     Checking dirs v4.0.0
[INFO] [stderr]     Checking either v1.8.1
[INFO] [stderr]     Checking nix v0.24.3
[INFO] [stderr]    Compiling paste v1.0.12
[INFO] [stderr]     Checking idna v0.3.0
[INFO] [stderr]    Compiling packed_simd_2 v0.3.8
[INFO] [stderr]     Checking encoding_rs v0.8.32
[INFO] [stderr]    Compiling typenum v1.16.0
[INFO] [stderr]    Compiling alsa-sys v0.3.1
[INFO] [stderr]    Compiling crossbeam-queue v0.3.8
[INFO] [stderr]    Compiling semver v1.0.17
[INFO] [stderr]     Checking url v2.3.1
[INFO] [stderr]     Checking crossbeam-deque v0.8.3
[INFO] [stderr]    Compiling rayon-core v1.11.0
[INFO] [stderr]     Checking rawpointer v0.2.1
[INFO] [stderr]    Compiling winit v0.28.3
[INFO] [stderr]     Checking matrixmultiply v0.3.2
[INFO] [stderr]     Checking owned_ttf_parser v0.18.1
[INFO] [stderr]     Checking webbrowser v0.8.8
[INFO] [stderr]     Checking ab_glyph v0.2.20
[INFO] [stderr]    Compiling bevy_macro_utils v0.10.1
[INFO] [stderr]    Compiling encase_derive_impl v0.5.0
[INFO] [stderr]     Checking num_cpus v1.15.0
[INFO] [stderr]    Compiling strsim v0.10.0
[INFO] [stderr]     Checking optional v0.5.0
[INFO] [stderr]     Checking glyph_brush_layout v0.2.3
[INFO] [stderr]     Checking robust v0.2.3
[INFO] [stderr]    Compiling ident_case v1.0.1
[INFO] [stderr]    Compiling fnv v1.0.7
[INFO] [stderr]     Checking pretty-type-name v1.0.1
[INFO] [stderr]    Compiling darling_core v0.14.4
[INFO] [stderr]     Checking rand_core v0.6.4
[INFO] [stderr]    Compiling cpal v0.15.2
[INFO] [stderr]     Checking crossbeam v0.8.2
[INFO] [stderr]    Compiling proc-macro-crate v1.3.1
[INFO] [stderr]    Compiling rustc_version v0.4.0
[INFO] [stderr]     Checking bstr v1.4.0
[INFO] [stderr]     Checking dasp_sample v0.11.0
[INFO] [stdout] error[E0554]: `#![feature]` may not be used on the stable release channel
[INFO] [stdout]    --> /opt/rustwide/cargo-home/registry/src/index.crates.io-6f17d22bba15001f/packed_simd_2-0.3.8/src/lib.rs:214:1
[INFO] [stdout]     |
[INFO] [stdout] 214 | / #![feature(
[INFO] [stdout] 215 | |     adt_const_params,
[INFO] [stdout] 216 | |     repr_simd,
[INFO] [stdout] 217 | |     rustc_attrs,
[INFO] [stdout] ...   |
[INFO] [stdout] 224 | |     custom_inner_attributes,
[INFO] [stdout] 225 | | )]
[INFO] [stdout]     | |__^
[INFO] [stdout] 
[INFO] [stdout] 
[INFO] [stderr]    Compiling cc v1.0.79
[INFO] [stderr]     Checking rayon v1.7.0
[INFO] [stderr] error: could not compile `ash` (lib)
[INFO] [stderr] 
[INFO] [stderr] Caused by:
[INFO] [stderr]   process didn't exit successfully: `/opt/rustwide/rustup-home/toolchains/1.75.0-x86_64-unknown-linux-gnu/bin/rustc --crate-name ash --edition=2018 /opt/rustwide/cargo-home/registry/src/index.crates.io-6f17d22bba15001f/ash-0.37.2+1.3.238/src/lib.rs --error-format=json --json=diagnostic-rendered-ansi,artifacts,future-incompat --crate-type lib --emit=dep-info,metadata -C embed-bitcode=no -C debuginfo=2 --cfg 'feature="debug"' --cfg 'feature="default"' --cfg 'feature="libloading"' --cfg 'feature="loaded"' -C metadata=ccd0cd93ac0cbda8 -C extra-filename=-ccd0cd93ac0cbda8 --out-dir /opt/rustwide/target/debug/deps -L dependency=/opt/rustwide/target/debug/deps --extern libloading=/opt/rustwide/target/debug/deps/liblibloading-29c88375499a3949.rmeta --cap-lints allow --cap-lints=warn` (signal: 9, SIGKILL: kill)
[INFO] [stderr] warning: build failed, waiting for other jobs to finish...
[INFO] [stdout] error[E0554]: `#![feature]` may not be used on the stable release channel
[INFO] [stdout]    --> /opt/rustwide/cargo-home/registry/src/index.crates.io-6f17d22bba15001f/packed_simd_2-0.3.8/src/lib.rs:219:5
[INFO] [stdout]     |
[INFO] [stdout] 219 |     stdsimd,
[INFO] [stdout]     |     ^^^^^^^
[INFO] [stdout] 
[INFO] [stdout] 
[INFO] [stdout] error[E0554]: `#![feature]` may not be used on the stable release channel
[INFO] [stdout]    --> /opt/rustwide/cargo-home/registry/src/index.crates.io-6f17d22bba15001f/packed_simd_2-0.3.8/src/lib.rs:222:5
[INFO] [stdout]     |
[INFO] [stdout] 222 |     core_intrinsics,
[INFO] [stdout]     |     ^^^^^^^^^^^^^^^
[INFO] [stdout] 
[INFO] [stdout] 
[INFO] [stdout] error: unrecognized platform-specific intrinsic function: `simd_shuffle2`
[INFO] [stdout]   --> /opt/rustwide/cargo-home/registry/src/index.crates.io-6f17d22bba15001f/packed_simd_2-0.3.8/src/codegen/llvm.rs:10:5
[INFO] [stdout]    |
[INFO] [stdout] 10 |     pub fn simd_shuffle2<T, U>(x: T, y: T, idx: [u32; 2]) -> U;
[INFO] [stdout]    |     ^^^^^^^^^^^^^^^^^^^^^^^^^^^^^^^^^^^^^^^^^^^^^^^^^^^^^^^^^^^
[INFO] [stdout] 
[INFO] [stdout] 
[INFO] [stdout] error: unrecognized platform-specific intrinsic function: `simd_shuffle4`
[INFO] [stdout]   --> /opt/rustwide/cargo-home/registry/src/index.crates.io-6f17d22bba15001f/packed_simd_2-0.3.8/src/codegen/llvm.rs:11:5
[INFO] [stdout]    |
[INFO] [stdout] 11 |     pub fn simd_shuffle4<T, U>(x: T, y: T, idx: [u32; 4]) -> U;
[INFO] [stdout]    |     ^^^^^^^^^^^^^^^^^^^^^^^^^^^^^^^^^^^^^^^^^^^^^^^^^^^^^^^^^^^
[INFO] [stdout] 
[INFO] [stdout] 
[INFO] [stdout] error: unrecognized platform-specific intrinsic function: `simd_shuffle8`
[INFO] [stdout]   --> /opt/rustwide/cargo-home/registry/src/index.crates.io-6f17d22bba15001f/packed_simd_2-0.3.8/src/codegen/llvm.rs:12:5
[INFO] [stdout]    |
[INFO] [stdout] 12 |     pub fn simd_shuffle8<T, U>(x: T, y: T, idx: [u32; 8]) -> U;
[INFO] [stdout]    |     ^^^^^^^^^^^^^^^^^^^^^^^^^^^^^^^^^^^^^^^^^^^^^^^^^^^^^^^^^^^
[INFO] [stdout] 
[INFO] [stdout] 
[INFO] [stdout] error: unrecognized platform-specific intrinsic function: `simd_shuffle16`
[INFO] [stdout]   --> /opt/rustwide/cargo-home/registry/src/index.crates.io-6f17d22bba15001f/packed_simd_2-0.3.8/src/codegen/llvm.rs:13:5
[INFO] [stdout]    |
[INFO] [stdout] 13 |     pub fn simd_shuffle16<T, U>(x: T, y: T, idx: [u32; 16]) -> U;
[INFO] [stdout]    |     ^^^^^^^^^^^^^^^^^^^^^^^^^^^^^^^^^^^^^^^^^^^^^^^^^^^^^^^^^^^^^
[INFO] [stdout] 
[INFO] [stdout] 
[INFO] [stdout] error: unrecognized platform-specific intrinsic function: `simd_shuffle32`
[INFO] [stdout]   --> /opt/rustwide/cargo-home/registry/src/index.crates.io-6f17d22bba15001f/packed_simd_2-0.3.8/src/codegen/llvm.rs:14:5
[INFO] [stdout]    |
[INFO] [stdout] 14 |     pub fn simd_shuffle32<T, U>(x: T, y: T, idx: [u32; 32]) -> U;
[INFO] [stdout]    |     ^^^^^^^^^^^^^^^^^^^^^^^^^^^^^^^^^^^^^^^^^^^^^^^^^^^^^^^^^^^^^
[INFO] [stdout] 
[INFO] [stdout] 
[INFO] [stdout] error: unrecognized platform-specific intrinsic function: `simd_shuffle64`
[INFO] [stdout]   --> /opt/rustwide/cargo-home/registry/src/index.crates.io-6f17d22bba15001f/packed_simd_2-0.3.8/src/codegen/llvm.rs:15:5
[INFO] [stdout]    |
[INFO] [stdout] 15 |     pub fn simd_shuffle64<T, U>(x: T, y: T, idx: [u32; 64]) -> U;
[INFO] [stdout]    |     ^^^^^^^^^^^^^^^^^^^^^^^^^^^^^^^^^^^^^^^^^^^^^^^^^^^^^^^^^^^^^
[INFO] [stdout] 
[INFO] [stdout] 
[INFO] [stdout] error: aborting due to 9 previous errors
[INFO] [stdout] 
[INFO] [stdout] 
[INFO] [stdout] For more information about this error, try `rustc --explain E0554`.
[INFO] [stdout] 
[INFO] [stderr] error: could not compile `packed_simd_2` (lib) due to 10 previous errors
[INFO] running `Command { std: "docker" "inspect" "926242c13194339b65102eefb9ed1ff18adf0ea4e23ddda5eb02102e07850336", kill_on_drop: false }`
[INFO] running `Command { std: "docker" "rm" "-f" "926242c13194339b65102eefb9ed1ff18adf0ea4e23ddda5eb02102e07850336", kill_on_drop: false }`
[INFO] [stdout] 926242c13194339b65102eefb9ed1ff18adf0ea4e23ddda5eb02102e07850336
[INFO] documenting StevenGann/FoxTrotTest against beta-2023-12-22 for beta-1.76-rustdoc-1
[INFO] running `Command { std: "git" "clone" "/workspace/cache/git-repos/https%3A%2F%2Fgithub.com%2FStevenGann%2FFoxTrotTest" "/workspace/builds/worker-0-tc2/source", kill_on_drop: false }`
[INFO] [stderr] Cloning into '/workspace/builds/worker-0-tc2/source'...
[INFO] [stderr] done.
[INFO] validating manifest of git repo https://github.com/StevenGann/FoxTrotTest on toolchain beta-2023-12-22
[INFO] running `Command { std: CARGO_HOME="/workspace/cargo-home" RUSTUP_HOME="/workspace/rustup-home" "/workspace/cargo-home/bin/cargo" "+beta-2023-12-22" "metadata" "--manifest-path" "Cargo.toml" "--no-deps", kill_on_drop: false }`
[INFO] removed /workspace/builds/worker-0-tc2/source/.cargo/config.toml
[INFO] removed /workspace/builds/worker-0-tc2/source/rust-toolchain.toml
[INFO] started tweaking git repo https://github.com/StevenGann/FoxTrotTest
[INFO] finished tweaking git repo https://github.com/StevenGann/FoxTrotTest
[INFO] tweaked toml for git repo https://github.com/StevenGann/FoxTrotTest written to /workspace/builds/worker-0-tc2/source/Cargo.toml
[INFO] crate git repo https://github.com/StevenGann/FoxTrotTest already has a lockfile, it will not be regenerated
[INFO] running `Command { std: CARGO_HOME="/workspace/cargo-home" RUSTUP_HOME="/workspace/rustup-home" "/workspace/cargo-home/bin/cargo" "+beta-2023-12-22" "fetch" "--manifest-path" "Cargo.toml", kill_on_drop: false }`
[INFO] running `Command { std: "docker" "create" "-v" "/var/lib/crater-agent-workspace/builds/worker-0-tc2/target:/opt/rustwide/target:rw,Z" "-v" "/var/lib/crater-agent-workspace/builds/worker-0-tc2/source:/opt/rustwide/workdir:ro,Z" "-v" "/var/lib/crater-agent-workspace/cargo-home:/opt/rustwide/cargo-home:ro,Z" "-v" "/var/lib/crater-agent-workspace/rustup-home:/opt/rustwide/rustup-home:ro,Z" "-e" "SOURCE_DIR=/opt/rustwide/workdir" "-e" "CARGO_TARGET_DIR=/opt/rustwide/target" "-e" "CARGO_HOME=/opt/rustwide/cargo-home" "-e" "RUSTUP_HOME=/opt/rustwide/rustup-home" "-w" "/opt/rustwide/workdir" "-m" "1610612736" "--user" "0:0" "--network" "none" "ghcr.io/rust-lang/crates-build-env/linux@sha256:2788e3201cd34a07e3172128adcd8b3090168a8e3bcc40d7c032b9dda1df7d1c" "/opt/rustwide/cargo-home/bin/cargo" "+beta-2023-12-22" "metadata" "--no-deps" "--format-version=1", kill_on_drop: false }`
[INFO] [stdout] da553012a3123418851aaf8c8216a91121a4bb2719b1518b0064e119bc440b55
[INFO] running `Command { std: "docker" "start" "-a" "da553012a3123418851aaf8c8216a91121a4bb2719b1518b0064e119bc440b55", kill_on_drop: false }`
[INFO] running `Command { std: "docker" "inspect" "da553012a3123418851aaf8c8216a91121a4bb2719b1518b0064e119bc440b55", kill_on_drop: false }`
[INFO] running `Command { std: "docker" "rm" "-f" "da553012a3123418851aaf8c8216a91121a4bb2719b1518b0064e119bc440b55", kill_on_drop: false }`
[INFO] [stdout] da553012a3123418851aaf8c8216a91121a4bb2719b1518b0064e119bc440b55
[INFO] running `Command { std: "docker" "create" "-v" "/var/lib/crater-agent-workspace/builds/worker-0-tc2/target:/opt/rustwide/target:rw,Z" "-v" "/var/lib/crater-agent-workspace/builds/worker-0-tc2/source:/opt/rustwide/workdir:ro,Z" "-v" "/var/lib/crater-agent-workspace/cargo-home:/opt/rustwide/cargo-home:ro,Z" "-v" "/var/lib/crater-agent-workspace/rustup-home:/opt/rustwide/rustup-home:ro,Z" "-e" "SOURCE_DIR=/opt/rustwide/workdir" "-e" "CARGO_TARGET_DIR=/opt/rustwide/target" "-e" "CARGO_INCREMENTAL=0" "-e" "RUST_BACKTRACE=full" "-e" "RUSTFLAGS=--cap-lints=warn" "-e" "RUSTDOCFLAGS=--cap-lints=warn" "-e" "CARGO_HOME=/opt/rustwide/cargo-home" "-e" "RUSTUP_HOME=/opt/rustwide/rustup-home" "-w" "/opt/rustwide/workdir" "-m" "1610612736" "--user" "0:0" "--network" "none" "ghcr.io/rust-lang/crates-build-env/linux@sha256:2788e3201cd34a07e3172128adcd8b3090168a8e3bcc40d7c032b9dda1df7d1c" "/opt/rustwide/cargo-home/bin/cargo" "+beta-2023-12-22" "doc" "--frozen" "--no-deps" "--document-private-items" "--message-format=json", kill_on_drop: false }`
[INFO] [stdout] df0ac89b13f891dd174b77165d6e7883967fa02ceb4ab4d64eae8176f2c0c043
[INFO] running `Command { std: "docker" "start" "-a" "df0ac89b13f891dd174b77165d6e7883967fa02ceb4ab4d64eae8176f2c0c043", kill_on_drop: false }`
[INFO] [stderr]    Compiling proc-macro2 v1.0.55
[INFO] [stderr]    Compiling libc v0.2.140
[INFO] [stderr]    Compiling serde_derive v1.0.159
[INFO] [stderr]    Compiling serde v1.0.159
[INFO] [stderr]     Checking once_cell v1.17.1
[INFO] [stderr]    Compiling syn v1.0.109
[INFO] [stderr]    Compiling crossbeam-utils v0.8.15
[INFO] [stderr]    Compiling log v0.4.17
[INFO] [stderr]    Compiling parking_lot_core v0.9.7
[INFO] [stderr]    Compiling ahash v0.7.6
[INFO] [stderr]    Compiling lock_api v0.4.9
[INFO] [stderr]    Compiling indexmap v1.9.3
[INFO] [stderr]    Compiling hashbrown v0.12.3
[INFO] [stderr]    Compiling winnow v0.4.1
[INFO] [stderr]    Compiling toml_datetime v0.6.1
[INFO] [stderr]    Compiling thiserror v1.0.40
[INFO] [stderr]    Compiling memchr v2.5.0
[INFO] [stderr]     Checking fixedbitset v0.4.2
[INFO] [stderr]    Compiling libm v0.2.6
[INFO] [stderr]     Checking pin-project-lite v0.2.9
[INFO] [stderr]    Compiling num-traits v0.2.15
[INFO] [stderr]    Compiling slab v0.4.8
[INFO] [stderr]    Compiling futures-core v0.3.28
[INFO] [stderr]     Checking tracing-core v0.1.30
[INFO] [stderr]     Checking instant v0.1.12
[INFO] [stderr]    Compiling erased-serde v0.3.25
[INFO] [stderr]     Checking event-listener v2.5.3
[INFO] [stderr]     Checking fastrand v1.9.0
[INFO] [stderr]     Checking futures-io v0.3.28
[INFO] [stderr]    Compiling bit-vec v0.6.3
[INFO] [stderr]     Checking async-lock v2.7.0
[INFO] [stderr]     Checking concurrent-queue v2.1.0
[INFO] [stderr]     Checking async-task v4.4.0
[INFO] [stderr]     Checking thread_local v1.1.7
[INFO] [stderr]     Checking tracing v0.1.37
[INFO] [stderr]    Compiling bit-set v0.5.3
[INFO] [stderr]     Checking bevy_ptr v0.10.1
[INFO] [stderr]     Checking arrayvec v0.7.2
[INFO] [stderr]     Checking async-channel v1.8.0
[INFO] [stderr]     Checking tracing-log v0.1.3
[INFO] [stderr]    Compiling quote v1.0.26
[INFO] [stderr]     Checking sharded-slab v0.1.4
[INFO] [stderr]     Checking crossbeam-channel v0.5.7
[INFO] [stderr]    Compiling pkg-config v0.3.26
[INFO] [stderr]    Compiling num-rational v0.4.1
[INFO] [stderr]     Checking futures-lite v1.12.0
[INFO] [stderr]     Checking aho-corasick v0.7.20
[INFO] [stderr]     Checking raw-window-handle v0.5.2
[INFO] [stderr]     Checking libloading v0.7.4
[INFO] [stderr]     Checking termcolor v1.2.0
[INFO] [stderr]    Compiling syn v2.0.13
[INFO] [stderr]    Compiling anyhow v1.0.70
[INFO] [stderr]    Compiling ash v0.37.2+1.3.238
[INFO] [stderr]    Compiling khronos-egl v4.1.0
[INFO] [stderr]     Checking unicode-xid v0.2.4
[INFO] [stderr]     Checking unicode-width v0.1.10
[INFO] [stderr]     Checking miniz_oxide v0.6.2
[INFO] [stderr]     Checking pp-rs v0.2.1
[INFO] [stderr]     Checking codespan-reporting v0.11.1
[INFO] [stderr]     Checking gpu-alloc-types v0.2.0
[INFO] [stderr]     Checking gpu-descriptor-types v0.1.1
[INFO] [stderr]     Checking hexf-parse v0.2.1
[INFO] [stderr]     Checking walkdir v2.3.3
[INFO] [stderr]    Compiling getrandom v0.2.8
[INFO] [stderr]     Checking regex v1.7.3
[INFO] [stderr]     Checking gpu-alloc v0.5.3
[INFO] [stderr]     Checking wgpu-types v0.15.2
[INFO] [stderr]    Compiling uuid v1.3.0
[INFO] [stderr]     Checking async-executor v1.5.0
[INFO] [stderr]     Checking glow v0.12.1
[INFO] [stderr]     Checking flate2 v1.0.25
[INFO] [stderr]     Checking profiling v1.0.7
[INFO] [stderr]    Compiling toml_edit v0.19.8
[INFO] [stderr]     Checking mio v0.8.6
[INFO] [stderr]     Checking inotify-sys v0.1.5
[INFO] [stderr]     Checking filetime v0.2.20
[INFO] [stderr]     Checking bevy_tasks v0.10.1
[INFO] [stderr]     Checking inotify v0.9.6
[INFO] [stderr]     Checking sysinfo v0.28.4
[INFO] [stderr]     Checking num-integer v0.1.45
[INFO] [stderr]     Checking spirv v0.2.0+1.5.4
[INFO] [stderr]     Checking renderdoc-sys v0.7.1
[INFO] [stderr]     Checking static_assertions v1.1.0
[INFO] [stderr]     Checking png v0.17.7
[INFO] [stderr]     Checking jpeg-decoder v0.3.0
[INFO] [stderr]     Checking twox-hash v1.6.3
[INFO] [stderr]     Checking notify v5.1.0
[INFO] [stderr]     Checking const_panic v0.2.7
[INFO] [stderr]     Checking ktx2 v0.3.0
[INFO] [stderr]     Checking ruzstd v0.2.4
[INFO] [stderr]     Checking approx v0.5.1
[INFO] [stderr]     Checking ttf-parser v0.18.1
[INFO] [stderr]     Checking ab_glyph_rasterizer v0.1.8
[INFO] [stderr]     Checking percent-encoding v2.2.0
[INFO] [stderr]    Compiling xml-rs v0.8.4
[INFO] [stderr]     Checking radsort v0.1.0
[INFO] [stderr]    Compiling libudev-sys v0.1.4
[INFO] [stderr]    Compiling x11-dl v2.21.0
[INFO] [stderr]    Compiling serde_json v1.0.95
[INFO] [stderr]     Checking euclid v0.22.9
[INFO] [stderr]    Compiling slotmap v1.0.6
[INFO] [stderr]     Checking vec_map v0.8.2
[INFO] [stderr]     Checking accesskit v0.10.1
[INFO] [stderr]     Checking ryu v1.0.13
[INFO] [stderr]    Compiling inflections v1.1.1
[INFO] [stderr]     Checking itoa v1.0.6
[INFO] [stderr]     Checking nix v0.25.1
[INFO] [stderr]     Checking rectangle-pack v0.4.2
[INFO] [stderr]    Compiling wayland-scanner v0.29.5
[INFO] [stderr]    Compiling gilrs v0.10.1
[INFO] [stderr]     Checking urlencoding v2.1.2
[INFO] [stderr]    Compiling memoffset v0.6.5
[INFO] [stderr]    Compiling ahash v0.8.3
[INFO] [stderr]    Compiling memoffset v0.8.0
[INFO] [stderr]     Checking nohash-hasher v0.2.0
[INFO] [stderr]     Checking unicode-bidi v0.3.13
[INFO] [stderr]     Checking form_urlencoded v1.1.0
[INFO] [stderr]     Checking guillotiere v0.6.2
[INFO] [stderr]     Checking gethostname v0.2.3
[INFO] [stderr]     Checking dirs-sys v0.3.7
[INFO] [stderr]    Compiling crossbeam-epoch v0.9.14
[INFO] [stderr]     Checking nix v0.24.3
[INFO] [stderr]     Checking dirs v4.0.0
[INFO] [stderr]     Checking taffy v0.3.10
[INFO] [stderr]     Checking idna v0.3.0
[INFO] [stderr]    Compiling paste v1.0.12
[INFO] [stderr]     Checking either v1.8.1
[INFO] [stderr]    Compiling packed_simd_2 v0.3.8
[INFO] [stderr]     Checking encoding_rs v0.8.32
[INFO] [stderr]    Compiling typenum v1.16.0
[INFO] [stderr]    Compiling alsa-sys v0.3.1
[INFO] [stderr]     Checking url v2.3.1
[INFO] [stderr]    Compiling semver v1.0.17
[INFO] [stderr]     Checking crossbeam-deque v0.8.3
[INFO] [stderr]     Checking rawpointer v0.2.1
[INFO] [stderr]    Compiling crossbeam-queue v0.3.8
[INFO] [stderr]     Checking owned_ttf_parser v0.18.1
[INFO] [stderr]    Compiling winit v0.28.3
[INFO] [stderr]    Compiling rayon-core v1.11.0
[INFO] [stderr]    Compiling bevy_macro_utils v0.10.1
[INFO] [stderr]    Compiling encase_derive_impl v0.5.0
[INFO] [stderr]     Checking ab_glyph v0.2.20
[INFO] [stderr]     Checking webbrowser v0.8.8
[INFO] [stderr]     Checking glyph_brush_layout v0.2.3
[INFO] [stderr]     Checking matrixmultiply v0.3.2
[INFO] [stderr]     Checking num_cpus v1.15.0
[INFO] [stderr]    Compiling fnv v1.0.7
[INFO] [stderr]     Checking pretty-type-name v1.0.1
[INFO] [stderr]     Checking optional v0.5.0
[INFO] [stderr]    Compiling strsim v0.10.0
[INFO] [stderr]    Compiling ident_case v1.0.1
[INFO] [stderr]     Checking robust v0.2.3
[INFO] [stderr]    Compiling darling_core v0.14.4
[INFO] [stderr]     Checking rand_core v0.6.4
[INFO] [stderr]    Compiling cpal v0.15.2
[INFO] [stderr]    Compiling rustc_version v0.4.0
[INFO] [stderr]     Checking crossbeam v0.8.2
[INFO] [stderr] error: could not compile `ash` (lib)
[INFO] [stderr] 
[INFO] [stderr] Caused by:
[INFO] [stderr]   process didn't exit successfully: `/opt/rustwide/rustup-home/toolchains/beta-2023-12-22-x86_64-unknown-linux-gnu/bin/rustc --crate-name ash --edition=2018 /opt/rustwide/cargo-home/registry/src/index.crates.io-6f17d22bba15001f/ash-0.37.2+1.3.238/src/lib.rs --error-format=json --json=diagnostic-rendered-ansi,artifacts,future-incompat --crate-type lib --emit=dep-info,metadata -C embed-bitcode=no -C debuginfo=2 --cfg 'feature="debug"' --cfg 'feature="default"' --cfg 'feature="libloading"' --cfg 'feature="loaded"' -C metadata=feb41afbfc1c283c -C extra-filename=-feb41afbfc1c283c --out-dir /opt/rustwide/target/debug/deps -L dependency=/opt/rustwide/target/debug/deps --extern libloading=/opt/rustwide/target/debug/deps/liblibloading-4286b7b0a99bcc6c.rmeta --cap-lints allow --cap-lints=warn` (signal: 9, SIGKILL: kill)
[INFO] [stderr] warning: build failed, waiting for other jobs to finish...
[INFO] [stdout] error[E0554]: `#![feature]` may not be used on the beta release channel
[INFO] [stdout]    --> /opt/rustwide/cargo-home/registry/src/index.crates.io-6f17d22bba15001f/packed_simd_2-0.3.8/src/lib.rs:214:1
[INFO] [stdout]     |
[INFO] [stdout] 214 | / #![feature(
[INFO] [stdout] 215 | |     adt_const_params,
[INFO] [stdout] 216 | |     repr_simd,
[INFO] [stdout] 217 | |     rustc_attrs,
[INFO] [stdout] ...   |
[INFO] [stdout] 224 | |     custom_inner_attributes,
[INFO] [stdout] 225 | | )]
[INFO] [stdout]     | |__^
[INFO] [stdout] 
[INFO] [stdout] 
[INFO] [stdout] error[E0554]: `#![feature]` may not be used on the beta release channel
[INFO] [stdout]    --> /opt/rustwide/cargo-home/registry/src/index.crates.io-6f17d22bba15001f/packed_simd_2-0.3.8/src/lib.rs:219:5
[INFO] [stdout]     |
[INFO] [stdout] 219 |     stdsimd,
[INFO] [stdout]     |     ^^^^^^^
[INFO] [stdout] 
[INFO] [stdout] 
[INFO] [stdout] error[E0554]: `#![feature]` may not be used on the beta release channel
[INFO] [stdout]    --> /opt/rustwide/cargo-home/registry/src/index.crates.io-6f17d22bba15001f/packed_simd_2-0.3.8/src/lib.rs:222:5
[INFO] [stdout]     |
[INFO] [stdout] 222 |     core_intrinsics,
[INFO] [stdout]     |     ^^^^^^^^^^^^^^^
[INFO] [stdout] 
[INFO] [stdout] 
[INFO] [stdout] error: unrecognized platform-specific intrinsic function: `simd_shuffle2`
[INFO] [stdout]   --> /opt/rustwide/cargo-home/registry/src/index.crates.io-6f17d22bba15001f/packed_simd_2-0.3.8/src/codegen/llvm.rs:10:5
[INFO] [stdout]    |
[INFO] [stdout] 10 |     pub fn simd_shuffle2<T, U>(x: T, y: T, idx: [u32; 2]) -> U;
[INFO] [stdout]    |     ^^^^^^^^^^^^^^^^^^^^^^^^^^^^^^^^^^^^^^^^^^^^^^^^^^^^^^^^^^^
[INFO] [stdout] 
[INFO] [stdout] 
[INFO] [stdout] error: unrecognized platform-specific intrinsic function: `simd_shuffle4`
[INFO] [stdout]   --> /opt/rustwide/cargo-home/registry/src/index.crates.io-6f17d22bba15001f/packed_simd_2-0.3.8/src/codegen/llvm.rs:11:5
[INFO] [stdout]    |
[INFO] [stdout] 11 |     pub fn simd_shuffle4<T, U>(x: T, y: T, idx: [u32; 4]) -> U;
[INFO] [stdout]    |     ^^^^^^^^^^^^^^^^^^^^^^^^^^^^^^^^^^^^^^^^^^^^^^^^^^^^^^^^^^^
[INFO] [stdout] 
[INFO] [stdout] 
[INFO] [stdout] error: unrecognized platform-specific intrinsic function: `simd_shuffle8`
[INFO] [stdout]   --> /opt/rustwide/cargo-home/registry/src/index.crates.io-6f17d22bba15001f/packed_simd_2-0.3.8/src/codegen/llvm.rs:12:5
[INFO] [stdout]    |
[INFO] [stdout] 12 |     pub fn simd_shuffle8<T, U>(x: T, y: T, idx: [u32; 8]) -> U;
[INFO] [stdout]    |     ^^^^^^^^^^^^^^^^^^^^^^^^^^^^^^^^^^^^^^^^^^^^^^^^^^^^^^^^^^^
[INFO] [stdout] 
[INFO] [stdout] 
[INFO] [stdout] error: unrecognized platform-specific intrinsic function: `simd_shuffle16`
[INFO] [stdout]   --> /opt/rustwide/cargo-home/registry/src/index.crates.io-6f17d22bba15001f/packed_simd_2-0.3.8/src/codegen/llvm.rs:13:5
[INFO] [stdout]    |
[INFO] [stdout] 13 |     pub fn simd_shuffle16<T, U>(x: T, y: T, idx: [u32; 16]) -> U;
[INFO] [stdout]    |     ^^^^^^^^^^^^^^^^^^^^^^^^^^^^^^^^^^^^^^^^^^^^^^^^^^^^^^^^^^^^^
[INFO] [stdout] 
[INFO] [stdout] 
[INFO] [stdout] error: unrecognized platform-specific intrinsic function: `simd_shuffle32`
[INFO] [stdout]   --> /opt/rustwide/cargo-home/registry/src/index.crates.io-6f17d22bba15001f/packed_simd_2-0.3.8/src/codegen/llvm.rs:14:5
[INFO] [stdout]    |
[INFO] [stdout] 14 |     pub fn simd_shuffle32<T, U>(x: T, y: T, idx: [u32; 32]) -> U;
[INFO] [stdout]    |     ^^^^^^^^^^^^^^^^^^^^^^^^^^^^^^^^^^^^^^^^^^^^^^^^^^^^^^^^^^^^^
[INFO] [stdout] 
[INFO] [stdout] 
[INFO] [stdout] error: unrecognized platform-specific intrinsic function: `simd_shuffle64`
[INFO] [stdout]   --> /opt/rustwide/cargo-home/registry/src/index.crates.io-6f17d22bba15001f/packed_simd_2-0.3.8/src/codegen/llvm.rs:15:5
[INFO] [stdout]    |
[INFO] [stdout] 15 |     pub fn simd_shuffle64<T, U>(x: T, y: T, idx: [u32; 64]) -> U;
[INFO] [stdout]    |     ^^^^^^^^^^^^^^^^^^^^^^^^^^^^^^^^^^^^^^^^^^^^^^^^^^^^^^^^^^^^^
[INFO] [stdout] 
[INFO] [stdout] 
[INFO] [stdout] error: aborting due to 9 previous errors
[INFO] [stdout] 
[INFO] [stdout] 
[INFO] [stdout] For more information about this error, try `rustc --explain E0554`.
[INFO] [stdout] 
[INFO] [stderr] error: could not compile `packed_simd_2` (lib) due to 10 previous errors
[INFO] running `Command { std: "docker" "inspect" "df0ac89b13f891dd174b77165d6e7883967fa02ceb4ab4d64eae8176f2c0c043", kill_on_drop: false }`
[INFO] running `Command { std: "docker" "rm" "-f" "df0ac89b13f891dd174b77165d6e7883967fa02ceb4ab4d64eae8176f2c0c043", kill_on_drop: false }`
[INFO] [stdout] df0ac89b13f891dd174b77165d6e7883967fa02ceb4ab4d64eae8176f2c0c043
