[INFO] cloning repository https://github.com/Steav005/reciprocity_companion
[INFO] running `Command { std: "git" "-c" "credential.helper=" "-c" "credential.helper=/workspace/cargo-home/bin/git-credential-null" "clone" "--bare" "https://github.com/Steav005/reciprocity_companion" "/workspace/cache/git-repos/https%3A%2F%2Fgithub.com%2FSteav005%2Freciprocity_companion", kill_on_drop: false }`
[INFO] [stderr] Cloning into bare repository '/workspace/cache/git-repos/https%3A%2F%2Fgithub.com%2FSteav005%2Freciprocity_companion'...
[INFO] running `Command { std: "git" "rev-parse" "HEAD", kill_on_drop: false }`
[INFO] [stdout] e0d186ae12adc678a3adfba565a7d06e1d51f449
[INFO] documenting Steav005/reciprocity_companion against 1.75.0 for beta-1.76-rustdoc-1
[INFO] running `Command { std: "git" "clone" "/workspace/cache/git-repos/https%3A%2F%2Fgithub.com%2FSteav005%2Freciprocity_companion" "/workspace/builds/worker-0-tc1/source", kill_on_drop: false }`
[INFO] [stderr] Cloning into '/workspace/builds/worker-0-tc1/source'...
[INFO] [stderr] done.
[INFO] validating manifest of git repo https://github.com/Steav005/reciprocity_companion on toolchain 1.75.0
[INFO] running `Command { std: CARGO_HOME="/workspace/cargo-home" RUSTUP_HOME="/workspace/rustup-home" "/workspace/cargo-home/bin/cargo" "+1.75.0" "metadata" "--manifest-path" "Cargo.toml" "--no-deps", kill_on_drop: false }`
[INFO] started tweaking git repo https://github.com/Steav005/reciprocity_companion
[INFO] finished tweaking git repo https://github.com/Steav005/reciprocity_companion
[INFO] tweaked toml for git repo https://github.com/Steav005/reciprocity_companion written to /workspace/builds/worker-0-tc1/source/Cargo.toml
[INFO] crate git repo https://github.com/Steav005/reciprocity_companion already has a lockfile, it will not be regenerated
[INFO] running `Command { std: CARGO_HOME="/workspace/cargo-home" RUSTUP_HOME="/workspace/rustup-home" "/workspace/cargo-home/bin/cargo" "+1.75.0" "fetch" "--manifest-path" "Cargo.toml", kill_on_drop: false }`
[INFO] [stderr]     Updating git repository `https://github.com/Steav005/reciprocity_communication`
[INFO] [stderr]     Updating crates.io index
[INFO] [stderr]  Downloading crates ...
[INFO] [stderr]   Downloaded cached_proc_macro v0.6.0
[INFO] [stderr]   Downloaded cached v0.23.0
[INFO] [stderr]   Downloaded error-code v2.2.0
[INFO] [stderr]   Downloaded serde-diff-derive v0.4.0
[INFO] [stderr]   Downloaded clipboard-win v4.1.0
[INFO] [stderr]   Downloaded str-buf v2.0.0
[INFO] [stderr]   Downloaded ordered-float v2.2.0
[INFO] [stderr]   Downloaded window_clipboard v0.2.0
[INFO] [stderr]   Downloaded owned_ttf_parser v0.12.0
[INFO] [stderr]   Downloaded rgb v0.8.27
[INFO] [stderr]   Downloaded lyon_algorithms v0.16.0
[INFO] [stderr]   Downloaded lyon v0.16.2
[INFO] [stderr]   Downloaded tokio-tungstenite v0.14.0
[INFO] [stderr]   Downloaded lyon_geom v0.16.2
[INFO] [stderr]   Downloaded lyon_tessellation v0.16.2
[INFO] [stderr]   Downloaded smithay-clipboard v0.6.3
[INFO] [stderr]   Downloaded wide v0.6.4
[INFO] [stderr]   Downloaded ttf-parser v0.12.0
[INFO] [stderr]   Downloaded oauth2 v4.0.0
[INFO] [stderr]   Downloaded euclid v0.22.3
[INFO] [stderr]   Downloaded resvg v0.12.0
[INFO] [stderr]   Downloaded tiny-skia v0.2.0
[INFO] [stderr]   Downloaded rmp v0.8.10
[INFO] [stderr]   Downloaded lyon_path v0.16.2
[INFO] [stderr]   Downloaded rmp-serde v0.15.4
[INFO] [stderr]   Downloaded tokio-stream v0.1.5
[INFO] [stderr]   Downloaded serde-diff v0.4.1
[INFO] [stderr]   Downloaded async-tungstenite v0.13.1
[INFO] [stderr]   Downloaded ab_glyph v0.2.10
[INFO] [stderr]   Downloaded unicode-ccc v0.1.1
[INFO] running `Command { std: "docker" "create" "-v" "/var/lib/crater-agent-workspace/builds/worker-0-tc1/target:/opt/rustwide/target:rw,Z" "-v" "/var/lib/crater-agent-workspace/builds/worker-0-tc1/source:/opt/rustwide/workdir:ro,Z" "-v" "/var/lib/crater-agent-workspace/cargo-home:/opt/rustwide/cargo-home:ro,Z" "-v" "/var/lib/crater-agent-workspace/rustup-home:/opt/rustwide/rustup-home:ro,Z" "-e" "SOURCE_DIR=/opt/rustwide/workdir" "-e" "CARGO_TARGET_DIR=/opt/rustwide/target" "-e" "CARGO_HOME=/opt/rustwide/cargo-home" "-e" "RUSTUP_HOME=/opt/rustwide/rustup-home" "-w" "/opt/rustwide/workdir" "-m" "1610612736" "--user" "0:0" "--network" "none" "ghcr.io/rust-lang/crates-build-env/linux@sha256:2788e3201cd34a07e3172128adcd8b3090168a8e3bcc40d7c032b9dda1df7d1c" "/opt/rustwide/cargo-home/bin/cargo" "+1.75.0" "metadata" "--no-deps" "--format-version=1", kill_on_drop: false }`
[INFO] [stdout] 4c893239fb618c227f4c2f9c10cd56098dd06fa98384794325ff4c7858221b45
[INFO] running `Command { std: "docker" "start" "-a" "4c893239fb618c227f4c2f9c10cd56098dd06fa98384794325ff4c7858221b45", kill_on_drop: false }`
[INFO] running `Command { std: "docker" "inspect" "4c893239fb618c227f4c2f9c10cd56098dd06fa98384794325ff4c7858221b45", kill_on_drop: false }`
[INFO] running `Command { std: "docker" "rm" "-f" "4c893239fb618c227f4c2f9c10cd56098dd06fa98384794325ff4c7858221b45", kill_on_drop: false }`
[INFO] [stdout] 4c893239fb618c227f4c2f9c10cd56098dd06fa98384794325ff4c7858221b45
[INFO] running `Command { std: "docker" "create" "-v" "/var/lib/crater-agent-workspace/builds/worker-0-tc1/target:/opt/rustwide/target:rw,Z" "-v" "/var/lib/crater-agent-workspace/builds/worker-0-tc1/source:/opt/rustwide/workdir:ro,Z" "-v" "/var/lib/crater-agent-workspace/cargo-home:/opt/rustwide/cargo-home:ro,Z" "-v" "/var/lib/crater-agent-workspace/rustup-home:/opt/rustwide/rustup-home:ro,Z" "-e" "SOURCE_DIR=/opt/rustwide/workdir" "-e" "CARGO_TARGET_DIR=/opt/rustwide/target" "-e" "CARGO_INCREMENTAL=0" "-e" "RUST_BACKTRACE=full" "-e" "RUSTFLAGS=--cap-lints=warn" "-e" "RUSTDOCFLAGS=--cap-lints=warn" "-e" "CARGO_HOME=/opt/rustwide/cargo-home" "-e" "RUSTUP_HOME=/opt/rustwide/rustup-home" "-w" "/opt/rustwide/workdir" "-m" "1610612736" "--user" "0:0" "--network" "none" "ghcr.io/rust-lang/crates-build-env/linux@sha256:2788e3201cd34a07e3172128adcd8b3090168a8e3bcc40d7c032b9dda1df7d1c" "/opt/rustwide/cargo-home/bin/cargo" "+1.75.0" "doc" "--frozen" "--no-deps" "--document-private-items" "--message-format=json", kill_on_drop: false }`
[INFO] [stdout] 795b3c23fdd71d540da595ffb8be3c4b57e58d04c6b41d1246d2dc69a669a57a
[INFO] running `Command { std: "docker" "start" "-a" "795b3c23fdd71d540da595ffb8be3c4b57e58d04c6b41d1246d2dc69a669a57a", kill_on_drop: false }`
[INFO] [stderr]    Compiling libc v0.2.94
[INFO] [stderr]    Compiling proc-macro2 v1.0.26
[INFO] [stderr]    Compiling unicode-xid v0.2.2
[INFO] [stderr]     Checking cfg-if v1.0.0
[INFO] [stderr]    Compiling syn v1.0.65
[INFO] [stderr]    Compiling autocfg v1.0.1
[INFO] [stderr]    Compiling serde_derive v1.0.125
[INFO] [stderr]    Compiling serde v1.0.125
[INFO] [stderr]    Compiling log v0.4.14
[INFO] [stderr]    Compiling memchr v2.4.0
[INFO] [stderr]    Compiling version_check v0.9.3
[INFO] [stderr]     Checking pin-project-lite v0.2.6
[INFO] [stderr]     Checking once_cell v1.7.2
[INFO] [stderr]     Checking smallvec v1.6.1
[INFO] [stderr]     Checking byteorder v1.4.3
[INFO] [stderr]     Checking bytes v1.0.1
[INFO] [stderr]     Checking ahash v0.4.7
[INFO] [stderr]     Checking futures-core v0.3.14
[INFO] [stderr]     Checking slab v0.4.3
[INFO] [stderr]    Compiling proc-macro-hack v0.5.19
[INFO] [stderr]     Checking hashbrown v0.9.1
[INFO] [stderr]     Checking futures-sink v0.3.14
[INFO] [stderr]    Compiling proc-macro-nested v0.1.7
[INFO] [stderr]     Checking arrayvec v0.5.2
[INFO] [stderr]     Checking pin-utils v0.1.0
[INFO] [stderr]     Checking futures-io v0.3.14
[INFO] [stderr]     Checking futures-channel v0.3.14
[INFO] [stderr]     Checking futures-task v0.3.14
[INFO] [stderr]     Checking ppv-lite86 v0.2.10
[INFO] [stderr]    Compiling pkg-config v0.3.19
[INFO] [stderr]     Checking libloading v0.6.7
[INFO] [stderr]    Compiling num-traits v0.2.14
[INFO] [stderr]    Compiling indexmap v1.6.2
[INFO] [stderr]    Compiling tokio v1.5.0
[INFO] [stderr]    Compiling crossbeam-utils v0.8.4
[INFO] [stderr]     Checking matches v0.1.8
[INFO] [stderr]    Compiling memoffset v0.6.3
[INFO] [stderr]    Compiling getrandom v0.1.16
[INFO] [stderr]    Compiling getrandom v0.2.2
[INFO] [stderr]     Checking ab_glyph_rasterizer v0.1.4
[INFO] [stderr]     Checking tracing-core v0.1.18
[INFO] [stderr]     Checking itoa v0.4.7
[INFO] [stderr]     Checking libloading v0.7.0
[INFO] [stderr]     Checking base64 v0.13.0
[INFO] [stderr]     Checking untrusted v0.7.1
[INFO] [stderr]    Compiling rayon-core v1.9.0
[INFO] [stderr]     Checking spin v0.5.2
[INFO] [stderr]     Checking unicode-bidi v0.3.5
[INFO] [stderr]     Checking dlib v0.5.0
[INFO] [stderr]    Compiling wayland-sys v0.28.5
[INFO] [stderr]     Checking instant v0.1.9
[INFO] [stderr]     Checking bit-vec v0.6.3
[INFO] [stderr]     Checking fixedbitset v0.2.0
[INFO] [stderr]    Compiling quote v1.0.9
[INFO] [stderr]    Compiling typenum v1.13.0
[INFO] [stderr]    Compiling generic-array v0.14.4
[INFO] [stderr]    Compiling nom v6.1.2
[INFO] [stderr]    Compiling rayon v1.5.0
[INFO] [stderr]     Checking petgraph v0.5.1
[INFO] [stderr]    Compiling num-integer v0.1.44
[INFO] [stderr]     Checking bit-set v0.5.2
[INFO] [stderr]     Checking fxhash v0.2.1
[INFO] [stderr]     Checking lock_api v0.4.4
[INFO] [stderr]    Compiling wayland-scanner v0.28.5
[INFO] [stderr]     Checking http v0.2.4
[INFO] [stderr]     Checking scoped-tls v1.0.0
[INFO] [stderr]     Checking ttf-parser v0.6.2
[INFO] [stderr]     Checking tinyvec_macros v0.1.0
[INFO] [stderr]    Compiling crc32fast v1.2.1
[INFO] [stderr]     Checking either v1.6.1
[INFO] [stderr]    Compiling httparse v1.4.0
[INFO] [stderr]     Checking downcast-rs v1.2.0
[INFO] [stderr]     Checking num_cpus v1.13.0
[INFO] [stderr]    Compiling jobserver v0.1.22
[INFO] [stderr]     Checking raw-window-handle v0.3.3
[INFO] [stderr]     Checking nix v0.20.0
[INFO] [stderr]     Checking crossbeam-epoch v0.9.4
[INFO] [stderr]     Checking crossbeam-channel v0.5.1
[INFO] [stderr]     Checking spirv_headers v1.5.0
[INFO] [stderr]    Compiling cc v1.0.67
[INFO] [stderr]     Checking rand_core v0.5.1
[INFO] [stderr]     Checking parking_lot_core v0.8.3
[INFO] [stderr]     Checking memmap2 v0.1.0
[INFO] [stderr]     Checking crossbeam-deque v0.8.0
[INFO] [stderr]     Checking rand_chacha v0.2.2
[INFO] [stderr]     Checking parking_lot v0.11.1
[INFO] [stderr]     Checking euclid v0.22.3
[INFO] [stderr]    Compiling nix v0.18.0
[INFO] [stderr]     Checking tinyvec v1.2.0
[INFO] [stderr]     Checking rand v0.7.3
[INFO] [stderr]    Compiling miniz_oxide v0.4.4
[INFO] [stderr]     Checking walkdir v2.3.2
[INFO] [stderr]     Checking owned_ttf_parser v0.6.0
[INFO] [stderr]     Checking rusttype v0.9.2
[INFO] [stderr]     Checking form_urlencoded v1.0.1
[INFO] [stderr]     Checking ttf-parser v0.12.0
[INFO] [stderr]     Checking lyon_geom v0.16.2
[INFO] [stderr]    Compiling fnv v1.0.7
[INFO] [stderr]    Compiling khronos-egl v3.0.2
[INFO] [stderr]     Checking adler32 v1.2.0
[INFO] [stderr]    Compiling ident_case v1.0.1
[INFO] [stderr]    Compiling strsim v0.9.3
[INFO] [stderr]     Checking adler v1.0.2
[INFO] [stderr]     Checking static_assertions v1.1.0
[INFO] [stderr]     Checking unicode-normalization v0.1.17
[INFO] [stderr]     Checking linked-hash-map v0.5.4
[INFO] [stderr]    Compiling ring v0.16.20
[INFO] [stderr]    Compiling spirv_cross v0.23.1
[INFO] [stderr]    Compiling wayland-client v0.28.5
[INFO] [stderr]    Compiling wayland-protocols v0.28.5
[INFO] [stderr]     Checking twox-hash v1.6.0
[INFO] [stderr]     Checking andrew v0.3.1
[INFO] [stderr]     Checking lyon_path v0.16.2
[INFO] [stderr]     Checking block-buffer v0.9.0
[INFO] [stderr]     Checking digest v0.9.0
[INFO] [stderr]     Checking sid v0.6.1
[INFO] [stderr]     Checking dlib v0.4.2
[INFO] [stderr]     Checking opaque-debug v0.3.0
[INFO] [stderr]    Compiling cfg_aliases v0.1.1
[INFO] [stderr]     Checking cpuid-bool v0.1.2
[INFO] [stderr]    Compiling unicode-general-category v0.2.0
[INFO] [stderr]    Compiling wgpu-core v0.7.1
[INFO] [stderr]     Checking miniz_oxide v0.3.7
[INFO] [stderr]     Checking deflate v0.8.6
[INFO] [stderr]     Checking xcursor v0.3.3
[INFO] [stderr]     Checking rand_core v0.6.2
[INFO] [stderr]     Checking idna v0.2.3
[INFO] [stderr]     Checking owned_ttf_parser v0.12.0
[INFO] [stderr]     Checking ab_glyph v0.2.10
[INFO] [stderr]     Checking ordered-float v2.2.0
[INFO] [stderr]     Checking ash v0.31.0
[INFO] [stderr]    Compiling glam v0.10.2
[INFO] [stderr]     Checking gpu-descriptor-types v0.1.1
[INFO] [stderr]     Checking gpu-alloc-types v0.2.0
[INFO] [stderr]     Checking inplace_it v0.3.3
[INFO] [stderr]     Checking float-cmp v0.5.3
[INFO] [stderr]     Checking glow v0.7.2
[INFO] [stderr]     Checking ttf-parser v0.9.0
[INFO] [stderr]     Checking try-lock v0.2.3
[INFO] [stderr]     Checking iced_core v0.4.0
[INFO] [stderr]     Checking png v0.16.8
[INFO] [stderr]     Checking rand_chacha v0.3.0
[INFO] [stderr]     Checking lyon_algorithms v0.16.0
[INFO] [stderr]     Checking lyon_tessellation v0.16.2
[INFO] [stderr]     Checking jpeg-decoder v0.1.22
[INFO] [stderr]     Checking wayland-commons v0.28.5
[INFO] [stderr]     Checking http-body v0.4.1
[INFO] [stderr]     Checking uuid v0.8.2
[INFO] [stderr]     Checking approx v0.4.0
[INFO] [stderr]     Checking socket2 v0.4.0
[INFO] [stderr]     Checking net2 v0.2.37
[INFO] [stderr]     Checking iovec v0.1.4
[INFO] [stderr]     Checking gethostname v0.2.1
[INFO] [stderr]    Compiling x11-dl v2.18.5
[INFO] [stderr]    Compiling num-rational v0.3.2
[INFO] [stderr]    Compiling num-iter v0.1.42
[INFO] [stderr]     Checking wgpu-types v0.7.0
[INFO] [stderr]     Checking weezl v0.1.5
[INFO] [stderr]     Checking unicode-segmentation v1.7.1
[INFO] [stderr]     Checking xmlparser v0.13.3
[INFO] [stderr]     Checking unicode-bidi-mirroring v0.1.0
[INFO] [stderr]     Checking copyless v0.1.5
[INFO] [stderr]     Checking xi-unicode v0.3.0
[INFO] [stderr]     Checking unicode-script v0.5.2
[INFO] [stderr]     Checking unicode-ccc v0.1.1
[INFO] [stderr]     Checking tower-service v0.3.1
[INFO] [stderr]    Compiling serde_json v1.0.64
[INFO] [stderr]    Compiling encoding_rs v0.8.28
[INFO] [stderr]     Checking httpdate v1.0.0
[INFO] [stderr]     Checking glyph_brush_layout v0.2.1
[INFO] [stderr]     Checking svgtypes v0.5.0
[INFO] [stderr]     Checking roxmltree v0.13.1
[INFO] [stderr]     Checking glyph_brush_draw_cache v0.1.4
[INFO] [stderr]     Checking x11rb v0.8.1
[INFO] [stderr]     Checking lyon v0.16.2
[INFO] [stderr]     Checking rand v0.8.3
[INFO] [stderr]     Checking iced_style v0.3.0
[INFO] [stderr]    Compiling darling_core v0.10.2
[INFO] [stderr]     Checking sha-1 v0.9.4
[INFO] [stderr]     Checking flate2 v1.0.20
[INFO] [stderr]     Checking time v0.1.43
[INFO] [stderr]     Checking data-url v0.1.0
[INFO] [stderr]     Checking kurbo v0.7.1
[INFO] [stderr]     Checking input_buffer v0.4.0
[INFO] [stderr]     Checking unicode-vo v0.1.0
[INFO] [stderr]     Checking rctree v0.3.3
[INFO] [stderr]     Checking color_quant v1.1.0
[INFO] [stderr]     Checking utf-8 v0.7.6
[INFO] [stderr]     Checking xmlwriter v0.1.0
[INFO] [stderr]     Checking lazycell v1.3.0
[INFO] [stderr]     Checking arrayref v0.3.6
[INFO] [stderr]     Checking pico-args v0.3.4
[INFO] [stderr]     Checking gif v0.11.2
[INFO] [stderr]     Checking tiff v0.6.1
[INFO] [stderr]     Checking mime v0.3.16
[INFO] [stderr]    Compiling event-listener v2.5.1
[INFO] [stderr]    Compiling anyhow v1.0.40
[INFO] [stderr]     Checking traitobject v0.1.0
[INFO] [stderr]     Checking ipnet v2.3.0
[INFO] [stderr]    Compiling async-trait v0.1.50
[INFO] [stderr]     Checking svg_fmt v0.4.1
[INFO] [stderr]     Checking unsafe-any v0.4.2
[INFO] [stderr]    Compiling async-mutex v1.4.0
[INFO] [stderr]     Checking guillotiere v0.6.0
[INFO] [stderr]     Checking sha2 v0.9.3
[INFO] [stderr]     Checking yaml-rust v0.4.5
[INFO] [stderr]     Checking rmp v0.8.10
[INFO] [stderr]     Checking aho-corasick v0.7.18
[INFO] [stderr]     Checking dtoa v0.4.8
[INFO] [stderr]    Compiling cached_proc_macro_types v0.1.0
[INFO] [stderr]     Checking base64 v0.12.3
[INFO] [stderr]     Checking regex-syntax v0.6.25
[INFO] [stderr]     Checking wayland-cursor v0.28.5
[INFO] [stderr]     Checking typemap v0.3.3
[INFO] [stderr]     Checking thread-id v3.3.0
[INFO] [stderr]     Checking dirs-sys v0.3.6
[INFO] [stderr]     Checking log-mdc v0.1.0
[INFO] [stderr]     Checking webpki v0.21.4
[INFO] [stderr]     Checking sct v0.6.1
[INFO] [stderr]     Checking webbrowser v0.5.5
[INFO] [stderr]     Checking arc-swap v0.4.8
[INFO] [stderr]     Checking humantime v2.1.0
[INFO] [stderr]     Checking directories v3.0.2
[INFO] [stderr]     Checking webpki-roots v0.21.1
[INFO] [stderr]    Compiling thiserror-impl v1.0.24
[INFO] [stderr]    Compiling futures-macro v0.3.14
[INFO] [stderr]    Compiling bytemuck_derive v1.0.1
[INFO] [stderr] error: could not compile `ash` (lib)
[INFO] [stderr] 
[INFO] [stderr] Caused by:
[INFO] [stderr]   process didn't exit successfully: `/opt/rustwide/rustup-home/toolchains/1.75.0-x86_64-unknown-linux-gnu/bin/rustc --crate-name ash --edition=2018 /opt/rustwide/cargo-home/registry/src/index.crates.io-6f17d22bba15001f/ash-0.31.0/src/lib.rs --error-format=json --json=diagnostic-rendered-ansi,artifacts,future-incompat --crate-type lib --emit=dep-info,metadata -C embed-bitcode=no -C debuginfo=2 --cfg 'feature="default"' --cfg 'feature="libloading"' -C metadata=ed9413a72f598a23 -C extra-filename=-ed9413a72f598a23 --out-dir /opt/rustwide/target/debug/deps -L dependency=/opt/rustwide/target/debug/deps --extern libloading=/opt/rustwide/target/debug/deps/liblibloading-0bacd5606ca2f2bb.rmeta --cap-lints allow --cap-lints=warn` (signal: 9, SIGKILL: kill)
[INFO] [stderr] warning: build failed, waiting for other jobs to finish...
[INFO] [stderr] error: could not compile `x11rb` (lib)
[INFO] [stderr] 
[INFO] [stderr] Caused by:
[INFO] [stderr]   process didn't exit successfully: `/opt/rustwide/rustup-home/toolchains/1.75.0-x86_64-unknown-linux-gnu/bin/rustc --crate-name x11rb --edition=2018 /opt/rustwide/cargo-home/registry/src/index.crates.io-6f17d22bba15001f/x11rb-0.8.1/src/lib.rs --error-format=json --json=diagnostic-rendered-ansi,artifacts,future-incompat --crate-type lib --emit=dep-info,metadata -C embed-bitcode=no -C debuginfo=2 -C metadata=5f59bb534075dc25 -C extra-filename=-5f59bb534075dc25 --out-dir /opt/rustwide/target/debug/deps -L dependency=/opt/rustwide/target/debug/deps --extern gethostname=/opt/rustwide/target/debug/deps/libgethostname-4e8415126ab0c68c.rmeta --extern nix=/opt/rustwide/target/debug/deps/libnix-50ce92205aedaa22.rmeta --cap-lints allow --cap-lints=warn` (signal: 9, SIGKILL: kill)
[INFO] [stderr] The following warnings were emitted during compilation:
[INFO] [stderr] 
[INFO] [stderr] warning: spirv_cross@0.23.1: src/wrapper.cpp:2: warning: ignoring '#pragma warning ' [-Wunknown-pragmas]
[INFO] [stderr] warning: spirv_cross@0.23.1:     2 | #pragma warning(disable : 4996 4101)
[INFO] [stderr] warning: spirv_cross@0.23.1:       | 
[INFO] [stderr] warning: spirv_cross@0.23.1: c++: fatal error: Killed signal terminated program cc1plus
[INFO] [stderr] warning: spirv_cross@0.23.1: compilation terminated.
[INFO] [stderr] 
[INFO] [stderr] error: failed to run custom build command for `spirv_cross v0.23.1`
[INFO] [stderr] note: To improve backtraces for build dependencies, set the CARGO_PROFILE_DEV_BUILD_OVERRIDE_DEBUG=true environment variable to enable debug information generation.
[INFO] [stderr] 
[INFO] [stderr] Caused by:
[INFO] [stderr]   process didn't exit successfully: `/opt/rustwide/target/debug/build/spirv_cross-a8c57c06f0df84fb/build-script-build` (exit status: 1)
[INFO] [stderr]   --- stdout
[INFO] [stderr]   OPT_LEVEL = Some("0")
[INFO] [stderr]   TARGET = Some("x86_64-unknown-linux-gnu")
[INFO] [stderr]   HOST = Some("x86_64-unknown-linux-gnu")
[INFO] [stderr]   CXX_x86_64-unknown-linux-gnu = None
[INFO] [stderr]   CXX_x86_64_unknown_linux_gnu = None
[INFO] [stderr]   HOST_CXX = None
[INFO] [stderr]   CXX = None
[INFO] [stderr]   CXXFLAGS_x86_64-unknown-linux-gnu = None
[INFO] [stderr]   CXXFLAGS_x86_64_unknown_linux_gnu = None
[INFO] [stderr]   HOST_CXXFLAGS = None
[INFO] [stderr]   CXXFLAGS = None
[INFO] [stderr]   CRATE_CC_NO_DEFAULTS = None
[INFO] [stderr]   DEBUG = Some("true")
[INFO] [stderr]   CARGO_CFG_TARGET_FEATURE = Some("fxsr,sse,sse2")
[INFO] [stderr]   CXX_x86_64-unknown-linux-gnu = None
[INFO] [stderr]   CXX_x86_64_unknown_linux_gnu = None
[INFO] [stderr]   HOST_CXX = None
[INFO] [stderr]   CXX = None
[INFO] [stderr]   CXXFLAGS_x86_64-unknown-linux-gnu = None
[INFO] [stderr]   CXXFLAGS_x86_64_unknown_linux_gnu = None
[INFO] [stderr]   HOST_CXXFLAGS = None
[INFO] [stderr]   CXXFLAGS = None
[INFO] [stderr]   CRATE_CC_NO_DEFAULTS = None
[INFO] [stderr]   CARGO_CFG_TARGET_FEATURE = Some("fxsr,sse,sse2")
[INFO] [stderr]   running: "c++" "-O0" "-ffunction-sections" "-fdata-sections" "-fPIC" "-g" "-fno-omit-frame-pointer" "-m64" "-Wall" "-Wextra" "-DSPIRV_CROSS_EXCEPTIONS_TO_ASSERTIONS" "-DSPIRV_CROSS_WRAPPER_NO_EXCEPTIONS" "-DSPIRV_CROSS_WRAPPER_GLSL" "-DSPIRV_CROSS_WRAPPER_HLSL" "-DSPIRV_CROSS_WRAPPER_MSL" "-std=c++14" "-o" "/opt/rustwide/target/debug/build/spirv_cross-0109587f0fdc58fe/out/src/wrapper.o" "-c" "src/wrapper.cpp"
[INFO] [stderr]   cargo:warning=src/wrapper.cpp:2: warning: ignoring '#pragma warning ' [-Wunknown-pragmas]
[INFO] [stderr]   cargo:warning=    2 | #pragma warning(disable : 4996 4101)
[INFO] [stderr]   cargo:warning=      | 
[INFO] [stderr]   exit status: 0
[INFO] [stderr]   running: "c++" "-O0" "-ffunction-sections" "-fdata-sections" "-fPIC" "-g" "-fno-omit-frame-pointer" "-m64" "-Wall" "-Wextra" "-DSPIRV_CROSS_EXCEPTIONS_TO_ASSERTIONS" "-DSPIRV_CROSS_WRAPPER_NO_EXCEPTIONS" "-DSPIRV_CROSS_WRAPPER_GLSL" "-DSPIRV_CROSS_WRAPPER_HLSL" "-DSPIRV_CROSS_WRAPPER_MSL" "-std=c++14" "-o" "/opt/rustwide/target/debug/build/spirv_cross-0109587f0fdc58fe/out/src/vendor/SPIRV-Cross/spirv_cfg.o" "-c" "src/vendor/SPIRV-Cross/spirv_cfg.cpp"
[INFO] [stderr]   running: "c++" "-O0" "-ffunction-sections" "-fdata-sections" "-fPIC" "-g" "-fno-omit-frame-pointer" "-m64" "-Wall" "-Wextra" "-DSPIRV_CROSS_EXCEPTIONS_TO_ASSERTIONS" "-DSPIRV_CROSS_WRAPPER_NO_EXCEPTIONS" "-DSPIRV_CROSS_WRAPPER_GLSL" "-DSPIRV_CROSS_WRAPPER_HLSL" "-DSPIRV_CROSS_WRAPPER_MSL" "-std=c++14" "-o" "/opt/rustwide/target/debug/build/spirv_cross-0109587f0fdc58fe/out/src/vendor/SPIRV-Cross/spirv_cross.o" "-c" "src/vendor/SPIRV-Cross/spirv_cross.cpp"
[INFO] [stderr]   running: "c++" "-O0" "-ffunction-sections" "-fdata-sections" "-fPIC" "-g" "-fno-omit-frame-pointer" "-m64" "-Wall" "-Wextra" "-DSPIRV_CROSS_EXCEPTIONS_TO_ASSERTIONS" "-DSPIRV_CROSS_WRAPPER_NO_EXCEPTIONS" "-DSPIRV_CROSS_WRAPPER_GLSL" "-DSPIRV_CROSS_WRAPPER_HLSL" "-DSPIRV_CROSS_WRAPPER_MSL" "-std=c++14" "-o" "/opt/rustwide/target/debug/build/spirv_cross-0109587f0fdc58fe/out/src/vendor/SPIRV-Cross/spirv_cross_parsed_ir.o" "-c" "src/vendor/SPIRV-Cross/spirv_cross_parsed_ir.cpp"
[INFO] [stderr]   running: "c++" "-O0" "-ffunction-sections" "-fdata-sections" "-fPIC" "-g" "-fno-omit-frame-pointer" "-m64" "-Wall" "-Wextra" "-DSPIRV_CROSS_EXCEPTIONS_TO_ASSERTIONS" "-DSPIRV_CROSS_WRAPPER_NO_EXCEPTIONS" "-DSPIRV_CROSS_WRAPPER_GLSL" "-DSPIRV_CROSS_WRAPPER_HLSL" "-DSPIRV_CROSS_WRAPPER_MSL" "-std=c++14" "-o" "/opt/rustwide/target/debug/build/spirv_cross-0109587f0fdc58fe/out/src/vendor/SPIRV-Cross/spirv_parser.o" "-c" "src/vendor/SPIRV-Cross/spirv_parser.cpp"
[INFO] [stderr]   running: "c++" "-O0" "-ffunction-sections" "-fdata-sections" "-fPIC" "-g" "-fno-omit-frame-pointer" "-m64" "-Wall" "-Wextra" "-DSPIRV_CROSS_EXCEPTIONS_TO_ASSERTIONS" "-DSPIRV_CROSS_WRAPPER_NO_EXCEPTIONS" "-DSPIRV_CROSS_WRAPPER_GLSL" "-DSPIRV_CROSS_WRAPPER_HLSL" "-DSPIRV_CROSS_WRAPPER_MSL" "-std=c++14" "-o" "/opt/rustwide/target/debug/build/spirv_cross-0109587f0fdc58fe/out/src/vendor/SPIRV-Cross/spirv_cross_util.o" "-c" "src/vendor/SPIRV-Cross/spirv_cross_util.cpp"
[INFO] [stderr]   running: "c++" "-O0" "-ffunction-sections" "-fdata-sections" "-fPIC" "-g" "-fno-omit-frame-pointer" "-m64" "-Wall" "-Wextra" "-DSPIRV_CROSS_EXCEPTIONS_TO_ASSERTIONS" "-DSPIRV_CROSS_WRAPPER_NO_EXCEPTIONS" "-DSPIRV_CROSS_WRAPPER_GLSL" "-DSPIRV_CROSS_WRAPPER_HLSL" "-DSPIRV_CROSS_WRAPPER_MSL" "-std=c++14" "-o" "/opt/rustwide/target/debug/build/spirv_cross-0109587f0fdc58fe/out/src/vendor/SPIRV-Cross/spirv_glsl.o" "-c" "src/vendor/SPIRV-Cross/spirv_glsl.cpp"
[INFO] [stderr]   running: "c++" "-O0" "-ffunction-sections" "-fdata-sections" "-fPIC" "-g" "-fno-omit-frame-pointer" "-m64" "-Wall" "-Wextra" "-DSPIRV_CROSS_EXCEPTIONS_TO_ASSERTIONS" "-DSPIRV_CROSS_WRAPPER_NO_EXCEPTIONS" "-DSPIRV_CROSS_WRAPPER_GLSL" "-DSPIRV_CROSS_WRAPPER_HLSL" "-DSPIRV_CROSS_WRAPPER_MSL" "-std=c++14" "-o" "/opt/rustwide/target/debug/build/spirv_cross-0109587f0fdc58fe/out/src/vendor/SPIRV-Cross/spirv_hlsl.o" "-c" "src/vendor/SPIRV-Cross/spirv_hlsl.cpp"
[INFO] [stderr]   running: "c++" "-O0" "-ffunction-sections" "-fdata-sections" "-fPIC" "-g" "-fno-omit-frame-pointer" "-m64" "-Wall" "-Wextra" "-DSPIRV_CROSS_EXCEPTIONS_TO_ASSERTIONS" "-DSPIRV_CROSS_WRAPPER_NO_EXCEPTIONS" "-DSPIRV_CROSS_WRAPPER_GLSL" "-DSPIRV_CROSS_WRAPPER_HLSL" "-DSPIRV_CROSS_WRAPPER_MSL" "-std=c++14" "-o" "/opt/rustwide/target/debug/build/spirv_cross-0109587f0fdc58fe/out/src/vendor/SPIRV-Cross/spirv_msl.o" "-c" "src/vendor/SPIRV-Cross/spirv_msl.cpp"
[INFO] [stderr]   cargo:warning=c++: fatal error: Killed signal terminated program cc1plus
[INFO] [stderr]   cargo:warning=compilation terminated.
[INFO] [stderr]   exit status: 1
[INFO] [stderr]   exit status: 0
[INFO] [stderr]   exit status: 0
[INFO] [stderr]   exit status: 0
[INFO] [stderr]   exit status: 0
[INFO] [stderr]   exit status: 0
[INFO] [stderr]   exit status: 0
[INFO] [stderr]   exit status: 0
[INFO] [stderr] 
[INFO] [stderr]   --- stderr
[INFO] [stderr] 
[INFO] [stderr] 
[INFO] [stderr]   error occurred: Command "c++" "-O0" "-ffunction-sections" "-fdata-sections" "-fPIC" "-g" "-fno-omit-frame-pointer" "-m64" "-Wall" "-Wextra" "-DSPIRV_CROSS_EXCEPTIONS_TO_ASSERTIONS" "-DSPIRV_CROSS_WRAPPER_NO_EXCEPTIONS" "-DSPIRV_CROSS_WRAPPER_GLSL" "-DSPIRV_CROSS_WRAPPER_HLSL" "-DSPIRV_CROSS_WRAPPER_MSL" "-std=c++14" "-o" "/opt/rustwide/target/debug/build/spirv_cross-0109587f0fdc58fe/out/src/vendor/SPIRV-Cross/spirv_cfg.o" "-c" "src/vendor/SPIRV-Cross/spirv_cfg.cpp" with args "c++" did not execute successfully (status code exit status: 1).
[INFO] [stderr] 
[INFO] [stderr] 
[INFO] running `Command { std: "docker" "inspect" "795b3c23fdd71d540da595ffb8be3c4b57e58d04c6b41d1246d2dc69a669a57a", kill_on_drop: false }`
[INFO] running `Command { std: "docker" "rm" "-f" "795b3c23fdd71d540da595ffb8be3c4b57e58d04c6b41d1246d2dc69a669a57a", kill_on_drop: false }`
[INFO] [stdout] 795b3c23fdd71d540da595ffb8be3c4b57e58d04c6b41d1246d2dc69a669a57a
[INFO] documenting Steav005/reciprocity_companion against beta-2023-12-22 for beta-1.76-rustdoc-1
[INFO] running `Command { std: "git" "clone" "/workspace/cache/git-repos/https%3A%2F%2Fgithub.com%2FSteav005%2Freciprocity_companion" "/workspace/builds/worker-0-tc2/source", kill_on_drop: false }`
[INFO] [stderr] Cloning into '/workspace/builds/worker-0-tc2/source'...
[INFO] [stderr] done.
[INFO] validating manifest of git repo https://github.com/Steav005/reciprocity_companion on toolchain beta-2023-12-22
[INFO] running `Command { std: CARGO_HOME="/workspace/cargo-home" RUSTUP_HOME="/workspace/rustup-home" "/workspace/cargo-home/bin/cargo" "+beta-2023-12-22" "metadata" "--manifest-path" "Cargo.toml" "--no-deps", kill_on_drop: false }`
[INFO] started tweaking git repo https://github.com/Steav005/reciprocity_companion
[INFO] finished tweaking git repo https://github.com/Steav005/reciprocity_companion
[INFO] tweaked toml for git repo https://github.com/Steav005/reciprocity_companion written to /workspace/builds/worker-0-tc2/source/Cargo.toml
[INFO] crate git repo https://github.com/Steav005/reciprocity_companion already has a lockfile, it will not be regenerated
[INFO] running `Command { std: CARGO_HOME="/workspace/cargo-home" RUSTUP_HOME="/workspace/rustup-home" "/workspace/cargo-home/bin/cargo" "+beta-2023-12-22" "fetch" "--manifest-path" "Cargo.toml", kill_on_drop: false }`
[INFO] running `Command { std: "docker" "create" "-v" "/var/lib/crater-agent-workspace/builds/worker-0-tc2/target:/opt/rustwide/target:rw,Z" "-v" "/var/lib/crater-agent-workspace/builds/worker-0-tc2/source:/opt/rustwide/workdir:ro,Z" "-v" "/var/lib/crater-agent-workspace/cargo-home:/opt/rustwide/cargo-home:ro,Z" "-v" "/var/lib/crater-agent-workspace/rustup-home:/opt/rustwide/rustup-home:ro,Z" "-e" "SOURCE_DIR=/opt/rustwide/workdir" "-e" "CARGO_TARGET_DIR=/opt/rustwide/target" "-e" "CARGO_HOME=/opt/rustwide/cargo-home" "-e" "RUSTUP_HOME=/opt/rustwide/rustup-home" "-w" "/opt/rustwide/workdir" "-m" "1610612736" "--user" "0:0" "--network" "none" "ghcr.io/rust-lang/crates-build-env/linux@sha256:2788e3201cd34a07e3172128adcd8b3090168a8e3bcc40d7c032b9dda1df7d1c" "/opt/rustwide/cargo-home/bin/cargo" "+beta-2023-12-22" "metadata" "--no-deps" "--format-version=1", kill_on_drop: false }`
[INFO] [stdout] fe65817600020be125db2d3573fe4a1cd4b893de7ee31842eb4193335609340f
[INFO] running `Command { std: "docker" "start" "-a" "fe65817600020be125db2d3573fe4a1cd4b893de7ee31842eb4193335609340f", kill_on_drop: false }`
[INFO] running `Command { std: "docker" "inspect" "fe65817600020be125db2d3573fe4a1cd4b893de7ee31842eb4193335609340f", kill_on_drop: false }`
[INFO] running `Command { std: "docker" "rm" "-f" "fe65817600020be125db2d3573fe4a1cd4b893de7ee31842eb4193335609340f", kill_on_drop: false }`
[INFO] [stdout] fe65817600020be125db2d3573fe4a1cd4b893de7ee31842eb4193335609340f
[INFO] running `Command { std: "docker" "create" "-v" "/var/lib/crater-agent-workspace/builds/worker-0-tc2/target:/opt/rustwide/target:rw,Z" "-v" "/var/lib/crater-agent-workspace/builds/worker-0-tc2/source:/opt/rustwide/workdir:ro,Z" "-v" "/var/lib/crater-agent-workspace/cargo-home:/opt/rustwide/cargo-home:ro,Z" "-v" "/var/lib/crater-agent-workspace/rustup-home:/opt/rustwide/rustup-home:ro,Z" "-e" "SOURCE_DIR=/opt/rustwide/workdir" "-e" "CARGO_TARGET_DIR=/opt/rustwide/target" "-e" "CARGO_INCREMENTAL=0" "-e" "RUST_BACKTRACE=full" "-e" "RUSTFLAGS=--cap-lints=warn" "-e" "RUSTDOCFLAGS=--cap-lints=warn" "-e" "CARGO_HOME=/opt/rustwide/cargo-home" "-e" "RUSTUP_HOME=/opt/rustwide/rustup-home" "-w" "/opt/rustwide/workdir" "-m" "1610612736" "--user" "0:0" "--network" "none" "ghcr.io/rust-lang/crates-build-env/linux@sha256:2788e3201cd34a07e3172128adcd8b3090168a8e3bcc40d7c032b9dda1df7d1c" "/opt/rustwide/cargo-home/bin/cargo" "+beta-2023-12-22" "doc" "--frozen" "--no-deps" "--document-private-items" "--message-format=json", kill_on_drop: false }`
[INFO] [stdout] 7f4e4f5b3974ad5989a91c62bae9790fe975242c52214c9ef9adfbc7671a6fef
[INFO] running `Command { std: "docker" "start" "-a" "7f4e4f5b3974ad5989a91c62bae9790fe975242c52214c9ef9adfbc7671a6fef", kill_on_drop: false }`
[INFO] [stderr]    Compiling libc v0.2.94
[INFO] [stderr]    Compiling proc-macro2 v1.0.26
[INFO] [stderr]    Compiling unicode-xid v0.2.2
[INFO] [stderr]     Checking cfg-if v1.0.0
[INFO] [stderr]    Compiling syn v1.0.65
[INFO] [stderr]    Compiling autocfg v1.0.1
[INFO] [stderr]    Compiling serde_derive v1.0.125
[INFO] [stderr]    Compiling serde v1.0.125
[INFO] [stderr]    Compiling log v0.4.14
[INFO] [stderr]    Compiling memchr v2.4.0
[INFO] [stderr]     Checking pin-project-lite v0.2.6
[INFO] [stderr]    Compiling version_check v0.9.3
[INFO] [stderr]     Checking once_cell v1.7.2
[INFO] [stderr]     Checking byteorder v1.4.3
[INFO] [stderr]     Checking smallvec v1.6.1
[INFO] [stderr]     Checking bytes v1.0.1
[INFO] [stderr]     Checking ahash v0.4.7
[INFO] [stderr]     Checking slab v0.4.3
[INFO] [stderr]    Compiling proc-macro-hack v0.5.19
[INFO] [stderr]     Checking futures-core v0.3.14
[INFO] [stderr]     Checking futures-sink v0.3.14
[INFO] [stderr]     Checking hashbrown v0.9.1
[INFO] [stderr]    Compiling proc-macro-nested v0.1.7
[INFO] [stderr]     Checking pin-utils v0.1.0
[INFO] [stderr]     Checking futures-channel v0.3.14
[INFO] [stderr]     Checking futures-task v0.3.14
[INFO] [stderr]     Checking arrayvec v0.5.2
[INFO] [stderr]     Checking futures-io v0.3.14
[INFO] [stderr]    Compiling pkg-config v0.3.19
[INFO] [stderr]     Checking ppv-lite86 v0.2.10
[INFO] [stderr]     Checking libloading v0.6.7
[INFO] [stderr]     Checking matches v0.1.8
[INFO] [stderr]     Checking ab_glyph_rasterizer v0.1.4
[INFO] [stderr]    Compiling getrandom v0.2.2
[INFO] [stderr]    Compiling num-traits v0.2.14
[INFO] [stderr]    Compiling indexmap v1.6.2
[INFO] [stderr]    Compiling tokio v1.5.0
[INFO] [stderr]    Compiling crossbeam-utils v0.8.4
[INFO] [stderr]    Compiling memoffset v0.6.3
[INFO] [stderr]    Compiling getrandom v0.1.16
[INFO] [stderr]     Checking tracing-core v0.1.18
[INFO] [stderr]     Checking itoa v0.4.7
[INFO] [stderr]     Checking libloading v0.7.0
[INFO] [stderr]     Checking spin v0.5.2
[INFO] [stderr]     Checking untrusted v0.7.1
[INFO] [stderr]    Compiling rayon-core v1.9.0
[INFO] [stderr]    Compiling quote v1.0.9
[INFO] [stderr]     Checking base64 v0.13.0
[INFO] [stderr]     Checking dlib v0.5.0
[INFO] [stderr]     Checking unicode-bidi v0.3.5
[INFO] [stderr]     Checking instant v0.1.9
[INFO] [stderr]    Compiling typenum v1.13.0
[INFO] [stderr]     Checking bit-vec v0.6.3
[INFO] [stderr]     Checking fixedbitset v0.2.0
[INFO] [stderr]    Compiling wayland-sys v0.28.5
[INFO] [stderr]    Compiling rayon v1.5.0
[INFO] [stderr]    Compiling num-integer v0.1.44
[INFO] [stderr]     Checking petgraph v0.5.1
[INFO] [stderr]    Compiling wayland-scanner v0.28.5
[INFO] [stderr]    Compiling nom v6.1.2
[INFO] [stderr]     Checking bit-set v0.5.2
[INFO] [stderr]    Compiling generic-array v0.14.4
[INFO] [stderr]     Checking fxhash v0.2.1
[INFO] [stderr]     Checking lock_api v0.4.4
[INFO] [stderr]     Checking http v0.2.4
[INFO] [stderr]     Checking ttf-parser v0.6.2
[INFO] [stderr]     Checking crossbeam-epoch v0.9.4
[INFO] [stderr]     Checking crossbeam-channel v0.5.1
[INFO] [stderr]    Compiling crc32fast v1.2.1
[INFO] [stderr]    Compiling httparse v1.4.0
[INFO] [stderr]     Checking downcast-rs v1.2.0
[INFO] [stderr]     Checking scoped-tls v1.0.0
[INFO] [stderr]     Checking tinyvec_macros v0.1.0
[INFO] [stderr]     Checking either v1.6.1
[INFO] [stderr]    Compiling nix v0.18.0
[INFO] [stderr]     Checking tinyvec v1.2.0
[INFO] [stderr]     Checking crossbeam-deque v0.8.0
[INFO] [stderr]     Checking spirv_headers v1.5.0
[INFO] [stderr]     Checking num_cpus v1.13.0
[INFO] [stderr]     Checking raw-window-handle v0.3.3
[INFO] [stderr]     Checking nix v0.20.0
[INFO] [stderr]    Compiling jobserver v0.1.22
[INFO] [stderr]     Checking parking_lot_core v0.8.3
[INFO] [stderr]     Checking memmap2 v0.1.0
[INFO] [stderr]     Checking euclid v0.22.3
[INFO] [stderr]     Checking rand_core v0.5.1
[INFO] [stderr]    Compiling cc v1.0.67
[INFO] [stderr]     Checking parking_lot v0.11.1
[INFO] [stderr]     Checking rand_chacha v0.2.2
[INFO] [stderr]    Compiling miniz_oxide v0.4.4
[INFO] [stderr]     Checking rand v0.7.3
[INFO] [stderr]     Checking owned_ttf_parser v0.6.0
[INFO] [stderr]     Checking walkdir v2.3.2
[INFO] [stderr]     Checking rusttype v0.9.2
[INFO] [stderr]     Checking unicode-normalization v0.1.17
[INFO] [stderr]     Checking form_urlencoded v1.0.1
[INFO] [stderr]    Compiling strsim v0.9.3
[INFO] [stderr]     Checking static_assertions v1.1.0
[INFO] [stderr]    Compiling khronos-egl v3.0.2
[INFO] [stderr]     Checking lyon_geom v0.16.2
[INFO] [stderr]    Compiling wayland-client v0.28.5
[INFO] [stderr]    Compiling wayland-protocols v0.28.5
[INFO] [stderr]    Compiling fnv v1.0.7
[INFO] [stderr]    Compiling ident_case v1.0.1
[INFO] [stderr]     Checking ttf-parser v0.12.0
[INFO] [stderr]     Checking linked-hash-map v0.5.4
[INFO] [stderr]     Checking adler v1.0.2
[INFO] [stderr]     Checking adler32 v1.2.0
[INFO] [stderr]     Checking digest v0.9.0
[INFO] [stderr]     Checking block-buffer v0.9.0
[INFO] [stderr]     Checking andrew v0.3.1
[INFO] [stderr]     Checking twox-hash v1.6.0
[INFO] [stderr]     Checking sid v0.6.1
[INFO] [stderr]     Checking dlib v0.4.2
[INFO] [stderr]    Compiling unicode-general-category v0.2.0
[INFO] [stderr]     Checking lyon_path v0.16.2
[INFO] [stderr]    Compiling ring v0.16.20
[INFO] [stderr]    Compiling spirv_cross v0.23.1
[INFO] [stderr]     Checking xcursor v0.3.3
[INFO] [stderr]    Compiling cfg_aliases v0.1.1
[INFO] [stderr]     Checking cpuid-bool v0.1.2
[INFO] [stderr]     Checking idna v0.2.3
[INFO] [stderr]     Checking opaque-debug v0.3.0
[INFO] [stderr]    Compiling wgpu-core v0.7.1
[INFO] [stderr]     Checking miniz_oxide v0.3.7
[INFO] [stderr]     Checking deflate v0.8.6
[INFO] [stderr]     Checking rand_core v0.6.2
[INFO] [stderr]     Checking ordered-float v2.2.0
[INFO] [stderr]     Checking ash v0.31.0
[INFO] [stderr]    Compiling glam v0.10.2
[INFO] [stderr]     Checking gpu-alloc-types v0.2.0
[INFO] [stderr]     Checking gpu-descriptor-types v0.1.1
[INFO] [stderr]     Checking try-lock v0.2.3
[INFO] [stderr]     Checking glow v0.7.2
[INFO] [stderr]     Checking iced_core v0.4.0
[INFO] [stderr]     Checking ttf-parser v0.9.0
[INFO] [stderr]     Checking float-cmp v0.5.3
[INFO] [stderr]     Checking inplace_it v0.3.3
[INFO] [stderr]     Checking png v0.16.8
[INFO] [stderr]     Checking owned_ttf_parser v0.12.0
[INFO] [stderr]     Checking rand_chacha v0.3.0
[INFO] [stderr]     Checking ab_glyph v0.2.10
[INFO] [stderr]     Checking lyon_tessellation v0.16.2
[INFO] [stderr]     Checking lyon_algorithms v0.16.0
[INFO] [stderr]     Checking http-body v0.4.1
[INFO] [stderr]     Checking uuid v0.8.2
[INFO] [stderr]     Checking gethostname v0.2.1
[INFO] [stderr]     Checking jpeg-decoder v0.1.22
[INFO] [stderr]     Checking iovec v0.1.4
[INFO] [stderr]     Checking net2 v0.2.37
[INFO] [stderr]     Checking socket2 v0.4.0
[INFO] [stderr]     Checking approx v0.4.0
[INFO] [stderr]    Compiling x11-dl v2.18.5
[INFO] [stderr]    Compiling num-iter v0.1.42
[INFO] [stderr]    Compiling num-rational v0.3.2
[INFO] [stderr]     Checking wgpu-types v0.7.0
[INFO] [stderr]     Checking tower-service v0.3.1
[INFO] [stderr]     Checking unicode-ccc v0.1.1
[INFO] [stderr]     Checking copyless v0.1.5
[INFO] [stderr]     Checking unicode-segmentation v1.7.1
[INFO] [stderr]     Checking httpdate v1.0.0
[INFO] [stderr]     Checking unicode-bidi-mirroring v0.1.0
[INFO] [stderr]     Checking weezl v0.1.5
[INFO] [stderr]     Checking xmlparser v0.13.3
[INFO] [stderr]     Checking unicode-script v0.5.2
[INFO] [stderr]    Compiling serde_json v1.0.64
[INFO] [stderr]     Checking xi-unicode v0.3.0
[INFO] [stderr]     Checking wayland-commons v0.28.5
[INFO] [stderr]    Compiling encoding_rs v0.8.28
[INFO] [stderr]     Checking x11rb v0.8.1
[INFO] [stderr]     Checking glyph_brush_layout v0.2.1
[INFO] [stderr]     Checking roxmltree v0.13.1
[INFO] [stderr]     Checking svgtypes v0.5.0
[INFO] [stderr]     Checking glyph_brush_draw_cache v0.1.4
[INFO] [stderr]     Checking lyon v0.16.2
[INFO] [stderr]     Checking rand v0.8.3
[INFO] [stderr]     Checking iced_style v0.3.0
[INFO] [stderr]     Checking flate2 v1.0.20
[INFO] [stderr]     Checking sha-1 v0.9.4
[INFO] [stderr]     Checking time v0.1.43
[INFO] [stderr]     Checking kurbo v0.7.1
[INFO] [stderr]     Checking data-url v0.1.0
[INFO] [stderr]     Checking input_buffer v0.4.0
[INFO] [stderr]     Checking color_quant v1.1.0
[INFO] [stderr]     Checking pico-args v0.3.4
[INFO] [stderr]    Compiling darling_core v0.10.2
[INFO] [stderr]     Checking xmlwriter v0.1.0
[INFO] [stderr]     Checking rctree v0.3.3
[INFO] [stderr]     Checking lazycell v1.3.0
[INFO] [stderr]     Checking arrayref v0.3.6
[INFO] [stderr]     Checking utf-8 v0.7.6
[INFO] [stderr]     Checking unicode-vo v0.1.0
[INFO] [stderr]     Checking gif v0.11.2
[INFO] [stderr]     Checking tiff v0.6.1
[INFO] [stderr]     Checking mime v0.3.16
[INFO] [stderr]    Compiling async-trait v0.1.50
[INFO] [stderr]     Checking traitobject v0.1.0
[INFO] [stderr]    Compiling event-listener v2.5.1
[INFO] [stderr]    Compiling anyhow v1.0.40
[INFO] [stderr]     Checking ipnet v2.3.0
[INFO] [stderr]     Checking svg_fmt v0.4.1
[INFO] [stderr]    Compiling async-mutex v1.4.0
[INFO] [stderr]     Checking unsafe-any v0.4.2
[INFO] [stderr]     Checking guillotiere v0.6.0
[INFO] [stderr]     Checking sha2 v0.9.3
[INFO] [stderr]     Checking yaml-rust v0.4.5
[INFO] [stderr]     Checking rmp v0.8.10
[INFO] [stderr]     Checking aho-corasick v0.7.18
[INFO] [stderr]     Checking base64 v0.12.3
[INFO] [stderr]    Compiling cached_proc_macro_types v0.1.0
[INFO] [stderr]     Checking dtoa v0.4.8
[INFO] [stderr]     Checking regex-syntax v0.6.25
[INFO] [stderr]     Checking typemap v0.3.3
[INFO] [stderr]     Checking dirs-sys v0.3.6
[INFO] [stderr]     Checking thread-id v3.3.0
[INFO] [stderr]     Checking webbrowser v0.5.5
[INFO] [stderr]     Checking wayland-cursor v0.28.5
[INFO] [stderr]     Checking log-mdc v0.1.0
[INFO] [stderr]     Checking arc-swap v0.4.8
[INFO] [stderr]     Checking humantime v2.1.0
[INFO] [stderr]     Checking directories v3.0.2
[INFO] [stderr]     Checking webpki v0.21.4
[INFO] [stderr]     Checking sct v0.6.1
[INFO] [stderr]     Checking webpki-roots v0.21.1
[INFO] [stderr] error: could not compile `ash` (lib)
[INFO] [stderr] 
[INFO] [stderr] Caused by:
[INFO] [stderr]   process didn't exit successfully: `/opt/rustwide/rustup-home/toolchains/beta-2023-12-22-x86_64-unknown-linux-gnu/bin/rustc --crate-name ash --edition=2018 /opt/rustwide/cargo-home/registry/src/index.crates.io-6f17d22bba15001f/ash-0.31.0/src/lib.rs --error-format=json --json=diagnostic-rendered-ansi,artifacts,future-incompat --crate-type lib --emit=dep-info,metadata -C embed-bitcode=no -C debuginfo=2 --cfg 'feature="default"' --cfg 'feature="libloading"' -C metadata=64e9065ea25e53c3 -C extra-filename=-64e9065ea25e53c3 --out-dir /opt/rustwide/target/debug/deps -L dependency=/opt/rustwide/target/debug/deps --extern libloading=/opt/rustwide/target/debug/deps/liblibloading-53cb7f2cc04c6e49.rmeta --cap-lints allow --cap-lints=warn` (signal: 9, SIGKILL: kill)
[INFO] [stderr] warning: build failed, waiting for other jobs to finish...
[INFO] [stderr] error: could not compile `x11rb` (lib)
[INFO] [stderr] 
[INFO] [stderr] Caused by:
[INFO] [stderr]   process didn't exit successfully: `/opt/rustwide/rustup-home/toolchains/beta-2023-12-22-x86_64-unknown-linux-gnu/bin/rustc --crate-name x11rb --edition=2018 /opt/rustwide/cargo-home/registry/src/index.crates.io-6f17d22bba15001f/x11rb-0.8.1/src/lib.rs --error-format=json --json=diagnostic-rendered-ansi,artifacts,future-incompat --crate-type lib --emit=dep-info,metadata -C embed-bitcode=no -C debuginfo=2 -C metadata=9fcdcebadbcb4174 -C extra-filename=-9fcdcebadbcb4174 --out-dir /opt/rustwide/target/debug/deps -L dependency=/opt/rustwide/target/debug/deps --extern gethostname=/opt/rustwide/target/debug/deps/libgethostname-73506b5de533caa2.rmeta --extern nix=/opt/rustwide/target/debug/deps/libnix-cb28ac45c21805af.rmeta --cap-lints allow --cap-lints=warn` (signal: 9, SIGKILL: kill)
[INFO] [stderr] The following warnings were emitted during compilation:
[INFO] [stderr] 
[INFO] [stderr] warning: spirv_cross@0.23.1: src/wrapper.cpp:2: warning: ignoring '#pragma warning ' [-Wunknown-pragmas]
[INFO] [stderr] warning: spirv_cross@0.23.1:     2 | #pragma warning(disable : 4996 4101)
[INFO] [stderr] warning: spirv_cross@0.23.1:       | 
[INFO] [stderr] warning: spirv_cross@0.23.1: c++: fatal error: Killed signal terminated program cc1plus
[INFO] [stderr] warning: spirv_cross@0.23.1: compilation terminated.
[INFO] [stderr] 
[INFO] [stderr] error: failed to run custom build command for `spirv_cross v0.23.1`
[INFO] [stderr] note: To improve backtraces for build dependencies, set the CARGO_PROFILE_DEV_BUILD_OVERRIDE_DEBUG=true environment variable to enable debug information generation.
[INFO] [stderr] 
[INFO] [stderr] Caused by:
[INFO] [stderr]   process didn't exit successfully: `/opt/rustwide/target/debug/build/spirv_cross-eca1824a95e67d3e/build-script-build` (exit status: 1)
[INFO] [stderr]   --- stdout
[INFO] [stderr]   OPT_LEVEL = Some("0")
[INFO] [stderr]   TARGET = Some("x86_64-unknown-linux-gnu")
[INFO] [stderr]   HOST = Some("x86_64-unknown-linux-gnu")
[INFO] [stderr]   CXX_x86_64-unknown-linux-gnu = None
[INFO] [stderr]   CXX_x86_64_unknown_linux_gnu = None
[INFO] [stderr]   HOST_CXX = None
[INFO] [stderr]   CXX = None
[INFO] [stderr]   CXXFLAGS_x86_64-unknown-linux-gnu = None
[INFO] [stderr]   CXXFLAGS_x86_64_unknown_linux_gnu = None
[INFO] [stderr]   HOST_CXXFLAGS = None
[INFO] [stderr]   CXXFLAGS = None
[INFO] [stderr]   CRATE_CC_NO_DEFAULTS = None
[INFO] [stderr]   DEBUG = Some("true")
[INFO] [stderr]   CARGO_CFG_TARGET_FEATURE = Some("fxsr,sse,sse2")
[INFO] [stderr]   CXX_x86_64-unknown-linux-gnu = None
[INFO] [stderr]   CXX_x86_64_unknown_linux_gnu = None
[INFO] [stderr]   HOST_CXX = None
[INFO] [stderr]   CXX = None
[INFO] [stderr]   CXXFLAGS_x86_64-unknown-linux-gnu = None
[INFO] [stderr]   CXXFLAGS_x86_64_unknown_linux_gnu = None
[INFO] [stderr]   HOST_CXXFLAGS = None
[INFO] [stderr]   CXXFLAGS = None
[INFO] [stderr]   CRATE_CC_NO_DEFAULTS = None
[INFO] [stderr]   CARGO_CFG_TARGET_FEATURE = Some("fxsr,sse,sse2")
[INFO] [stderr]   running: "c++" "-O0" "-ffunction-sections" "-fdata-sections" "-fPIC" "-g" "-fno-omit-frame-pointer" "-m64" "-Wall" "-Wextra" "-DSPIRV_CROSS_EXCEPTIONS_TO_ASSERTIONS" "-DSPIRV_CROSS_WRAPPER_NO_EXCEPTIONS" "-DSPIRV_CROSS_WRAPPER_GLSL" "-DSPIRV_CROSS_WRAPPER_HLSL" "-DSPIRV_CROSS_WRAPPER_MSL" "-std=c++14" "-o" "/opt/rustwide/target/debug/build/spirv_cross-df12eac1079e6695/out/src/wrapper.o" "-c" "src/wrapper.cpp"
[INFO] [stderr]   running: "c++" "-O0" "-ffunction-sections" "-fdata-sections" "-fPIC" "-g" "-fno-omit-frame-pointer" "-m64" "-Wall" "-Wextra" "-DSPIRV_CROSS_EXCEPTIONS_TO_ASSERTIONS" "-DSPIRV_CROSS_WRAPPER_NO_EXCEPTIONS" "-DSPIRV_CROSS_WRAPPER_GLSL" "-DSPIRV_CROSS_WRAPPER_HLSL" "-DSPIRV_CROSS_WRAPPER_MSL" "-std=c++14" "-o" "/opt/rustwide/target/debug/build/spirv_cross-df12eac1079e6695/out/src/vendor/SPIRV-Cross/spirv_cfg.o" "-c" "src/vendor/SPIRV-Cross/spirv_cfg.cpp"
[INFO] [stderr]   running: "c++" "-O0" "-ffunction-sections" "-fdata-sections" "-fPIC" "-g" "-fno-omit-frame-pointer" "-m64" "-Wall" "-Wextra" "-DSPIRV_CROSS_EXCEPTIONS_TO_ASSERTIONS" "-DSPIRV_CROSS_WRAPPER_NO_EXCEPTIONS" "-DSPIRV_CROSS_WRAPPER_GLSL" "-DSPIRV_CROSS_WRAPPER_HLSL" "-DSPIRV_CROSS_WRAPPER_MSL" "-std=c++14" "-o" "/opt/rustwide/target/debug/build/spirv_cross-df12eac1079e6695/out/src/vendor/SPIRV-Cross/spirv_cross.o" "-c" "src/vendor/SPIRV-Cross/spirv_cross.cpp"
[INFO] [stderr]   running: "c++" "-O0" "-ffunction-sections" "-fdata-sections" "-fPIC" "-g" "-fno-omit-frame-pointer" "-m64" "-Wall" "-Wextra" "-DSPIRV_CROSS_EXCEPTIONS_TO_ASSERTIONS" "-DSPIRV_CROSS_WRAPPER_NO_EXCEPTIONS" "-DSPIRV_CROSS_WRAPPER_GLSL" "-DSPIRV_CROSS_WRAPPER_HLSL" "-DSPIRV_CROSS_WRAPPER_MSL" "-std=c++14" "-o" "/opt/rustwide/target/debug/build/spirv_cross-df12eac1079e6695/out/src/vendor/SPIRV-Cross/spirv_cross_parsed_ir.o" "-c" "src/vendor/SPIRV-Cross/spirv_cross_parsed_ir.cpp"
[INFO] [stderr]   running: "c++" "-O0" "-ffunction-sections" "-fdata-sections" "-fPIC" "-g" "-fno-omit-frame-pointer" "-m64" "-Wall" "-Wextra" "-DSPIRV_CROSS_EXCEPTIONS_TO_ASSERTIONS" "-DSPIRV_CROSS_WRAPPER_NO_EXCEPTIONS" "-DSPIRV_CROSS_WRAPPER_GLSL" "-DSPIRV_CROSS_WRAPPER_HLSL" "-DSPIRV_CROSS_WRAPPER_MSL" "-std=c++14" "-o" "/opt/rustwide/target/debug/build/spirv_cross-df12eac1079e6695/out/src/vendor/SPIRV-Cross/spirv_parser.o" "-c" "src/vendor/SPIRV-Cross/spirv_parser.cpp"
[INFO] [stderr]   cargo:warning=src/wrapper.cpp:2: warning: ignoring '#pragma warning ' [-Wunknown-pragmas]
[INFO] [stderr]   cargo:warning=    2 | #pragma warning(disable : 4996 4101)
[INFO] [stderr]   cargo:warning=      | 
[INFO] [stderr]   running: "c++" "-O0" "-ffunction-sections" "-fdata-sections" "-fPIC" "-g" "-fno-omit-frame-pointer" "-m64" "-Wall" "-Wextra" "-DSPIRV_CROSS_EXCEPTIONS_TO_ASSERTIONS" "-DSPIRV_CROSS_WRAPPER_NO_EXCEPTIONS" "-DSPIRV_CROSS_WRAPPER_GLSL" "-DSPIRV_CROSS_WRAPPER_HLSL" "-DSPIRV_CROSS_WRAPPER_MSL" "-std=c++14" "-o" "/opt/rustwide/target/debug/build/spirv_cross-df12eac1079e6695/out/src/vendor/SPIRV-Cross/spirv_cross_util.o" "-c" "src/vendor/SPIRV-Cross/spirv_cross_util.cpp"
[INFO] [stderr]   running: "c++" "-O0" "-ffunction-sections" "-fdata-sections" "-fPIC" "-g" "-fno-omit-frame-pointer" "-m64" "-Wall" "-Wextra" "-DSPIRV_CROSS_EXCEPTIONS_TO_ASSERTIONS" "-DSPIRV_CROSS_WRAPPER_NO_EXCEPTIONS" "-DSPIRV_CROSS_WRAPPER_GLSL" "-DSPIRV_CROSS_WRAPPER_HLSL" "-DSPIRV_CROSS_WRAPPER_MSL" "-std=c++14" "-o" "/opt/rustwide/target/debug/build/spirv_cross-df12eac1079e6695/out/src/vendor/SPIRV-Cross/spirv_glsl.o" "-c" "src/vendor/SPIRV-Cross/spirv_glsl.cpp"
[INFO] [stderr]   running: "c++" "-O0" "-ffunction-sections" "-fdata-sections" "-fPIC" "-g" "-fno-omit-frame-pointer" "-m64" "-Wall" "-Wextra" "-DSPIRV_CROSS_EXCEPTIONS_TO_ASSERTIONS" "-DSPIRV_CROSS_WRAPPER_NO_EXCEPTIONS" "-DSPIRV_CROSS_WRAPPER_GLSL" "-DSPIRV_CROSS_WRAPPER_HLSL" "-DSPIRV_CROSS_WRAPPER_MSL" "-std=c++14" "-o" "/opt/rustwide/target/debug/build/spirv_cross-df12eac1079e6695/out/src/vendor/SPIRV-Cross/spirv_hlsl.o" "-c" "src/vendor/SPIRV-Cross/spirv_hlsl.cpp"
[INFO] [stderr]   running: "c++" "-O0" "-ffunction-sections" "-fdata-sections" "-fPIC" "-g" "-fno-omit-frame-pointer" "-m64" "-Wall" "-Wextra" "-DSPIRV_CROSS_EXCEPTIONS_TO_ASSERTIONS" "-DSPIRV_CROSS_WRAPPER_NO_EXCEPTIONS" "-DSPIRV_CROSS_WRAPPER_GLSL" "-DSPIRV_CROSS_WRAPPER_HLSL" "-DSPIRV_CROSS_WRAPPER_MSL" "-std=c++14" "-o" "/opt/rustwide/target/debug/build/spirv_cross-df12eac1079e6695/out/src/vendor/SPIRV-Cross/spirv_msl.o" "-c" "src/vendor/SPIRV-Cross/spirv_msl.cpp"
[INFO] [stderr]   exit status: 0
[INFO] [stderr]   exit status: 0
[INFO] [stderr]   cargo:warning=c++: fatal error: Killed signal terminated program cc1plus
[INFO] [stderr]   cargo:warning=compilation terminated.
[INFO] [stderr]   exit status: 1
[INFO] [stderr]   exit status: 0
[INFO] [stderr]   exit status: 0
[INFO] [stderr]   exit status: 0
[INFO] [stderr]   exit status: 0
[INFO] [stderr]   exit status: 0
[INFO] [stderr]   exit status: 0
[INFO] [stderr] 
[INFO] [stderr]   --- stderr
[INFO] [stderr] 
[INFO] [stderr] 
[INFO] [stderr]   error occurred: Command "c++" "-O0" "-ffunction-sections" "-fdata-sections" "-fPIC" "-g" "-fno-omit-frame-pointer" "-m64" "-Wall" "-Wextra" "-DSPIRV_CROSS_EXCEPTIONS_TO_ASSERTIONS" "-DSPIRV_CROSS_WRAPPER_NO_EXCEPTIONS" "-DSPIRV_CROSS_WRAPPER_GLSL" "-DSPIRV_CROSS_WRAPPER_HLSL" "-DSPIRV_CROSS_WRAPPER_MSL" "-std=c++14" "-o" "/opt/rustwide/target/debug/build/spirv_cross-df12eac1079e6695/out/src/vendor/SPIRV-Cross/spirv_cross.o" "-c" "src/vendor/SPIRV-Cross/spirv_cross.cpp" with args "c++" did not execute successfully (status code exit status: 1).
[INFO] [stderr] 
[INFO] [stderr] 
[INFO] running `Command { std: "docker" "inspect" "7f4e4f5b3974ad5989a91c62bae9790fe975242c52214c9ef9adfbc7671a6fef", kill_on_drop: false }`
[INFO] running `Command { std: "docker" "rm" "-f" "7f4e4f5b3974ad5989a91c62bae9790fe975242c52214c9ef9adfbc7671a6fef", kill_on_drop: false }`
[INFO] [stdout] 7f4e4f5b3974ad5989a91c62bae9790fe975242c52214c9ef9adfbc7671a6fef
