[INFO] cloning repository https://github.com/St0wy/raytracing
[INFO] running `Command { std: "git" "-c" "credential.helper=" "-c" "credential.helper=/workspace/cargo-home/bin/git-credential-null" "clone" "--bare" "https://github.com/St0wy/raytracing" "/workspace/cache/git-repos/https%3A%2F%2Fgithub.com%2FSt0wy%2Fraytracing", kill_on_drop: false }`
[INFO] [stderr] Cloning into bare repository '/workspace/cache/git-repos/https%3A%2F%2Fgithub.com%2FSt0wy%2Fraytracing'...
[INFO] running `Command { std: "git" "rev-parse" "HEAD", kill_on_drop: false }`
[INFO] [stdout] 623e9226b4a71604bdf65f0932613469a9ff680b
[INFO] documenting St0wy/raytracing against 1.75.0 for beta-1.76-rustdoc-1
[INFO] running `Command { std: "git" "clone" "/workspace/cache/git-repos/https%3A%2F%2Fgithub.com%2FSt0wy%2Fraytracing" "/workspace/builds/worker-2-tc1/source", kill_on_drop: false }`
[INFO] [stderr] Cloning into '/workspace/builds/worker-2-tc1/source'...
[INFO] [stderr] done.
[INFO] validating manifest of git repo https://github.com/St0wy/raytracing on toolchain 1.75.0
[INFO] running `Command { std: CARGO_HOME="/workspace/cargo-home" RUSTUP_HOME="/workspace/rustup-home" "/workspace/cargo-home/bin/cargo" "+1.75.0" "metadata" "--manifest-path" "Cargo.toml" "--no-deps", kill_on_drop: false }`
[INFO] removed /workspace/builds/worker-2-tc1/source/.cargo/config.toml
[INFO] started tweaking git repo https://github.com/St0wy/raytracing
[INFO] finished tweaking git repo https://github.com/St0wy/raytracing
[INFO] tweaked toml for git repo https://github.com/St0wy/raytracing written to /workspace/builds/worker-2-tc1/source/Cargo.toml
[INFO] crate git repo https://github.com/St0wy/raytracing already has a lockfile, it will not be regenerated
[INFO] running `Command { std: CARGO_HOME="/workspace/cargo-home" RUSTUP_HOME="/workspace/rustup-home" "/workspace/cargo-home/bin/cargo" "+1.75.0" "fetch" "--manifest-path" "Cargo.toml", kill_on_drop: false }`
[INFO] [stderr]     Updating crates.io index
[INFO] [stderr]  Downloading crates ...
[INFO] [stderr]   Downloaded human-time-macros v0.1.8
[INFO] [stderr]   Downloaded glam v0.24.0
[INFO] [stderr]   Downloaded tracy-client-sys v0.21.0
[INFO] [stderr]   Downloaded human-time v0.1.6
[INFO] [stderr]   Downloaded tracy_full v1.4.0
[INFO] running `Command { std: "docker" "create" "-v" "/var/lib/crater-agent-workspace/builds/worker-2-tc1/target:/opt/rustwide/target:rw,Z" "-v" "/var/lib/crater-agent-workspace/builds/worker-2-tc1/source:/opt/rustwide/workdir:ro,Z" "-v" "/var/lib/crater-agent-workspace/cargo-home:/opt/rustwide/cargo-home:ro,Z" "-v" "/var/lib/crater-agent-workspace/rustup-home:/opt/rustwide/rustup-home:ro,Z" "-e" "SOURCE_DIR=/opt/rustwide/workdir" "-e" "CARGO_TARGET_DIR=/opt/rustwide/target" "-e" "CARGO_HOME=/opt/rustwide/cargo-home" "-e" "RUSTUP_HOME=/opt/rustwide/rustup-home" "-w" "/opt/rustwide/workdir" "-m" "1610612736" "--user" "0:0" "--network" "none" "ghcr.io/rust-lang/crates-build-env/linux@sha256:2788e3201cd34a07e3172128adcd8b3090168a8e3bcc40d7c032b9dda1df7d1c" "/opt/rustwide/cargo-home/bin/cargo" "+1.75.0" "metadata" "--no-deps" "--format-version=1", kill_on_drop: false }`
[INFO] [stdout] 0487b4c922d276af3dec5c1c9a1f9f32686527128b32fd04cd2300dd11957514
[INFO] running `Command { std: "docker" "start" "-a" "0487b4c922d276af3dec5c1c9a1f9f32686527128b32fd04cd2300dd11957514", kill_on_drop: false }`
[INFO] running `Command { std: "docker" "inspect" "0487b4c922d276af3dec5c1c9a1f9f32686527128b32fd04cd2300dd11957514", kill_on_drop: false }`
[INFO] running `Command { std: "docker" "rm" "-f" "0487b4c922d276af3dec5c1c9a1f9f32686527128b32fd04cd2300dd11957514", kill_on_drop: false }`
[INFO] [stdout] 0487b4c922d276af3dec5c1c9a1f9f32686527128b32fd04cd2300dd11957514
[INFO] running `Command { std: "docker" "create" "-v" "/var/lib/crater-agent-workspace/builds/worker-2-tc1/target:/opt/rustwide/target:rw,Z" "-v" "/var/lib/crater-agent-workspace/builds/worker-2-tc1/source:/opt/rustwide/workdir:ro,Z" "-v" "/var/lib/crater-agent-workspace/cargo-home:/opt/rustwide/cargo-home:ro,Z" "-v" "/var/lib/crater-agent-workspace/rustup-home:/opt/rustwide/rustup-home:ro,Z" "-e" "SOURCE_DIR=/opt/rustwide/workdir" "-e" "CARGO_TARGET_DIR=/opt/rustwide/target" "-e" "CARGO_INCREMENTAL=0" "-e" "RUST_BACKTRACE=full" "-e" "RUSTFLAGS=--cap-lints=warn" "-e" "RUSTDOCFLAGS=--cap-lints=warn" "-e" "CARGO_HOME=/opt/rustwide/cargo-home" "-e" "RUSTUP_HOME=/opt/rustwide/rustup-home" "-w" "/opt/rustwide/workdir" "-m" "1610612736" "--user" "0:0" "--network" "none" "ghcr.io/rust-lang/crates-build-env/linux@sha256:2788e3201cd34a07e3172128adcd8b3090168a8e3bcc40d7c032b9dda1df7d1c" "/opt/rustwide/cargo-home/bin/cargo" "+1.75.0" "doc" "--frozen" "--no-deps" "--document-private-items" "--message-format=json", kill_on_drop: false }`
[INFO] [stdout] af700921153fbfbe1b88f76321cc3188d7cbb052cc2a5dff34f2bf4ea60b3783
[INFO] running `Command { std: "docker" "start" "-a" "af700921153fbfbe1b88f76321cc3188d7cbb052cc2a5dff34f2bf4ea60b3783", kill_on_drop: false }`
[INFO] [stderr]    Compiling libc v0.2.140
[INFO] [stderr]    Compiling crossbeam-utils v0.8.15
[INFO] [stderr]    Compiling proc-macro2 v1.0.56
[INFO] [stderr]    Compiling semver v1.0.17
[INFO] [stderr]    Compiling unicode-ident v1.0.8
[INFO] [stderr]    Compiling quote v1.0.26
[INFO] [stderr]    Compiling cc v1.0.79
[INFO] [stderr]    Compiling memoffset v0.8.0
[INFO] [stderr]    Compiling crossbeam-epoch v0.9.14
[INFO] [stderr]    Compiling rayon-core v1.11.0
[INFO] [stderr]     Checking simd-adler32 v0.3.5
[INFO] [stderr]    Compiling portable-atomic v0.3.19
[INFO] [stderr]     Checking miniz_oxide v0.6.2
[INFO] [stderr]     Checking unicode-width v0.1.10
[INFO] [stderr]     Checking either v1.8.1
[INFO] [stderr]     Checking once_cell v1.17.1
[INFO] [stderr]     Checking number_prefix v0.4.0
[INFO] [stderr]     Checking glam v0.24.0
[INFO] [stderr]     Checking fdeflate v0.3.0
[INFO] [stderr]     Checking miniz_oxide v0.7.1
[INFO] [stderr]     Checking flate2 v1.0.25
[INFO] [stderr]    Compiling rustc_version v0.4.0
[INFO] [stderr]     Checking crossbeam-channel v0.5.7
[INFO] [stderr]     Checking png v0.17.8
[INFO] [stderr]    Compiling tracy_full v1.4.0
[INFO] [stdout] error[E0554]: `#![feature]` may not be used on the stable release channel
[INFO] [stdout]    --> /opt/rustwide/cargo-home/registry/src/index.crates.io-6f17d22bba15001f/glam-0.24.0/src/lib.rs:263:13
[INFO] [stdout]     |
[INFO] [stdout] 263 |     feature(portable_simd)
[INFO] [stdout]     |             ^^^^^^^^^^^^^
[INFO] [stdout] 
[INFO] [stdout] 
[INFO] [stderr]     Checking crossbeam-deque v0.8.3
[INFO] [stderr]    Compiling tracy-client-sys v0.21.0
[INFO] [stderr]    Compiling syn v1.0.109
[INFO] [stderr]     Checking getrandom v0.2.8
[INFO] [stderr]     Checking num_cpus v1.15.0
[INFO] [stderr]     Checking console v0.15.5
[INFO] [stderr]     Checking rand_core v0.6.4
[INFO] [stderr]     Checking rand_chacha v0.3.1
[INFO] [stderr]     Checking rand_xoshiro v0.6.0
[INFO] [stderr]     Checking rand v0.8.5
[INFO] [stderr]     Checking rayon v1.7.0
[INFO] [stdout] error: aborting due to previous error
[INFO] [stdout] 
[INFO] [stdout] 
[INFO] [stdout] For more information about this error, try `rustc --explain E0554`.
[INFO] [stdout] 
[INFO] [stderr] error: could not compile `glam` (lib) due to 2 previous errors
[INFO] [stderr] warning: build failed, waiting for other jobs to finish...
[INFO] running `Command { std: "docker" "inspect" "af700921153fbfbe1b88f76321cc3188d7cbb052cc2a5dff34f2bf4ea60b3783", kill_on_drop: false }`
[INFO] running `Command { std: "docker" "rm" "-f" "af700921153fbfbe1b88f76321cc3188d7cbb052cc2a5dff34f2bf4ea60b3783", kill_on_drop: false }`
[INFO] [stdout] af700921153fbfbe1b88f76321cc3188d7cbb052cc2a5dff34f2bf4ea60b3783
[INFO] documenting St0wy/raytracing against beta-2023-12-22 for beta-1.76-rustdoc-1
[INFO] running `Command { std: "git" "clone" "/workspace/cache/git-repos/https%3A%2F%2Fgithub.com%2FSt0wy%2Fraytracing" "/workspace/builds/worker-2-tc2/source", kill_on_drop: false }`
[INFO] [stderr] Cloning into '/workspace/builds/worker-2-tc2/source'...
[INFO] [stderr] done.
[INFO] validating manifest of git repo https://github.com/St0wy/raytracing on toolchain beta-2023-12-22
[INFO] running `Command { std: CARGO_HOME="/workspace/cargo-home" RUSTUP_HOME="/workspace/rustup-home" "/workspace/cargo-home/bin/cargo" "+beta-2023-12-22" "metadata" "--manifest-path" "Cargo.toml" "--no-deps", kill_on_drop: false }`
[INFO] removed /workspace/builds/worker-2-tc2/source/.cargo/config.toml
[INFO] started tweaking git repo https://github.com/St0wy/raytracing
[INFO] finished tweaking git repo https://github.com/St0wy/raytracing
[INFO] tweaked toml for git repo https://github.com/St0wy/raytracing written to /workspace/builds/worker-2-tc2/source/Cargo.toml
[INFO] crate git repo https://github.com/St0wy/raytracing already has a lockfile, it will not be regenerated
[INFO] running `Command { std: CARGO_HOME="/workspace/cargo-home" RUSTUP_HOME="/workspace/rustup-home" "/workspace/cargo-home/bin/cargo" "+beta-2023-12-22" "fetch" "--manifest-path" "Cargo.toml", kill_on_drop: false }`
[INFO] running `Command { std: "docker" "create" "-v" "/var/lib/crater-agent-workspace/builds/worker-2-tc2/target:/opt/rustwide/target:rw,Z" "-v" "/var/lib/crater-agent-workspace/builds/worker-2-tc2/source:/opt/rustwide/workdir:ro,Z" "-v" "/var/lib/crater-agent-workspace/cargo-home:/opt/rustwide/cargo-home:ro,Z" "-v" "/var/lib/crater-agent-workspace/rustup-home:/opt/rustwide/rustup-home:ro,Z" "-e" "SOURCE_DIR=/opt/rustwide/workdir" "-e" "CARGO_TARGET_DIR=/opt/rustwide/target" "-e" "CARGO_HOME=/opt/rustwide/cargo-home" "-e" "RUSTUP_HOME=/opt/rustwide/rustup-home" "-w" "/opt/rustwide/workdir" "-m" "1610612736" "--user" "0:0" "--network" "none" "ghcr.io/rust-lang/crates-build-env/linux@sha256:2788e3201cd34a07e3172128adcd8b3090168a8e3bcc40d7c032b9dda1df7d1c" "/opt/rustwide/cargo-home/bin/cargo" "+beta-2023-12-22" "metadata" "--no-deps" "--format-version=1", kill_on_drop: false }`
[INFO] [stdout] dc3a40bc40b7f54c1abe85a7ea57e30a36ce5ffde7cfff9b419d5a0b89ee74a5
[INFO] running `Command { std: "docker" "start" "-a" "dc3a40bc40b7f54c1abe85a7ea57e30a36ce5ffde7cfff9b419d5a0b89ee74a5", kill_on_drop: false }`
[INFO] running `Command { std: "docker" "inspect" "dc3a40bc40b7f54c1abe85a7ea57e30a36ce5ffde7cfff9b419d5a0b89ee74a5", kill_on_drop: false }`
[INFO] running `Command { std: "docker" "rm" "-f" "dc3a40bc40b7f54c1abe85a7ea57e30a36ce5ffde7cfff9b419d5a0b89ee74a5", kill_on_drop: false }`
[INFO] [stdout] dc3a40bc40b7f54c1abe85a7ea57e30a36ce5ffde7cfff9b419d5a0b89ee74a5
[INFO] running `Command { std: "docker" "create" "-v" "/var/lib/crater-agent-workspace/builds/worker-2-tc2/target:/opt/rustwide/target:rw,Z" "-v" "/var/lib/crater-agent-workspace/builds/worker-2-tc2/source:/opt/rustwide/workdir:ro,Z" "-v" "/var/lib/crater-agent-workspace/cargo-home:/opt/rustwide/cargo-home:ro,Z" "-v" "/var/lib/crater-agent-workspace/rustup-home:/opt/rustwide/rustup-home:ro,Z" "-e" "SOURCE_DIR=/opt/rustwide/workdir" "-e" "CARGO_TARGET_DIR=/opt/rustwide/target" "-e" "CARGO_INCREMENTAL=0" "-e" "RUST_BACKTRACE=full" "-e" "RUSTFLAGS=--cap-lints=warn" "-e" "RUSTDOCFLAGS=--cap-lints=warn" "-e" "CARGO_HOME=/opt/rustwide/cargo-home" "-e" "RUSTUP_HOME=/opt/rustwide/rustup-home" "-w" "/opt/rustwide/workdir" "-m" "1610612736" "--user" "0:0" "--network" "none" "ghcr.io/rust-lang/crates-build-env/linux@sha256:2788e3201cd34a07e3172128adcd8b3090168a8e3bcc40d7c032b9dda1df7d1c" "/opt/rustwide/cargo-home/bin/cargo" "+beta-2023-12-22" "doc" "--frozen" "--no-deps" "--document-private-items" "--message-format=json", kill_on_drop: false }`
[INFO] [stdout] 94de2e7e046b93ee60428db49dee30a44a2491be1a6679899f23eea91dc55059
[INFO] running `Command { std: "docker" "start" "-a" "94de2e7e046b93ee60428db49dee30a44a2491be1a6679899f23eea91dc55059", kill_on_drop: false }`
[INFO] [stderr]    Compiling libc v0.2.140
[INFO] [stderr]    Compiling crossbeam-utils v0.8.15
[INFO] [stderr]    Compiling semver v1.0.17
[INFO] [stderr]    Compiling proc-macro2 v1.0.56
[INFO] [stderr]    Compiling unicode-ident v1.0.8
[INFO] [stderr]    Compiling quote v1.0.26
[INFO] [stderr]    Compiling rayon-core v1.11.0
[INFO] [stderr]    Compiling cc v1.0.79
[INFO] [stderr]     Checking simd-adler32 v0.3.5
[INFO] [stderr]    Compiling portable-atomic v0.3.19
[INFO] [stderr]     Checking either v1.8.1
[INFO] [stderr]    Compiling memoffset v0.8.0
[INFO] [stderr]    Compiling crossbeam-epoch v0.9.14
[INFO] [stderr]     Checking miniz_oxide v0.6.2
[INFO] [stderr]     Checking unicode-width v0.1.10
[INFO] [stderr]     Checking once_cell v1.17.1
[INFO] [stderr]     Checking number_prefix v0.4.0
[INFO] [stderr]     Checking glam v0.24.0
[INFO] [stderr]     Checking fdeflate v0.3.0
[INFO] [stderr]     Checking miniz_oxide v0.7.1
[INFO] [stdout] error[E0432]: unresolved import `core::simd::Which`
[INFO] [stdout]  --> /opt/rustwide/cargo-home/registry/src/index.crates.io-6f17d22bba15001f/glam-0.24.0/src/f32/coresimd/mat2.rs:9:18
[INFO] [stdout]   |
[INFO] [stdout] 9 | use core::simd::{Which::*, *};
[INFO] [stdout]   |                  ^^^^^ could not find `Which` in `simd`
[INFO] [stdout] 
[INFO] [stdout] 
[INFO] [stdout] error[E0432]: unresolved import `core::simd::Which`
[INFO] [stdout]  --> /opt/rustwide/cargo-home/registry/src/index.crates.io-6f17d22bba15001f/glam-0.24.0/src/f32/coresimd/mat3a.rs:9:18
[INFO] [stdout]   |
[INFO] [stdout] 9 | use core::simd::{Which::*, *};
[INFO] [stdout]   |                  ^^^^^ could not find `Which` in `simd`
[INFO] [stdout] 
[INFO] [stdout] 
[INFO] [stdout] error[E0432]: unresolved import `core::simd::Which`
[INFO] [stdout]   --> /opt/rustwide/cargo-home/registry/src/index.crates.io-6f17d22bba15001f/glam-0.24.0/src/f32/coresimd/mat4.rs:11:18
[INFO] [stdout]    |
[INFO] [stdout] 11 | use core::simd::{Which::*, *};
[INFO] [stdout]    |                  ^^^^^ could not find `Which` in `simd`
[INFO] [stdout] 
[INFO] [stdout] 
[INFO] [stderr]     Checking flate2 v1.0.25
[INFO] [stderr]    Compiling rustc_version v0.4.0
[INFO] [stderr]     Checking crossbeam-channel v0.5.7
[INFO] [stderr]    Compiling tracy-client-sys v0.21.0
[INFO] [stderr]     Checking crossbeam-deque v0.8.3
[INFO] [stderr]    Compiling tracy_full v1.4.0
[INFO] [stderr]     Checking png v0.17.8
[INFO] [stderr]    Compiling syn v1.0.109
[INFO] [stderr]     Checking getrandom v0.2.8
[INFO] [stderr]     Checking num_cpus v1.15.0
[INFO] [stderr]     Checking console v0.15.5
[INFO] [stderr]     Checking rand_core v0.6.4
[INFO] [stderr]     Checking rand_chacha v0.3.1
[INFO] [stderr]     Checking rand_xoshiro v0.6.0
[INFO] [stderr]     Checking rand v0.8.5
[INFO] [stderr]     Checking rayon v1.7.0
[INFO] [stdout] error[E0554]: `#![feature]` may not be used on the beta release channel
[INFO] [stdout]    --> /opt/rustwide/cargo-home/registry/src/index.crates.io-6f17d22bba15001f/glam-0.24.0/src/lib.rs:263:13
[INFO] [stdout]     |
[INFO] [stdout] 263 |     feature(portable_simd)
[INFO] [stdout]     |             ^^^^^^^^^^^^^
[INFO] [stdout] 
[INFO] [stdout] 
[INFO] [stdout] error[E0425]: cannot find function, tuple struct or tuple variant `First` in this scope
[INFO] [stdout]    --> /opt/rustwide/cargo-home/registry/src/index.crates.io-6f17d22bba15001f/glam-0.24.0/src/f32/coresimd/mat2.rs:255:14
[INFO] [stdout]     |
[INFO] [stdout] 255 |             [First(0), First(1), Second(0), Second(1)]
[INFO] [stdout]     |              ^^^^^ not found in this scope
[INFO] [stdout] 
[INFO] [stdout] 
[INFO] [stdout] error[E0425]: cannot find function, tuple struct or tuple variant `First` in this scope
[INFO] [stdout]    --> /opt/rustwide/cargo-home/registry/src/index.crates.io-6f17d22bba15001f/glam-0.24.0/src/f32/coresimd/mat2.rs:255:24
[INFO] [stdout]     |
[INFO] [stdout] 255 |             [First(0), First(1), Second(0), Second(1)]
[INFO] [stdout]     |                        ^^^^^ not found in this scope
[INFO] [stdout] 
[INFO] [stdout] 
[INFO] [stdout] error[E0425]: cannot find function, tuple struct or tuple variant `Second` in this scope
[INFO] [stdout]    --> /opt/rustwide/cargo-home/registry/src/index.crates.io-6f17d22bba15001f/glam-0.24.0/src/f32/coresimd/mat2.rs:255:34
[INFO] [stdout]     |
[INFO] [stdout] 255 |             [First(0), First(1), Second(0), Second(1)]
[INFO] [stdout]     |                                  ^^^^^^ not found in this scope
[INFO] [stdout] 
[INFO] [stdout] 
[INFO] [stdout] error[E0425]: cannot find function, tuple struct or tuple variant `Second` in this scope
[INFO] [stdout]    --> /opt/rustwide/cargo-home/registry/src/index.crates.io-6f17d22bba15001f/glam-0.24.0/src/f32/coresimd/mat2.rs:255:45
[INFO] [stdout]     |
[INFO] [stdout] 255 |             [First(0), First(1), Second(0), Second(1)]
[INFO] [stdout]     |                                             ^^^^^^ not found in this scope
[INFO] [stdout] 
[INFO] [stdout] 
[INFO] [stdout] error[E0425]: cannot find function, tuple struct or tuple variant `First` in this scope
[INFO] [stdout]    --> /opt/rustwide/cargo-home/registry/src/index.crates.io-6f17d22bba15001f/glam-0.24.0/src/f32/coresimd/mat3a.rs:411:14
[INFO] [stdout]     |
[INFO] [stdout] 411 |             [First(0), First(1), Second(0), Second(1)]
[INFO] [stdout]     |              ^^^^^ not found in this scope
[INFO] [stdout] 
[INFO] [stdout] 
[INFO] [stdout] error[E0425]: cannot find function, tuple struct or tuple variant `First` in this scope
[INFO] [stdout]    --> /opt/rustwide/cargo-home/registry/src/index.crates.io-6f17d22bba15001f/glam-0.24.0/src/f32/coresimd/mat3a.rs:411:24
[INFO] [stdout]     |
[INFO] [stdout] 411 |             [First(0), First(1), Second(0), Second(1)]
[INFO] [stdout]     |                        ^^^^^ not found in this scope
[INFO] [stdout] 
[INFO] [stdout] 
[INFO] [stdout] error[E0425]: cannot find function, tuple struct or tuple variant `Second` in this scope
[INFO] [stdout]    --> /opt/rustwide/cargo-home/registry/src/index.crates.io-6f17d22bba15001f/glam-0.24.0/src/f32/coresimd/mat3a.rs:411:34
[INFO] [stdout]     |
[INFO] [stdout] 411 |             [First(0), First(1), Second(0), Second(1)]
[INFO] [stdout]     |                                  ^^^^^^ not found in this scope
[INFO] [stdout] 
[INFO] [stdout] 
[INFO] [stdout] error[E0425]: cannot find function, tuple struct or tuple variant `Second` in this scope
[INFO] [stdout]    --> /opt/rustwide/cargo-home/registry/src/index.crates.io-6f17d22bba15001f/glam-0.24.0/src/f32/coresimd/mat3a.rs:411:45
[INFO] [stdout]     |
[INFO] [stdout] 411 |             [First(0), First(1), Second(0), Second(1)]
[INFO] [stdout]     |                                             ^^^^^^ not found in this scope
[INFO] [stdout] 
[INFO] [stdout] 
[INFO] [stdout] error[E0425]: cannot find function, tuple struct or tuple variant `First` in this scope
[INFO] [stdout]    --> /opt/rustwide/cargo-home/registry/src/index.crates.io-6f17d22bba15001f/glam-0.24.0/src/f32/coresimd/mat3a.rs:416:14
[INFO] [stdout]     |
[INFO] [stdout] 416 |             [First(2), First(3), Second(2), Second(3)]
[INFO] [stdout]     |              ^^^^^ not found in this scope
[INFO] [stdout] 
[INFO] [stdout] 
[INFO] [stdout] error[E0425]: cannot find function, tuple struct or tuple variant `First` in this scope
[INFO] [stdout]    --> /opt/rustwide/cargo-home/registry/src/index.crates.io-6f17d22bba15001f/glam-0.24.0/src/f32/coresimd/mat3a.rs:416:24
[INFO] [stdout]     |
[INFO] [stdout] 416 |             [First(2), First(3), Second(2), Second(3)]
[INFO] [stdout]     |                        ^^^^^ not found in this scope
[INFO] [stdout] 
[INFO] [stdout] 
[INFO] [stdout] error[E0425]: cannot find function, tuple struct or tuple variant `Second` in this scope
[INFO] [stdout]    --> /opt/rustwide/cargo-home/registry/src/index.crates.io-6f17d22bba15001f/glam-0.24.0/src/f32/coresimd/mat3a.rs:416:34
[INFO] [stdout]     |
[INFO] [stdout] 416 |             [First(2), First(3), Second(2), Second(3)]
[INFO] [stdout]     |                                  ^^^^^^ not found in this scope
[INFO] [stdout] 
[INFO] [stdout] 
[INFO] [stdout] error[E0425]: cannot find function, tuple struct or tuple variant `Second` in this scope
[INFO] [stdout]    --> /opt/rustwide/cargo-home/registry/src/index.crates.io-6f17d22bba15001f/glam-0.24.0/src/f32/coresimd/mat3a.rs:416:45
[INFO] [stdout]     |
[INFO] [stdout] 416 |             [First(2), First(3), Second(2), Second(3)]
[INFO] [stdout]     |                                             ^^^^^^ not found in this scope
[INFO] [stdout] 
[INFO] [stdout] 
[INFO] [stdout] error[E0425]: cannot find function, tuple struct or tuple variant `First` in this scope
[INFO] [stdout]    --> /opt/rustwide/cargo-home/registry/src/index.crates.io-6f17d22bba15001f/glam-0.24.0/src/f32/coresimd/mat3a.rs:423:18
[INFO] [stdout]     |
[INFO] [stdout] 423 |                 [First(0), First(2), Second(0), Second(0)]
[INFO] [stdout]     |                  ^^^^^ not found in this scope
[INFO] [stdout] 
[INFO] [stdout] 
[INFO] [stdout] error[E0425]: cannot find function, tuple struct or tuple variant `First` in this scope
[INFO] [stdout]    --> /opt/rustwide/cargo-home/registry/src/index.crates.io-6f17d22bba15001f/glam-0.24.0/src/f32/coresimd/mat3a.rs:423:28
[INFO] [stdout]     |
[INFO] [stdout] 423 |                 [First(0), First(2), Second(0), Second(0)]
[INFO] [stdout]     |                            ^^^^^ not found in this scope
[INFO] [stdout] 
[INFO] [stdout] 
[INFO] [stdout] error[E0425]: cannot find function, tuple struct or tuple variant `Second` in this scope
[INFO] [stdout]    --> /opt/rustwide/cargo-home/registry/src/index.crates.io-6f17d22bba15001f/glam-0.24.0/src/f32/coresimd/mat3a.rs:423:38
[INFO] [stdout]     |
[INFO] [stdout] 423 |                 [First(0), First(2), Second(0), Second(0)]
[INFO] [stdout]     |                                      ^^^^^^ not found in this scope
[INFO] [stdout] 
[INFO] [stdout] 
[INFO] [stdout] error[E0425]: cannot find function, tuple struct or tuple variant `Second` in this scope
[INFO] [stdout]    --> /opt/rustwide/cargo-home/registry/src/index.crates.io-6f17d22bba15001f/glam-0.24.0/src/f32/coresimd/mat3a.rs:423:49
[INFO] [stdout]     |
[INFO] [stdout] 423 |                 [First(0), First(2), Second(0), Second(0)]
[INFO] [stdout]     |                                                 ^^^^^^ not found in this scope
[INFO] [stdout] 
[INFO] [stdout] 
[INFO] [stdout] error[E0425]: cannot find function, tuple struct or tuple variant `First` in this scope
[INFO] [stdout]    --> /opt/rustwide/cargo-home/registry/src/index.crates.io-6f17d22bba15001f/glam-0.24.0/src/f32/coresimd/mat3a.rs:428:18
[INFO] [stdout]     |
[INFO] [stdout] 428 |                 [First(1), First(3), Second(1), Second(1)]
[INFO] [stdout]     |                  ^^^^^ not found in this scope
[INFO] [stdout] 
[INFO] [stdout] 
[INFO] [stdout] error[E0425]: cannot find function, tuple struct or tuple variant `First` in this scope
[INFO] [stdout]    --> /opt/rustwide/cargo-home/registry/src/index.crates.io-6f17d22bba15001f/glam-0.24.0/src/f32/coresimd/mat3a.rs:428:28
[INFO] [stdout]     |
[INFO] [stdout] 428 |                 [First(1), First(3), Second(1), Second(1)]
[INFO] [stdout]     |                            ^^^^^ not found in this scope
[INFO] [stdout] 
[INFO] [stdout] 
[INFO] [stdout] error[E0425]: cannot find function, tuple struct or tuple variant `Second` in this scope
[INFO] [stdout]    --> /opt/rustwide/cargo-home/registry/src/index.crates.io-6f17d22bba15001f/glam-0.24.0/src/f32/coresimd/mat3a.rs:428:38
[INFO] [stdout]     |
[INFO] [stdout] 428 |                 [First(1), First(3), Second(1), Second(1)]
[INFO] [stdout]     |                                      ^^^^^^ not found in this scope
[INFO] [stdout] 
[INFO] [stdout] 
[INFO] [stdout] error[E0425]: cannot find function, tuple struct or tuple variant `Second` in this scope
[INFO] [stdout]    --> /opt/rustwide/cargo-home/registry/src/index.crates.io-6f17d22bba15001f/glam-0.24.0/src/f32/coresimd/mat3a.rs:428:49
[INFO] [stdout]     |
[INFO] [stdout] 428 |                 [First(1), First(3), Second(1), Second(1)]
[INFO] [stdout]     |                                                 ^^^^^^ not found in this scope
[INFO] [stdout] 
[INFO] [stdout] 
[INFO] [stdout] error[E0425]: cannot find function, tuple struct or tuple variant `First` in this scope
[INFO] [stdout]    --> /opt/rustwide/cargo-home/registry/src/index.crates.io-6f17d22bba15001f/glam-0.24.0/src/f32/coresimd/mat3a.rs:433:18
[INFO] [stdout]     |
[INFO] [stdout] 433 |                 [First(0), First(2), Second(2), Second(2)]
[INFO] [stdout]     |                  ^^^^^ not found in this scope
[INFO] [stdout] 
[INFO] [stdout] 
[INFO] [stdout] error[E0425]: cannot find function, tuple struct or tuple variant `First` in this scope
[INFO] [stdout]    --> /opt/rustwide/cargo-home/registry/src/index.crates.io-6f17d22bba15001f/glam-0.24.0/src/f32/coresimd/mat3a.rs:433:28
[INFO] [stdout]     |
[INFO] [stdout] 433 |                 [First(0), First(2), Second(2), Second(2)]
[INFO] [stdout]     |                            ^^^^^ not found in this scope
[INFO] [stdout] 
[INFO] [stdout] 
[INFO] [stdout] error[E0425]: cannot find function, tuple struct or tuple variant `Second` in this scope
[INFO] [stdout]    --> /opt/rustwide/cargo-home/registry/src/index.crates.io-6f17d22bba15001f/glam-0.24.0/src/f32/coresimd/mat3a.rs:433:38
[INFO] [stdout]     |
[INFO] [stdout] 433 |                 [First(0), First(2), Second(2), Second(2)]
[INFO] [stdout]     |                                      ^^^^^^ not found in this scope
[INFO] [stdout] 
[INFO] [stdout] 
[INFO] [stdout] error[E0425]: cannot find function, tuple struct or tuple variant `Second` in this scope
[INFO] [stdout]    --> /opt/rustwide/cargo-home/registry/src/index.crates.io-6f17d22bba15001f/glam-0.24.0/src/f32/coresimd/mat3a.rs:433:49
[INFO] [stdout]     |
[INFO] [stdout] 433 |                 [First(0), First(2), Second(2), Second(2)]
[INFO] [stdout]     |                                                 ^^^^^^ not found in this scope
[INFO] [stdout] 
[INFO] [stdout] 
[INFO] [stdout] error[E0425]: cannot find function, tuple struct or tuple variant `First` in this scope
[INFO] [stdout]    --> /opt/rustwide/cargo-home/registry/src/index.crates.io-6f17d22bba15001f/glam-0.24.0/src/f32/coresimd/mat4.rs:550:14
[INFO] [stdout]     |
[INFO] [stdout] 550 |             [First(0), First(1), Second(0), Second(1)]
[INFO] [stdout]     |              ^^^^^ not found in this scope
[INFO] [stdout] 
[INFO] [stdout] 
[INFO] [stdout] error[E0425]: cannot find function, tuple struct or tuple variant `First` in this scope
[INFO] [stdout]    --> /opt/rustwide/cargo-home/registry/src/index.crates.io-6f17d22bba15001f/glam-0.24.0/src/f32/coresimd/mat4.rs:550:24
[INFO] [stdout]     |
[INFO] [stdout] 550 |             [First(0), First(1), Second(0), Second(1)]
[INFO] [stdout]     |                        ^^^^^ not found in this scope
[INFO] [stdout] 
[INFO] [stdout] 
[INFO] [stdout] error[E0425]: cannot find function, tuple struct or tuple variant `Second` in this scope
[INFO] [stdout]    --> /opt/rustwide/cargo-home/registry/src/index.crates.io-6f17d22bba15001f/glam-0.24.0/src/f32/coresimd/mat4.rs:550:34
[INFO] [stdout]     |
[INFO] [stdout] 550 |             [First(0), First(1), Second(0), Second(1)]
[INFO] [stdout]     |                                  ^^^^^^ not found in this scope
[INFO] [stdout] 
[INFO] [stdout] 
[INFO] [stdout] error[E0425]: cannot find function, tuple struct or tuple variant `Second` in this scope
[INFO] [stdout]    --> /opt/rustwide/cargo-home/registry/src/index.crates.io-6f17d22bba15001f/glam-0.24.0/src/f32/coresimd/mat4.rs:550:45
[INFO] [stdout]     |
[INFO] [stdout] 550 |             [First(0), First(1), Second(0), Second(1)]
[INFO] [stdout]     |                                             ^^^^^^ not found in this scope
[INFO] [stdout] 
[INFO] [stdout] 
[INFO] [stdout] error[E0425]: cannot find function, tuple struct or tuple variant `First` in this scope
[INFO] [stdout]    --> /opt/rustwide/cargo-home/registry/src/index.crates.io-6f17d22bba15001f/glam-0.24.0/src/f32/coresimd/mat4.rs:555:14
[INFO] [stdout]     |
[INFO] [stdout] 555 |             [First(2), First(3), Second(2), Second(3)]
[INFO] [stdout]     |              ^^^^^ not found in this scope
[INFO] [stdout] 
[INFO] [stdout] 
[INFO] [stdout] error[E0425]: cannot find function, tuple struct or tuple variant `First` in this scope
[INFO] [stdout]    --> /opt/rustwide/cargo-home/registry/src/index.crates.io-6f17d22bba15001f/glam-0.24.0/src/f32/coresimd/mat4.rs:555:24
[INFO] [stdout]     |
[INFO] [stdout] 555 |             [First(2), First(3), Second(2), Second(3)]
[INFO] [stdout]     |                        ^^^^^ not found in this scope
[INFO] [stdout] 
[INFO] [stdout] 
[INFO] [stdout] error[E0425]: cannot find function, tuple struct or tuple variant `Second` in this scope
[INFO] [stdout]    --> /opt/rustwide/cargo-home/registry/src/index.crates.io-6f17d22bba15001f/glam-0.24.0/src/f32/coresimd/mat4.rs:555:34
[INFO] [stdout]     |
[INFO] [stdout] 555 |             [First(2), First(3), Second(2), Second(3)]
[INFO] [stdout]     |                                  ^^^^^^ not found in this scope
[INFO] [stdout] 
[INFO] [stdout] 
[INFO] [stdout] error[E0425]: cannot find function, tuple struct or tuple variant `Second` in this scope
[INFO] [stdout]    --> /opt/rustwide/cargo-home/registry/src/index.crates.io-6f17d22bba15001f/glam-0.24.0/src/f32/coresimd/mat4.rs:555:45
[INFO] [stdout]     |
[INFO] [stdout] 555 |             [First(2), First(3), Second(2), Second(3)]
[INFO] [stdout]     |                                             ^^^^^^ not found in this scope
[INFO] [stdout] 
[INFO] [stdout] 
[INFO] [stdout] error[E0425]: cannot find function, tuple struct or tuple variant `First` in this scope
[INFO] [stdout]    --> /opt/rustwide/cargo-home/registry/src/index.crates.io-6f17d22bba15001f/glam-0.24.0/src/f32/coresimd/mat4.rs:560:14
[INFO] [stdout]     |
[INFO] [stdout] 560 |             [First(0), First(1), Second(0), Second(1)]
[INFO] [stdout]     |              ^^^^^ not found in this scope
[INFO] [stdout] 
[INFO] [stdout] 
[INFO] [stdout] error[E0425]: cannot find function, tuple struct or tuple variant `First` in this scope
[INFO] [stdout]    --> /opt/rustwide/cargo-home/registry/src/index.crates.io-6f17d22bba15001f/glam-0.24.0/src/f32/coresimd/mat4.rs:560:24
[INFO] [stdout]     |
[INFO] [stdout] 560 |             [First(0), First(1), Second(0), Second(1)]
[INFO] [stdout]     |                        ^^^^^ not found in this scope
[INFO] [stdout] 
[INFO] [stdout] 
[INFO] [stdout] error[E0425]: cannot find function, tuple struct or tuple variant `Second` in this scope
[INFO] [stdout]    --> /opt/rustwide/cargo-home/registry/src/index.crates.io-6f17d22bba15001f/glam-0.24.0/src/f32/coresimd/mat4.rs:560:34
[INFO] [stdout]     |
[INFO] [stdout] 560 |             [First(0), First(1), Second(0), Second(1)]
[INFO] [stdout]     |                                  ^^^^^^ not found in this scope
[INFO] [stdout] 
[INFO] [stdout] 
[INFO] [stdout] error[E0425]: cannot find function, tuple struct or tuple variant `Second` in this scope
[INFO] [stdout]    --> /opt/rustwide/cargo-home/registry/src/index.crates.io-6f17d22bba15001f/glam-0.24.0/src/f32/coresimd/mat4.rs:560:45
[INFO] [stdout]     |
[INFO] [stdout] 560 |             [First(0), First(1), Second(0), Second(1)]
[INFO] [stdout]     |                                             ^^^^^^ not found in this scope
[INFO] [stdout] 
[INFO] [stdout] 
[INFO] [stdout] error[E0425]: cannot find function, tuple struct or tuple variant `First` in this scope
[INFO] [stdout]    --> /opt/rustwide/cargo-home/registry/src/index.crates.io-6f17d22bba15001f/glam-0.24.0/src/f32/coresimd/mat4.rs:565:14
[INFO] [stdout]     |
[INFO] [stdout] 565 |             [First(2), First(3), Second(2), Second(3)]
[INFO] [stdout]     |              ^^^^^ not found in this scope
[INFO] [stdout] 
[INFO] [stdout] 
[INFO] [stdout] error[E0425]: cannot find function, tuple struct or tuple variant `First` in this scope
[INFO] [stdout]    --> /opt/rustwide/cargo-home/registry/src/index.crates.io-6f17d22bba15001f/glam-0.24.0/src/f32/coresimd/mat4.rs:565:24
[INFO] [stdout]     |
[INFO] [stdout] 565 |             [First(2), First(3), Second(2), Second(3)]
[INFO] [stdout]     |                        ^^^^^ not found in this scope
[INFO] [stdout] 
[INFO] [stdout] 
[INFO] [stdout] error[E0425]: cannot find function, tuple struct or tuple variant `Second` in this scope
[INFO] [stdout]    --> /opt/rustwide/cargo-home/registry/src/index.crates.io-6f17d22bba15001f/glam-0.24.0/src/f32/coresimd/mat4.rs:565:34
[INFO] [stdout]     |
[INFO] [stdout] 565 |             [First(2), First(3), Second(2), Second(3)]
[INFO] [stdout]     |                                  ^^^^^^ not found in this scope
[INFO] [stdout] 
[INFO] [stdout] 
[INFO] [stdout] error[E0425]: cannot find function, tuple struct or tuple variant `Second` in this scope
[INFO] [stdout]    --> /opt/rustwide/cargo-home/registry/src/index.crates.io-6f17d22bba15001f/glam-0.24.0/src/f32/coresimd/mat4.rs:565:45
[INFO] [stdout]     |
[INFO] [stdout] 565 |             [First(2), First(3), Second(2), Second(3)]
[INFO] [stdout]     |                                             ^^^^^^ not found in this scope
[INFO] [stdout] 
[INFO] [stdout] 
[INFO] [stdout] error[E0425]: cannot find function, tuple struct or tuple variant `First` in this scope
[INFO] [stdout]    --> /opt/rustwide/cargo-home/registry/src/index.crates.io-6f17d22bba15001f/glam-0.24.0/src/f32/coresimd/mat4.rs:572:18
[INFO] [stdout]     |
[INFO] [stdout] 572 |                 [First(0), First(2), Second(0), Second(2)]
[INFO] [stdout]     |                  ^^^^^ not found in this scope
[INFO] [stdout] 
[INFO] [stdout] 
[INFO] [stdout] error[E0425]: cannot find function, tuple struct or tuple variant `First` in this scope
[INFO] [stdout]    --> /opt/rustwide/cargo-home/registry/src/index.crates.io-6f17d22bba15001f/glam-0.24.0/src/f32/coresimd/mat4.rs:572:28
[INFO] [stdout]     |
[INFO] [stdout] 572 |                 [First(0), First(2), Second(0), Second(2)]
[INFO] [stdout]     |                            ^^^^^ not found in this scope
[INFO] [stdout] 
[INFO] [stdout] 
[INFO] [stdout] error[E0425]: cannot find function, tuple struct or tuple variant `Second` in this scope
[INFO] [stdout]    --> /opt/rustwide/cargo-home/registry/src/index.crates.io-6f17d22bba15001f/glam-0.24.0/src/f32/coresimd/mat4.rs:572:38
[INFO] [stdout]     |
[INFO] [stdout] 572 |                 [First(0), First(2), Second(0), Second(2)]
[INFO] [stdout]     |                                      ^^^^^^ not found in this scope
[INFO] [stdout] 
[INFO] [stdout] 
[INFO] [stdout] error[E0425]: cannot find function, tuple struct or tuple variant `Second` in this scope
[INFO] [stdout]    --> /opt/rustwide/cargo-home/registry/src/index.crates.io-6f17d22bba15001f/glam-0.24.0/src/f32/coresimd/mat4.rs:572:49
[INFO] [stdout]     |
[INFO] [stdout] 572 |                 [First(0), First(2), Second(0), Second(2)]
[INFO] [stdout]     |                                                 ^^^^^^ not found in this scope
[INFO] [stdout] 
[INFO] [stdout] 
[INFO] [stdout] error[E0425]: cannot find function, tuple struct or tuple variant `First` in this scope
[INFO] [stdout]    --> /opt/rustwide/cargo-home/registry/src/index.crates.io-6f17d22bba15001f/glam-0.24.0/src/f32/coresimd/mat4.rs:577:18
[INFO] [stdout]     |
[INFO] [stdout] 577 |                 [First(1), First(3), Second(1), Second(3)]
[INFO] [stdout]     |                  ^^^^^ not found in this scope
[INFO] [stdout] 
[INFO] [stdout] 
[INFO] [stdout] error[E0425]: cannot find function, tuple struct or tuple variant `First` in this scope
[INFO] [stdout]    --> /opt/rustwide/cargo-home/registry/src/index.crates.io-6f17d22bba15001f/glam-0.24.0/src/f32/coresimd/mat4.rs:577:28
[INFO] [stdout]     |
[INFO] [stdout] 577 |                 [First(1), First(3), Second(1), Second(3)]
[INFO] [stdout]     |                            ^^^^^ not found in this scope
[INFO] [stdout] 
[INFO] [stdout] 
[INFO] [stdout] error[E0425]: cannot find function, tuple struct or tuple variant `Second` in this scope
[INFO] [stdout]    --> /opt/rustwide/cargo-home/registry/src/index.crates.io-6f17d22bba15001f/glam-0.24.0/src/f32/coresimd/mat4.rs:577:38
[INFO] [stdout]     |
[INFO] [stdout] 577 |                 [First(1), First(3), Second(1), Second(3)]
[INFO] [stdout]     |                                      ^^^^^^ not found in this scope
[INFO] [stdout] 
[INFO] [stdout] 
[INFO] [stdout] error[E0425]: cannot find function, tuple struct or tuple variant `Second` in this scope
[INFO] [stdout]    --> /opt/rustwide/cargo-home/registry/src/index.crates.io-6f17d22bba15001f/glam-0.24.0/src/f32/coresimd/mat4.rs:577:49
[INFO] [stdout]     |
[INFO] [stdout] 577 |                 [First(1), First(3), Second(1), Second(3)]
[INFO] [stdout]     |                                                 ^^^^^^ not found in this scope
[INFO] [stdout] 
[INFO] [stdout] 
[INFO] [stdout] error[E0425]: cannot find function, tuple struct or tuple variant `First` in this scope
[INFO] [stdout]    --> /opt/rustwide/cargo-home/registry/src/index.crates.io-6f17d22bba15001f/glam-0.24.0/src/f32/coresimd/mat4.rs:582:18
[INFO] [stdout]     |
[INFO] [stdout] 582 |                 [First(0), First(2), Second(0), Second(2)]
[INFO] [stdout]     |                  ^^^^^ not found in this scope
[INFO] [stdout] 
[INFO] [stdout] 
[INFO] [stdout] error[E0425]: cannot find function, tuple struct or tuple variant `First` in this scope
[INFO] [stdout]    --> /opt/rustwide/cargo-home/registry/src/index.crates.io-6f17d22bba15001f/glam-0.24.0/src/f32/coresimd/mat4.rs:582:28
[INFO] [stdout]     |
[INFO] [stdout] 582 |                 [First(0), First(2), Second(0), Second(2)]
[INFO] [stdout]     |                            ^^^^^ not found in this scope
[INFO] [stdout] 
[INFO] [stdout] 
[INFO] [stdout] error[E0425]: cannot find function, tuple struct or tuple variant `Second` in this scope
[INFO] [stdout]    --> /opt/rustwide/cargo-home/registry/src/index.crates.io-6f17d22bba15001f/glam-0.24.0/src/f32/coresimd/mat4.rs:582:38
[INFO] [stdout]     |
[INFO] [stdout] 582 |                 [First(0), First(2), Second(0), Second(2)]
[INFO] [stdout]     |                                      ^^^^^^ not found in this scope
[INFO] [stdout] 
[INFO] [stdout] 
[INFO] [stdout] error[E0425]: cannot find function, tuple struct or tuple variant `Second` in this scope
[INFO] [stdout]    --> /opt/rustwide/cargo-home/registry/src/index.crates.io-6f17d22bba15001f/glam-0.24.0/src/f32/coresimd/mat4.rs:582:49
[INFO] [stdout]     |
[INFO] [stdout] 582 |                 [First(0), First(2), Second(0), Second(2)]
[INFO] [stdout]     |                                                 ^^^^^^ not found in this scope
[INFO] [stdout] 
[INFO] [stdout] 
[INFO] [stdout] error[E0425]: cannot find function, tuple struct or tuple variant `First` in this scope
[INFO] [stdout]    --> /opt/rustwide/cargo-home/registry/src/index.crates.io-6f17d22bba15001f/glam-0.24.0/src/f32/coresimd/mat4.rs:587:18
[INFO] [stdout]     |
[INFO] [stdout] 587 |                 [First(1), First(3), Second(1), Second(3)]
[INFO] [stdout]     |                  ^^^^^ not found in this scope
[INFO] [stdout] 
[INFO] [stdout] 
[INFO] [stdout] error[E0425]: cannot find function, tuple struct or tuple variant `First` in this scope
[INFO] [stdout]    --> /opt/rustwide/cargo-home/registry/src/index.crates.io-6f17d22bba15001f/glam-0.24.0/src/f32/coresimd/mat4.rs:587:28
[INFO] [stdout]     |
[INFO] [stdout] 587 |                 [First(1), First(3), Second(1), Second(3)]
[INFO] [stdout]     |                            ^^^^^ not found in this scope
[INFO] [stdout] 
[INFO] [stdout] 
[INFO] [stdout] error[E0425]: cannot find function, tuple struct or tuple variant `Second` in this scope
[INFO] [stdout]    --> /opt/rustwide/cargo-home/registry/src/index.crates.io-6f17d22bba15001f/glam-0.24.0/src/f32/coresimd/mat4.rs:587:38
[INFO] [stdout]     |
[INFO] [stdout] 587 |                 [First(1), First(3), Second(1), Second(3)]
[INFO] [stdout]     |                                      ^^^^^^ not found in this scope
[INFO] [stdout] 
[INFO] [stdout] 
[INFO] [stdout] error[E0425]: cannot find function, tuple struct or tuple variant `Second` in this scope
[INFO] [stdout]    --> /opt/rustwide/cargo-home/registry/src/index.crates.io-6f17d22bba15001f/glam-0.24.0/src/f32/coresimd/mat4.rs:587:49
[INFO] [stdout]     |
[INFO] [stdout] 587 |                 [First(1), First(3), Second(1), Second(3)]
[INFO] [stdout]     |                                                 ^^^^^^ not found in this scope
[INFO] [stdout] 
[INFO] [stdout] 
[INFO] [stdout] error[E0425]: cannot find function, tuple struct or tuple variant `First` in this scope
[INFO] [stdout]    --> /opt/rustwide/cargo-home/registry/src/index.crates.io-6f17d22bba15001f/glam-0.24.0/src/f32/coresimd/mat4.rs:612:50
[INFO] [stdout]     |
[INFO] [stdout] 612 |         let subtmpb = simd_swizzle!(sube, subf, [First(1), First(3), Second(0), Second(0)]);
[INFO] [stdout]     |                                                  ^^^^^ not found in this scope
[INFO] [stdout] 
[INFO] [stdout] 
[INFO] [stdout] error[E0425]: cannot find function, tuple struct or tuple variant `First` in this scope
[INFO] [stdout]    --> /opt/rustwide/cargo-home/registry/src/index.crates.io-6f17d22bba15001f/glam-0.24.0/src/f32/coresimd/mat4.rs:612:60
[INFO] [stdout]     |
[INFO] [stdout] 612 |         let subtmpb = simd_swizzle!(sube, subf, [First(1), First(3), Second(0), Second(0)]);
[INFO] [stdout]     |                                                            ^^^^^ not found in this scope
[INFO] [stdout] 
[INFO] [stdout] 
[INFO] [stdout] error[E0425]: cannot find function, tuple struct or tuple variant `Second` in this scope
[INFO] [stdout]    --> /opt/rustwide/cargo-home/registry/src/index.crates.io-6f17d22bba15001f/glam-0.24.0/src/f32/coresimd/mat4.rs:612:70
[INFO] [stdout]     |
[INFO] [stdout] 612 |         let subtmpb = simd_swizzle!(sube, subf, [First(1), First(3), Second(0), Second(0)]);
[INFO] [stdout]     |                                                                      ^^^^^^ not found in this scope
[INFO] [stdout] 
[INFO] [stdout] 
[INFO] [stdout] error[E0425]: cannot find function, tuple struct or tuple variant `Second` in this scope
[INFO] [stdout]    --> /opt/rustwide/cargo-home/registry/src/index.crates.io-6f17d22bba15001f/glam-0.24.0/src/f32/coresimd/mat4.rs:612:81
[INFO] [stdout]     |
[INFO] [stdout] 612 |         let subtmpb = simd_swizzle!(sube, subf, [First(1), First(3), Second(0), Second(0)]);
[INFO] [stdout]     |                                                                                 ^^^^^^ not found in this scope
[INFO] [stdout] 
[INFO] [stdout] 
[INFO] [stdout] error[E0425]: cannot find function, tuple struct or tuple variant `First` in this scope
[INFO] [stdout]    --> /opt/rustwide/cargo-home/registry/src/index.crates.io-6f17d22bba15001f/glam-0.24.0/src/f32/coresimd/mat4.rs:618:50
[INFO] [stdout]     |
[INFO] [stdout] 618 |         let subtmpc = simd_swizzle!(sube, subf, [First(2), First(2), Second(0), Second(1)]);
[INFO] [stdout]     |                                                  ^^^^^ not found in this scope
[INFO] [stdout] 
[INFO] [stdout] 
[INFO] [stdout] error[E0425]: cannot find function, tuple struct or tuple variant `First` in this scope
[INFO] [stdout]    --> /opt/rustwide/cargo-home/registry/src/index.crates.io-6f17d22bba15001f/glam-0.24.0/src/f32/coresimd/mat4.rs:618:60
[INFO] [stdout]     |
[INFO] [stdout] 618 |         let subtmpc = simd_swizzle!(sube, subf, [First(2), First(2), Second(0), Second(1)]);
[INFO] [stdout]     |                                                            ^^^^^ not found in this scope
[INFO] [stdout] 
[INFO] [stdout] 
[INFO] [stdout] error[E0425]: cannot find function, tuple struct or tuple variant `Second` in this scope
[INFO] [stdout]    --> /opt/rustwide/cargo-home/registry/src/index.crates.io-6f17d22bba15001f/glam-0.24.0/src/f32/coresimd/mat4.rs:618:70
[INFO] [stdout]     |
[INFO] [stdout] 618 |         let subtmpc = simd_swizzle!(sube, subf, [First(2), First(2), Second(0), Second(1)]);
[INFO] [stdout]     |                                                                      ^^^^^^ not found in this scope
[INFO] [stdout] 
[INFO] [stdout] 
[INFO] [stdout] error[E0425]: cannot find function, tuple struct or tuple variant `Second` in this scope
[INFO] [stdout]    --> /opt/rustwide/cargo-home/registry/src/index.crates.io-6f17d22bba15001f/glam-0.24.0/src/f32/coresimd/mat4.rs:618:81
[INFO] [stdout]     |
[INFO] [stdout] 618 |         let subtmpc = simd_swizzle!(sube, subf, [First(2), First(2), Second(0), Second(1)]);
[INFO] [stdout]     |                                                                                 ^^^^^^ not found in this scope
[INFO] [stdout] 
[INFO] [stdout] 
[INFO] [stdout] error[E0425]: cannot find function, tuple struct or tuple variant `First` in this scope
[INFO] [stdout]    --> /opt/rustwide/cargo-home/registry/src/index.crates.io-6f17d22bba15001f/glam-0.24.0/src/f32/coresimd/mat4.rs:643:18
[INFO] [stdout]     |
[INFO] [stdout] 643 |                 [First(3), First(3), Second(3), Second(3)]
[INFO] [stdout]     |                  ^^^^^ not found in this scope
[INFO] [stdout] 
[INFO] [stdout] 
[INFO] [stdout] error[E0425]: cannot find function, tuple struct or tuple variant `First` in this scope
[INFO] [stdout]    --> /opt/rustwide/cargo-home/registry/src/index.crates.io-6f17d22bba15001f/glam-0.24.0/src/f32/coresimd/mat4.rs:643:28
[INFO] [stdout]     |
[INFO] [stdout] 643 |                 [First(3), First(3), Second(3), Second(3)]
[INFO] [stdout]     |                            ^^^^^ not found in this scope
[INFO] [stdout] 
[INFO] [stdout] 
[INFO] [stdout] error[E0425]: cannot find function, tuple struct or tuple variant `Second` in this scope
[INFO] [stdout]    --> /opt/rustwide/cargo-home/registry/src/index.crates.io-6f17d22bba15001f/glam-0.24.0/src/f32/coresimd/mat4.rs:643:38
[INFO] [stdout]     |
[INFO] [stdout] 643 |                 [First(3), First(3), Second(3), Second(3)]
[INFO] [stdout]     |                                      ^^^^^^ not found in this scope
[INFO] [stdout] 
[INFO] [stdout] 
[INFO] [stdout] error[E0425]: cannot find function, tuple struct or tuple variant `Second` in this scope
[INFO] [stdout]    --> /opt/rustwide/cargo-home/registry/src/index.crates.io-6f17d22bba15001f/glam-0.24.0/src/f32/coresimd/mat4.rs:643:49
[INFO] [stdout]     |
[INFO] [stdout] 643 |                 [First(3), First(3), Second(3), Second(3)]
[INFO] [stdout]     |                                                 ^^^^^^ not found in this scope
[INFO] [stdout] 
[INFO] [stdout] 
[INFO] [stdout] error[E0425]: cannot find function, tuple struct or tuple variant `First` in this scope
[INFO] [stdout]    --> /opt/rustwide/cargo-home/registry/src/index.crates.io-6f17d22bba15001f/glam-0.24.0/src/f32/coresimd/mat4.rs:648:18
[INFO] [stdout]     |
[INFO] [stdout] 648 |                 [First(2), First(2), Second(2), Second(2)]
[INFO] [stdout]     |                  ^^^^^ not found in this scope
[INFO] [stdout] 
[INFO] [stdout] 
[INFO] [stdout] error[E0425]: cannot find function, tuple struct or tuple variant `First` in this scope
[INFO] [stdout]    --> /opt/rustwide/cargo-home/registry/src/index.crates.io-6f17d22bba15001f/glam-0.24.0/src/f32/coresimd/mat4.rs:648:28
[INFO] [stdout]     |
[INFO] [stdout] 648 |                 [First(2), First(2), Second(2), Second(2)]
[INFO] [stdout]     |                            ^^^^^ not found in this scope
[INFO] [stdout] 
[INFO] [stdout] 
[INFO] [stdout] error[E0425]: cannot find function, tuple struct or tuple variant `Second` in this scope
[INFO] [stdout]    --> /opt/rustwide/cargo-home/registry/src/index.crates.io-6f17d22bba15001f/glam-0.24.0/src/f32/coresimd/mat4.rs:648:38
[INFO] [stdout]     |
[INFO] [stdout] 648 |                 [First(2), First(2), Second(2), Second(2)]
[INFO] [stdout]     |                                      ^^^^^^ not found in this scope
[INFO] [stdout] 
[INFO] [stdout] 
[INFO] [stdout] error[E0425]: cannot find function, tuple struct or tuple variant `Second` in this scope
[INFO] [stdout]    --> /opt/rustwide/cargo-home/registry/src/index.crates.io-6f17d22bba15001f/glam-0.24.0/src/f32/coresimd/mat4.rs:648:49
[INFO] [stdout]     |
[INFO] [stdout] 648 |                 [First(2), First(2), Second(2), Second(2)]
[INFO] [stdout]     |                                                 ^^^^^^ not found in this scope
[INFO] [stdout] 
[INFO] [stdout] 
[INFO] [stdout] error[E0425]: cannot find function, tuple struct or tuple variant `First` in this scope
[INFO] [stdout]    --> /opt/rustwide/cargo-home/registry/src/index.crates.io-6f17d22bba15001f/glam-0.24.0/src/f32/coresimd/mat4.rs:654:18
[INFO] [stdout]     |
[INFO] [stdout] 654 |                 [First(2), First(2), Second(2), Second(2)]
[INFO] [stdout]     |                  ^^^^^ not found in this scope
[INFO] [stdout] 
[INFO] [stdout] 
[INFO] [stdout] error[E0425]: cannot find function, tuple struct or tuple variant `First` in this scope
[INFO] [stdout]    --> /opt/rustwide/cargo-home/registry/src/index.crates.io-6f17d22bba15001f/glam-0.24.0/src/f32/coresimd/mat4.rs:654:28
[INFO] [stdout]     |
[INFO] [stdout] 654 |                 [First(2), First(2), Second(2), Second(2)]
[INFO] [stdout]     |                            ^^^^^ not found in this scope
[INFO] [stdout] 
[INFO] [stdout] 
[INFO] [stdout] error[E0425]: cannot find function, tuple struct or tuple variant `Second` in this scope
[INFO] [stdout]    --> /opt/rustwide/cargo-home/registry/src/index.crates.io-6f17d22bba15001f/glam-0.24.0/src/f32/coresimd/mat4.rs:654:38
[INFO] [stdout]     |
[INFO] [stdout] 654 |                 [First(2), First(2), Second(2), Second(2)]
[INFO] [stdout]     |                                      ^^^^^^ not found in this scope
[INFO] [stdout] 
[INFO] [stdout] 
[INFO] [stdout] error[E0425]: cannot find function, tuple struct or tuple variant `Second` in this scope
[INFO] [stdout]    --> /opt/rustwide/cargo-home/registry/src/index.crates.io-6f17d22bba15001f/glam-0.24.0/src/f32/coresimd/mat4.rs:654:49
[INFO] [stdout]     |
[INFO] [stdout] 654 |                 [First(2), First(2), Second(2), Second(2)]
[INFO] [stdout]     |                                                 ^^^^^^ not found in this scope
[INFO] [stdout] 
[INFO] [stdout] 
[INFO] [stdout] error[E0425]: cannot find function, tuple struct or tuple variant `First` in this scope
[INFO] [stdout]    --> /opt/rustwide/cargo-home/registry/src/index.crates.io-6f17d22bba15001f/glam-0.24.0/src/f32/coresimd/mat4.rs:661:18
[INFO] [stdout]     |
[INFO] [stdout] 661 |                 [First(3), First(3), Second(3), Second(3)]
[INFO] [stdout]     |                  ^^^^^ not found in this scope
[INFO] [stdout] 
[INFO] [stdout] 
[INFO] [stdout] error[E0425]: cannot find function, tuple struct or tuple variant `First` in this scope
[INFO] [stdout]    --> /opt/rustwide/cargo-home/registry/src/index.crates.io-6f17d22bba15001f/glam-0.24.0/src/f32/coresimd/mat4.rs:661:28
[INFO] [stdout]     |
[INFO] [stdout] 661 |                 [First(3), First(3), Second(3), Second(3)]
[INFO] [stdout]     |                            ^^^^^ not found in this scope
[INFO] [stdout] 
[INFO] [stdout] 
[INFO] [stdout] error[E0425]: cannot find function, tuple struct or tuple variant `Second` in this scope
[INFO] [stdout]    --> /opt/rustwide/cargo-home/registry/src/index.crates.io-6f17d22bba15001f/glam-0.24.0/src/f32/coresimd/mat4.rs:661:38
[INFO] [stdout]     |
[INFO] [stdout] 661 |                 [First(3), First(3), Second(3), Second(3)]
[INFO] [stdout]     |                                      ^^^^^^ not found in this scope
[INFO] [stdout] 
[INFO] [stdout] 
[INFO] [stdout] error[E0425]: cannot find function, tuple struct or tuple variant `Second` in this scope
[INFO] [stdout]    --> /opt/rustwide/cargo-home/registry/src/index.crates.io-6f17d22bba15001f/glam-0.24.0/src/f32/coresimd/mat4.rs:661:49
[INFO] [stdout]     |
[INFO] [stdout] 661 |                 [First(3), First(3), Second(3), Second(3)]
[INFO] [stdout]     |                                                 ^^^^^^ not found in this scope
[INFO] [stdout] 
[INFO] [stdout] 
[INFO] [stdout] error[E0425]: cannot find function, tuple struct or tuple variant `First` in this scope
[INFO] [stdout]    --> /opt/rustwide/cargo-home/registry/src/index.crates.io-6f17d22bba15001f/glam-0.24.0/src/f32/coresimd/mat4.rs:672:18
[INFO] [stdout]     |
[INFO] [stdout] 672 |                 [First(3), First(3), Second(3), Second(3)]
[INFO] [stdout]     |                  ^^^^^ not found in this scope
[INFO] [stdout] 
[INFO] [stdout] 
[INFO] [stdout] error[E0425]: cannot find function, tuple struct or tuple variant `First` in this scope
[INFO] [stdout]    --> /opt/rustwide/cargo-home/registry/src/index.crates.io-6f17d22bba15001f/glam-0.24.0/src/f32/coresimd/mat4.rs:672:28
[INFO] [stdout]     |
[INFO] [stdout] 672 |                 [First(3), First(3), Second(3), Second(3)]
[INFO] [stdout]     |                            ^^^^^ not found in this scope
[INFO] [stdout] 
[INFO] [stdout] 
[INFO] [stdout] error[E0425]: cannot find function, tuple struct or tuple variant `Second` in this scope
[INFO] [stdout]    --> /opt/rustwide/cargo-home/registry/src/index.crates.io-6f17d22bba15001f/glam-0.24.0/src/f32/coresimd/mat4.rs:672:38
[INFO] [stdout]     |
[INFO] [stdout] 672 |                 [First(3), First(3), Second(3), Second(3)]
[INFO] [stdout]     |                                      ^^^^^^ not found in this scope
[INFO] [stdout] 
[INFO] [stdout] 
[INFO] [stdout] error[E0425]: cannot find function, tuple struct or tuple variant `Second` in this scope
[INFO] [stdout]    --> /opt/rustwide/cargo-home/registry/src/index.crates.io-6f17d22bba15001f/glam-0.24.0/src/f32/coresimd/mat4.rs:672:49
[INFO] [stdout]     |
[INFO] [stdout] 672 |                 [First(3), First(3), Second(3), Second(3)]
[INFO] [stdout]     |                                                 ^^^^^^ not found in this scope
[INFO] [stdout] 
[INFO] [stdout] 
[INFO] [stdout] error[E0425]: cannot find function, tuple struct or tuple variant `First` in this scope
[INFO] [stdout]    --> /opt/rustwide/cargo-home/registry/src/index.crates.io-6f17d22bba15001f/glam-0.24.0/src/f32/coresimd/mat4.rs:677:18
[INFO] [stdout]     |
[INFO] [stdout] 677 |                 [First(1), First(1), Second(1), Second(1)]
[INFO] [stdout]     |                  ^^^^^ not found in this scope
[INFO] [stdout] 
[INFO] [stdout] 
[INFO] [stdout] error[E0425]: cannot find function, tuple struct or tuple variant `First` in this scope
[INFO] [stdout]    --> /opt/rustwide/cargo-home/registry/src/index.crates.io-6f17d22bba15001f/glam-0.24.0/src/f32/coresimd/mat4.rs:677:28
[INFO] [stdout]     |
[INFO] [stdout] 677 |                 [First(1), First(1), Second(1), Second(1)]
[INFO] [stdout]     |                            ^^^^^ not found in this scope
[INFO] [stdout] 
[INFO] [stdout] 
[INFO] [stdout] error[E0425]: cannot find function, tuple struct or tuple variant `Second` in this scope
[INFO] [stdout]    --> /opt/rustwide/cargo-home/registry/src/index.crates.io-6f17d22bba15001f/glam-0.24.0/src/f32/coresimd/mat4.rs:677:38
[INFO] [stdout]     |
[INFO] [stdout] 677 |                 [First(1), First(1), Second(1), Second(1)]
[INFO] [stdout]     |                                      ^^^^^^ not found in this scope
[INFO] [stdout] 
[INFO] [stdout] 
[INFO] [stdout] error[E0425]: cannot find function, tuple struct or tuple variant `Second` in this scope
[INFO] [stdout]    --> /opt/rustwide/cargo-home/registry/src/index.crates.io-6f17d22bba15001f/glam-0.24.0/src/f32/coresimd/mat4.rs:677:49
[INFO] [stdout]     |
[INFO] [stdout] 677 |                 [First(1), First(1), Second(1), Second(1)]
[INFO] [stdout]     |                                                 ^^^^^^ not found in this scope
[INFO] [stdout] 
[INFO] [stdout] 
[INFO] [stdout] error[E0425]: cannot find function, tuple struct or tuple variant `First` in this scope
[INFO] [stdout]    --> /opt/rustwide/cargo-home/registry/src/index.crates.io-6f17d22bba15001f/glam-0.24.0/src/f32/coresimd/mat4.rs:683:18
[INFO] [stdout]     |
[INFO] [stdout] 683 |                 [First(1), First(1), Second(1), Second(1)]
[INFO] [stdout]     |                  ^^^^^ not found in this scope
[INFO] [stdout] 
[INFO] [stdout] 
[INFO] [stdout] error[E0425]: cannot find function, tuple struct or tuple variant `First` in this scope
[INFO] [stdout]    --> /opt/rustwide/cargo-home/registry/src/index.crates.io-6f17d22bba15001f/glam-0.24.0/src/f32/coresimd/mat4.rs:683:28
[INFO] [stdout]     |
[INFO] [stdout] 683 |                 [First(1), First(1), Second(1), Second(1)]
[INFO] [stdout]     |                            ^^^^^ not found in this scope
[INFO] [stdout] 
[INFO] [stdout] 
[INFO] [stdout] error[E0425]: cannot find function, tuple struct or tuple variant `Second` in this scope
[INFO] [stdout]    --> /opt/rustwide/cargo-home/registry/src/index.crates.io-6f17d22bba15001f/glam-0.24.0/src/f32/coresimd/mat4.rs:683:38
[INFO] [stdout]     |
[INFO] [stdout] 683 |                 [First(1), First(1), Second(1), Second(1)]
[INFO] [stdout]     |                                      ^^^^^^ not found in this scope
[INFO] [stdout] 
[INFO] [stdout] 
[INFO] [stdout] error[E0425]: cannot find function, tuple struct or tuple variant `Second` in this scope
[INFO] [stdout]    --> /opt/rustwide/cargo-home/registry/src/index.crates.io-6f17d22bba15001f/glam-0.24.0/src/f32/coresimd/mat4.rs:683:49
[INFO] [stdout]     |
[INFO] [stdout] 683 |                 [First(1), First(1), Second(1), Second(1)]
[INFO] [stdout]     |                                                 ^^^^^^ not found in this scope
[INFO] [stdout] 
[INFO] [stdout] 
[INFO] [stdout] error[E0425]: cannot find function, tuple struct or tuple variant `First` in this scope
[INFO] [stdout]    --> /opt/rustwide/cargo-home/registry/src/index.crates.io-6f17d22bba15001f/glam-0.24.0/src/f32/coresimd/mat4.rs:690:18
[INFO] [stdout]     |
[INFO] [stdout] 690 |                 [First(3), First(3), Second(3), Second(3)]
[INFO] [stdout]     |                  ^^^^^ not found in this scope
[INFO] [stdout] 
[INFO] [stdout] 
[INFO] [stdout] error[E0425]: cannot find function, tuple struct or tuple variant `First` in this scope
[INFO] [stdout]    --> /opt/rustwide/cargo-home/registry/src/index.crates.io-6f17d22bba15001f/glam-0.24.0/src/f32/coresimd/mat4.rs:690:28
[INFO] [stdout]     |
[INFO] [stdout] 690 |                 [First(3), First(3), Second(3), Second(3)]
[INFO] [stdout]     |                            ^^^^^ not found in this scope
[INFO] [stdout] 
[INFO] [stdout] 
[INFO] [stdout] error[E0425]: cannot find function, tuple struct or tuple variant `Second` in this scope
[INFO] [stdout]    --> /opt/rustwide/cargo-home/registry/src/index.crates.io-6f17d22bba15001f/glam-0.24.0/src/f32/coresimd/mat4.rs:690:38
[INFO] [stdout]     |
[INFO] [stdout] 690 |                 [First(3), First(3), Second(3), Second(3)]
[INFO] [stdout]     |                                      ^^^^^^ not found in this scope
[INFO] [stdout] 
[INFO] [stdout] 
[INFO] [stdout] error[E0425]: cannot find function, tuple struct or tuple variant `Second` in this scope
[INFO] [stdout]    --> /opt/rustwide/cargo-home/registry/src/index.crates.io-6f17d22bba15001f/glam-0.24.0/src/f32/coresimd/mat4.rs:690:49
[INFO] [stdout]     |
[INFO] [stdout] 690 |                 [First(3), First(3), Second(3), Second(3)]
[INFO] [stdout]     |                                                 ^^^^^^ not found in this scope
[INFO] [stdout] 
[INFO] [stdout] 
[INFO] [stdout] error[E0425]: cannot find function, tuple struct or tuple variant `First` in this scope
[INFO] [stdout]    --> /opt/rustwide/cargo-home/registry/src/index.crates.io-6f17d22bba15001f/glam-0.24.0/src/f32/coresimd/mat4.rs:701:18
[INFO] [stdout]     |
[INFO] [stdout] 701 |                 [First(2), First(2), Second(2), Second(2)]
[INFO] [stdout]     |                  ^^^^^ not found in this scope
[INFO] [stdout] 
[INFO] [stdout] 
[INFO] [stdout] error[E0425]: cannot find function, tuple struct or tuple variant `First` in this scope
[INFO] [stdout]    --> /opt/rustwide/cargo-home/registry/src/index.crates.io-6f17d22bba15001f/glam-0.24.0/src/f32/coresimd/mat4.rs:701:28
[INFO] [stdout]     |
[INFO] [stdout] 701 |                 [First(2), First(2), Second(2), Second(2)]
[INFO] [stdout]     |                            ^^^^^ not found in this scope
[INFO] [stdout] 
[INFO] [stdout] 
[INFO] [stdout] error[E0425]: cannot find function, tuple struct or tuple variant `Second` in this scope
[INFO] [stdout]    --> /opt/rustwide/cargo-home/registry/src/index.crates.io-6f17d22bba15001f/glam-0.24.0/src/f32/coresimd/mat4.rs:701:38
[INFO] [stdout]     |
[INFO] [stdout] 701 |                 [First(2), First(2), Second(2), Second(2)]
[INFO] [stdout]     |                                      ^^^^^^ not found in this scope
[INFO] [stdout] 
[INFO] [stdout] 
[INFO] [stdout] error[E0425]: cannot find function, tuple struct or tuple variant `Second` in this scope
[INFO] [stdout]    --> /opt/rustwide/cargo-home/registry/src/index.crates.io-6f17d22bba15001f/glam-0.24.0/src/f32/coresimd/mat4.rs:701:49
[INFO] [stdout]     |
[INFO] [stdout] 701 |                 [First(2), First(2), Second(2), Second(2)]
[INFO] [stdout]     |                                                 ^^^^^^ not found in this scope
[INFO] [stdout] 
[INFO] [stdout] 
[INFO] [stdout] error[E0425]: cannot find function, tuple struct or tuple variant `First` in this scope
[INFO] [stdout]    --> /opt/rustwide/cargo-home/registry/src/index.crates.io-6f17d22bba15001f/glam-0.24.0/src/f32/coresimd/mat4.rs:706:18
[INFO] [stdout]     |
[INFO] [stdout] 706 |                 [First(1), First(1), Second(1), Second(1)]
[INFO] [stdout]     |                  ^^^^^ not found in this scope
[INFO] [stdout] 
[INFO] [stdout] 
[INFO] [stdout] error[E0425]: cannot find function, tuple struct or tuple variant `First` in this scope
[INFO] [stdout]    --> /opt/rustwide/cargo-home/registry/src/index.crates.io-6f17d22bba15001f/glam-0.24.0/src/f32/coresimd/mat4.rs:706:28
[INFO] [stdout]     |
[INFO] [stdout] 706 |                 [First(1), First(1), Second(1), Second(1)]
[INFO] [stdout]     |                            ^^^^^ not found in this scope
[INFO] [stdout] 
[INFO] [stdout] 
[INFO] [stdout] error[E0425]: cannot find function, tuple struct or tuple variant `Second` in this scope
[INFO] [stdout]    --> /opt/rustwide/cargo-home/registry/src/index.crates.io-6f17d22bba15001f/glam-0.24.0/src/f32/coresimd/mat4.rs:706:38
[INFO] [stdout]     |
[INFO] [stdout] 706 |                 [First(1), First(1), Second(1), Second(1)]
[INFO] [stdout]     |                                      ^^^^^^ not found in this scope
[INFO] [stdout] 
[INFO] [stdout] 
[INFO] [stdout] error[E0425]: cannot find function, tuple struct or tuple variant `Second` in this scope
[INFO] [stdout]    --> /opt/rustwide/cargo-home/registry/src/index.crates.io-6f17d22bba15001f/glam-0.24.0/src/f32/coresimd/mat4.rs:706:49
[INFO] [stdout]     |
[INFO] [stdout] 706 |                 [First(1), First(1), Second(1), Second(1)]
[INFO] [stdout]     |                                                 ^^^^^^ not found in this scope
[INFO] [stdout] 
[INFO] [stdout] 
[INFO] [stdout] error[E0425]: cannot find function, tuple struct or tuple variant `First` in this scope
[INFO] [stdout]    --> /opt/rustwide/cargo-home/registry/src/index.crates.io-6f17d22bba15001f/glam-0.24.0/src/f32/coresimd/mat4.rs:712:18
[INFO] [stdout]     |
[INFO] [stdout] 712 |                 [First(1), First(1), Second(1), Second(1)]
[INFO] [stdout]     |                  ^^^^^ not found in this scope
[INFO] [stdout] 
[INFO] [stdout] 
[INFO] [stdout] error[E0425]: cannot find function, tuple struct or tuple variant `First` in this scope
[INFO] [stdout]    --> /opt/rustwide/cargo-home/registry/src/index.crates.io-6f17d22bba15001f/glam-0.24.0/src/f32/coresimd/mat4.rs:712:28
[INFO] [stdout]     |
[INFO] [stdout] 712 |                 [First(1), First(1), Second(1), Second(1)]
[INFO] [stdout]     |                            ^^^^^ not found in this scope
[INFO] [stdout] 
[INFO] [stdout] 
[INFO] [stdout] error[E0425]: cannot find function, tuple struct or tuple variant `Second` in this scope
[INFO] [stdout]    --> /opt/rustwide/cargo-home/registry/src/index.crates.io-6f17d22bba15001f/glam-0.24.0/src/f32/coresimd/mat4.rs:712:38
[INFO] [stdout]     |
[INFO] [stdout] 712 |                 [First(1), First(1), Second(1), Second(1)]
[INFO] [stdout]     |                                      ^^^^^^ not found in this scope
[INFO] [stdout] 
[INFO] [stdout] 
[INFO] [stdout] error[E0425]: cannot find function, tuple struct or tuple variant `Second` in this scope
[INFO] [stdout]    --> /opt/rustwide/cargo-home/registry/src/index.crates.io-6f17d22bba15001f/glam-0.24.0/src/f32/coresimd/mat4.rs:712:49
[INFO] [stdout]     |
[INFO] [stdout] 712 |                 [First(1), First(1), Second(1), Second(1)]
[INFO] [stdout]     |                                                 ^^^^^^ not found in this scope
[INFO] [stdout] 
[INFO] [stdout] 
[INFO] [stdout] error[E0425]: cannot find function, tuple struct or tuple variant `First` in this scope
[INFO] [stdout]    --> /opt/rustwide/cargo-home/registry/src/index.crates.io-6f17d22bba15001f/glam-0.24.0/src/f32/coresimd/mat4.rs:719:18
[INFO] [stdout]     |
[INFO] [stdout] 719 |                 [First(2), First(2), Second(2), Second(2)]
[INFO] [stdout]     |                  ^^^^^ not found in this scope
[INFO] [stdout] 
[INFO] [stdout] 
[INFO] [stdout] error[E0425]: cannot find function, tuple struct or tuple variant `First` in this scope
[INFO] [stdout]    --> /opt/rustwide/cargo-home/registry/src/index.crates.io-6f17d22bba15001f/glam-0.24.0/src/f32/coresimd/mat4.rs:719:28
[INFO] [stdout]     |
[INFO] [stdout] 719 |                 [First(2), First(2), Second(2), Second(2)]
[INFO] [stdout]     |                            ^^^^^ not found in this scope
[INFO] [stdout] 
[INFO] [stdout] 
[INFO] [stdout] error[E0425]: cannot find function, tuple struct or tuple variant `Second` in this scope
[INFO] [stdout]    --> /opt/rustwide/cargo-home/registry/src/index.crates.io-6f17d22bba15001f/glam-0.24.0/src/f32/coresimd/mat4.rs:719:38
[INFO] [stdout]     |
[INFO] [stdout] 719 |                 [First(2), First(2), Second(2), Second(2)]
[INFO] [stdout]     |                                      ^^^^^^ not found in this scope
[INFO] [stdout] 
[INFO] [stdout] 
[INFO] [stdout] error[E0425]: cannot find function, tuple struct or tuple variant `Second` in this scope
[INFO] [stdout]    --> /opt/rustwide/cargo-home/registry/src/index.crates.io-6f17d22bba15001f/glam-0.24.0/src/f32/coresimd/mat4.rs:719:49
[INFO] [stdout]     |
[INFO] [stdout] 719 |                 [First(2), First(2), Second(2), Second(2)]
[INFO] [stdout]     |                                                 ^^^^^^ not found in this scope
[INFO] [stdout] 
[INFO] [stdout] 
[INFO] [stdout] error[E0425]: cannot find function, tuple struct or tuple variant `First` in this scope
[INFO] [stdout]    --> /opt/rustwide/cargo-home/registry/src/index.crates.io-6f17d22bba15001f/glam-0.24.0/src/f32/coresimd/mat4.rs:730:18
[INFO] [stdout]     |
[INFO] [stdout] 730 |                 [First(3), First(3), Second(3), Second(3)]
[INFO] [stdout]     |                  ^^^^^ not found in this scope
[INFO] [stdout] 
[INFO] [stdout] 
[INFO] [stdout] error[E0425]: cannot find function, tuple struct or tuple variant `First` in this scope
[INFO] [stdout]    --> /opt/rustwide/cargo-home/registry/src/index.crates.io-6f17d22bba15001f/glam-0.24.0/src/f32/coresimd/mat4.rs:730:28
[INFO] [stdout]     |
[INFO] [stdout] 730 |                 [First(3), First(3), Second(3), Second(3)]
[INFO] [stdout]     |                            ^^^^^ not found in this scope
[INFO] [stdout] 
[INFO] [stdout] 
[INFO] [stdout] error[E0425]: cannot find function, tuple struct or tuple variant `Second` in this scope
[INFO] [stdout]    --> /opt/rustwide/cargo-home/registry/src/index.crates.io-6f17d22bba15001f/glam-0.24.0/src/f32/coresimd/mat4.rs:730:38
[INFO] [stdout]     |
[INFO] [stdout] 730 |                 [First(3), First(3), Second(3), Second(3)]
[INFO] [stdout]     |                                      ^^^^^^ not found in this scope
[INFO] [stdout] 
[INFO] [stdout] 
[INFO] [stdout] error[E0425]: cannot find function, tuple struct or tuple variant `Second` in this scope
[INFO] [stdout]    --> /opt/rustwide/cargo-home/registry/src/index.crates.io-6f17d22bba15001f/glam-0.24.0/src/f32/coresimd/mat4.rs:730:49
[INFO] [stdout]     |
[INFO] [stdout] 730 |                 [First(3), First(3), Second(3), Second(3)]
[INFO] [stdout]     |                                                 ^^^^^^ not found in this scope
[INFO] [stdout] 
[INFO] [stdout] 
[INFO] [stdout] error[E0425]: cannot find function, tuple struct or tuple variant `First` in this scope
[INFO] [stdout]    --> /opt/rustwide/cargo-home/registry/src/index.crates.io-6f17d22bba15001f/glam-0.24.0/src/f32/coresimd/mat4.rs:735:18
[INFO] [stdout]     |
[INFO] [stdout] 735 |                 [First(0), First(0), Second(0), Second(0)]
[INFO] [stdout]     |                  ^^^^^ not found in this scope
[INFO] [stdout] 
[INFO] [stdout] 
[INFO] [stdout] error[E0425]: cannot find function, tuple struct or tuple variant `First` in this scope
[INFO] [stdout]    --> /opt/rustwide/cargo-home/registry/src/index.crates.io-6f17d22bba15001f/glam-0.24.0/src/f32/coresimd/mat4.rs:735:28
[INFO] [stdout]     |
[INFO] [stdout] 735 |                 [First(0), First(0), Second(0), Second(0)]
[INFO] [stdout]     |                            ^^^^^ not found in this scope
[INFO] [stdout] 
[INFO] [stdout] 
[INFO] [stdout] error[E0425]: cannot find function, tuple struct or tuple variant `Second` in this scope
[INFO] [stdout]    --> /opt/rustwide/cargo-home/registry/src/index.crates.io-6f17d22bba15001f/glam-0.24.0/src/f32/coresimd/mat4.rs:735:38
[INFO] [stdout]     |
[INFO] [stdout] 735 |                 [First(0), First(0), Second(0), Second(0)]
[INFO] [stdout]     |                                      ^^^^^^ not found in this scope
[INFO] [stdout] 
[INFO] [stdout] 
[INFO] [stdout] error[E0425]: cannot find function, tuple struct or tuple variant `Second` in this scope
[INFO] [stdout]    --> /opt/rustwide/cargo-home/registry/src/index.crates.io-6f17d22bba15001f/glam-0.24.0/src/f32/coresimd/mat4.rs:735:49
[INFO] [stdout]     |
[INFO] [stdout] 735 |                 [First(0), First(0), Second(0), Second(0)]
[INFO] [stdout]     |                                                 ^^^^^^ not found in this scope
[INFO] [stdout] 
[INFO] [stdout] 
[INFO] [stdout] error[E0425]: cannot find function, tuple struct or tuple variant `First` in this scope
[INFO] [stdout]    --> /opt/rustwide/cargo-home/registry/src/index.crates.io-6f17d22bba15001f/glam-0.24.0/src/f32/coresimd/mat4.rs:741:18
[INFO] [stdout]     |
[INFO] [stdout] 741 |                 [First(0), First(0), Second(0), Second(0)]
[INFO] [stdout]     |                  ^^^^^ not found in this scope
[INFO] [stdout] 
[INFO] [stdout] 
[INFO] [stdout] error[E0425]: cannot find function, tuple struct or tuple variant `First` in this scope
[INFO] [stdout]    --> /opt/rustwide/cargo-home/registry/src/index.crates.io-6f17d22bba15001f/glam-0.24.0/src/f32/coresimd/mat4.rs:741:28
[INFO] [stdout]     |
[INFO] [stdout] 741 |                 [First(0), First(0), Second(0), Second(0)]
[INFO] [stdout]     |                            ^^^^^ not found in this scope
[INFO] [stdout] 
[INFO] [stdout] 
[INFO] [stdout] error[E0425]: cannot find function, tuple struct or tuple variant `Second` in this scope
[INFO] [stdout]    --> /opt/rustwide/cargo-home/registry/src/index.crates.io-6f17d22bba15001f/glam-0.24.0/src/f32/coresimd/mat4.rs:741:38
[INFO] [stdout]     |
[INFO] [stdout] 741 |                 [First(0), First(0), Second(0), Second(0)]
[INFO] [stdout]     |                                      ^^^^^^ not found in this scope
[INFO] [stdout] 
[INFO] [stdout] 
[INFO] [stdout] error[E0425]: cannot find function, tuple struct or tuple variant `Second` in this scope
[INFO] [stdout]    --> /opt/rustwide/cargo-home/registry/src/index.crates.io-6f17d22bba15001f/glam-0.24.0/src/f32/coresimd/mat4.rs:741:49
[INFO] [stdout]     |
[INFO] [stdout] 741 |                 [First(0), First(0), Second(0), Second(0)]
[INFO] [stdout]     |                                                 ^^^^^^ not found in this scope
[INFO] [stdout] 
[INFO] [stdout] 
[INFO] [stdout] error[E0425]: cannot find function, tuple struct or tuple variant `First` in this scope
[INFO] [stdout]    --> /opt/rustwide/cargo-home/registry/src/index.crates.io-6f17d22bba15001f/glam-0.24.0/src/f32/coresimd/mat4.rs:748:18
[INFO] [stdout]     |
[INFO] [stdout] 748 |                 [First(3), First(3), Second(3), Second(3)]
[INFO] [stdout]     |                  ^^^^^ not found in this scope
[INFO] [stdout] 
[INFO] [stdout] 
[INFO] [stdout] error[E0425]: cannot find function, tuple struct or tuple variant `First` in this scope
[INFO] [stdout]    --> /opt/rustwide/cargo-home/registry/src/index.crates.io-6f17d22bba15001f/glam-0.24.0/src/f32/coresimd/mat4.rs:748:28
[INFO] [stdout]     |
[INFO] [stdout] 748 |                 [First(3), First(3), Second(3), Second(3)]
[INFO] [stdout]     |                            ^^^^^ not found in this scope
[INFO] [stdout] 
[INFO] [stdout] 
[INFO] [stdout] error[E0425]: cannot find function, tuple struct or tuple variant `Second` in this scope
[INFO] [stdout]    --> /opt/rustwide/cargo-home/registry/src/index.crates.io-6f17d22bba15001f/glam-0.24.0/src/f32/coresimd/mat4.rs:748:38
[INFO] [stdout]     |
[INFO] [stdout] 748 |                 [First(3), First(3), Second(3), Second(3)]
[INFO] [stdout]     |                                      ^^^^^^ not found in this scope
[INFO] [stdout] 
[INFO] [stdout] 
[INFO] [stdout] error[E0425]: cannot find function, tuple struct or tuple variant `Second` in this scope
[INFO] [stdout]    --> /opt/rustwide/cargo-home/registry/src/index.crates.io-6f17d22bba15001f/glam-0.24.0/src/f32/coresimd/mat4.rs:748:49
[INFO] [stdout]     |
[INFO] [stdout] 748 |                 [First(3), First(3), Second(3), Second(3)]
[INFO] [stdout]     |                                                 ^^^^^^ not found in this scope
[INFO] [stdout] 
[INFO] [stdout] 
[INFO] [stdout] error[E0425]: cannot find function, tuple struct or tuple variant `First` in this scope
[INFO] [stdout]    --> /opt/rustwide/cargo-home/registry/src/index.crates.io-6f17d22bba15001f/glam-0.24.0/src/f32/coresimd/mat4.rs:759:18
[INFO] [stdout]     |
[INFO] [stdout] 759 |                 [First(2), First(2), Second(2), Second(2)]
[INFO] [stdout]     |                  ^^^^^ not found in this scope
[INFO] [stdout] 
[INFO] [stdout] 
[INFO] [stdout] error[E0425]: cannot find function, tuple struct or tuple variant `First` in this scope
[INFO] [stdout]    --> /opt/rustwide/cargo-home/registry/src/index.crates.io-6f17d22bba15001f/glam-0.24.0/src/f32/coresimd/mat4.rs:759:28
[INFO] [stdout]     |
[INFO] [stdout] 759 |                 [First(2), First(2), Second(2), Second(2)]
[INFO] [stdout]     |                            ^^^^^ not found in this scope
[INFO] [stdout] 
[INFO] [stdout] 
[INFO] [stdout] error[E0425]: cannot find function, tuple struct or tuple variant `Second` in this scope
[INFO] [stdout]    --> /opt/rustwide/cargo-home/registry/src/index.crates.io-6f17d22bba15001f/glam-0.24.0/src/f32/coresimd/mat4.rs:759:38
[INFO] [stdout]     |
[INFO] [stdout] 759 |                 [First(2), First(2), Second(2), Second(2)]
[INFO] [stdout]     |                                      ^^^^^^ not found in this scope
[INFO] [stdout] 
[INFO] [stdout] 
[INFO] [stdout] error[E0425]: cannot find function, tuple struct or tuple variant `Second` in this scope
[INFO] [stdout]    --> /opt/rustwide/cargo-home/registry/src/index.crates.io-6f17d22bba15001f/glam-0.24.0/src/f32/coresimd/mat4.rs:759:49
[INFO] [stdout]     |
[INFO] [stdout] 759 |                 [First(2), First(2), Second(2), Second(2)]
[INFO] [stdout]     |                                                 ^^^^^^ not found in this scope
[INFO] [stdout] 
[INFO] [stdout] 
[INFO] [stdout] error[E0425]: cannot find function, tuple struct or tuple variant `First` in this scope
[INFO] [stdout]    --> /opt/rustwide/cargo-home/registry/src/index.crates.io-6f17d22bba15001f/glam-0.24.0/src/f32/coresimd/mat4.rs:764:18
[INFO] [stdout]     |
[INFO] [stdout] 764 |                 [First(0), First(0), Second(0), Second(0)]
[INFO] [stdout]     |                  ^^^^^ not found in this scope
[INFO] [stdout] 
[INFO] [stdout] 
[INFO] [stdout] error[E0425]: cannot find function, tuple struct or tuple variant `First` in this scope
[INFO] [stdout]    --> /opt/rustwide/cargo-home/registry/src/index.crates.io-6f17d22bba15001f/glam-0.24.0/src/f32/coresimd/mat4.rs:764:28
[INFO] [stdout]     |
[INFO] [stdout] 764 |                 [First(0), First(0), Second(0), Second(0)]
[INFO] [stdout]     |                            ^^^^^ not found in this scope
[INFO] [stdout] 
[INFO] [stdout] 
[INFO] [stdout] error[E0425]: cannot find function, tuple struct or tuple variant `Second` in this scope
[INFO] [stdout]    --> /opt/rustwide/cargo-home/registry/src/index.crates.io-6f17d22bba15001f/glam-0.24.0/src/f32/coresimd/mat4.rs:764:38
[INFO] [stdout]     |
[INFO] [stdout] 764 |                 [First(0), First(0), Second(0), Second(0)]
[INFO] [stdout]     |                                      ^^^^^^ not found in this scope
[INFO] [stdout] 
[INFO] [stdout] 
[INFO] [stdout] error[E0425]: cannot find function, tuple struct or tuple variant `Second` in this scope
[INFO] [stdout]    --> /opt/rustwide/cargo-home/registry/src/index.crates.io-6f17d22bba15001f/glam-0.24.0/src/f32/coresimd/mat4.rs:764:49
[INFO] [stdout]     |
[INFO] [stdout] 764 |                 [First(0), First(0), Second(0), Second(0)]
[INFO] [stdout]     |                                                 ^^^^^^ not found in this scope
[INFO] [stdout] 
[INFO] [stdout] 
[INFO] [stdout] error[E0425]: cannot find function, tuple struct or tuple variant `First` in this scope
[INFO] [stdout]    --> /opt/rustwide/cargo-home/registry/src/index.crates.io-6f17d22bba15001f/glam-0.24.0/src/f32/coresimd/mat4.rs:770:18
[INFO] [stdout]     |
[INFO] [stdout] 770 |                 [First(0), First(0), Second(0), Second(0)]
[INFO] [stdout]     |                  ^^^^^ not found in this scope
[INFO] [stdout] 
[INFO] [stdout] 
[INFO] [stdout] error[E0425]: cannot find function, tuple struct or tuple variant `First` in this scope
[INFO] [stdout]    --> /opt/rustwide/cargo-home/registry/src/index.crates.io-6f17d22bba15001f/glam-0.24.0/src/f32/coresimd/mat4.rs:770:28
[INFO] [stdout]     |
[INFO] [stdout] 770 |                 [First(0), First(0), Second(0), Second(0)]
[INFO] [stdout]     |                            ^^^^^ not found in this scope
[INFO] [stdout] 
[INFO] [stdout] 
[INFO] [stdout] error[E0425]: cannot find function, tuple struct or tuple variant `Second` in this scope
[INFO] [stdout]    --> /opt/rustwide/cargo-home/registry/src/index.crates.io-6f17d22bba15001f/glam-0.24.0/src/f32/coresimd/mat4.rs:770:38
[INFO] [stdout]     |
[INFO] [stdout] 770 |                 [First(0), First(0), Second(0), Second(0)]
[INFO] [stdout]     |                                      ^^^^^^ not found in this scope
[INFO] [stdout] 
[INFO] [stdout] 
[INFO] [stdout] error[E0425]: cannot find function, tuple struct or tuple variant `Second` in this scope
[INFO] [stdout]    --> /opt/rustwide/cargo-home/registry/src/index.crates.io-6f17d22bba15001f/glam-0.24.0/src/f32/coresimd/mat4.rs:770:49
[INFO] [stdout]     |
[INFO] [stdout] 770 |                 [First(0), First(0), Second(0), Second(0)]
[INFO] [stdout]     |                                                 ^^^^^^ not found in this scope
[INFO] [stdout] 
[INFO] [stdout] 
[INFO] [stdout] error[E0425]: cannot find function, tuple struct or tuple variant `First` in this scope
[INFO] [stdout]    --> /opt/rustwide/cargo-home/registry/src/index.crates.io-6f17d22bba15001f/glam-0.24.0/src/f32/coresimd/mat4.rs:777:18
[INFO] [stdout]     |
[INFO] [stdout] 777 |                 [First(2), First(2), Second(2), Second(2)]
[INFO] [stdout]     |                  ^^^^^ not found in this scope
[INFO] [stdout] 
[INFO] [stdout] 
[INFO] [stdout] error[E0425]: cannot find function, tuple struct or tuple variant `First` in this scope
[INFO] [stdout]    --> /opt/rustwide/cargo-home/registry/src/index.crates.io-6f17d22bba15001f/glam-0.24.0/src/f32/coresimd/mat4.rs:777:28
[INFO] [stdout]     |
[INFO] [stdout] 777 |                 [First(2), First(2), Second(2), Second(2)]
[INFO] [stdout]     |                            ^^^^^ not found in this scope
[INFO] [stdout] 
[INFO] [stdout] 
[INFO] [stdout] error[E0425]: cannot find function, tuple struct or tuple variant `Second` in this scope
[INFO] [stdout]    --> /opt/rustwide/cargo-home/registry/src/index.crates.io-6f17d22bba15001f/glam-0.24.0/src/f32/coresimd/mat4.rs:777:38
[INFO] [stdout]     |
[INFO] [stdout] 777 |                 [First(2), First(2), Second(2), Second(2)]
[INFO] [stdout]     |                                      ^^^^^^ not found in this scope
[INFO] [stdout] 
[INFO] [stdout] 
[INFO] [stdout] error[E0425]: cannot find function, tuple struct or tuple variant `Second` in this scope
[INFO] [stdout]    --> /opt/rustwide/cargo-home/registry/src/index.crates.io-6f17d22bba15001f/glam-0.24.0/src/f32/coresimd/mat4.rs:777:49
[INFO] [stdout]     |
[INFO] [stdout] 777 |                 [First(2), First(2), Second(2), Second(2)]
[INFO] [stdout]     |                                                 ^^^^^^ not found in this scope
[INFO] [stdout] 
[INFO] [stdout] 
[INFO] [stdout] error[E0425]: cannot find function, tuple struct or tuple variant `First` in this scope
[INFO] [stdout]    --> /opt/rustwide/cargo-home/registry/src/index.crates.io-6f17d22bba15001f/glam-0.24.0/src/f32/coresimd/mat4.rs:788:18
[INFO] [stdout]     |
[INFO] [stdout] 788 |                 [First(1), First(1), Second(1), Second(1)]
[INFO] [stdout]     |                  ^^^^^ not found in this scope
[INFO] [stdout] 
[INFO] [stdout] 
[INFO] [stdout] error[E0425]: cannot find function, tuple struct or tuple variant `First` in this scope
[INFO] [stdout]    --> /opt/rustwide/cargo-home/registry/src/index.crates.io-6f17d22bba15001f/glam-0.24.0/src/f32/coresimd/mat4.rs:788:28
[INFO] [stdout]     |
[INFO] [stdout] 788 |                 [First(1), First(1), Second(1), Second(1)]
[INFO] [stdout]     |                            ^^^^^ not found in this scope
[INFO] [stdout] 
[INFO] [stdout] 
[INFO] [stdout] error[E0425]: cannot find function, tuple struct or tuple variant `Second` in this scope
[INFO] [stdout]    --> /opt/rustwide/cargo-home/registry/src/index.crates.io-6f17d22bba15001f/glam-0.24.0/src/f32/coresimd/mat4.rs:788:38
[INFO] [stdout]     |
[INFO] [stdout] 788 |                 [First(1), First(1), Second(1), Second(1)]
[INFO] [stdout]     |                                      ^^^^^^ not found in this scope
[INFO] [stdout] 
[INFO] [stdout] 
[INFO] [stdout] error[E0425]: cannot find function, tuple struct or tuple variant `Second` in this scope
[INFO] [stdout]    --> /opt/rustwide/cargo-home/registry/src/index.crates.io-6f17d22bba15001f/glam-0.24.0/src/f32/coresimd/mat4.rs:788:49
[INFO] [stdout]     |
[INFO] [stdout] 788 |                 [First(1), First(1), Second(1), Second(1)]
[INFO] [stdout]     |                                                 ^^^^^^ not found in this scope
[INFO] [stdout] 
[INFO] [stdout] 
[INFO] [stdout] error[E0425]: cannot find function, tuple struct or tuple variant `First` in this scope
[INFO] [stdout]    --> /opt/rustwide/cargo-home/registry/src/index.crates.io-6f17d22bba15001f/glam-0.24.0/src/f32/coresimd/mat4.rs:793:18
[INFO] [stdout]     |
[INFO] [stdout] 793 |                 [First(0), First(0), Second(0), Second(0)]
[INFO] [stdout]     |                  ^^^^^ not found in this scope
[INFO] [stdout] 
[INFO] [stdout] 
[INFO] [stdout] error[E0425]: cannot find function, tuple struct or tuple variant `First` in this scope
[INFO] [stdout]    --> /opt/rustwide/cargo-home/registry/src/index.crates.io-6f17d22bba15001f/glam-0.24.0/src/f32/coresimd/mat4.rs:793:28
[INFO] [stdout]     |
[INFO] [stdout] 793 |                 [First(0), First(0), Second(0), Second(0)]
[INFO] [stdout]     |                            ^^^^^ not found in this scope
[INFO] [stdout] 
[INFO] [stdout] 
[INFO] [stdout] error[E0425]: cannot find function, tuple struct or tuple variant `Second` in this scope
[INFO] [stdout]    --> /opt/rustwide/cargo-home/registry/src/index.crates.io-6f17d22bba15001f/glam-0.24.0/src/f32/coresimd/mat4.rs:793:38
[INFO] [stdout]     |
[INFO] [stdout] 793 |                 [First(0), First(0), Second(0), Second(0)]
[INFO] [stdout]     |                                      ^^^^^^ not found in this scope
[INFO] [stdout] 
[INFO] [stdout] 
[INFO] [stdout] error[E0425]: cannot find function, tuple struct or tuple variant `Second` in this scope
[INFO] [stdout]    --> /opt/rustwide/cargo-home/registry/src/index.crates.io-6f17d22bba15001f/glam-0.24.0/src/f32/coresimd/mat4.rs:793:49
[INFO] [stdout]     |
[INFO] [stdout] 793 |                 [First(0), First(0), Second(0), Second(0)]
[INFO] [stdout]     |                                                 ^^^^^^ not found in this scope
[INFO] [stdout] 
[INFO] [stdout] 
[INFO] [stdout] error[E0425]: cannot find function, tuple struct or tuple variant `First` in this scope
[INFO] [stdout]    --> /opt/rustwide/cargo-home/registry/src/index.crates.io-6f17d22bba15001f/glam-0.24.0/src/f32/coresimd/mat4.rs:799:18
[INFO] [stdout]     |
[INFO] [stdout] 799 |                 [First(0), First(0), Second(0), Second(0)]
[INFO] [stdout]     |                  ^^^^^ not found in this scope
[INFO] [stdout] 
[INFO] [stdout] 
[INFO] [stdout] error[E0425]: cannot find function, tuple struct or tuple variant `First` in this scope
[INFO] [stdout]    --> /opt/rustwide/cargo-home/registry/src/index.crates.io-6f17d22bba15001f/glam-0.24.0/src/f32/coresimd/mat4.rs:799:28
[INFO] [stdout]     |
[INFO] [stdout] 799 |                 [First(0), First(0), Second(0), Second(0)]
[INFO] [stdout]     |                            ^^^^^ not found in this scope
[INFO] [stdout] 
[INFO] [stdout] 
[INFO] [stdout] error[E0425]: cannot find function, tuple struct or tuple variant `Second` in this scope
[INFO] [stdout]    --> /opt/rustwide/cargo-home/registry/src/index.crates.io-6f17d22bba15001f/glam-0.24.0/src/f32/coresimd/mat4.rs:799:38
[INFO] [stdout]     |
[INFO] [stdout] 799 |                 [First(0), First(0), Second(0), Second(0)]
[INFO] [stdout]     |                                      ^^^^^^ not found in this scope
[INFO] [stdout] 
[INFO] [stdout] 
[INFO] [stdout] error[E0425]: cannot find function, tuple struct or tuple variant `Second` in this scope
[INFO] [stdout]    --> /opt/rustwide/cargo-home/registry/src/index.crates.io-6f17d22bba15001f/glam-0.24.0/src/f32/coresimd/mat4.rs:799:49
[INFO] [stdout]     |
[INFO] [stdout] 799 |                 [First(0), First(0), Second(0), Second(0)]
[INFO] [stdout]     |                                                 ^^^^^^ not found in this scope
[INFO] [stdout] 
[INFO] [stdout] 
[INFO] [stdout] error[E0425]: cannot find function, tuple struct or tuple variant `First` in this scope
[INFO] [stdout]    --> /opt/rustwide/cargo-home/registry/src/index.crates.io-6f17d22bba15001f/glam-0.24.0/src/f32/coresimd/mat4.rs:806:18
[INFO] [stdout]     |
[INFO] [stdout] 806 |                 [First(1), First(1), Second(1), Second(1)]
[INFO] [stdout]     |                  ^^^^^ not found in this scope
[INFO] [stdout] 
[INFO] [stdout] 
[INFO] [stdout] error[E0425]: cannot find function, tuple struct or tuple variant `First` in this scope
[INFO] [stdout]    --> /opt/rustwide/cargo-home/registry/src/index.crates.io-6f17d22bba15001f/glam-0.24.0/src/f32/coresimd/mat4.rs:806:28
[INFO] [stdout]     |
[INFO] [stdout] 806 |                 [First(1), First(1), Second(1), Second(1)]
[INFO] [stdout]     |                            ^^^^^ not found in this scope
[INFO] [stdout] 
[INFO] [stdout] 
[INFO] [stdout] error[E0425]: cannot find function, tuple struct or tuple variant `Second` in this scope
[INFO] [stdout]    --> /opt/rustwide/cargo-home/registry/src/index.crates.io-6f17d22bba15001f/glam-0.24.0/src/f32/coresimd/mat4.rs:806:38
[INFO] [stdout]     |
[INFO] [stdout] 806 |                 [First(1), First(1), Second(1), Second(1)]
[INFO] [stdout]     |                                      ^^^^^^ not found in this scope
[INFO] [stdout] 
[INFO] [stdout] 
[INFO] [stdout] error[E0425]: cannot find function, tuple struct or tuple variant `Second` in this scope
[INFO] [stdout]    --> /opt/rustwide/cargo-home/registry/src/index.crates.io-6f17d22bba15001f/glam-0.24.0/src/f32/coresimd/mat4.rs:806:49
[INFO] [stdout]     |
[INFO] [stdout] 806 |                 [First(1), First(1), Second(1), Second(1)]
[INFO] [stdout]     |                                                 ^^^^^^ not found in this scope
[INFO] [stdout] 
[INFO] [stdout] 
[INFO] [stdout] error[E0425]: cannot find function, tuple struct or tuple variant `First` in this scope
[INFO] [stdout]    --> /opt/rustwide/cargo-home/registry/src/index.crates.io-6f17d22bba15001f/glam-0.24.0/src/f32/coresimd/mat4.rs:819:14
[INFO] [stdout]     |
[INFO] [stdout] 819 |             [First(0), First(0), Second(0), Second(0)]
[INFO] [stdout]     |              ^^^^^ not found in this scope
[INFO] [stdout] 
[INFO] [stdout] 
[INFO] [stdout] error[E0425]: cannot find function, tuple struct or tuple variant `First` in this scope
[INFO] [stdout]    --> /opt/rustwide/cargo-home/registry/src/index.crates.io-6f17d22bba15001f/glam-0.24.0/src/f32/coresimd/mat4.rs:819:24
[INFO] [stdout]     |
[INFO] [stdout] 819 |             [First(0), First(0), Second(0), Second(0)]
[INFO] [stdout]     |                        ^^^^^ not found in this scope
[INFO] [stdout] 
[INFO] [stdout] 
[INFO] [stdout] error[E0425]: cannot find function, tuple struct or tuple variant `Second` in this scope
[INFO] [stdout]    --> /opt/rustwide/cargo-home/registry/src/index.crates.io-6f17d22bba15001f/glam-0.24.0/src/f32/coresimd/mat4.rs:819:34
[INFO] [stdout]     |
[INFO] [stdout] 819 |             [First(0), First(0), Second(0), Second(0)]
[INFO] [stdout]     |                                  ^^^^^^ not found in this scope
[INFO] [stdout] 
[INFO] [stdout] 
[INFO] [stdout] error[E0425]: cannot find function, tuple struct or tuple variant `Second` in this scope
[INFO] [stdout]    --> /opt/rustwide/cargo-home/registry/src/index.crates.io-6f17d22bba15001f/glam-0.24.0/src/f32/coresimd/mat4.rs:819:45
[INFO] [stdout]     |
[INFO] [stdout] 819 |             [First(0), First(0), Second(0), Second(0)]
[INFO] [stdout]     |                                             ^^^^^^ not found in this scope
[INFO] [stdout] 
[INFO] [stdout] 
[INFO] [stdout] error[E0425]: cannot find function, tuple struct or tuple variant `First` in this scope
[INFO] [stdout]    --> /opt/rustwide/cargo-home/registry/src/index.crates.io-6f17d22bba15001f/glam-0.24.0/src/f32/coresimd/mat4.rs:826:14
[INFO] [stdout]     |
[INFO] [stdout] 826 |             [First(1), First(1), Second(1), Second(1)]
[INFO] [stdout]     |              ^^^^^ not found in this scope
[INFO] [stdout] 
[INFO] [stdout] 
[INFO] [stdout] error[E0425]: cannot find function, tuple struct or tuple variant `First` in this scope
[INFO] [stdout]    --> /opt/rustwide/cargo-home/registry/src/index.crates.io-6f17d22bba15001f/glam-0.24.0/src/f32/coresimd/mat4.rs:826:24
[INFO] [stdout]     |
[INFO] [stdout] 826 |             [First(1), First(1), Second(1), Second(1)]
[INFO] [stdout]     |                        ^^^^^ not found in this scope
[INFO] [stdout] 
[INFO] [stdout] 
[INFO] [stdout] error[E0425]: cannot find function, tuple struct or tuple variant `Second` in this scope
[INFO] [stdout]    --> /opt/rustwide/cargo-home/registry/src/index.crates.io-6f17d22bba15001f/glam-0.24.0/src/f32/coresimd/mat4.rs:826:34
[INFO] [stdout]     |
[INFO] [stdout] 826 |             [First(1), First(1), Second(1), Second(1)]
[INFO] [stdout]     |                                  ^^^^^^ not found in this scope
[INFO] [stdout] 
[INFO] [stdout] 
[INFO] [stdout] error[E0425]: cannot find function, tuple struct or tuple variant `Second` in this scope
[INFO] [stdout]    --> /opt/rustwide/cargo-home/registry/src/index.crates.io-6f17d22bba15001f/glam-0.24.0/src/f32/coresimd/mat4.rs:826:45
[INFO] [stdout]     |
[INFO] [stdout] 826 |             [First(1), First(1), Second(1), Second(1)]
[INFO] [stdout]     |                                             ^^^^^^ not found in this scope
[INFO] [stdout] 
[INFO] [stdout] 
[INFO] [stdout] error[E0425]: cannot find function, tuple struct or tuple variant `First` in this scope
[INFO] [stdout]    --> /opt/rustwide/cargo-home/registry/src/index.crates.io-6f17d22bba15001f/glam-0.24.0/src/f32/coresimd/mat4.rs:833:14
[INFO] [stdout]     |
[INFO] [stdout] 833 |             [First(2), First(2), Second(2), Second(2)]
[INFO] [stdout]     |              ^^^^^ not found in this scope
[INFO] [stdout] 
[INFO] [stdout] 
[INFO] [stdout] error[E0425]: cannot find function, tuple struct or tuple variant `First` in this scope
[INFO] [stdout]    --> /opt/rustwide/cargo-home/registry/src/index.crates.io-6f17d22bba15001f/glam-0.24.0/src/f32/coresimd/mat4.rs:833:24
[INFO] [stdout]     |
[INFO] [stdout] 833 |             [First(2), First(2), Second(2), Second(2)]
[INFO] [stdout]     |                        ^^^^^ not found in this scope
[INFO] [stdout] 
[INFO] [stdout] 
[INFO] [stdout] error[E0425]: cannot find function, tuple struct or tuple variant `Second` in this scope
[INFO] [stdout]    --> /opt/rustwide/cargo-home/registry/src/index.crates.io-6f17d22bba15001f/glam-0.24.0/src/f32/coresimd/mat4.rs:833:34
[INFO] [stdout]     |
[INFO] [stdout] 833 |             [First(2), First(2), Second(2), Second(2)]
[INFO] [stdout]     |                                  ^^^^^^ not found in this scope
[INFO] [stdout] 
[INFO] [stdout] 
[INFO] [stdout] error[E0425]: cannot find function, tuple struct or tuple variant `Second` in this scope
[INFO] [stdout]    --> /opt/rustwide/cargo-home/registry/src/index.crates.io-6f17d22bba15001f/glam-0.24.0/src/f32/coresimd/mat4.rs:833:45
[INFO] [stdout]     |
[INFO] [stdout] 833 |             [First(2), First(2), Second(2), Second(2)]
[INFO] [stdout]     |                                             ^^^^^^ not found in this scope
[INFO] [stdout] 
[INFO] [stdout] 
[INFO] [stdout] error[E0425]: cannot find function, tuple struct or tuple variant `First` in this scope
[INFO] [stdout]    --> /opt/rustwide/cargo-home/registry/src/index.crates.io-6f17d22bba15001f/glam-0.24.0/src/f32/coresimd/mat4.rs:840:14
[INFO] [stdout]     |
[INFO] [stdout] 840 |             [First(3), First(3), Second(3), Second(3)]
[INFO] [stdout]     |              ^^^^^ not found in this scope
[INFO] [stdout] 
[INFO] [stdout] 
[INFO] [stdout] error[E0425]: cannot find function, tuple struct or tuple variant `First` in this scope
[INFO] [stdout]    --> /opt/rustwide/cargo-home/registry/src/index.crates.io-6f17d22bba15001f/glam-0.24.0/src/f32/coresimd/mat4.rs:840:24
[INFO] [stdout]     |
[INFO] [stdout] 840 |             [First(3), First(3), Second(3), Second(3)]
[INFO] [stdout]     |                        ^^^^^ not found in this scope
[INFO] [stdout] 
[INFO] [stdout] 
[INFO] [stdout] error[E0425]: cannot find function, tuple struct or tuple variant `Second` in this scope
[INFO] [stdout]    --> /opt/rustwide/cargo-home/registry/src/index.crates.io-6f17d22bba15001f/glam-0.24.0/src/f32/coresimd/mat4.rs:840:34
[INFO] [stdout]     |
[INFO] [stdout] 840 |             [First(3), First(3), Second(3), Second(3)]
[INFO] [stdout]     |                                  ^^^^^^ not found in this scope
[INFO] [stdout] 
[INFO] [stdout] 
[INFO] [stdout] error[E0425]: cannot find function, tuple struct or tuple variant `Second` in this scope
[INFO] [stdout]    --> /opt/rustwide/cargo-home/registry/src/index.crates.io-6f17d22bba15001f/glam-0.24.0/src/f32/coresimd/mat4.rs:840:45
[INFO] [stdout]     |
[INFO] [stdout] 840 |             [First(3), First(3), Second(3), Second(3)]
[INFO] [stdout]     |                                             ^^^^^^ not found in this scope
[INFO] [stdout] 
[INFO] [stdout] 
[INFO] [stdout] error[E0425]: cannot find function, tuple struct or tuple variant `First` in this scope
[INFO] [stdout]    --> /opt/rustwide/cargo-home/registry/src/index.crates.io-6f17d22bba15001f/glam-0.24.0/src/f32/coresimd/mat4.rs:872:47
[INFO] [stdout]     |
[INFO] [stdout] 872 |         let row0 = simd_swizzle!(inv0, inv1, [First(0), First(0), Second(0), Second(0)]);
[INFO] [stdout]     |                                               ^^^^^ not found in this scope
[INFO] [stdout] 
[INFO] [stdout] 
[INFO] [stdout] error[E0425]: cannot find function, tuple struct or tuple variant `First` in this scope
[INFO] [stdout]    --> /opt/rustwide/cargo-home/registry/src/index.crates.io-6f17d22bba15001f/glam-0.24.0/src/f32/coresimd/mat4.rs:872:57
[INFO] [stdout]     |
[INFO] [stdout] 872 |         let row0 = simd_swizzle!(inv0, inv1, [First(0), First(0), Second(0), Second(0)]);
[INFO] [stdout]     |                                                         ^^^^^ not found in this scope
[INFO] [stdout] 
[INFO] [stdout] 
[INFO] [stdout] error[E0425]: cannot find function, tuple struct or tuple variant `Second` in this scope
[INFO] [stdout]    --> /opt/rustwide/cargo-home/registry/src/index.crates.io-6f17d22bba15001f/glam-0.24.0/src/f32/coresimd/mat4.rs:872:67
[INFO] [stdout]     |
[INFO] [stdout] 872 |         let row0 = simd_swizzle!(inv0, inv1, [First(0), First(0), Second(0), Second(0)]);
[INFO] [stdout]     |                                                                   ^^^^^^ not found in this scope
[INFO] [stdout] 
[INFO] [stdout] 
[INFO] [stdout] error[E0425]: cannot find function, tuple struct or tuple variant `Second` in this scope
[INFO] [stdout]    --> /opt/rustwide/cargo-home/registry/src/index.crates.io-6f17d22bba15001f/glam-0.24.0/src/f32/coresimd/mat4.rs:872:78
[INFO] [stdout]     |
[INFO] [stdout] 872 |         let row0 = simd_swizzle!(inv0, inv1, [First(0), First(0), Second(0), Second(0)]);
[INFO] [stdout]     |                                                                              ^^^^^^ not found in this scope
[INFO] [stdout] 
[INFO] [stdout] 
[INFO] [stdout] error[E0425]: cannot find function, tuple struct or tuple variant `First` in this scope
[INFO] [stdout]    --> /opt/rustwide/cargo-home/registry/src/index.crates.io-6f17d22bba15001f/glam-0.24.0/src/f32/coresimd/mat4.rs:873:47
[INFO] [stdout]     |
[INFO] [stdout] 873 |         let row1 = simd_swizzle!(inv2, inv3, [First(0), First(0), Second(0), Second(0)]);
[INFO] [stdout]     |                                               ^^^^^ not found in this scope
[INFO] [stdout] 
[INFO] [stdout] 
[INFO] [stdout] error[E0425]: cannot find function, tuple struct or tuple variant `First` in this scope
[INFO] [stdout]    --> /opt/rustwide/cargo-home/registry/src/index.crates.io-6f17d22bba15001f/glam-0.24.0/src/f32/coresimd/mat4.rs:873:57
[INFO] [stdout]     |
[INFO] [stdout] 873 |         let row1 = simd_swizzle!(inv2, inv3, [First(0), First(0), Second(0), Second(0)]);
[INFO] [stdout]     |                                                         ^^^^^ not found in this scope
[INFO] [stdout] 
[INFO] [stdout] 
[INFO] [stdout] error[E0425]: cannot find function, tuple struct or tuple variant `Second` in this scope
[INFO] [stdout]    --> /opt/rustwide/cargo-home/registry/src/index.crates.io-6f17d22bba15001f/glam-0.24.0/src/f32/coresimd/mat4.rs:873:67
[INFO] [stdout]     |
[INFO] [stdout] 873 |         let row1 = simd_swizzle!(inv2, inv3, [First(0), First(0), Second(0), Second(0)]);
[INFO] [stdout]     |                                                                   ^^^^^^ not found in this scope
[INFO] [stdout] 
[INFO] [stdout] 
[INFO] [stdout] error[E0425]: cannot find function, tuple struct or tuple variant `Second` in this scope
[INFO] [stdout]    --> /opt/rustwide/cargo-home/registry/src/index.crates.io-6f17d22bba15001f/glam-0.24.0/src/f32/coresimd/mat4.rs:873:78
[INFO] [stdout]     |
[INFO] [stdout] 873 |         let row1 = simd_swizzle!(inv2, inv3, [First(0), First(0), Second(0), Second(0)]);
[INFO] [stdout]     |                                                                              ^^^^^^ not found in this scope
[INFO] [stdout] 
[INFO] [stdout] 
[INFO] [stdout] error[E0425]: cannot find function, tuple struct or tuple variant `First` in this scope
[INFO] [stdout]    --> /opt/rustwide/cargo-home/registry/src/index.crates.io-6f17d22bba15001f/glam-0.24.0/src/f32/coresimd/mat4.rs:874:47
[INFO] [stdout]     |
[INFO] [stdout] 874 |         let row2 = simd_swizzle!(row0, row1, [First(0), First(2), Second(0), Second(2)]);
[INFO] [stdout]     |                                               ^^^^^ not found in this scope
[INFO] [stdout] 
[INFO] [stdout] 
[INFO] [stdout] error[E0425]: cannot find function, tuple struct or tuple variant `First` in this scope
[INFO] [stdout]    --> /opt/rustwide/cargo-home/registry/src/index.crates.io-6f17d22bba15001f/glam-0.24.0/src/f32/coresimd/mat4.rs:874:57
[INFO] [stdout]     |
[INFO] [stdout] 874 |         let row2 = simd_swizzle!(row0, row1, [First(0), First(2), Second(0), Second(2)]);
[INFO] [stdout]     |                                                         ^^^^^ not found in this scope
[INFO] [stdout] 
[INFO] [stdout] 
[INFO] [stdout] error[E0425]: cannot find function, tuple struct or tuple variant `Second` in this scope
[INFO] [stdout]    --> /opt/rustwide/cargo-home/registry/src/index.crates.io-6f17d22bba15001f/glam-0.24.0/src/f32/coresimd/mat4.rs:874:67
[INFO] [stdout]     |
[INFO] [stdout] 874 |         let row2 = simd_swizzle!(row0, row1, [First(0), First(2), Second(0), Second(2)]);
[INFO] [stdout]     |                                                                   ^^^^^^ not found in this scope
[INFO] [stdout] 
[INFO] [stdout] 
[INFO] [stdout] error[E0425]: cannot find function, tuple struct or tuple variant `Second` in this scope
[INFO] [stdout]    --> /opt/rustwide/cargo-home/registry/src/index.crates.io-6f17d22bba15001f/glam-0.24.0/src/f32/coresimd/mat4.rs:874:78
[INFO] [stdout]     |
[INFO] [stdout] 874 |         let row2 = simd_swizzle!(row0, row1, [First(0), First(2), Second(0), Second(2)]);
[INFO] [stdout]     |                                                                              ^^^^^^ not found in this scope
[INFO] [stdout] 
[INFO] [stdout] 
[INFO] [stdout] error: aborting due to 192 previous errors
[INFO] [stdout] 
[INFO] [stdout] 
[INFO] [stdout] Some errors have detailed explanations: E0425, E0432, E0554.
[INFO] [stdout] 
[INFO] [stdout] For more information about an error, try `rustc --explain E0425`.
[INFO] [stdout] 
[INFO] [stderr] error: could not compile `glam` (lib) due to 193 previous errors
[INFO] [stderr] warning: build failed, waiting for other jobs to finish...
[INFO] running `Command { std: "docker" "inspect" "94de2e7e046b93ee60428db49dee30a44a2491be1a6679899f23eea91dc55059", kill_on_drop: false }`
[INFO] running `Command { std: "docker" "rm" "-f" "94de2e7e046b93ee60428db49dee30a44a2491be1a6679899f23eea91dc55059", kill_on_drop: false }`
[INFO] [stdout] 94de2e7e046b93ee60428db49dee30a44a2491be1a6679899f23eea91dc55059
