[INFO] cloning repository https://github.com/SquattingSocrates/mysql-lunatic-example
[INFO] running `Command { std: "git" "-c" "credential.helper=" "-c" "credential.helper=/workspace/cargo-home/bin/git-credential-null" "clone" "--bare" "https://github.com/SquattingSocrates/mysql-lunatic-example" "/workspace/cache/git-repos/https%3A%2F%2Fgithub.com%2FSquattingSocrates%2Fmysql-lunatic-example", kill_on_drop: false }`
[INFO] [stderr] Cloning into bare repository '/workspace/cache/git-repos/https%3A%2F%2Fgithub.com%2FSquattingSocrates%2Fmysql-lunatic-example'...
[INFO] running `Command { std: "git" "rev-parse" "HEAD", kill_on_drop: false }`
[INFO] [stdout] 250ef678a972bacd6b94b5eb326c4acd9b723272
[INFO] documenting SquattingSocrates/mysql-lunatic-example against 1.75.0 for beta-1.76-rustdoc-1
[INFO] running `Command { std: "git" "clone" "/workspace/cache/git-repos/https%3A%2F%2Fgithub.com%2FSquattingSocrates%2Fmysql-lunatic-example" "/workspace/builds/worker-1-tc1/source", kill_on_drop: false }`
[INFO] [stderr] Cloning into '/workspace/builds/worker-1-tc1/source'...
[INFO] [stderr] done.
[INFO] validating manifest of git repo https://github.com/SquattingSocrates/mysql-lunatic-example on toolchain 1.75.0
[INFO] running `Command { std: CARGO_HOME="/workspace/cargo-home" RUSTUP_HOME="/workspace/rustup-home" "/workspace/cargo-home/bin/cargo" "+1.75.0" "metadata" "--manifest-path" "Cargo.toml" "--no-deps", kill_on_drop: false }`
[INFO] removed /workspace/builds/worker-1-tc1/source/.cargo/config.toml
[INFO] started tweaking git repo https://github.com/SquattingSocrates/mysql-lunatic-example
[INFO] finished tweaking git repo https://github.com/SquattingSocrates/mysql-lunatic-example
[INFO] tweaked toml for git repo https://github.com/SquattingSocrates/mysql-lunatic-example written to /workspace/builds/worker-1-tc1/source/Cargo.toml
[INFO] crate git repo https://github.com/SquattingSocrates/mysql-lunatic-example already has a lockfile, it will not be regenerated
[INFO] running `Command { std: CARGO_HOME="/workspace/cargo-home" RUSTUP_HOME="/workspace/rustup-home" "/workspace/cargo-home/bin/cargo" "+1.75.0" "fetch" "--manifest-path" "Cargo.toml", kill_on_drop: false }`
[INFO] [stderr]     Updating crates.io index
[INFO] [stderr]  Downloading crates ...
[INFO] [stderr]   Downloaded frunk v0.4.1
[INFO] [stderr]   Downloaded frunk_proc_macro_helpers v0.1.1
[INFO] [stderr]   Downloaded better-bae-macros v0.1.9
[INFO] [stderr]   Downloaded frunk_proc_macros v0.1.1
[INFO] [stderr]   Downloaded rust-format v0.3.4
[INFO] [stderr]   Downloaded frunk_core v0.4.1
[INFO] [stderr]   Downloaded io-enum v1.0.2
[INFO] [stderr]   Downloaded frunk_proc_macros_impl v0.1.1
[INFO] [stderr]   Downloaded better-bae v0.1.9
[INFO] [stderr]   Downloaded frunk_derives v0.4.1
[INFO] [stderr]   Downloaded submillisecond_macros v0.3.0
[INFO] [stderr]   Downloaded lunatic-log v0.3.0
[INFO] [stderr]   Downloaded submillisecond v0.3.0
[INFO] [stderr]   Downloaded lunatic-mysql v0.1.1
[INFO] running `Command { std: "docker" "create" "-v" "/var/lib/crater-agent-workspace/builds/worker-1-tc1/target:/opt/rustwide/target:rw,Z" "-v" "/var/lib/crater-agent-workspace/builds/worker-1-tc1/source:/opt/rustwide/workdir:ro,Z" "-v" "/var/lib/crater-agent-workspace/cargo-home:/opt/rustwide/cargo-home:ro,Z" "-v" "/var/lib/crater-agent-workspace/rustup-home:/opt/rustwide/rustup-home:ro,Z" "-e" "SOURCE_DIR=/opt/rustwide/workdir" "-e" "CARGO_TARGET_DIR=/opt/rustwide/target" "-e" "CARGO_HOME=/opt/rustwide/cargo-home" "-e" "RUSTUP_HOME=/opt/rustwide/rustup-home" "-w" "/opt/rustwide/workdir" "-m" "1610612736" "--user" "0:0" "--network" "none" "ghcr.io/rust-lang/crates-build-env/linux@sha256:2788e3201cd34a07e3172128adcd8b3090168a8e3bcc40d7c032b9dda1df7d1c" "/opt/rustwide/cargo-home/bin/cargo" "+1.75.0" "metadata" "--no-deps" "--format-version=1", kill_on_drop: false }`
[INFO] [stdout] eee630f870898905f298d2a5275428726213c9cc79cee6812aaab819f2481a3b
[INFO] running `Command { std: "docker" "start" "-a" "eee630f870898905f298d2a5275428726213c9cc79cee6812aaab819f2481a3b", kill_on_drop: false }`
[INFO] running `Command { std: "docker" "inspect" "eee630f870898905f298d2a5275428726213c9cc79cee6812aaab819f2481a3b", kill_on_drop: false }`
[INFO] running `Command { std: "docker" "rm" "-f" "eee630f870898905f298d2a5275428726213c9cc79cee6812aaab819f2481a3b", kill_on_drop: false }`
[INFO] [stdout] eee630f870898905f298d2a5275428726213c9cc79cee6812aaab819f2481a3b
[INFO] running `Command { std: "docker" "create" "-v" "/var/lib/crater-agent-workspace/builds/worker-1-tc1/target:/opt/rustwide/target:rw,Z" "-v" "/var/lib/crater-agent-workspace/builds/worker-1-tc1/source:/opt/rustwide/workdir:ro,Z" "-v" "/var/lib/crater-agent-workspace/cargo-home:/opt/rustwide/cargo-home:ro,Z" "-v" "/var/lib/crater-agent-workspace/rustup-home:/opt/rustwide/rustup-home:ro,Z" "-e" "SOURCE_DIR=/opt/rustwide/workdir" "-e" "CARGO_TARGET_DIR=/opt/rustwide/target" "-e" "CARGO_INCREMENTAL=0" "-e" "RUST_BACKTRACE=full" "-e" "RUSTFLAGS=--cap-lints=warn" "-e" "RUSTDOCFLAGS=--cap-lints=warn" "-e" "CARGO_HOME=/opt/rustwide/cargo-home" "-e" "RUSTUP_HOME=/opt/rustwide/rustup-home" "-w" "/opt/rustwide/workdir" "-m" "1610612736" "--user" "0:0" "--network" "none" "ghcr.io/rust-lang/crates-build-env/linux@sha256:2788e3201cd34a07e3172128adcd8b3090168a8e3bcc40d7c032b9dda1df7d1c" "/opt/rustwide/cargo-home/bin/cargo" "+1.75.0" "doc" "--frozen" "--no-deps" "--document-private-items" "--message-format=json", kill_on_drop: false }`
[INFO] [stdout] 4d5d09e3852a7acb9bbd3962344eab00eb6651168151fa0f9cd6c3caa03a1a2a
[INFO] running `Command { std: "docker" "start" "-a" "4d5d09e3852a7acb9bbd3962344eab00eb6651168151fa0f9cd6c3caa03a1a2a", kill_on_drop: false }`
[INFO] [stderr]    Compiling proc-macro2 v1.0.50
[INFO] [stderr]    Compiling unicode-ident v1.0.6
[INFO] [stderr]    Compiling quote v1.0.23
[INFO] [stderr]    Compiling syn v1.0.107
[INFO] [stderr]    Compiling libc v0.2.139
[INFO] [stderr]    Compiling serde_derive v1.0.152
[INFO] [stderr]    Compiling typenum v1.16.0
[INFO] [stderr]    Compiling num-traits v0.2.15
[INFO] [stderr]    Compiling serde v1.0.152
[INFO] [stderr]     Checking static_assertions v1.1.0
[INFO] [stderr]    Compiling num-integer v0.1.45
[INFO] [stderr]    Compiling glob v0.3.1
[INFO] [stderr]     Checking lexical-util v0.8.5
[INFO] [stderr]    Compiling aho-corasick v0.7.20
[INFO] [stderr]    Compiling regex-syntax v0.6.28
[INFO] [stderr]    Compiling clang-sys v1.4.0
[INFO] [stderr]     Checking getrandom v0.2.8
[INFO] [stderr]    Compiling crossbeam-utils v0.8.14
[INFO] [stderr]    Compiling proc-macro-error-attr v1.0.4
[INFO] [stderr]    Compiling unicase v2.6.0
[INFO] [stderr]    Compiling thiserror v1.0.38
[INFO] [stderr]     Checking generic-array v0.14.6
[INFO] [stderr]    Compiling frunk_core v0.4.1
[INFO] [stderr]    Compiling minimal-lexical v0.2.1
[INFO] [stderr]    Compiling proc-macro-hack v0.5.20+deprecated
[INFO] [stderr]     Checking itoa v1.0.5
[INFO] [stderr]    Compiling nom v7.1.3
[INFO] [stderr]    Compiling libloading v0.7.4
[INFO] [stderr]    Compiling proc-macro-error v1.0.4
[INFO] [stderr]    Compiling memoffset v0.7.1
[INFO] [stderr]     Checking block-buffer v0.10.3
[INFO] [stderr]     Checking crypto-common v0.1.6
[INFO] [stderr]     Checking bytes v1.3.0
[INFO] [stderr]     Checking digest v0.10.6
[INFO] [stderr]    Compiling bindgen v0.59.2
[INFO] [stderr]    Compiling paste v1.0.11
[INFO] [stderr]    Compiling regex v1.7.1
[INFO] [stderr]     Checking rand_core v0.6.4
[INFO] [stderr]     Checking lexical-write-integer v0.8.5
[INFO] [stderr]     Checking lexical-parse-integer v0.8.6
[INFO] [stderr]    Compiling crossbeam-epoch v0.9.13
[INFO] [stderr]    Compiling ahash v0.7.6
[INFO] [stderr]    Compiling num-bigint v0.4.3
[INFO] [stderr]    Compiling cexpr v0.6.0
[INFO] [stderr]    Compiling rustc-hash v1.1.0
[INFO] [stderr]    Compiling radium v0.7.0
[INFO] [stderr]    Compiling bitflags v1.3.2
[INFO] [stderr]    Compiling cc v1.0.78
[INFO] [stderr]    Compiling shlex v1.1.0
[INFO] [stderr]    Compiling peeking_take_while v0.1.2
[INFO] [stderr]    Compiling serde_json v1.0.91
[INFO] [stderr]    Compiling convert_case v0.5.0
[INFO] [stderr]    Compiling lazycell v1.3.0
[INFO] [stderr]    Compiling frunk_proc_macro_helpers v0.1.1
[INFO] [stderr]    Compiling cmake v0.1.49
[INFO] [stderr]     Checking rand_chacha v0.3.1
[INFO] [stderr]     Checking lexical-parse-float v0.8.5
[INFO] [stderr]     Checking lexical-write-float v0.8.5
[INFO] [stderr]    Compiling mime_guess v2.0.4
[INFO] [stderr]     Checking sha1 v0.10.5
[INFO] [stderr]    Compiling subprocess v0.2.9
[INFO] [stderr]     Checking tap v1.0.1
[INFO] [stderr]    Compiling heck v0.4.0
[INFO] [stderr]     Checking ryu v1.0.12
[INFO] [stderr]     Checking once_cell v1.17.0
[INFO] [stderr]     Checking base64 v0.13.1
[INFO] [stderr]    Compiling rust_decimal v1.28.0
[INFO] [stderr]    Compiling crossbeam-queue v0.3.8
[INFO] [stderr]     Checking http v0.2.8
[INFO] [stderr]     Checking wyz v0.5.1
[INFO] [stderr]     Checking miniz_oxide v0.6.2
[INFO] [stderr]     Checking lexical-core v0.8.5
[INFO] [stderr]     Checking rand v0.8.5
[INFO] [stderr]     Checking unicode-normalization v0.1.22
[INFO] [stderr]     Checking time v0.1.45
[INFO] [stderr]     Checking funty v2.0.0
[INFO] [stderr]    Compiling io-enum v1.0.2
[INFO] [stderr]     Checking iana-time-zone v0.1.53
[INFO] [stderr]    Compiling mime v0.3.16
[INFO] [stderr]     Checking time-core v0.1.0
[INFO] [stderr]     Checking unicode-bidi v0.3.10
[INFO] [stderr]    Compiling thiserror-impl v1.0.38
[INFO] [stderr]    Compiling lunatic-macros v0.12.0
[INFO] [stderr]    Compiling lunatic-test v0.12.0
[INFO] [stderr]    Compiling frunk_proc_macros_impl v0.1.1
[INFO] [stderr]    Compiling better-bae-macros v0.1.9
[INFO] [stderr]    Compiling frunk_derives v0.4.1
[INFO] [stderr]     Checking frunk_proc_macros v0.1.1
[INFO] [stderr]     Checking arrayvec v0.7.2
[INFO] [stderr]    Compiling better-bae v0.1.9
[INFO] [stderr]     Checking bigdecimal v0.3.0
[INFO] [stderr]     Checking bitvec v1.0.1
[INFO] [stderr]     Checking frunk v0.4.1
[INFO] [stderr]     Checking idna v0.3.0
[INFO] [stderr]     Checking time v0.3.17
[INFO] [stderr]     Checking chrono v0.4.23
[INFO] [stderr]     Checking flate2 v1.0.25
[INFO] [stderr]     Checking headers-core v0.2.0
[INFO] [stderr]     Checking lexical v6.1.1
[INFO] [stderr]     Checking crossbeam-deque v0.8.2
[INFO] [stderr]     Checking hashbrown v0.12.3
[INFO] [stderr]    Compiling derive_utils v0.12.0
[INFO] [stderr]     Checking sha2 v0.10.6
[INFO] [stderr]     Checking crossbeam-channel v0.5.6
[INFO] [stderr]    Compiling rust-format v0.3.4
[INFO] [stderr]     Checking saturating v0.1.0
[INFO] [stderr]    Compiling lunatic-mysql v0.1.1
[INFO] [stderr]     Checking uuid v1.2.2
[INFO] [stderr]     Checking smallvec v1.10.0
[INFO] [stderr]     Checking ansi_term v0.12.1
[INFO] [stderr]     Checking crossbeam v0.8.2
[INFO] [stderr]     Checking headers v0.3.8
[INFO] [stderr]    Compiling mysql_common v0.29.2
[INFO] [stderr]    Compiling submillisecond_macros v0.3.0
[INFO] [stderr]     Checking lru v0.7.8
[INFO] [stderr]     Checking url v2.3.1
[INFO] [stderr]     Checking twox-hash v1.6.3
[INFO] [stderr]     Checking bufstream v0.1.4
[INFO] [stderr]     Checking bincode v1.3.3
[INFO] [stderr]     Checking serde_bytes v0.11.8
[INFO] [stderr]     Checking lunatic v0.12.1
[INFO] [stdout] error[E0512]: cannot transmute between types of different sizes, or dependently-sized types
[INFO] [stdout]    --> /opt/rustwide/cargo-home/registry/src/index.crates.io-6f17d22bba15001f/lunatic-0.12.1/src/mailbox.rs:312:51
[INFO] [stdout]     |
[INFO] [stdout] 312 |     let function: fn(C, Mailbox<M, S>) = unsafe { std::mem::transmute(function) };
[INFO] [stdout]     |                                                   ^^^^^^^^^^^^^^^^^^^
[INFO] [stdout]     |
[INFO] [stdout]     = note: source type: `i32` (32 bits)
[INFO] [stdout]     = note: target type: `fn(C, Mailbox<M, S>)` (64 bits)
[INFO] [stdout] 
[INFO] [stdout] 
[INFO] [stdout] error[E0512]: cannot transmute between types of different sizes, or dependently-sized types
[INFO] [stdout]   --> /opt/rustwide/cargo-home/registry/src/index.crates.io-6f17d22bba15001f/lunatic-0.12.1/src/host/mod.rs:73:38
[INFO] [stdout]    |
[INFO] [stdout] 73 |     let function: fn(i32) = unsafe { std::mem::transmute(function) };
[INFO] [stdout]    |                                      ^^^^^^^^^^^^^^^^^^^
[INFO] [stdout]    |
[INFO] [stdout]    = note: source type: `i32` (32 bits)
[INFO] [stdout]    = note: target type: `fn(i32)` (64 bits)
[INFO] [stdout] 
[INFO] [stdout] 
[INFO] [stdout] error[E0512]: cannot transmute between types of different sizes, or dependently-sized types
[INFO] [stdout]    --> /opt/rustwide/cargo-home/registry/src/index.crates.io-6f17d22bba15001f/lunatic-0.12.1/src/process.rs:321:18
[INFO] [stdout]     |
[INFO] [stdout] 321 |         unsafe { std::mem::transmute(entry) };
[INFO] [stdout]     |                  ^^^^^^^^^^^^^^^^^^^
[INFO] [stdout]     |
[INFO] [stdout]     = note: source type: `i32` (32 bits)
[INFO] [stdout]     = note: target type: `fn(ProcessRef<T>, <T as AbstractProcess>::Arg) -> <T as AbstractProcess>::State` (64 bits)
[INFO] [stdout] 
[INFO] [stdout] 
[INFO] [stdout] error[E0512]: cannot transmute between types of different sizes, or dependently-sized types
[INFO] [stdout]    --> /opt/rustwide/cargo-home/registry/src/index.crates.io-6f17d22bba15001f/lunatic-0.12.1/src/process.rs:352:70
[INFO] [stdout]     |
[INFO] [stdout] 352 |                     let handler: fn(state: &mut T::State) = unsafe { std::mem::transmute(handler) };
[INFO] [stdout]     |                                                                      ^^^^^^^^^^^^^^^^^^^
[INFO] [stdout]     |
[INFO] [stdout]     = note: source type: `i32` (32 bits)
[INFO] [stdout]     = note: target type: `for<'a> fn(&'a mut <T as AbstractProcess>::State)` (64 bits)
[INFO] [stdout] 
[INFO] [stdout] 
[INFO] [stdout] error[E0512]: cannot transmute between types of different sizes, or dependently-sized types
[INFO] [stdout]    --> /opt/rustwide/cargo-home/registry/src/index.crates.io-6f17d22bba15001f/lunatic-0.12.1/src/process.rs:357:34
[INFO] [stdout]     |
[INFO] [stdout] 357 |                         unsafe { std::mem::transmute(handler) };
[INFO] [stdout]     |                                  ^^^^^^^^^^^^^^^^^^^
[INFO] [stdout]     |
[INFO] [stdout]     = note: source type: `i32` (32 bits)
[INFO] [stdout]     = note: target type: `for<'a> fn(&'a mut <T as AbstractProcess>::State, Process<()>)` (64 bits)
[INFO] [stdout] 
[INFO] [stdout] 
[INFO] [stdout] error[E0512]: cannot transmute between types of different sizes, or dependently-sized types
[INFO] [stdout]    --> /opt/rustwide/cargo-home/registry/src/index.crates.io-6f17d22bba15001f/lunatic-0.12.1/src/protocol.rs:342:55
[INFO] [stdout]     |
[INFO] [stdout] 342 |     let function: fn(C, Protocol<P, S, Z>) = unsafe { std::mem::transmute(function) };
[INFO] [stdout]     |                                                       ^^^^^^^^^^^^^^^^^^^
[INFO] [stdout]     |
[INFO] [stdout]     = note: source type: `i32` (32 bits)
[INFO] [stdout]     = note: target type: `fn(C, Protocol<P, S, Z>)` (64 bits)
[INFO] [stdout] 
[INFO] [stdout] 
[INFO] [stdout] error: aborting due to 6 previous errors
[INFO] [stdout] 
[INFO] [stdout] 
[INFO] [stdout] For more information about this error, try `rustc --explain E0512`.
[INFO] [stdout] 
[INFO] [stderr] error: could not compile `lunatic` (lib) due to 7 previous errors
[INFO] [stderr] warning: build failed, waiting for other jobs to finish...
[INFO] running `Command { std: "docker" "inspect" "4d5d09e3852a7acb9bbd3962344eab00eb6651168151fa0f9cd6c3caa03a1a2a", kill_on_drop: false }`
[INFO] running `Command { std: "docker" "rm" "-f" "4d5d09e3852a7acb9bbd3962344eab00eb6651168151fa0f9cd6c3caa03a1a2a", kill_on_drop: false }`
[INFO] [stdout] 4d5d09e3852a7acb9bbd3962344eab00eb6651168151fa0f9cd6c3caa03a1a2a
