[INFO] cloning repository https://github.com/SplittyDev/neoqo
[INFO] running `Command { std: "git" "-c" "credential.helper=" "-c" "credential.helper=/workspace/cargo-home/bin/git-credential-null" "clone" "--bare" "https://github.com/SplittyDev/neoqo" "/workspace/cache/git-repos/https%3A%2F%2Fgithub.com%2FSplittyDev%2Fneoqo", kill_on_drop: false }`
[INFO] [stderr] Cloning into bare repository '/workspace/cache/git-repos/https%3A%2F%2Fgithub.com%2FSplittyDev%2Fneoqo'...
[INFO] running `Command { std: "git" "rev-parse" "HEAD", kill_on_drop: false }`
[INFO] [stdout] b4c76fa4fe124a809d3a40f4a37e69dbe36de26e
[INFO] documenting SplittyDev/neoqo against 1.75.0 for beta-1.76-rustdoc-1
[INFO] running `Command { std: "git" "clone" "/workspace/cache/git-repos/https%3A%2F%2Fgithub.com%2FSplittyDev%2Fneoqo" "/workspace/builds/worker-4-tc1/source", kill_on_drop: false }`
[INFO] [stderr] Cloning into '/workspace/builds/worker-4-tc1/source'...
[INFO] [stderr] done.
[INFO] validating manifest of git repo https://github.com/SplittyDev/neoqo on toolchain 1.75.0
[INFO] running `Command { std: CARGO_HOME="/workspace/cargo-home" RUSTUP_HOME="/workspace/rustup-home" "/workspace/cargo-home/bin/cargo" "+1.75.0" "metadata" "--manifest-path" "Cargo.toml" "--no-deps", kill_on_drop: false }`
[INFO] started tweaking git repo https://github.com/SplittyDev/neoqo
[INFO] finished tweaking git repo https://github.com/SplittyDev/neoqo
[INFO] tweaked toml for git repo https://github.com/SplittyDev/neoqo written to /workspace/builds/worker-4-tc1/source/Cargo.toml
[INFO] crate git repo https://github.com/SplittyDev/neoqo already has a lockfile, it will not be regenerated
[INFO] running `Command { std: CARGO_HOME="/workspace/cargo-home" RUSTUP_HOME="/workspace/rustup-home" "/workspace/cargo-home/bin/cargo" "+1.75.0" "fetch" "--manifest-path" "Cargo.toml", kill_on_drop: false }`
[INFO] [stderr]  Downloading crates ...
[INFO] [stderr]   Downloaded num-traits v0.1.33
[INFO] [stderr]   Downloaded strsim v0.4.1
[INFO] [stderr]   Downloaded unicode-width v0.1.3
[INFO] [stderr]   Downloaded serde v0.7.14
[INFO] [stderr]   Downloaded term_size v0.1.0
[INFO] [stderr]   Downloaded clap v2.9.2
[INFO] [stderr]   Downloaded libc v0.2.13
[INFO] [stderr]   Downloaded bincode v0.5.9
[INFO] running `Command { std: "docker" "create" "-v" "/var/lib/crater-agent-workspace/builds/worker-4-tc1/target:/opt/rustwide/target:rw,Z" "-v" "/var/lib/crater-agent-workspace/builds/worker-4-tc1/source:/opt/rustwide/workdir:ro,Z" "-v" "/var/lib/crater-agent-workspace/cargo-home:/opt/rustwide/cargo-home:ro,Z" "-v" "/var/lib/crater-agent-workspace/rustup-home:/opt/rustwide/rustup-home:ro,Z" "-e" "SOURCE_DIR=/opt/rustwide/workdir" "-e" "CARGO_TARGET_DIR=/opt/rustwide/target" "-e" "CARGO_HOME=/opt/rustwide/cargo-home" "-e" "RUSTUP_HOME=/opt/rustwide/rustup-home" "-w" "/opt/rustwide/workdir" "-m" "1610612736" "--user" "0:0" "--network" "none" "ghcr.io/rust-lang/crates-build-env/linux@sha256:2788e3201cd34a07e3172128adcd8b3090168a8e3bcc40d7c032b9dda1df7d1c" "/opt/rustwide/cargo-home/bin/cargo" "+1.75.0" "metadata" "--no-deps" "--format-version=1", kill_on_drop: false }`
[INFO] [stdout] 575ff3ed96ec5ffeed5bf9ada247c5b09c0f71037e20d8307e8cbc25f9640593
[INFO] running `Command { std: "docker" "start" "-a" "575ff3ed96ec5ffeed5bf9ada247c5b09c0f71037e20d8307e8cbc25f9640593", kill_on_drop: false }`
[INFO] running `Command { std: "docker" "inspect" "575ff3ed96ec5ffeed5bf9ada247c5b09c0f71037e20d8307e8cbc25f9640593", kill_on_drop: false }`
[INFO] running `Command { std: "docker" "rm" "-f" "575ff3ed96ec5ffeed5bf9ada247c5b09c0f71037e20d8307e8cbc25f9640593", kill_on_drop: false }`
[INFO] [stdout] 575ff3ed96ec5ffeed5bf9ada247c5b09c0f71037e20d8307e8cbc25f9640593
[INFO] running `Command { std: "docker" "create" "-v" "/var/lib/crater-agent-workspace/builds/worker-4-tc1/target:/opt/rustwide/target:rw,Z" "-v" "/var/lib/crater-agent-workspace/builds/worker-4-tc1/source:/opt/rustwide/workdir:ro,Z" "-v" "/var/lib/crater-agent-workspace/cargo-home:/opt/rustwide/cargo-home:ro,Z" "-v" "/var/lib/crater-agent-workspace/rustup-home:/opt/rustwide/rustup-home:ro,Z" "-e" "SOURCE_DIR=/opt/rustwide/workdir" "-e" "CARGO_TARGET_DIR=/opt/rustwide/target" "-e" "CARGO_INCREMENTAL=0" "-e" "RUST_BACKTRACE=full" "-e" "RUSTFLAGS=--cap-lints=warn" "-e" "RUSTDOCFLAGS=--cap-lints=warn" "-e" "CARGO_HOME=/opt/rustwide/cargo-home" "-e" "RUSTUP_HOME=/opt/rustwide/rustup-home" "-w" "/opt/rustwide/workdir" "-m" "1610612736" "--user" "0:0" "--network" "none" "ghcr.io/rust-lang/crates-build-env/linux@sha256:2788e3201cd34a07e3172128adcd8b3090168a8e3bcc40d7c032b9dda1df7d1c" "/opt/rustwide/cargo-home/bin/cargo" "+1.75.0" "doc" "--frozen" "--no-deps" "--document-private-items" "--message-format=json", kill_on_drop: false }`
[INFO] [stdout] dcdd8fe783ed2e41fb025f5c78bf84e31da029d8d53910dc47568191bc3f9347
[INFO] running `Command { std: "docker" "start" "-a" "dcdd8fe783ed2e41fb025f5c78bf84e31da029d8d53910dc47568191bc3f9347", kill_on_drop: false }`
[INFO] [stderr]     Checking libc v0.2.13
[INFO] [stderr]     Checking strsim v0.4.1
[INFO] [stderr]     Checking num-traits v0.1.33
[INFO] [stderr]     Checking rustc-serialize v0.3.19
[INFO] [stderr]     Checking byteorder v0.5.3
[INFO] [stderr]     Checking unicode-width v0.1.3
[INFO] [stderr]     Checking ansi_term v0.7.5
[INFO] [stderr]     Checking vec_map v0.6.0
[INFO] [stderr]     Checking bitflags v0.5.0
[INFO] [stderr]     Checking serde v0.7.14
[INFO] [stdout] error[E0642]: patterns aren't allowed in functions without bodies
[INFO] [stdout]    --> /opt/rustwide/cargo-home/registry/src/index.crates.io-6f17d22bba15001f/rustc-serialize-0.3.19/src/serialize.rs:147:45
[INFO] [stdout]     |
[INFO] [stdout] 147 | ...                   &f_name: &str,
[INFO] [stdout]     |                       ^^^^^^^ pattern not allowed in function without body
[INFO] [stdout] 
[INFO] [stdout] 
[INFO] [stderr]     Checking term_size v0.1.0
[INFO] [stderr]     Checking clap v2.9.2
[INFO] [stdout] error: aborting due to previous error
[INFO] [stdout] 
[INFO] [stdout] 
[INFO] [stdout] For more information about this error, try `rustc --explain E0642`.
[INFO] [stdout] 
[INFO] [stderr] error: could not compile `rustc-serialize` (lib) due to 2 previous errors; 1 warning emitted
[INFO] [stderr] warning: build failed, waiting for other jobs to finish...
[INFO] running `Command { std: "docker" "inspect" "dcdd8fe783ed2e41fb025f5c78bf84e31da029d8d53910dc47568191bc3f9347", kill_on_drop: false }`
[INFO] running `Command { std: "docker" "rm" "-f" "dcdd8fe783ed2e41fb025f5c78bf84e31da029d8d53910dc47568191bc3f9347", kill_on_drop: false }`
[INFO] [stdout] dcdd8fe783ed2e41fb025f5c78bf84e31da029d8d53910dc47568191bc3f9347
[INFO] documenting SplittyDev/neoqo against beta-2023-12-22 for beta-1.76-rustdoc-1
[INFO] running `Command { std: "git" "clone" "/workspace/cache/git-repos/https%3A%2F%2Fgithub.com%2FSplittyDev%2Fneoqo" "/workspace/builds/worker-4-tc2/source", kill_on_drop: false }`
[INFO] [stderr] Cloning into '/workspace/builds/worker-4-tc2/source'...
[INFO] [stderr] done.
[INFO] validating manifest of git repo https://github.com/SplittyDev/neoqo on toolchain beta-2023-12-22
[INFO] running `Command { std: CARGO_HOME="/workspace/cargo-home" RUSTUP_HOME="/workspace/rustup-home" "/workspace/cargo-home/bin/cargo" "+beta-2023-12-22" "metadata" "--manifest-path" "Cargo.toml" "--no-deps", kill_on_drop: false }`
[INFO] started tweaking git repo https://github.com/SplittyDev/neoqo
[INFO] finished tweaking git repo https://github.com/SplittyDev/neoqo
[INFO] tweaked toml for git repo https://github.com/SplittyDev/neoqo written to /workspace/builds/worker-4-tc2/source/Cargo.toml
[INFO] crate git repo https://github.com/SplittyDev/neoqo already has a lockfile, it will not be regenerated
[INFO] running `Command { std: CARGO_HOME="/workspace/cargo-home" RUSTUP_HOME="/workspace/rustup-home" "/workspace/cargo-home/bin/cargo" "+beta-2023-12-22" "fetch" "--manifest-path" "Cargo.toml", kill_on_drop: false }`
[INFO] running `Command { std: "docker" "create" "-v" "/var/lib/crater-agent-workspace/builds/worker-4-tc2/target:/opt/rustwide/target:rw,Z" "-v" "/var/lib/crater-agent-workspace/builds/worker-4-tc2/source:/opt/rustwide/workdir:ro,Z" "-v" "/var/lib/crater-agent-workspace/cargo-home:/opt/rustwide/cargo-home:ro,Z" "-v" "/var/lib/crater-agent-workspace/rustup-home:/opt/rustwide/rustup-home:ro,Z" "-e" "SOURCE_DIR=/opt/rustwide/workdir" "-e" "CARGO_TARGET_DIR=/opt/rustwide/target" "-e" "CARGO_HOME=/opt/rustwide/cargo-home" "-e" "RUSTUP_HOME=/opt/rustwide/rustup-home" "-w" "/opt/rustwide/workdir" "-m" "1610612736" "--user" "0:0" "--network" "none" "ghcr.io/rust-lang/crates-build-env/linux@sha256:2788e3201cd34a07e3172128adcd8b3090168a8e3bcc40d7c032b9dda1df7d1c" "/opt/rustwide/cargo-home/bin/cargo" "+beta-2023-12-22" "metadata" "--no-deps" "--format-version=1", kill_on_drop: false }`
[INFO] [stdout] 1d81e567d01c0e1240d1c15266e23c5fcb86a087b32937999ba44f43e2bf04d3
[INFO] running `Command { std: "docker" "start" "-a" "1d81e567d01c0e1240d1c15266e23c5fcb86a087b32937999ba44f43e2bf04d3", kill_on_drop: false }`
[INFO] running `Command { std: "docker" "inspect" "1d81e567d01c0e1240d1c15266e23c5fcb86a087b32937999ba44f43e2bf04d3", kill_on_drop: false }`
[INFO] running `Command { std: "docker" "rm" "-f" "1d81e567d01c0e1240d1c15266e23c5fcb86a087b32937999ba44f43e2bf04d3", kill_on_drop: false }`
[INFO] [stdout] 1d81e567d01c0e1240d1c15266e23c5fcb86a087b32937999ba44f43e2bf04d3
[INFO] running `Command { std: "docker" "create" "-v" "/var/lib/crater-agent-workspace/builds/worker-4-tc2/target:/opt/rustwide/target:rw,Z" "-v" "/var/lib/crater-agent-workspace/builds/worker-4-tc2/source:/opt/rustwide/workdir:ro,Z" "-v" "/var/lib/crater-agent-workspace/cargo-home:/opt/rustwide/cargo-home:ro,Z" "-v" "/var/lib/crater-agent-workspace/rustup-home:/opt/rustwide/rustup-home:ro,Z" "-e" "SOURCE_DIR=/opt/rustwide/workdir" "-e" "CARGO_TARGET_DIR=/opt/rustwide/target" "-e" "CARGO_INCREMENTAL=0" "-e" "RUST_BACKTRACE=full" "-e" "RUSTFLAGS=--cap-lints=warn" "-e" "RUSTDOCFLAGS=--cap-lints=warn" "-e" "CARGO_HOME=/opt/rustwide/cargo-home" "-e" "RUSTUP_HOME=/opt/rustwide/rustup-home" "-w" "/opt/rustwide/workdir" "-m" "1610612736" "--user" "0:0" "--network" "none" "ghcr.io/rust-lang/crates-build-env/linux@sha256:2788e3201cd34a07e3172128adcd8b3090168a8e3bcc40d7c032b9dda1df7d1c" "/opt/rustwide/cargo-home/bin/cargo" "+beta-2023-12-22" "doc" "--frozen" "--no-deps" "--document-private-items" "--message-format=json", kill_on_drop: false }`
[INFO] [stdout] da0ae53b7c38921d862adacd359bff800dc4118bfd427e0740fb6e12aa52de01
[INFO] running `Command { std: "docker" "start" "-a" "da0ae53b7c38921d862adacd359bff800dc4118bfd427e0740fb6e12aa52de01", kill_on_drop: false }`
[INFO] [stderr]     Checking libc v0.2.13
[INFO] [stderr]     Checking vec_map v0.6.0
[INFO] [stderr]     Checking byteorder v0.5.3
[INFO] [stderr]     Checking rustc-serialize v0.3.19
[INFO] [stderr]     Checking serde v0.7.14
[INFO] [stderr]     Checking ansi_term v0.7.5
[INFO] [stderr]     Checking num-traits v0.1.33
[INFO] [stderr]     Checking bitflags v0.5.0
[INFO] [stderr]     Checking strsim v0.4.1
[INFO] [stderr]     Checking unicode-width v0.1.3
[INFO] [stdout] error[E0642]: patterns aren't allowed in functions without bodies
[INFO] [stdout]    --> /opt/rustwide/cargo-home/registry/src/index.crates.io-6f17d22bba15001f/rustc-serialize-0.3.19/src/serialize.rs:147:45
[INFO] [stdout]     |
[INFO] [stdout] 147 | ...                   &f_name: &str,
[INFO] [stdout]     |                       ^^^^^^^ pattern not allowed in function without body
[INFO] [stdout] 
[INFO] [stdout] 
[INFO] [stderr]     Checking term_size v0.1.0
[INFO] [stderr]     Checking clap v2.9.2
[INFO] [stdout] error[E0310]: the parameter type `T` may not live long enough
[INFO] [stdout]    --> /opt/rustwide/cargo-home/registry/src/index.crates.io-6f17d22bba15001f/rustc-serialize-0.3.19/src/serialize.rs:454:5
[INFO] [stdout]     |
[INFO] [stdout] 454 |     fn decode<D: Decoder>(d: &mut D) -> Result<Cow<'static, T>, D::Error> {
[INFO] [stdout]     |     ^^^^^^^^^^^^^^^^^^^^^^^^^^^^^^^^^^^^^^^^^^^^^^^^^^^^^^^^^^^^^^^^^^^^^
[INFO] [stdout]     |     |
[INFO] [stdout]     |     the parameter type `T` must be valid for the static lifetime...
[INFO] [stdout]     |     ...so that the type `T` will meet its required lifetime bounds...
[INFO] [stdout]     |
[INFO] [stdout] note: ...that is required by this bound
[INFO] [stdout]    --> /rustc/0e09125c6c3c2fd70d7de961bcf0e51575235fad/library/alloc/src/borrow.rs:180:30
[INFO] [stdout] help: consider adding an explicit lifetime bound
[INFO] [stdout]     |
[INFO] [stdout] 450 | impl<'a, T: ?Sized + 'static> Decodable for Cow<'a, T>
[INFO] [stdout]     |                    +++++++++
[INFO] [stdout] 
[INFO] [stdout] 
[INFO] [stdout] error: aborting due to 2 previous errors
[INFO] [stdout] 
[INFO] [stdout] 
[INFO] [stdout] Some errors have detailed explanations: E0310, E0642.
[INFO] [stdout] 
[INFO] [stdout] For more information about an error, try `rustc --explain E0310`.
[INFO] [stdout] 
[INFO] [stderr] error: could not compile `rustc-serialize` (lib) due to 3 previous errors
[INFO] [stderr] warning: build failed, waiting for other jobs to finish...
[INFO] running `Command { std: "docker" "inspect" "da0ae53b7c38921d862adacd359bff800dc4118bfd427e0740fb6e12aa52de01", kill_on_drop: false }`
[INFO] running `Command { std: "docker" "rm" "-f" "da0ae53b7c38921d862adacd359bff800dc4118bfd427e0740fb6e12aa52de01", kill_on_drop: false }`
[INFO] [stdout] da0ae53b7c38921d862adacd359bff800dc4118bfd427e0740fb6e12aa52de01
