[INFO] cloning repository https://github.com/Sorrien/newtons_cradle
[INFO] running `Command { std: "git" "-c" "credential.helper=" "-c" "credential.helper=/workspace/cargo-home/bin/git-credential-null" "clone" "--bare" "https://github.com/Sorrien/newtons_cradle" "/workspace/cache/git-repos/https%3A%2F%2Fgithub.com%2FSorrien%2Fnewtons_cradle", kill_on_drop: false }`
[INFO] [stderr] Cloning into bare repository '/workspace/cache/git-repos/https%3A%2F%2Fgithub.com%2FSorrien%2Fnewtons_cradle'...
[INFO] running `Command { std: "git" "rev-parse" "HEAD", kill_on_drop: false }`
[INFO] [stdout] 6030f65f511ada79e9c1dc9fb46cdc0f798d207e
[INFO] documenting Sorrien/newtons_cradle against 1.75.0 for beta-1.76-rustdoc-1
[INFO] running `Command { std: "git" "clone" "/workspace/cache/git-repos/https%3A%2F%2Fgithub.com%2FSorrien%2Fnewtons_cradle" "/workspace/builds/worker-7-tc1/source", kill_on_drop: false }`
[INFO] [stderr] Cloning into '/workspace/builds/worker-7-tc1/source'...
[INFO] [stderr] done.
[INFO] validating manifest of git repo https://github.com/Sorrien/newtons_cradle on toolchain 1.75.0
[INFO] running `Command { std: CARGO_HOME="/workspace/cargo-home" RUSTUP_HOME="/workspace/rustup-home" "/workspace/cargo-home/bin/cargo" "+1.75.0" "metadata" "--manifest-path" "Cargo.toml" "--no-deps", kill_on_drop: false }`
[INFO] started tweaking git repo https://github.com/Sorrien/newtons_cradle
[INFO] finished tweaking git repo https://github.com/Sorrien/newtons_cradle
[INFO] tweaked toml for git repo https://github.com/Sorrien/newtons_cradle written to /workspace/builds/worker-7-tc1/source/Cargo.toml
[INFO] crate git repo https://github.com/Sorrien/newtons_cradle already has a lockfile, it will not be regenerated
[INFO] running `Command { std: CARGO_HOME="/workspace/cargo-home" RUSTUP_HOME="/workspace/rustup-home" "/workspace/cargo-home/bin/cargo" "+1.75.0" "fetch" "--manifest-path" "Cargo.toml", kill_on_drop: false }`
[INFO] [stderr]  Downloading crates ...
[INFO] [stderr]   Downloaded bevy_rapier3d v0.22.0
[INFO] [stderr]   Downloaded sysinfo v0.29.5
[INFO] [stderr]   Downloaded serde_derive v1.0.173
[INFO] running `Command { std: "docker" "create" "-v" "/var/lib/crater-agent-workspace/builds/worker-7-tc1/target:/opt/rustwide/target:rw,Z" "-v" "/var/lib/crater-agent-workspace/builds/worker-7-tc1/source:/opt/rustwide/workdir:ro,Z" "-v" "/var/lib/crater-agent-workspace/cargo-home:/opt/rustwide/cargo-home:ro,Z" "-v" "/var/lib/crater-agent-workspace/rustup-home:/opt/rustwide/rustup-home:ro,Z" "-e" "SOURCE_DIR=/opt/rustwide/workdir" "-e" "CARGO_TARGET_DIR=/opt/rustwide/target" "-e" "CARGO_HOME=/opt/rustwide/cargo-home" "-e" "RUSTUP_HOME=/opt/rustwide/rustup-home" "-w" "/opt/rustwide/workdir" "-m" "1610612736" "--user" "0:0" "--network" "none" "ghcr.io/rust-lang/crates-build-env/linux@sha256:2788e3201cd34a07e3172128adcd8b3090168a8e3bcc40d7c032b9dda1df7d1c" "/opt/rustwide/cargo-home/bin/cargo" "+1.75.0" "metadata" "--no-deps" "--format-version=1", kill_on_drop: false }`
[INFO] [stdout] 8783403f95dc9f1837c41911b4be500ce5ebacd121caa62bfff5eed7d4e5273e
[INFO] running `Command { std: "docker" "start" "-a" "8783403f95dc9f1837c41911b4be500ce5ebacd121caa62bfff5eed7d4e5273e", kill_on_drop: false }`
[INFO] running `Command { std: "docker" "inspect" "8783403f95dc9f1837c41911b4be500ce5ebacd121caa62bfff5eed7d4e5273e", kill_on_drop: false }`
[INFO] running `Command { std: "docker" "rm" "-f" "8783403f95dc9f1837c41911b4be500ce5ebacd121caa62bfff5eed7d4e5273e", kill_on_drop: false }`
[INFO] [stdout] 8783403f95dc9f1837c41911b4be500ce5ebacd121caa62bfff5eed7d4e5273e
[INFO] running `Command { std: "docker" "create" "-v" "/var/lib/crater-agent-workspace/builds/worker-7-tc1/target:/opt/rustwide/target:rw,Z" "-v" "/var/lib/crater-agent-workspace/builds/worker-7-tc1/source:/opt/rustwide/workdir:ro,Z" "-v" "/var/lib/crater-agent-workspace/cargo-home:/opt/rustwide/cargo-home:ro,Z" "-v" "/var/lib/crater-agent-workspace/rustup-home:/opt/rustwide/rustup-home:ro,Z" "-e" "SOURCE_DIR=/opt/rustwide/workdir" "-e" "CARGO_TARGET_DIR=/opt/rustwide/target" "-e" "CARGO_INCREMENTAL=0" "-e" "RUST_BACKTRACE=full" "-e" "RUSTFLAGS=--cap-lints=warn" "-e" "RUSTDOCFLAGS=--cap-lints=warn" "-e" "CARGO_HOME=/opt/rustwide/cargo-home" "-e" "RUSTUP_HOME=/opt/rustwide/rustup-home" "-w" "/opt/rustwide/workdir" "-m" "1610612736" "--user" "0:0" "--network" "none" "ghcr.io/rust-lang/crates-build-env/linux@sha256:2788e3201cd34a07e3172128adcd8b3090168a8e3bcc40d7c032b9dda1df7d1c" "/opt/rustwide/cargo-home/bin/cargo" "+1.75.0" "doc" "--frozen" "--no-deps" "--document-private-items" "--message-format=json", kill_on_drop: false }`
[INFO] [stdout] 1e62a8dbb720481f000858d3fe88071d75c37e8d6d19777397faff3c66512e55
[INFO] running `Command { std: "docker" "start" "-a" "1e62a8dbb720481f000858d3fe88071d75c37e8d6d19777397faff3c66512e55", kill_on_drop: false }`
[INFO] [stderr]     Checking cfg-if v1.0.0
[INFO] [stderr]    Compiling proc-macro2 v1.0.66
[INFO] [stderr]    Compiling unicode-ident v1.0.11
[INFO] [stderr]    Compiling autocfg v1.1.0
[INFO] [stderr]    Compiling libc v0.2.147
[INFO] [stderr]    Compiling serde v1.0.173
[INFO] [stderr]    Compiling serde_derive v1.0.173
[INFO] [stderr]     Checking once_cell v1.18.0
[INFO] [stderr]    Compiling version_check v0.9.4
[INFO] [stderr]     Checking bitflags v1.3.2
[INFO] [stderr]    Compiling crossbeam-utils v0.8.16
[INFO] [stderr]     Checking scopeguard v1.2.0
[INFO] [stderr]     Checking log v0.4.19
[INFO] [stderr]    Compiling libm v0.2.7
[INFO] [stderr]    Compiling thiserror v1.0.43
[INFO] [stderr]    Compiling memchr v2.5.0
[INFO] [stderr]     Checking mint v0.5.9
[INFO] [stderr]    Compiling equivalent v1.0.1
[INFO] [stderr]    Compiling parking_lot_core v0.9.8
[INFO] [stderr]    Compiling hashbrown v0.14.0
[INFO] [stderr]    Compiling winnow v0.5.0
[INFO] [stderr]    Compiling toml_datetime v0.6.3
[INFO] [stderr]     Checking pin-project-lite v0.2.10
[INFO] [stderr]     Checking rustc-hash v1.1.0
[INFO] [stderr]     Checking tracing-core v0.1.31
[INFO] [stderr]    Compiling futures-core v0.3.28
[INFO] [stderr]     Checking instant v0.1.12
[INFO] [stderr]     Checking lazy_static v1.4.0
[INFO] [stderr]     Checking event-listener v2.5.3
[INFO] [stderr]    Compiling bit-vec v0.6.3
[INFO] [stderr]     Checking futures-io v0.3.28
[INFO] [stderr]     Checking parking v2.1.0
[INFO] [stderr]     Checking fixedbitset v0.4.2
[INFO] [stderr]    Compiling indexmap v2.0.0
[INFO] [stderr]     Checking waker-fn v1.1.0
[INFO] [stderr]    Compiling erased-serde v0.3.28
[INFO] [stderr]     Checking concurrent-queue v2.2.0
[INFO] [stderr]     Checking fastrand v1.9.0
[INFO] [stderr]     Checking downcast-rs v1.2.0
[INFO] [stderr]     Checking allocator-api2 v0.2.16
[INFO] [stderr]    Compiling bit-set v0.5.3
[INFO] [stderr]     Checking async-lock v2.7.0
[INFO] [stderr]     Checking async-task v4.4.0
[INFO] [stderr]     Checking async-channel v1.9.0
[INFO] [stderr]     Checking thread_local v1.1.7
[INFO] [stderr]     Checking futures-lite v1.13.0
[INFO] [stderr]     Checking bevy_ptr v0.11.0
[INFO] [stderr]     Checking smol_str v0.2.0
[INFO] [stderr]    Compiling quote v1.0.31
[INFO] [stderr]     Checking arrayvec v0.7.4
[INFO] [stderr]    Compiling syn v1.0.109
[INFO] [stderr]     Checking aho-corasick v1.0.2
[INFO] [stderr]     Checking regex-syntax v0.6.29
[INFO] [stderr]     Checking regex-syntax v0.7.4
[INFO] [stderr]     Checking overload v0.1.1
[INFO] [stderr]    Compiling num-traits v0.2.15
[INFO] [stderr]    Compiling syn v2.0.26
[INFO] [stderr]    Compiling indexmap v1.9.3
[INFO] [stderr]    Compiling ahash v0.7.6
[INFO] [stderr]    Compiling lock_api v0.4.10
[INFO] [stderr]    Compiling slab v0.4.8
[INFO] [stderr]    Compiling ahash v0.8.3
[INFO] [stderr]     Checking nu-ansi-term v0.46.0
[INFO] [stderr]    Compiling getrandom v0.2.10
[INFO] [stderr]    Compiling uuid v1.4.1
[INFO] [stderr]    Compiling num-integer v0.1.45
[INFO] [stderr]     Checking tracing-log v0.1.3
[INFO] [stderr]     Checking sharded-slab v0.1.4
[INFO] [stderr]     Checking async-executor v1.5.1
[INFO] [stderr]    Compiling toml_edit v0.19.14
[INFO] [stderr]     Checking raw-window-handle v0.5.2
[INFO] [stderr]    Compiling num-rational v0.4.1
[INFO] [stderr]     Checking bevy_tasks v0.11.0
[INFO] [stderr]     Checking hashbrown v0.12.3
[INFO] [stderr]     Checking crossbeam-channel v0.5.8
[INFO] [stderr]     Checking unicode-width v0.1.10
[INFO] [stderr]     Checking unicode-xid v0.2.4
[INFO] [stderr]     Checking termcolor v1.2.0
[INFO] [stderr]     Checking pp-rs v0.2.1
[INFO] [stderr]     Checking spirv v0.2.0+1.5.4
[INFO] [stderr]     Checking mio v0.8.8
[INFO] [stderr]     Checking libloading v0.7.4
[INFO] [stderr]    Compiling ash v0.37.3+1.3.251
[INFO] [stderr]     Checking codespan-reporting v0.11.1
[INFO] [stderr]    Compiling crc32fast v1.3.2
[INFO] [stderr]    Compiling khronos-egl v4.1.0
[INFO] [stderr]     Checking simd-adler32 v0.3.5
[INFO] [stderr]     Checking hexf-parse v0.2.1
[INFO] [stderr]     Checking gpu-alloc-types v0.2.0
[INFO] [stderr]     Checking gpu-descriptor-types v0.1.1
[INFO] [stderr]     Checking adler v1.0.2
[INFO] [stderr]     Checking bitflags v2.3.3
[INFO] [stderr]     Checking gpu-alloc v0.5.4
[INFO] [stderr]     Checking miniz_oxide v0.7.1
[INFO] [stderr]     Checking gpu-descriptor v0.2.3
[INFO] [stderr]     Checking regex-automata v0.1.10
[INFO] [stderr]     Checking regex-automata v0.3.3
[INFO] [stderr]     Checking wgpu-types v0.16.1
[INFO] [stderr]     Checking inotify-sys v0.1.5
[INFO] [stderr]     Checking petgraph v0.6.3
[INFO] [stderr]     Checking libloading v0.8.0
[INFO] [stderr]     Checking same-file v1.0.6
[INFO] [stderr]     Checking renderdoc-sys v1.0.0
[INFO] [stderr]     Checking glow v0.12.3
[INFO] [stderr]    Compiling thiserror-core v1.0.38
[INFO] [stderr]     Checking profiling v1.0.8
[INFO] [stderr]     Checking byteorder v1.4.3
[INFO] [stderr]    Compiling anyhow v1.0.72
[INFO] [stderr]     Checking static_assertions v1.1.0
[INFO] [stderr]     Checking flate2 v1.0.26
[INFO] [stderr]     Checking walkdir v2.3.3
[INFO] [stderr]     Checking inotify v0.9.6
[INFO] [stderr]     Checking fdeflate v0.3.0
[INFO] [stderr]     Checking filetime v0.2.21
[INFO] [stderr]     Checking matchers v0.1.0
[INFO] [stderr]     Checking sysinfo v0.29.5
[INFO] [stderr]     Checking const_soft_float v0.1.4
[INFO] [stderr]    Compiling pkg-config v0.3.27
[INFO] [stderr]     Checking notify v6.0.1
[INFO] [stderr]     Checking png v0.17.9
[INFO] [stderr]     Checking twox-hash v1.6.3
[INFO] [stderr]     Checking const_panic v0.2.8
[INFO] [stderr]     Checking smallvec v1.11.0
[INFO] [stderr]     Checking constgebra v0.1.3
[INFO] [stderr]     Checking data-encoding v2.4.0
[INFO] [stderr]     Checking color_quant v1.1.0
[INFO] [stderr]     Checking parking_lot v0.12.1
[INFO] [stderr]     Checking ktx2 v0.3.0
[INFO] [stderr]     Checking approx v0.5.1
[INFO] [stderr]     Checking radsort v0.1.0
[INFO] [stderr]    Compiling xml-rs v0.8.16
[INFO] [stderr]     Checking euclid v0.22.9
[INFO] [stderr]     Checking svg_fmt v0.4.1
[INFO] [stderr]     Checking ttf-parser v0.19.1
[INFO] [stderr]    Compiling serde_json v1.0.103
[INFO] [stderr]    Compiling cfg_aliases v0.1.1
[INFO] [stderr]    Compiling slotmap v1.0.6
[INFO] [stderr]     Checking accesskit v0.11.0
[INFO] [stderr]     Checking rectangle-pack v0.4.2
[INFO] [stderr]    Compiling inflections v1.1.1
[INFO] [stderr]     Checking itoa v1.0.9
[INFO] [stderr]     Checking ab_glyph_rasterizer v0.1.8
[INFO] [stderr]     Checking percent-encoding v2.3.0
[INFO] [stderr]     Checking ryu v1.0.15
[INFO] [stderr]     Checking xi-unicode v0.3.0
[INFO] [stderr]    Compiling libm v0.1.4
[INFO] [stderr]     Checking base64 v0.13.1
[INFO] [stderr]     Checking no-std-compat v0.4.1
[INFO] [stderr]     Checking grid v0.9.0
[INFO] [stderr]    Compiling memoffset v0.9.0
[INFO] [stderr]    Compiling bevy_macro_utils v0.11.0
[INFO] [stderr]    Compiling encase_derive_impl v0.6.1
[INFO] [stderr]     Checking guillotiere v0.6.2
[INFO] [stderr]     Checking ron v0.8.0
[INFO] [stderr]     Checking regex v1.9.1
[INFO] [stderr]     Checking encoding_rs v0.8.32
[INFO] [stderr]    Compiling packed_simd_2 v0.3.8
[INFO] [stderr]    Compiling wayland-scanner v0.29.5
[INFO] [stderr]    Compiling paste v1.0.14
[INFO] [stderr]     Checking taffy v0.3.12
[INFO] [stderr]    Compiling x11-dl v2.21.0
[INFO] [stderr]    Compiling alsa-sys v0.3.1
[INFO] [stderr]    Compiling crossbeam-epoch v0.9.15
[INFO] [stderr]    Compiling matrixmultiply v0.3.7
[INFO] [stderr]    Compiling typenum v1.16.0
[INFO] [stderr]     Checking owned_ttf_parser v0.19.0
[INFO] [stderr]    Compiling semver v1.0.18
[INFO] [stderr]     Checking ab_glyph v0.2.21
[INFO] [stderr]     Checking glyph_brush_layout v0.2.3
[INFO] [stderr]     Checking num-complex v0.4.3
[INFO] [stderr]    Compiling crossbeam-queue v0.3.8
[INFO] [stderr]     Checking rawpointer v0.2.1
[INFO] [stderr] error: could not compile `syn` (lib)
[INFO] [stderr] 
[INFO] [stderr] Caused by:
[INFO] [stderr]   process didn't exit successfully: `/opt/rustwide/rustup-home/toolchains/1.75.0-x86_64-unknown-linux-gnu/bin/rustc --crate-name syn --edition=2021 /opt/rustwide/cargo-home/registry/src/index.crates.io-6f17d22bba15001f/syn-2.0.26/src/lib.rs --error-format=json --json=diagnostic-rendered-ansi,artifacts,future-incompat --crate-type lib --emit=dep-info,metadata,link -C opt-level=3 -C embed-bitcode=no -C debug-assertions=on --cfg 'feature="clone-impls"' --cfg 'feature="default"' --cfg 'feature="derive"' --cfg 'feature="extra-traits"' --cfg 'feature="full"' --cfg 'feature="parsing"' --cfg 'feature="printing"' --cfg 'feature="proc-macro"' --cfg 'feature="quote"' --cfg 'feature="visit-mut"' -C metadata=adbc51117838d46b -C extra-filename=-adbc51117838d46b --out-dir /opt/rustwide/target/debug/deps -L dependency=/opt/rustwide/target/debug/deps --extern proc_macro2=/opt/rustwide/target/debug/deps/libproc_macro2-8889e11b0dcc08ef.rmeta --extern quote=/opt/rustwide/target/debug/deps/libquote-150a85e91598bd37.rmeta --extern unicode_ident=/opt/rustwide/target/debug/deps/libunicode_ident-ed194e7f9ea88373.rmeta --cap-lints allow --cap-lints=warn` (signal: 9, SIGKILL: kill)
[INFO] [stderr] warning: build failed, waiting for other jobs to finish...
[INFO] [stderr] error: could not compile `ash` (lib)
[INFO] [stderr] 
[INFO] [stderr] Caused by:
[INFO] [stderr]   process didn't exit successfully: `/opt/rustwide/rustup-home/toolchains/1.75.0-x86_64-unknown-linux-gnu/bin/rustc --crate-name ash --edition=2021 /opt/rustwide/cargo-home/registry/src/index.crates.io-6f17d22bba15001f/ash-0.37.3+1.3.251/src/lib.rs --error-format=json --json=diagnostic-rendered-ansi,artifacts,future-incompat --crate-type lib --emit=dep-info,metadata -C opt-level=3 -C embed-bitcode=no -C debuginfo=2 -C debug-assertions=on --cfg 'feature="debug"' --cfg 'feature="default"' --cfg 'feature="libloading"' --cfg 'feature="loaded"' -C metadata=48d6e2b5c8877329 -C extra-filename=-48d6e2b5c8877329 --out-dir /opt/rustwide/target/debug/deps -L dependency=/opt/rustwide/target/debug/deps --extern libloading=/opt/rustwide/target/debug/deps/liblibloading-a566ac0672d8b853.rmeta --cap-lints allow --cap-lints=warn` (signal: 9, SIGKILL: kill)
[INFO] [stdout] error[E0554]: `#![feature]` may not be used on the stable release channel
[INFO] [stdout]    --> /opt/rustwide/cargo-home/registry/src/index.crates.io-6f17d22bba15001f/packed_simd_2-0.3.8/src/lib.rs:214:1
[INFO] [stdout]     |
[INFO] [stdout] 214 | / #![feature(
[INFO] [stdout] 215 | |     adt_const_params,
[INFO] [stdout] 216 | |     repr_simd,
[INFO] [stdout] 217 | |     rustc_attrs,
[INFO] [stdout] ...   |
[INFO] [stdout] 224 | |     custom_inner_attributes,
[INFO] [stdout] 225 | | )]
[INFO] [stdout]     | |__^
[INFO] [stdout] 
[INFO] [stdout] 
[INFO] [stdout] error[E0554]: `#![feature]` may not be used on the stable release channel
[INFO] [stdout]    --> /opt/rustwide/cargo-home/registry/src/index.crates.io-6f17d22bba15001f/packed_simd_2-0.3.8/src/lib.rs:219:5
[INFO] [stdout]     |
[INFO] [stdout] 219 |     stdsimd,
[INFO] [stdout]     |     ^^^^^^^
[INFO] [stdout] 
[INFO] [stdout] 
[INFO] [stdout] error[E0554]: `#![feature]` may not be used on the stable release channel
[INFO] [stdout]    --> /opt/rustwide/cargo-home/registry/src/index.crates.io-6f17d22bba15001f/packed_simd_2-0.3.8/src/lib.rs:222:5
[INFO] [stdout]     |
[INFO] [stdout] 222 |     core_intrinsics,
[INFO] [stdout]     |     ^^^^^^^^^^^^^^^
[INFO] [stdout] 
[INFO] [stdout] 
[INFO] [stdout] error: unrecognized platform-specific intrinsic function: `simd_shuffle2`
[INFO] [stdout]   --> /opt/rustwide/cargo-home/registry/src/index.crates.io-6f17d22bba15001f/packed_simd_2-0.3.8/src/codegen/llvm.rs:10:5
[INFO] [stdout]    |
[INFO] [stdout] 10 |     pub fn simd_shuffle2<T, U>(x: T, y: T, idx: [u32; 2]) -> U;
[INFO] [stdout]    |     ^^^^^^^^^^^^^^^^^^^^^^^^^^^^^^^^^^^^^^^^^^^^^^^^^^^^^^^^^^^
[INFO] [stdout] 
[INFO] [stdout] 
[INFO] [stdout] error: unrecognized platform-specific intrinsic function: `simd_shuffle4`
[INFO] [stdout]   --> /opt/rustwide/cargo-home/registry/src/index.crates.io-6f17d22bba15001f/packed_simd_2-0.3.8/src/codegen/llvm.rs:11:5
[INFO] [stdout]    |
[INFO] [stdout] 11 |     pub fn simd_shuffle4<T, U>(x: T, y: T, idx: [u32; 4]) -> U;
[INFO] [stdout]    |     ^^^^^^^^^^^^^^^^^^^^^^^^^^^^^^^^^^^^^^^^^^^^^^^^^^^^^^^^^^^
[INFO] [stdout] 
[INFO] [stdout] 
[INFO] [stdout] error: unrecognized platform-specific intrinsic function: `simd_shuffle8`
[INFO] [stdout]   --> /opt/rustwide/cargo-home/registry/src/index.crates.io-6f17d22bba15001f/packed_simd_2-0.3.8/src/codegen/llvm.rs:12:5
[INFO] [stdout]    |
[INFO] [stdout] 12 |     pub fn simd_shuffle8<T, U>(x: T, y: T, idx: [u32; 8]) -> U;
[INFO] [stdout]    |     ^^^^^^^^^^^^^^^^^^^^^^^^^^^^^^^^^^^^^^^^^^^^^^^^^^^^^^^^^^^
[INFO] [stdout] 
[INFO] [stdout] 
[INFO] [stdout] error: unrecognized platform-specific intrinsic function: `simd_shuffle16`
[INFO] [stdout]   --> /opt/rustwide/cargo-home/registry/src/index.crates.io-6f17d22bba15001f/packed_simd_2-0.3.8/src/codegen/llvm.rs:13:5
[INFO] [stdout]    |
[INFO] [stdout] 13 |     pub fn simd_shuffle16<T, U>(x: T, y: T, idx: [u32; 16]) -> U;
[INFO] [stdout]    |     ^^^^^^^^^^^^^^^^^^^^^^^^^^^^^^^^^^^^^^^^^^^^^^^^^^^^^^^^^^^^^
[INFO] [stdout] 
[INFO] [stdout] 
[INFO] [stdout] error: unrecognized platform-specific intrinsic function: `simd_shuffle32`
[INFO] [stdout]   --> /opt/rustwide/cargo-home/registry/src/index.crates.io-6f17d22bba15001f/packed_simd_2-0.3.8/src/codegen/llvm.rs:14:5
[INFO] [stdout]    |
[INFO] [stdout] 14 |     pub fn simd_shuffle32<T, U>(x: T, y: T, idx: [u32; 32]) -> U;
[INFO] [stdout]    |     ^^^^^^^^^^^^^^^^^^^^^^^^^^^^^^^^^^^^^^^^^^^^^^^^^^^^^^^^^^^^^
[INFO] [stdout] 
[INFO] [stdout] 
[INFO] [stdout] error: unrecognized platform-specific intrinsic function: `simd_shuffle64`
[INFO] [stdout]   --> /opt/rustwide/cargo-home/registry/src/index.crates.io-6f17d22bba15001f/packed_simd_2-0.3.8/src/codegen/llvm.rs:15:5
[INFO] [stdout]    |
[INFO] [stdout] 15 |     pub fn simd_shuffle64<T, U>(x: T, y: T, idx: [u32; 64]) -> U;
[INFO] [stdout]    |     ^^^^^^^^^^^^^^^^^^^^^^^^^^^^^^^^^^^^^^^^^^^^^^^^^^^^^^^^^^^^^
[INFO] [stdout] 
[INFO] [stdout] 
[INFO] [stdout] error: aborting due to 9 previous errors
[INFO] [stdout] 
[INFO] [stdout] 
[INFO] [stdout] For more information about this error, try `rustc --explain E0554`.
[INFO] [stdout] 
[INFO] [stderr] error: could not compile `packed_simd_2` (lib) due to 10 previous errors
[INFO] running `Command { std: "docker" "inspect" "1e62a8dbb720481f000858d3fe88071d75c37e8d6d19777397faff3c66512e55", kill_on_drop: false }`
[INFO] running `Command { std: "docker" "rm" "-f" "1e62a8dbb720481f000858d3fe88071d75c37e8d6d19777397faff3c66512e55", kill_on_drop: false }`
[INFO] [stdout] 1e62a8dbb720481f000858d3fe88071d75c37e8d6d19777397faff3c66512e55
[INFO] documenting Sorrien/newtons_cradle against beta-2023-12-22 for beta-1.76-rustdoc-1
[INFO] running `Command { std: "git" "clone" "/workspace/cache/git-repos/https%3A%2F%2Fgithub.com%2FSorrien%2Fnewtons_cradle" "/workspace/builds/worker-7-tc2/source", kill_on_drop: false }`
[INFO] [stderr] Cloning into '/workspace/builds/worker-7-tc2/source'...
[INFO] [stderr] done.
[INFO] validating manifest of git repo https://github.com/Sorrien/newtons_cradle on toolchain beta-2023-12-22
[INFO] running `Command { std: CARGO_HOME="/workspace/cargo-home" RUSTUP_HOME="/workspace/rustup-home" "/workspace/cargo-home/bin/cargo" "+beta-2023-12-22" "metadata" "--manifest-path" "Cargo.toml" "--no-deps", kill_on_drop: false }`
[INFO] started tweaking git repo https://github.com/Sorrien/newtons_cradle
[INFO] finished tweaking git repo https://github.com/Sorrien/newtons_cradle
[INFO] tweaked toml for git repo https://github.com/Sorrien/newtons_cradle written to /workspace/builds/worker-7-tc2/source/Cargo.toml
[INFO] crate git repo https://github.com/Sorrien/newtons_cradle already has a lockfile, it will not be regenerated
[INFO] running `Command { std: CARGO_HOME="/workspace/cargo-home" RUSTUP_HOME="/workspace/rustup-home" "/workspace/cargo-home/bin/cargo" "+beta-2023-12-22" "fetch" "--manifest-path" "Cargo.toml", kill_on_drop: false }`
[INFO] running `Command { std: "docker" "create" "-v" "/var/lib/crater-agent-workspace/builds/worker-7-tc2/target:/opt/rustwide/target:rw,Z" "-v" "/var/lib/crater-agent-workspace/builds/worker-7-tc2/source:/opt/rustwide/workdir:ro,Z" "-v" "/var/lib/crater-agent-workspace/cargo-home:/opt/rustwide/cargo-home:ro,Z" "-v" "/var/lib/crater-agent-workspace/rustup-home:/opt/rustwide/rustup-home:ro,Z" "-e" "SOURCE_DIR=/opt/rustwide/workdir" "-e" "CARGO_TARGET_DIR=/opt/rustwide/target" "-e" "CARGO_HOME=/opt/rustwide/cargo-home" "-e" "RUSTUP_HOME=/opt/rustwide/rustup-home" "-w" "/opt/rustwide/workdir" "-m" "1610612736" "--user" "0:0" "--network" "none" "ghcr.io/rust-lang/crates-build-env/linux@sha256:2788e3201cd34a07e3172128adcd8b3090168a8e3bcc40d7c032b9dda1df7d1c" "/opt/rustwide/cargo-home/bin/cargo" "+beta-2023-12-22" "metadata" "--no-deps" "--format-version=1", kill_on_drop: false }`
[INFO] [stdout] ef9f437c8d3c2fe43b606c769ce6e64ad82f3bb70490760d0889c244ee04c132
[INFO] running `Command { std: "docker" "start" "-a" "ef9f437c8d3c2fe43b606c769ce6e64ad82f3bb70490760d0889c244ee04c132", kill_on_drop: false }`
[INFO] running `Command { std: "docker" "inspect" "ef9f437c8d3c2fe43b606c769ce6e64ad82f3bb70490760d0889c244ee04c132", kill_on_drop: false }`
[INFO] running `Command { std: "docker" "rm" "-f" "ef9f437c8d3c2fe43b606c769ce6e64ad82f3bb70490760d0889c244ee04c132", kill_on_drop: false }`
[INFO] [stdout] ef9f437c8d3c2fe43b606c769ce6e64ad82f3bb70490760d0889c244ee04c132
[INFO] running `Command { std: "docker" "create" "-v" "/var/lib/crater-agent-workspace/builds/worker-7-tc2/target:/opt/rustwide/target:rw,Z" "-v" "/var/lib/crater-agent-workspace/builds/worker-7-tc2/source:/opt/rustwide/workdir:ro,Z" "-v" "/var/lib/crater-agent-workspace/cargo-home:/opt/rustwide/cargo-home:ro,Z" "-v" "/var/lib/crater-agent-workspace/rustup-home:/opt/rustwide/rustup-home:ro,Z" "-e" "SOURCE_DIR=/opt/rustwide/workdir" "-e" "CARGO_TARGET_DIR=/opt/rustwide/target" "-e" "CARGO_INCREMENTAL=0" "-e" "RUST_BACKTRACE=full" "-e" "RUSTFLAGS=--cap-lints=warn" "-e" "RUSTDOCFLAGS=--cap-lints=warn" "-e" "CARGO_HOME=/opt/rustwide/cargo-home" "-e" "RUSTUP_HOME=/opt/rustwide/rustup-home" "-w" "/opt/rustwide/workdir" "-m" "1610612736" "--user" "0:0" "--network" "none" "ghcr.io/rust-lang/crates-build-env/linux@sha256:2788e3201cd34a07e3172128adcd8b3090168a8e3bcc40d7c032b9dda1df7d1c" "/opt/rustwide/cargo-home/bin/cargo" "+beta-2023-12-22" "doc" "--frozen" "--no-deps" "--document-private-items" "--message-format=json", kill_on_drop: false }`
[INFO] [stdout] 0912c072c374b2c42bb99d2c394e86fc41c8d9361eda943db8a426cc43342815
[INFO] running `Command { std: "docker" "start" "-a" "0912c072c374b2c42bb99d2c394e86fc41c8d9361eda943db8a426cc43342815", kill_on_drop: false }`
[INFO] [stderr]     Checking cfg-if v1.0.0
[INFO] [stderr]    Compiling proc-macro2 v1.0.66
[INFO] [stderr]    Compiling unicode-ident v1.0.11
[INFO] [stderr]    Compiling autocfg v1.1.0
[INFO] [stderr]    Compiling libc v0.2.147
[INFO] [stderr]    Compiling serde v1.0.173
[INFO] [stderr]    Compiling serde_derive v1.0.173
[INFO] [stderr]     Checking once_cell v1.18.0
[INFO] [stderr]    Compiling version_check v0.9.4
[INFO] [stderr]     Checking bitflags v1.3.2
[INFO] [stderr]    Compiling crossbeam-utils v0.8.16
[INFO] [stderr]     Checking scopeguard v1.2.0
[INFO] [stderr]     Checking log v0.4.19
[INFO] [stderr]    Compiling libm v0.2.7
[INFO] [stderr]     Checking mint v0.5.9
[INFO] [stderr]    Compiling thiserror v1.0.43
[INFO] [stderr]    Compiling memchr v2.5.0
[INFO] [stderr]    Compiling hashbrown v0.14.0
[INFO] [stderr]    Compiling parking_lot_core v0.9.8
[INFO] [stderr]    Compiling equivalent v1.0.1
[INFO] [stderr]     Checking pin-project-lite v0.2.10
[INFO] [stderr]    Compiling toml_datetime v0.6.3
[INFO] [stderr]    Compiling winnow v0.5.0
[INFO] [stderr]    Compiling rustc-hash v1.1.0
[INFO] [stderr]     Checking tracing-core v0.1.31
[INFO] [stderr]    Compiling futures-core v0.3.28
[INFO] [stderr]     Checking instant v0.1.12
[INFO] [stderr]     Checking lazy_static v1.4.0
[INFO] [stderr]     Checking event-listener v2.5.3
[INFO] [stderr]     Checking fastrand v1.9.0
[INFO] [stderr]     Checking parking v2.1.0
[INFO] [stderr]     Checking allocator-api2 v0.2.16
[INFO] [stderr]    Compiling bit-vec v0.6.3
[INFO] [stderr]     Checking fixedbitset v0.4.2
[INFO] [stderr]    Compiling indexmap v2.0.0
[INFO] [stderr]     Checking downcast-rs v1.2.0
[INFO] [stderr]     Checking waker-fn v1.1.0
[INFO] [stderr]     Checking concurrent-queue v2.2.0
[INFO] [stderr]     Checking futures-io v0.3.28
[INFO] [stderr]    Compiling erased-serde v0.3.28
[INFO] [stderr]     Checking async-lock v2.7.0
[INFO] [stderr]    Compiling bit-set v0.5.3
[INFO] [stderr]     Checking async-task v4.4.0
[INFO] [stderr]     Checking thread_local v1.1.7
[INFO] [stderr]     Checking async-channel v1.9.0
[INFO] [stderr]     Checking futures-lite v1.13.0
[INFO] [stderr]     Checking bevy_ptr v0.11.0
[INFO] [stderr]     Checking smol_str v0.2.0
[INFO] [stderr]    Compiling quote v1.0.31
[INFO] [stderr]     Checking arrayvec v0.7.4
[INFO] [stderr]    Compiling syn v1.0.109
[INFO] [stderr]     Checking aho-corasick v1.0.2
[INFO] [stderr]     Checking regex-syntax v0.7.4
[INFO] [stderr]     Checking regex-syntax v0.6.29
[INFO] [stderr]    Compiling num-traits v0.2.15
[INFO] [stderr]    Compiling ahash v0.7.6
[INFO] [stderr]    Compiling indexmap v1.9.3
[INFO] [stderr]    Compiling syn v2.0.26
[INFO] [stderr]    Compiling lock_api v0.4.10
[INFO] [stderr]    Compiling slab v0.4.8
[INFO] [stderr]    Compiling ahash v0.8.3
[INFO] [stderr]     Checking overload v0.1.1
[INFO] [stderr]     Checking nu-ansi-term v0.46.0
[INFO] [stderr]    Compiling getrandom v0.2.10
[INFO] [stderr]    Compiling num-integer v0.1.45
[INFO] [stderr]     Checking tracing-log v0.1.3
[INFO] [stderr]     Checking async-executor v1.5.1
[INFO] [stderr]    Compiling toml_edit v0.19.14
[INFO] [stderr]    Compiling uuid v1.4.1
[INFO] [stderr]     Checking sharded-slab v0.1.4
[INFO] [stderr]     Checking raw-window-handle v0.5.2
[INFO] [stderr]     Checking bevy_tasks v0.11.0
[INFO] [stderr]    Compiling num-rational v0.4.1
[INFO] [stderr]     Checking crossbeam-channel v0.5.8
[INFO] [stderr]     Checking unicode-xid v0.2.4
[INFO] [stderr]     Checking unicode-width v0.1.10
[INFO] [stderr]     Checking termcolor v1.2.0
[INFO] [stderr]     Checking pp-rs v0.2.1
[INFO] [stderr]     Checking hashbrown v0.12.3
[INFO] [stderr]     Checking mio v0.8.8
[INFO] [stderr]     Checking spirv v0.2.0+1.5.4
[INFO] [stderr]     Checking libloading v0.7.4
[INFO] [stderr]     Checking regex-automata v0.1.10
[INFO] [stderr]     Checking codespan-reporting v0.11.1
[INFO] [stderr]     Checking hexf-parse v0.2.1
[INFO] [stderr]    Compiling ash v0.37.3+1.3.251
[INFO] [stderr]     Checking simd-adler32 v0.3.5
[INFO] [stderr]    Compiling khronos-egl v4.1.0
[INFO] [stderr]    Compiling crc32fast v1.3.2
[INFO] [stderr]     Checking gpu-descriptor-types v0.1.1
[INFO] [stderr]     Checking gpu-alloc-types v0.2.0
[INFO] [stderr]     Checking regex-automata v0.3.3
[INFO] [stderr]     Checking adler v1.0.2
[INFO] [stderr]     Checking bitflags v2.3.3
[INFO] [stderr]     Checking gpu-alloc v0.5.4
[INFO] [stderr]     Checking miniz_oxide v0.7.1
[INFO] [stderr]     Checking gpu-descriptor v0.2.3
[INFO] [stderr]     Checking wgpu-types v0.16.1
[INFO] [stderr]     Checking inotify-sys v0.1.5
[INFO] [stderr]     Checking matchers v0.1.0
[INFO] [stderr]     Checking libloading v0.8.0
[INFO] [stderr]     Checking static_assertions v1.1.0
[INFO] [stderr]     Checking renderdoc-sys v1.0.0
[INFO] [stderr]    Compiling thiserror-core v1.0.38
[INFO] [stderr]     Checking glow v0.12.3
[INFO] [stderr]     Checking profiling v1.0.8
[INFO] [stderr]     Checking same-file v1.0.6
[INFO] [stderr]    Compiling anyhow v1.0.72
[INFO] [stderr]     Checking petgraph v0.6.3
[INFO] [stderr]     Checking byteorder v1.4.3
[INFO] [stderr]     Checking inotify v0.9.6
[INFO] [stderr]     Checking fdeflate v0.3.0
[INFO] [stderr]     Checking walkdir v2.3.3
[INFO] [stderr]     Checking sysinfo v0.29.5
[INFO] [stderr]     Checking filetime v0.2.21
[INFO] [stderr]    Compiling pkg-config v0.3.27
[INFO] [stderr]     Checking flate2 v1.0.26
[INFO] [stderr]     Checking const_soft_float v0.1.4
[INFO] [stderr]     Checking notify v6.0.1
[INFO] [stderr]     Checking smallvec v1.11.0
[INFO] [stderr]     Checking parking_lot v0.12.1
[INFO] [stderr]     Checking constgebra v0.1.3
[INFO] [stderr]     Checking png v0.17.9
[INFO] [stderr]     Checking twox-hash v1.6.3
[INFO] [stderr]     Checking data-encoding v2.4.0
[INFO] [stderr]     Checking const_panic v0.2.8
[INFO] [stderr]     Checking color_quant v1.1.0
[INFO] [stderr]     Checking ktx2 v0.3.0
[INFO] [stderr]     Checking approx v0.5.1
[INFO] [stderr]     Checking radsort v0.1.0
[INFO] [stderr]    Compiling xml-rs v0.8.16
[INFO] [stderr]     Checking euclid v0.22.9
[INFO] [stderr]    Compiling serde_json v1.0.103
[INFO] [stderr]     Checking svg_fmt v0.4.1
[INFO] [stderr]    Compiling cfg_aliases v0.1.1
[INFO] [stderr]     Checking ttf-parser v0.19.1
[INFO] [stderr]    Compiling slotmap v1.0.6
[INFO] [stderr]     Checking ryu v1.0.15
[INFO] [stderr]     Checking itoa v1.0.9
[INFO] [stderr]     Checking percent-encoding v2.3.0
[INFO] [stderr]     Checking rectangle-pack v0.4.2
[INFO] [stderr]    Compiling inflections v1.1.1
[INFO] [stderr]     Checking accesskit v0.11.0
[INFO] [stderr]     Checking ab_glyph_rasterizer v0.1.8
[INFO] [stderr]     Checking base64 v0.13.1
[INFO] [stderr]     Checking xi-unicode v0.3.0
[INFO] [stderr]     Checking no-std-compat v0.4.1
[INFO] [stderr]    Compiling libm v0.1.4
[INFO] [stderr]     Checking guillotiere v0.6.2
[INFO] [stderr]     Checking grid v0.9.0
[INFO] [stderr]    Compiling wayland-scanner v0.29.5
[INFO] [stderr]     Checking regex v1.9.1
[INFO] [stderr]     Checking ron v0.8.0
[INFO] [stderr]    Compiling memoffset v0.9.0
[INFO] [stderr]     Checking encoding_rs v0.8.32
[INFO] [stderr]    Compiling paste v1.0.14
[INFO] [stderr]    Compiling bevy_macro_utils v0.11.0
[INFO] [stderr]    Compiling encase_derive_impl v0.6.1
[INFO] [stderr]    Compiling packed_simd_2 v0.3.8
[INFO] [stderr]    Compiling x11-dl v2.21.0
[INFO] [stderr]    Compiling alsa-sys v0.3.1
[INFO] [stderr]     Checking taffy v0.3.12
[INFO] [stderr]    Compiling matrixmultiply v0.3.7
[INFO] [stderr]    Compiling crossbeam-epoch v0.9.15
[INFO] [stderr]    Compiling semver v1.0.18
[INFO] [stderr]    Compiling typenum v1.16.0
[INFO] [stderr]     Checking owned_ttf_parser v0.19.0
[INFO] [stderr]     Checking ab_glyph v0.2.21
[INFO] [stderr]     Checking num-complex v0.4.3
[INFO] [stderr]    Compiling crossbeam-queue v0.3.8
[INFO] [stderr]     Checking rawpointer v0.2.1
[INFO] [stderr]     Checking glyph_brush_layout v0.2.3
[INFO] [stderr]     Checking nix v0.24.3
[INFO] [stderr] error: could not compile `ash` (lib)
[INFO] [stderr] 
[INFO] [stderr] Caused by:
[INFO] [stderr]   process didn't exit successfully: `/opt/rustwide/rustup-home/toolchains/beta-2023-12-22-x86_64-unknown-linux-gnu/bin/rustc --crate-name ash --edition=2021 /opt/rustwide/cargo-home/registry/src/index.crates.io-6f17d22bba15001f/ash-0.37.3+1.3.251/src/lib.rs --error-format=json --json=diagnostic-rendered-ansi,artifacts,future-incompat --crate-type lib --emit=dep-info,metadata -C opt-level=3 -C embed-bitcode=no -C debuginfo=2 -C debug-assertions=on --cfg 'feature="debug"' --cfg 'feature="default"' --cfg 'feature="libloading"' --cfg 'feature="loaded"' -C metadata=d57b73718faaec11 -C extra-filename=-d57b73718faaec11 --out-dir /opt/rustwide/target/debug/deps -L dependency=/opt/rustwide/target/debug/deps --extern libloading=/opt/rustwide/target/debug/deps/liblibloading-26ba24f04ff72e87.rmeta --cap-lints allow --cap-lints=warn` (signal: 9, SIGKILL: kill)
[INFO] [stderr] warning: build failed, waiting for other jobs to finish...
[INFO] [stdout] error[E0554]: `#![feature]` may not be used on the beta release channel
[INFO] [stdout]    --> /opt/rustwide/cargo-home/registry/src/index.crates.io-6f17d22bba15001f/packed_simd_2-0.3.8/src/lib.rs:214:1
[INFO] [stdout]     |
[INFO] [stdout] 214 | / #![feature(
[INFO] [stdout] 215 | |     adt_const_params,
[INFO] [stdout] 216 | |     repr_simd,
[INFO] [stdout] 217 | |     rustc_attrs,
[INFO] [stdout] ...   |
[INFO] [stdout] 224 | |     custom_inner_attributes,
[INFO] [stdout] 225 | | )]
[INFO] [stdout]     | |__^
[INFO] [stdout] 
[INFO] [stdout] 
[INFO] [stdout] error[E0554]: `#![feature]` may not be used on the beta release channel
[INFO] [stdout]    --> /opt/rustwide/cargo-home/registry/src/index.crates.io-6f17d22bba15001f/packed_simd_2-0.3.8/src/lib.rs:219:5
[INFO] [stdout]     |
[INFO] [stdout] 219 |     stdsimd,
[INFO] [stdout]     |     ^^^^^^^
[INFO] [stdout] 
[INFO] [stdout] 
[INFO] [stdout] error[E0554]: `#![feature]` may not be used on the beta release channel
[INFO] [stdout]    --> /opt/rustwide/cargo-home/registry/src/index.crates.io-6f17d22bba15001f/packed_simd_2-0.3.8/src/lib.rs:222:5
[INFO] [stdout]     |
[INFO] [stdout] 222 |     core_intrinsics,
[INFO] [stdout]     |     ^^^^^^^^^^^^^^^
[INFO] [stdout] 
[INFO] [stdout] 
[INFO] [stdout] error: unrecognized platform-specific intrinsic function: `simd_shuffle2`
[INFO] [stdout]   --> /opt/rustwide/cargo-home/registry/src/index.crates.io-6f17d22bba15001f/packed_simd_2-0.3.8/src/codegen/llvm.rs:10:5
[INFO] [stdout]    |
[INFO] [stdout] 10 |     pub fn simd_shuffle2<T, U>(x: T, y: T, idx: [u32; 2]) -> U;
[INFO] [stdout]    |     ^^^^^^^^^^^^^^^^^^^^^^^^^^^^^^^^^^^^^^^^^^^^^^^^^^^^^^^^^^^
[INFO] [stdout] 
[INFO] [stdout] 
[INFO] [stdout] error: unrecognized platform-specific intrinsic function: `simd_shuffle4`
[INFO] [stdout]   --> /opt/rustwide/cargo-home/registry/src/index.crates.io-6f17d22bba15001f/packed_simd_2-0.3.8/src/codegen/llvm.rs:11:5
[INFO] [stdout]    |
[INFO] [stdout] 11 |     pub fn simd_shuffle4<T, U>(x: T, y: T, idx: [u32; 4]) -> U;
[INFO] [stdout]    |     ^^^^^^^^^^^^^^^^^^^^^^^^^^^^^^^^^^^^^^^^^^^^^^^^^^^^^^^^^^^
[INFO] [stdout] 
[INFO] [stdout] 
[INFO] [stdout] error: unrecognized platform-specific intrinsic function: `simd_shuffle8`
[INFO] [stdout]   --> /opt/rustwide/cargo-home/registry/src/index.crates.io-6f17d22bba15001f/packed_simd_2-0.3.8/src/codegen/llvm.rs:12:5
[INFO] [stdout]    |
[INFO] [stdout] 12 |     pub fn simd_shuffle8<T, U>(x: T, y: T, idx: [u32; 8]) -> U;
[INFO] [stdout]    |     ^^^^^^^^^^^^^^^^^^^^^^^^^^^^^^^^^^^^^^^^^^^^^^^^^^^^^^^^^^^
[INFO] [stdout] 
[INFO] [stdout] 
[INFO] [stdout] error: unrecognized platform-specific intrinsic function: `simd_shuffle16`
[INFO] [stdout]   --> /opt/rustwide/cargo-home/registry/src/index.crates.io-6f17d22bba15001f/packed_simd_2-0.3.8/src/codegen/llvm.rs:13:5
[INFO] [stdout]    |
[INFO] [stdout] 13 |     pub fn simd_shuffle16<T, U>(x: T, y: T, idx: [u32; 16]) -> U;
[INFO] [stdout]    |     ^^^^^^^^^^^^^^^^^^^^^^^^^^^^^^^^^^^^^^^^^^^^^^^^^^^^^^^^^^^^^
[INFO] [stdout] 
[INFO] [stdout] 
[INFO] [stdout] error: unrecognized platform-specific intrinsic function: `simd_shuffle32`
[INFO] [stdout]   --> /opt/rustwide/cargo-home/registry/src/index.crates.io-6f17d22bba15001f/packed_simd_2-0.3.8/src/codegen/llvm.rs:14:5
[INFO] [stdout]    |
[INFO] [stdout] 14 |     pub fn simd_shuffle32<T, U>(x: T, y: T, idx: [u32; 32]) -> U;
[INFO] [stdout]    |     ^^^^^^^^^^^^^^^^^^^^^^^^^^^^^^^^^^^^^^^^^^^^^^^^^^^^^^^^^^^^^
[INFO] [stdout] 
[INFO] [stdout] 
[INFO] [stdout] error: unrecognized platform-specific intrinsic function: `simd_shuffle64`
[INFO] [stdout]   --> /opt/rustwide/cargo-home/registry/src/index.crates.io-6f17d22bba15001f/packed_simd_2-0.3.8/src/codegen/llvm.rs:15:5
[INFO] [stdout]    |
[INFO] [stdout] 15 |     pub fn simd_shuffle64<T, U>(x: T, y: T, idx: [u32; 64]) -> U;
[INFO] [stdout]    |     ^^^^^^^^^^^^^^^^^^^^^^^^^^^^^^^^^^^^^^^^^^^^^^^^^^^^^^^^^^^^^
[INFO] [stdout] 
[INFO] [stdout] 
[INFO] [stdout] error: aborting due to 9 previous errors
[INFO] [stdout] 
[INFO] [stdout] 
[INFO] [stdout] For more information about this error, try `rustc --explain E0554`.
[INFO] [stdout] 
[INFO] [stderr] error: could not compile `packed_simd_2` (lib) due to 10 previous errors
[INFO] running `Command { std: "docker" "inspect" "0912c072c374b2c42bb99d2c394e86fc41c8d9361eda943db8a426cc43342815", kill_on_drop: false }`
[INFO] running `Command { std: "docker" "rm" "-f" "0912c072c374b2c42bb99d2c394e86fc41c8d9361eda943db8a426cc43342815", kill_on_drop: false }`
[INFO] [stdout] 0912c072c374b2c42bb99d2c394e86fc41c8d9361eda943db8a426cc43342815
