[INFO] cloning repository https://github.com/Sorenon/openxr-pp
[INFO] running `Command { std: "git" "-c" "credential.helper=" "-c" "credential.helper=/workspace/cargo-home/bin/git-credential-null" "clone" "--bare" "https://github.com/Sorenon/openxr-pp" "/workspace/cache/git-repos/https%3A%2F%2Fgithub.com%2FSorenon%2Fopenxr-pp", kill_on_drop: false }`
[INFO] [stderr] Cloning into bare repository '/workspace/cache/git-repos/https%3A%2F%2Fgithub.com%2FSorenon%2Fopenxr-pp'...
[INFO] running `Command { std: "git" "rev-parse" "HEAD", kill_on_drop: false }`
[INFO] [stdout] 9f48eaa8784332e2b81da7283f577b9a0dbab482
[INFO] documenting Sorenon/openxr-pp against 1.75.0 for beta-1.76-rustdoc-1
[INFO] running `Command { std: "git" "clone" "/workspace/cache/git-repos/https%3A%2F%2Fgithub.com%2FSorenon%2Fopenxr-pp" "/workspace/builds/worker-7-tc1/source", kill_on_drop: false }`
[INFO] [stderr] Cloning into '/workspace/builds/worker-7-tc1/source'...
[INFO] [stderr] done.
[INFO] validating manifest of git repo https://github.com/Sorenon/openxr-pp on toolchain 1.75.0
[INFO] running `Command { std: CARGO_HOME="/workspace/cargo-home" RUSTUP_HOME="/workspace/rustup-home" "/workspace/cargo-home/bin/cargo" "+1.75.0" "metadata" "--manifest-path" "Cargo.toml" "--no-deps", kill_on_drop: false }`
[INFO] started tweaking git repo https://github.com/Sorenon/openxr-pp
[INFO] finished tweaking git repo https://github.com/Sorenon/openxr-pp
[INFO] tweaked toml for git repo https://github.com/Sorenon/openxr-pp written to /workspace/builds/worker-7-tc1/source/Cargo.toml
[INFO] crate git repo https://github.com/Sorenon/openxr-pp already has a lockfile, it will not be regenerated
[INFO] running `Command { std: CARGO_HOME="/workspace/cargo-home" RUSTUP_HOME="/workspace/rustup-home" "/workspace/cargo-home/bin/cargo" "+1.75.0" "fetch" "--manifest-path" "Cargo.toml", kill_on_drop: false }`
[INFO] [stderr]     Updating git repository `https://github.com/Sorenon/openxrs`
[INFO] [stderr]     Updating git submodule `https://github.com/KhronosGroup/OpenXR-SDK.git`
[INFO] [stderr]     Blocking waiting for file lock on package cache
[INFO] [stderr]  Downloading crates ...
[INFO] [stderr]   Downloaded slotmap v0.4.2
[INFO] running `Command { std: "docker" "create" "-v" "/var/lib/crater-agent-workspace/builds/worker-7-tc1/target:/opt/rustwide/target:rw,Z" "-v" "/var/lib/crater-agent-workspace/builds/worker-7-tc1/source:/opt/rustwide/workdir:ro,Z" "-v" "/var/lib/crater-agent-workspace/cargo-home:/opt/rustwide/cargo-home:ro,Z" "-v" "/var/lib/crater-agent-workspace/rustup-home:/opt/rustwide/rustup-home:ro,Z" "-e" "SOURCE_DIR=/opt/rustwide/workdir" "-e" "CARGO_TARGET_DIR=/opt/rustwide/target" "-e" "CARGO_HOME=/opt/rustwide/cargo-home" "-e" "RUSTUP_HOME=/opt/rustwide/rustup-home" "-w" "/opt/rustwide/workdir" "-m" "1610612736" "--user" "0:0" "--network" "none" "ghcr.io/rust-lang/crates-build-env/linux@sha256:2788e3201cd34a07e3172128adcd8b3090168a8e3bcc40d7c032b9dda1df7d1c" "/opt/rustwide/cargo-home/bin/cargo" "+1.75.0" "metadata" "--no-deps" "--format-version=1", kill_on_drop: false }`
[INFO] [stdout] ebe2fbaa4c2fa7beceee4bc38ecdab02dafcf6ec8fbae18cf1097ead69106bca
[INFO] running `Command { std: "docker" "start" "-a" "ebe2fbaa4c2fa7beceee4bc38ecdab02dafcf6ec8fbae18cf1097ead69106bca", kill_on_drop: false }`
[INFO] running `Command { std: "docker" "inspect" "ebe2fbaa4c2fa7beceee4bc38ecdab02dafcf6ec8fbae18cf1097ead69106bca", kill_on_drop: false }`
[INFO] running `Command { std: "docker" "rm" "-f" "ebe2fbaa4c2fa7beceee4bc38ecdab02dafcf6ec8fbae18cf1097ead69106bca", kill_on_drop: false }`
[INFO] [stdout] ebe2fbaa4c2fa7beceee4bc38ecdab02dafcf6ec8fbae18cf1097ead69106bca
[INFO] running `Command { std: "docker" "create" "-v" "/var/lib/crater-agent-workspace/builds/worker-7-tc1/target:/opt/rustwide/target:rw,Z" "-v" "/var/lib/crater-agent-workspace/builds/worker-7-tc1/source:/opt/rustwide/workdir:ro,Z" "-v" "/var/lib/crater-agent-workspace/cargo-home:/opt/rustwide/cargo-home:ro,Z" "-v" "/var/lib/crater-agent-workspace/rustup-home:/opt/rustwide/rustup-home:ro,Z" "-e" "SOURCE_DIR=/opt/rustwide/workdir" "-e" "CARGO_TARGET_DIR=/opt/rustwide/target" "-e" "CARGO_INCREMENTAL=0" "-e" "RUST_BACKTRACE=full" "-e" "RUSTFLAGS=--cap-lints=warn" "-e" "RUSTDOCFLAGS=--cap-lints=warn" "-e" "CARGO_HOME=/opt/rustwide/cargo-home" "-e" "RUSTUP_HOME=/opt/rustwide/rustup-home" "-w" "/opt/rustwide/workdir" "-m" "1610612736" "--user" "0:0" "--network" "none" "ghcr.io/rust-lang/crates-build-env/linux@sha256:2788e3201cd34a07e3172128adcd8b3090168a8e3bcc40d7c032b9dda1df7d1c" "/opt/rustwide/cargo-home/bin/cargo" "+1.75.0" "doc" "--frozen" "--no-deps" "--document-private-items" "--message-format=json", kill_on_drop: false }`
[INFO] [stdout] d267a3378c4cfbd11b5f7ff2bb3ff1eedb34b76e1c1f51497c78ec0f2e5f338e
[INFO] running `Command { std: "docker" "start" "-a" "d267a3378c4cfbd11b5f7ff2bb3ff1eedb34b76e1c1f51497c78ec0f2e5f338e", kill_on_drop: false }`
[INFO] [stderr]    Compiling libc v0.2.98
[INFO] [stderr]    Compiling proc-macro2 v1.0.28
[INFO] [stderr]    Compiling unicode-xid v0.2.2
[INFO] [stderr]    Compiling autocfg v1.0.1
[INFO] [stderr]    Compiling bitflags v1.2.1
[INFO] [stderr]    Compiling syn v1.0.65
[INFO] [stderr]    Compiling pkg-config v0.3.19
[INFO] [stderr]    Compiling log v0.4.14
[INFO] [stderr]     Checking smallvec v1.6.1
[INFO] [stderr]    Compiling memchr v2.4.0
[INFO] [stderr]    Compiling version_check v0.9.3
[INFO] [stderr]    Compiling xml-rs v0.8.4
[INFO] [stderr]     Checking byteorder v1.4.3
[INFO] [stderr]     Checking pin-project-lite v0.2.7
[INFO] [stderr]     Checking cfg-if v0.1.10
[INFO] [stderr]     Checking libloading v0.7.0
[INFO] [stderr]     Checking libloading v0.6.7
[INFO] [stderr]    Compiling ucd-trie v0.1.3
[INFO] [stderr]    Compiling getrandom v0.1.16
[INFO] [stderr]     Checking dlib v0.5.0
[INFO] [stderr]     Checking once_cell v1.8.0
[INFO] [stderr]    Compiling pest v2.1.3
[INFO] [stderr]     Checking slab v0.4.3
[INFO] [stderr]    Compiling proc-macro-hack v0.5.19
[INFO] [stderr]    Compiling crossbeam-utils v0.8.5
[INFO] [stderr]     Checking fixedbitset v0.2.0
[INFO] [stderr]    Compiling num-traits v0.2.14
[INFO] [stderr]    Compiling indexmap v1.7.0
[INFO] [stderr]    Compiling nom v6.1.2
[INFO] [stderr]     Checking ab_glyph_rasterizer v0.1.4
[INFO] [stderr]    Compiling futures-core v0.3.16
[INFO] [stderr]     Checking bit-vec v0.6.3
[INFO] [stderr]    Compiling memoffset v0.6.4
[INFO] [stderr]    Compiling futures-macro v0.3.16
[INFO] [stderr]     Checking fxhash v0.2.1
[INFO] [stderr]    Compiling wayland-sys v0.28.6
[INFO] [stderr]     Checking instant v0.1.10
[INFO] [stderr]    Compiling proc-macro-nested v0.1.7
[INFO] [stderr]     Checking bit-set v0.5.2
[INFO] [stderr]    Compiling futures-channel v0.3.16
[INFO] [stderr]    Compiling futures-task v0.3.16
[INFO] [stderr]     Checking downcast-rs v1.2.0
[INFO] [stderr]     Checking scoped-tls v1.0.0
[INFO] [stderr]    Compiling quote v1.0.9
[INFO] [stderr]    Compiling futures-util v0.3.16
[INFO] [stderr]     Checking lock_api v0.4.4
[INFO] [stderr]     Checking futures-sink v0.3.16
[INFO] [stderr]    Compiling wayland-scanner v0.28.6
[INFO] [stderr]    Compiling semver-parser v0.10.2
[INFO] [stderr]    Compiling crossbeam-epoch v0.9.5
[INFO] [stderr]     Checking ppv-lite86 v0.2.10
[INFO] [stderr]     Checking petgraph v0.5.1
[INFO] [stderr]     Checking same-file v1.0.6
[INFO] [stderr]    Compiling rayon-core v1.9.1
[INFO] [stderr]     Checking futures-io v0.3.16
[INFO] [stderr]    Compiling servo-fontconfig-sys v5.1.0
[INFO] [stderr]     Checking walkdir v2.3.2
[INFO] [stderr]     Checking tracing-core v0.1.18
[INFO] [stderr]     Checking ttf-parser v0.12.3
[INFO] [stderr]    Compiling khronos-egl v3.0.2
[INFO] [stderr]    Compiling semver v0.11.0
[INFO] [stderr]     Checking static_assertions v1.1.0
[INFO] [stderr]     Checking spirv_headers v1.5.0
[INFO] [stderr]     Checking crossbeam-channel v0.5.1
[INFO] [stderr]    Compiling rayon v1.5.1
[INFO] [stderr]     Checking num_cpus v1.13.0
[INFO] [stderr]     Checking raw-window-handle v0.3.3
[INFO] [stderr]     Checking nix v0.20.0
[INFO] [stderr]    Compiling jobserver v0.1.22
[INFO] [stderr]     Checking parking_lot_core v0.8.3
[INFO] [stderr]    Compiling rustc_version v0.3.3
[INFO] [stderr]     Checking rand_core v0.5.1
[INFO] [stderr]     Checking crossbeam-deque v0.8.1
[INFO] [stderr]    Compiling cc v1.0.69
[INFO] [stderr]     Checking parking_lot v0.11.1
[INFO] [stderr]     Checking ttf-parser v0.6.2
[INFO] [stderr]     Checking arrayvec v0.5.2
[INFO] [stderr]     Checking rand_chacha v0.2.2
[INFO] [stderr]    Compiling serde_derive v1.0.127
[INFO] [stderr]    Compiling cfg_aliases v0.1.1
[INFO] [stderr]     Checking ahash v0.4.7
[INFO] [stderr]    Compiling nix v0.18.0
[INFO] [stderr]    Compiling wgpu-core v0.7.1
[INFO] [stderr]    Compiling pathfinder_simd v0.5.1
[INFO] [stderr]     Checking hashbrown v0.9.1
[INFO] [stderr]     Checking rand v0.7.3
[INFO] [stderr]     Checking xcursor v0.3.3
[INFO] [stderr]     Checking dirs-sys-next v0.1.2
[INFO] [stderr]    Compiling cmake v0.1.45
[INFO] [stderr]     Checking memmap2 v0.2.3
[INFO] [stderr]    Compiling wayland-client v0.28.6
[INFO] [stderr]    Compiling wayland-protocols v0.28.6
[INFO] [stderr]     Checking owned_ttf_parser v0.12.1
[INFO] [stderr]     Checking gpu-alloc-types v0.2.0
[INFO] [stderr]     Checking gpu-descriptor-types v0.1.1
[INFO] [stderr]     Checking ab_glyph v0.2.11
[INFO] [stderr]    Compiling glam v0.10.2
[INFO] [stderr]     Checking ash v0.31.0
[INFO] [stderr]    Compiling maybe-uninit v2.0.0
[INFO] [stderr]    Compiling serde v1.0.127
[INFO] [stderr]     Checking inplace_it v0.3.3
[INFO] [stderr]     Checking iced_core v0.4.0
[INFO] [stderr]    Compiling openxr-sys v0.9.0 (https://github.com/Sorenon/openxrs#9f4d97a3)
[INFO] [stderr]     Checking glow v0.7.2
[INFO] [stderr]    Compiling ryu v1.0.5
[INFO] [stderr]     Checking owned_ttf_parser v0.6.0
[INFO] [stderr]     Checking twox-hash v1.6.0
[INFO] [stderr]     Checking either v1.6.1
[INFO] [stderr]     Checking rusttype v0.9.2
[INFO] [stderr]     Checking dirs-next v2.0.0
[INFO] [stderr]     Checking net2 v0.2.37
[INFO] [stderr]     Checking iovec v0.1.4
[INFO] [stderr]     Checking pathfinder_geometry v0.5.1
[INFO] [stderr]     Checking gethostname v0.2.1
[INFO] [stderr]    Compiling freetype-sys v0.13.1
[INFO] [stderr]    Compiling expat-sys v2.1.6
[INFO] [stderr]    Compiling spirv_cross v0.23.1
[INFO] [stderr]     Checking approx v0.5.0
[INFO] [stderr]    Compiling x11-dl v2.18.5
[INFO] [stderr]     Checking wgpu-types v0.7.0
[INFO] [stderr]     Checking xdg v2.2.0
[INFO] [stderr]     Checking linked-hash-map v0.5.4
[INFO] [stderr]     Checking float-ord v0.2.0
[INFO] [stderr]    Compiling serde_json v1.0.66
[INFO] [stderr]     Checking copyless v0.1.5
[INFO] [stderr]     Checking xi-unicode v0.3.0
[INFO] [stderr]     Checking unicode-segmentation v1.8.0
[INFO] [stderr]     Checking mio v0.6.23
[INFO] [stderr]     Checking glyph_brush_layout v0.2.3
[INFO] [stderr]     Checking freetype v0.7.0
[INFO] [stderr]     Checking servo-fontconfig v0.5.1
[INFO] [stderr]     Checking andrew v0.3.1
[INFO] [stderr]     Checking iced_style v0.3.0
[INFO] [stderr]     Checking getrandom v0.2.3
[INFO] [stderr]     Checking memmap2 v0.1.0
[INFO] [stderr]     Checking font-kit v0.10.1
[INFO] [stderr]     Checking ordered-float v2.7.0
[INFO] [stderr]     Checking dlib v0.4.2
[INFO] [stderr]     Checking lazycell v1.3.0
[INFO] [stderr]     Checking itoa v0.4.7
[INFO] [stderr]     Checking uuid v0.8.2
[INFO] [stderr]     Checking euclid v0.22.6
[INFO] [stderr]     Checking svg_fmt v0.4.1
[INFO] [stderr]     Checking mio-extras v2.0.6
[INFO] [stderr]     Checking dashmap v4.0.2
[INFO] [stderr]     Checking openxr v0.15.2 (https://github.com/Sorenon/openxrs#9f4d97a3)
[INFO] [stderr]     Checking wayland-commons v0.28.6
[INFO] [stderr]     Checking x11rb v0.8.1
[INFO] [stderr]     Checking guillotiere v0.6.1
[INFO] [stderr]     Checking glyph_brush_draw_cache v0.1.4
[INFO] [stderr]     Checking glyph_brush v0.7.2
[INFO] [stderr] error: could not compile `syn` (lib)
[INFO] [stderr] 
[INFO] [stderr] Caused by:
[INFO] [stderr]   process didn't exit successfully: `/opt/rustwide/rustup-home/toolchains/1.75.0-x86_64-unknown-linux-gnu/bin/rustc --crate-name syn --edition=2018 /opt/rustwide/cargo-home/registry/src/index.crates.io-6f17d22bba15001f/syn-1.0.65/src/lib.rs --error-format=json --json=diagnostic-rendered-ansi,artifacts,future-incompat --crate-type lib --emit=dep-info,metadata,link -C embed-bitcode=no --cfg 'feature="clone-impls"' --cfg 'feature="default"' --cfg 'feature="derive"' --cfg 'feature="extra-traits"' --cfg 'feature="full"' --cfg 'feature="parsing"' --cfg 'feature="printing"' --cfg 'feature="proc-macro"' --cfg 'feature="quote"' --cfg 'feature="visit"' --cfg 'feature="visit-mut"' -C metadata=7b70fd1ab32c4f74 -C extra-filename=-7b70fd1ab32c4f74 --out-dir /opt/rustwide/target/debug/deps -L dependency=/opt/rustwide/target/debug/deps --extern proc_macro2=/opt/rustwide/target/debug/deps/libproc_macro2-5023322fd0a09e68.rmeta --extern quote=/opt/rustwide/target/debug/deps/libquote-9620d72df73f944d.rmeta --extern unicode_xid=/opt/rustwide/target/debug/deps/libunicode_xid-2f52ff0a6e779e96.rmeta --cap-lints allow --cap-lints=warn --cfg syn_disable_nightly_tests` (signal: 9, SIGKILL: kill)
[INFO] [stderr] warning: build failed, waiting for other jobs to finish...
[INFO] [stderr] error: could not compile `ash` (lib)
[INFO] [stderr] 
[INFO] [stderr] Caused by:
[INFO] [stderr]   process didn't exit successfully: `/opt/rustwide/rustup-home/toolchains/1.75.0-x86_64-unknown-linux-gnu/bin/rustc --crate-name ash --edition=2018 /opt/rustwide/cargo-home/registry/src/index.crates.io-6f17d22bba15001f/ash-0.31.0/src/lib.rs --error-format=json --json=diagnostic-rendered-ansi,artifacts,future-incompat --crate-type lib --emit=dep-info,metadata -C embed-bitcode=no -C debuginfo=2 --cfg 'feature="default"' --cfg 'feature="libloading"' -C metadata=ed9413a72f598a23 -C extra-filename=-ed9413a72f598a23 --out-dir /opt/rustwide/target/debug/deps -L dependency=/opt/rustwide/target/debug/deps --extern libloading=/opt/rustwide/target/debug/deps/liblibloading-0bacd5606ca2f2bb.rmeta --cap-lints allow --cap-lints=warn` (signal: 9, SIGKILL: kill)
[INFO] [stderr] error: could not compile `nix` (lib)
[INFO] [stderr] 
[INFO] [stderr] Caused by:
[INFO] [stderr]   process didn't exit successfully: `/opt/rustwide/rustup-home/toolchains/1.75.0-x86_64-unknown-linux-gnu/bin/rustc --crate-name nix --edition=2018 /opt/rustwide/cargo-home/registry/src/index.crates.io-6f17d22bba15001f/nix-0.18.0/src/lib.rs --error-format=json --json=diagnostic-rendered-ansi,artifacts,future-incompat --crate-type lib --emit=dep-info,metadata -C embed-bitcode=no -C debuginfo=2 -C metadata=cd859ad4436ddcde -C extra-filename=-cd859ad4436ddcde --out-dir /opt/rustwide/target/debug/deps -L dependency=/opt/rustwide/target/debug/deps --extern bitflags=/opt/rustwide/target/debug/deps/libbitflags-8e8534d6c0fd0e49.rmeta --extern cfg_if=/opt/rustwide/target/debug/deps/libcfg_if-fa201843a150fe4d.rmeta --extern libc=/opt/rustwide/target/debug/deps/liblibc-d235536201d280e1.rmeta --cap-lints allow --cap-lints=warn` (signal: 9, SIGKILL: kill)
[INFO] [stderr] The following warnings were emitted during compilation:
[INFO] [stderr] 
[INFO] [stderr] warning: spirv_cross@0.23.1: src/wrapper.cpp:2: warning: ignoring '#pragma warning ' [-Wunknown-pragmas]
[INFO] [stderr] warning: spirv_cross@0.23.1:     2 | #pragma warning(disable : 4996 4101)
[INFO] [stderr] warning: spirv_cross@0.23.1:       | 
[INFO] [stderr] warning: spirv_cross@0.23.1: c++: fatal error: Killed signal terminated program cc1plus
[INFO] [stderr] warning: spirv_cross@0.23.1: compilation terminated.
[INFO] [stderr] 
[INFO] [stderr] error: failed to run custom build command for `spirv_cross v0.23.1`
[INFO] [stderr] note: To improve backtraces for build dependencies, set the CARGO_PROFILE_DEV_BUILD_OVERRIDE_DEBUG=true environment variable to enable debug information generation.
[INFO] [stderr] 
[INFO] [stderr] Caused by:
[INFO] [stderr]   process didn't exit successfully: `/opt/rustwide/target/debug/build/spirv_cross-952471b2e1f98042/build-script-build` (exit status: 1)
[INFO] [stderr]   --- stdout
[INFO] [stderr]   OPT_LEVEL = Some("0")
[INFO] [stderr]   TARGET = Some("x86_64-unknown-linux-gnu")
[INFO] [stderr]   HOST = Some("x86_64-unknown-linux-gnu")
[INFO] [stderr]   CXX_x86_64-unknown-linux-gnu = None
[INFO] [stderr]   CXX_x86_64_unknown_linux_gnu = None
[INFO] [stderr]   HOST_CXX = None
[INFO] [stderr]   CXX = None
[INFO] [stderr]   CXXFLAGS_x86_64-unknown-linux-gnu = None
[INFO] [stderr]   CXXFLAGS_x86_64_unknown_linux_gnu = None
[INFO] [stderr]   HOST_CXXFLAGS = None
[INFO] [stderr]   CXXFLAGS = None
[INFO] [stderr]   CRATE_CC_NO_DEFAULTS = None
[INFO] [stderr]   DEBUG = Some("true")
[INFO] [stderr]   CARGO_CFG_TARGET_FEATURE = Some("fxsr,sse,sse2")
[INFO] [stderr]   CXX_x86_64-unknown-linux-gnu = None
[INFO] [stderr]   CXX_x86_64_unknown_linux_gnu = None
[INFO] [stderr]   HOST_CXX = None
[INFO] [stderr]   CXX = None
[INFO] [stderr]   CXXFLAGS_x86_64-unknown-linux-gnu = None
[INFO] [stderr]   CXXFLAGS_x86_64_unknown_linux_gnu = None
[INFO] [stderr]   HOST_CXXFLAGS = None
[INFO] [stderr]   CXXFLAGS = None
[INFO] [stderr]   CRATE_CC_NO_DEFAULTS = None
[INFO] [stderr]   CARGO_CFG_TARGET_FEATURE = Some("fxsr,sse,sse2")
[INFO] [stderr]   running: "c++" "-O0" "-ffunction-sections" "-fdata-sections" "-fPIC" "-g" "-fno-omit-frame-pointer" "-m64" "-Wall" "-Wextra" "-DSPIRV_CROSS_EXCEPTIONS_TO_ASSERTIONS" "-DSPIRV_CROSS_WRAPPER_NO_EXCEPTIONS" "-DSPIRV_CROSS_WRAPPER_GLSL" "-DSPIRV_CROSS_WRAPPER_HLSL" "-DSPIRV_CROSS_WRAPPER_MSL" "-std=c++14" "-o" "/opt/rustwide/target/debug/build/spirv_cross-2ddd9291d40584f4/out/src/wrapper.o" "-c" "src/wrapper.cpp"
[INFO] [stderr]   running: "c++" "-O0" "-ffunction-sections" "-fdata-sections" "-fPIC" "-g" "-fno-omit-frame-pointer" "-m64" "-Wall" "-Wextra" "-DSPIRV_CROSS_EXCEPTIONS_TO_ASSERTIONS" "-DSPIRV_CROSS_WRAPPER_NO_EXCEPTIONS" "-DSPIRV_CROSS_WRAPPER_GLSL" "-DSPIRV_CROSS_WRAPPER_HLSL" "-DSPIRV_CROSS_WRAPPER_MSL" "-std=c++14" "-o" "/opt/rustwide/target/debug/build/spirv_cross-2ddd9291d40584f4/out/src/vendor/SPIRV-Cross/spirv_cfg.o" "-c" "src/vendor/SPIRV-Cross/spirv_cfg.cpp"
[INFO] [stderr]   running: "c++" "-O0" "-ffunction-sections" "-fdata-sections" "-fPIC" "-g" "-fno-omit-frame-pointer" "-m64" "-Wall" "-Wextra" "-DSPIRV_CROSS_EXCEPTIONS_TO_ASSERTIONS" "-DSPIRV_CROSS_WRAPPER_NO_EXCEPTIONS" "-DSPIRV_CROSS_WRAPPER_GLSL" "-DSPIRV_CROSS_WRAPPER_HLSL" "-DSPIRV_CROSS_WRAPPER_MSL" "-std=c++14" "-o" "/opt/rustwide/target/debug/build/spirv_cross-2ddd9291d40584f4/out/src/vendor/SPIRV-Cross/spirv_cross.o" "-c" "src/vendor/SPIRV-Cross/spirv_cross.cpp"
[INFO] [stderr]   cargo:warning=src/wrapper.cpp:2: warning: ignoring '#pragma warning ' [-Wunknown-pragmas]
[INFO] [stderr]   cargo:warning=    2 | #pragma warning(disable : 4996 4101)
[INFO] [stderr]   cargo:warning=      | 
[INFO] [stderr]   running: "c++" "-O0" "-ffunction-sections" "-fdata-sections" "-fPIC" "-g" "-fno-omit-frame-pointer" "-m64" "-Wall" "-Wextra" "-DSPIRV_CROSS_EXCEPTIONS_TO_ASSERTIONS" "-DSPIRV_CROSS_WRAPPER_NO_EXCEPTIONS" "-DSPIRV_CROSS_WRAPPER_GLSL" "-DSPIRV_CROSS_WRAPPER_HLSL" "-DSPIRV_CROSS_WRAPPER_MSL" "-std=c++14" "-o" "/opt/rustwide/target/debug/build/spirv_cross-2ddd9291d40584f4/out/src/vendor/SPIRV-Cross/spirv_cross_parsed_ir.o" "-c" "src/vendor/SPIRV-Cross/spirv_cross_parsed_ir.cpp"
[INFO] [stderr]   running: "c++" "-O0" "-ffunction-sections" "-fdata-sections" "-fPIC" "-g" "-fno-omit-frame-pointer" "-m64" "-Wall" "-Wextra" "-DSPIRV_CROSS_EXCEPTIONS_TO_ASSERTIONS" "-DSPIRV_CROSS_WRAPPER_NO_EXCEPTIONS" "-DSPIRV_CROSS_WRAPPER_GLSL" "-DSPIRV_CROSS_WRAPPER_HLSL" "-DSPIRV_CROSS_WRAPPER_MSL" "-std=c++14" "-o" "/opt/rustwide/target/debug/build/spirv_cross-2ddd9291d40584f4/out/src/vendor/SPIRV-Cross/spirv_parser.o" "-c" "src/vendor/SPIRV-Cross/spirv_parser.cpp"
[INFO] [stderr]   running: "c++" "-O0" "-ffunction-sections" "-fdata-sections" "-fPIC" "-g" "-fno-omit-frame-pointer" "-m64" "-Wall" "-Wextra" "-DSPIRV_CROSS_EXCEPTIONS_TO_ASSERTIONS" "-DSPIRV_CROSS_WRAPPER_NO_EXCEPTIONS" "-DSPIRV_CROSS_WRAPPER_GLSL" "-DSPIRV_CROSS_WRAPPER_HLSL" "-DSPIRV_CROSS_WRAPPER_MSL" "-std=c++14" "-o" "/opt/rustwide/target/debug/build/spirv_cross-2ddd9291d40584f4/out/src/vendor/SPIRV-Cross/spirv_cross_util.o" "-c" "src/vendor/SPIRV-Cross/spirv_cross_util.cpp"
[INFO] [stderr]   running: "c++" "-O0" "-ffunction-sections" "-fdata-sections" "-fPIC" "-g" "-fno-omit-frame-pointer" "-m64" "-Wall" "-Wextra" "-DSPIRV_CROSS_EXCEPTIONS_TO_ASSERTIONS" "-DSPIRV_CROSS_WRAPPER_NO_EXCEPTIONS" "-DSPIRV_CROSS_WRAPPER_GLSL" "-DSPIRV_CROSS_WRAPPER_HLSL" "-DSPIRV_CROSS_WRAPPER_MSL" "-std=c++14" "-o" "/opt/rustwide/target/debug/build/spirv_cross-2ddd9291d40584f4/out/src/vendor/SPIRV-Cross/spirv_glsl.o" "-c" "src/vendor/SPIRV-Cross/spirv_glsl.cpp"
[INFO] [stderr]   running: "c++" "-O0" "-ffunction-sections" "-fdata-sections" "-fPIC" "-g" "-fno-omit-frame-pointer" "-m64" "-Wall" "-Wextra" "-DSPIRV_CROSS_EXCEPTIONS_TO_ASSERTIONS" "-DSPIRV_CROSS_WRAPPER_NO_EXCEPTIONS" "-DSPIRV_CROSS_WRAPPER_GLSL" "-DSPIRV_CROSS_WRAPPER_HLSL" "-DSPIRV_CROSS_WRAPPER_MSL" "-std=c++14" "-o" "/opt/rustwide/target/debug/build/spirv_cross-2ddd9291d40584f4/out/src/vendor/SPIRV-Cross/spirv_hlsl.o" "-c" "src/vendor/SPIRV-Cross/spirv_hlsl.cpp"
[INFO] [stderr]   running: "c++" "-O0" "-ffunction-sections" "-fdata-sections" "-fPIC" "-g" "-fno-omit-frame-pointer" "-m64" "-Wall" "-Wextra" "-DSPIRV_CROSS_EXCEPTIONS_TO_ASSERTIONS" "-DSPIRV_CROSS_WRAPPER_NO_EXCEPTIONS" "-DSPIRV_CROSS_WRAPPER_GLSL" "-DSPIRV_CROSS_WRAPPER_HLSL" "-DSPIRV_CROSS_WRAPPER_MSL" "-std=c++14" "-o" "/opt/rustwide/target/debug/build/spirv_cross-2ddd9291d40584f4/out/src/vendor/SPIRV-Cross/spirv_msl.o" "-c" "src/vendor/SPIRV-Cross/spirv_msl.cpp"
[INFO] [stderr]   cargo:warning=c++: fatal error: Killed signal terminated program cc1plus
[INFO] [stderr]   cargo:warning=compilation terminated.
[INFO] [stderr]   exit status: 1
[INFO] [stderr]   exit status: 0
[INFO] [stderr]   exit status: 0
[INFO] [stderr]   exit status: 0
[INFO] [stderr]   exit status: 0
[INFO] [stderr]   exit status: 0
[INFO] [stderr]   exit status: 0
[INFO] [stderr]   exit status: 0
[INFO] [stderr]   exit status: 0
[INFO] [stderr] 
[INFO] [stderr]   --- stderr
[INFO] [stderr] 
[INFO] [stderr] 
[INFO] [stderr]   error occurred: Command "c++" "-O0" "-ffunction-sections" "-fdata-sections" "-fPIC" "-g" "-fno-omit-frame-pointer" "-m64" "-Wall" "-Wextra" "-DSPIRV_CROSS_EXCEPTIONS_TO_ASSERTIONS" "-DSPIRV_CROSS_WRAPPER_NO_EXCEPTIONS" "-DSPIRV_CROSS_WRAPPER_GLSL" "-DSPIRV_CROSS_WRAPPER_HLSL" "-DSPIRV_CROSS_WRAPPER_MSL" "-std=c++14" "-o" "/opt/rustwide/target/debug/build/spirv_cross-2ddd9291d40584f4/out/src/wrapper.o" "-c" "src/wrapper.cpp" with args "c++" did not execute successfully (status code exit status: 1).
[INFO] [stderr] 
[INFO] [stderr] 
[INFO] running `Command { std: "docker" "inspect" "d267a3378c4cfbd11b5f7ff2bb3ff1eedb34b76e1c1f51497c78ec0f2e5f338e", kill_on_drop: false }`
[INFO] running `Command { std: "docker" "rm" "-f" "d267a3378c4cfbd11b5f7ff2bb3ff1eedb34b76e1c1f51497c78ec0f2e5f338e", kill_on_drop: false }`
[INFO] [stdout] d267a3378c4cfbd11b5f7ff2bb3ff1eedb34b76e1c1f51497c78ec0f2e5f338e
[INFO] documenting Sorenon/openxr-pp against beta-2023-12-22 for beta-1.76-rustdoc-1
[INFO] running `Command { std: "git" "clone" "/workspace/cache/git-repos/https%3A%2F%2Fgithub.com%2FSorenon%2Fopenxr-pp" "/workspace/builds/worker-7-tc2/source", kill_on_drop: false }`
[INFO] [stderr] Cloning into '/workspace/builds/worker-7-tc2/source'...
[INFO] [stderr] done.
[INFO] validating manifest of git repo https://github.com/Sorenon/openxr-pp on toolchain beta-2023-12-22
[INFO] running `Command { std: CARGO_HOME="/workspace/cargo-home" RUSTUP_HOME="/workspace/rustup-home" "/workspace/cargo-home/bin/cargo" "+beta-2023-12-22" "metadata" "--manifest-path" "Cargo.toml" "--no-deps", kill_on_drop: false }`
[INFO] started tweaking git repo https://github.com/Sorenon/openxr-pp
[INFO] finished tweaking git repo https://github.com/Sorenon/openxr-pp
[INFO] tweaked toml for git repo https://github.com/Sorenon/openxr-pp written to /workspace/builds/worker-7-tc2/source/Cargo.toml
[INFO] crate git repo https://github.com/Sorenon/openxr-pp already has a lockfile, it will not be regenerated
[INFO] running `Command { std: CARGO_HOME="/workspace/cargo-home" RUSTUP_HOME="/workspace/rustup-home" "/workspace/cargo-home/bin/cargo" "+beta-2023-12-22" "fetch" "--manifest-path" "Cargo.toml", kill_on_drop: false }`
[INFO] running `Command { std: "docker" "create" "-v" "/var/lib/crater-agent-workspace/builds/worker-7-tc2/target:/opt/rustwide/target:rw,Z" "-v" "/var/lib/crater-agent-workspace/builds/worker-7-tc2/source:/opt/rustwide/workdir:ro,Z" "-v" "/var/lib/crater-agent-workspace/cargo-home:/opt/rustwide/cargo-home:ro,Z" "-v" "/var/lib/crater-agent-workspace/rustup-home:/opt/rustwide/rustup-home:ro,Z" "-e" "SOURCE_DIR=/opt/rustwide/workdir" "-e" "CARGO_TARGET_DIR=/opt/rustwide/target" "-e" "CARGO_HOME=/opt/rustwide/cargo-home" "-e" "RUSTUP_HOME=/opt/rustwide/rustup-home" "-w" "/opt/rustwide/workdir" "-m" "1610612736" "--user" "0:0" "--network" "none" "ghcr.io/rust-lang/crates-build-env/linux@sha256:2788e3201cd34a07e3172128adcd8b3090168a8e3bcc40d7c032b9dda1df7d1c" "/opt/rustwide/cargo-home/bin/cargo" "+beta-2023-12-22" "metadata" "--no-deps" "--format-version=1", kill_on_drop: false }`
[INFO] [stdout] 6ea0036e2e58caf83d30a617360b1d23f2777d9ace10516dd5284e791fc1c2e5
[INFO] running `Command { std: "docker" "start" "-a" "6ea0036e2e58caf83d30a617360b1d23f2777d9ace10516dd5284e791fc1c2e5", kill_on_drop: false }`
[INFO] running `Command { std: "docker" "inspect" "6ea0036e2e58caf83d30a617360b1d23f2777d9ace10516dd5284e791fc1c2e5", kill_on_drop: false }`
[INFO] running `Command { std: "docker" "rm" "-f" "6ea0036e2e58caf83d30a617360b1d23f2777d9ace10516dd5284e791fc1c2e5", kill_on_drop: false }`
[INFO] [stdout] 6ea0036e2e58caf83d30a617360b1d23f2777d9ace10516dd5284e791fc1c2e5
[INFO] running `Command { std: "docker" "create" "-v" "/var/lib/crater-agent-workspace/builds/worker-7-tc2/target:/opt/rustwide/target:rw,Z" "-v" "/var/lib/crater-agent-workspace/builds/worker-7-tc2/source:/opt/rustwide/workdir:ro,Z" "-v" "/var/lib/crater-agent-workspace/cargo-home:/opt/rustwide/cargo-home:ro,Z" "-v" "/var/lib/crater-agent-workspace/rustup-home:/opt/rustwide/rustup-home:ro,Z" "-e" "SOURCE_DIR=/opt/rustwide/workdir" "-e" "CARGO_TARGET_DIR=/opt/rustwide/target" "-e" "CARGO_INCREMENTAL=0" "-e" "RUST_BACKTRACE=full" "-e" "RUSTFLAGS=--cap-lints=warn" "-e" "RUSTDOCFLAGS=--cap-lints=warn" "-e" "CARGO_HOME=/opt/rustwide/cargo-home" "-e" "RUSTUP_HOME=/opt/rustwide/rustup-home" "-w" "/opt/rustwide/workdir" "-m" "1610612736" "--user" "0:0" "--network" "none" "ghcr.io/rust-lang/crates-build-env/linux@sha256:2788e3201cd34a07e3172128adcd8b3090168a8e3bcc40d7c032b9dda1df7d1c" "/opt/rustwide/cargo-home/bin/cargo" "+beta-2023-12-22" "doc" "--frozen" "--no-deps" "--document-private-items" "--message-format=json", kill_on_drop: false }`
[INFO] [stdout] 0ec290101a8a927557145edc6de6d1de0b0ae3c96723b3d96c4137116a9d6a51
[INFO] running `Command { std: "docker" "start" "-a" "0ec290101a8a927557145edc6de6d1de0b0ae3c96723b3d96c4137116a9d6a51", kill_on_drop: false }`
[INFO] [stderr]    Compiling libc v0.2.98
[INFO] [stderr]    Compiling proc-macro2 v1.0.28
[INFO] [stderr]    Compiling unicode-xid v0.2.2
[INFO] [stderr]    Compiling autocfg v1.0.1
[INFO] [stderr]    Compiling bitflags v1.2.1
[INFO] [stderr]    Compiling syn v1.0.65
[INFO] [stderr]    Compiling pkg-config v0.3.19
[INFO] [stderr]    Compiling log v0.4.14
[INFO] [stderr]     Checking smallvec v1.6.1
[INFO] [stderr]    Compiling memchr v2.4.0
[INFO] [stderr]    Compiling version_check v0.9.3
[INFO] [stderr]    Compiling xml-rs v0.8.4
[INFO] [stderr]     Checking cfg-if v0.1.10
[INFO] [stderr]     Checking byteorder v1.4.3
[INFO] [stderr]     Checking pin-project-lite v0.2.7
[INFO] [stderr]     Checking libloading v0.7.0
[INFO] [stderr]     Checking libloading v0.6.7
[INFO] [stderr]    Compiling ucd-trie v0.1.3
[INFO] [stderr]    Compiling getrandom v0.1.16
[INFO] [stderr]     Checking dlib v0.5.0
[INFO] [stderr]     Checking once_cell v1.8.0
[INFO] [stderr]    Compiling pest v2.1.3
[INFO] [stderr]     Checking bit-vec v0.6.3
[INFO] [stderr]    Compiling crossbeam-utils v0.8.5
[INFO] [stderr]    Compiling futures-core v0.3.16
[INFO] [stderr]     Checking fixedbitset v0.2.0
[INFO] [stderr]    Compiling nom v6.1.2
[INFO] [stderr]     Checking ab_glyph_rasterizer v0.1.4
[INFO] [stderr]    Compiling num-traits v0.2.14
[INFO] [stderr]    Compiling indexmap v1.7.0
[INFO] [stderr]    Compiling proc-macro-hack v0.5.19
[INFO] [stderr]     Checking slab v0.4.3
[INFO] [stderr]     Checking bit-set v0.5.2
[INFO] [stderr]    Compiling futures-macro v0.3.16
[INFO] [stderr]    Compiling memoffset v0.6.4
[INFO] [stderr]    Compiling wayland-sys v0.28.6
[INFO] [stderr]     Checking fxhash v0.2.1
[INFO] [stderr]     Checking instant v0.1.10
[INFO] [stderr]    Compiling proc-macro-nested v0.1.7
[INFO] [stderr]    Compiling futures-channel v0.3.16
[INFO] [stderr]    Compiling futures-task v0.3.16
[INFO] [stderr]     Checking downcast-rs v1.2.0
[INFO] [stderr]     Checking scoped-tls v1.0.0
[INFO] [stderr]    Compiling futures-util v0.3.16
[INFO] [stderr]    Compiling quote v1.0.9
[INFO] [stderr]     Checking lock_api v0.4.4
[INFO] [stderr]     Checking ppv-lite86 v0.2.10
[INFO] [stderr]    Compiling crossbeam-epoch v0.9.5
[INFO] [stderr]     Checking futures-sink v0.3.16
[INFO] [stderr]    Compiling semver-parser v0.10.2
[INFO] [stderr]    Compiling wayland-scanner v0.28.6
[INFO] [stderr]     Checking petgraph v0.5.1
[INFO] [stderr]     Checking same-file v1.0.6
[INFO] [stderr]    Compiling rayon-core v1.9.1
[INFO] [stderr]     Checking futures-io v0.3.16
[INFO] [stderr]    Compiling servo-fontconfig-sys v5.1.0
[INFO] [stderr]     Checking tracing-core v0.1.18
[INFO] [stderr]    Compiling khronos-egl v3.0.2
[INFO] [stderr]     Checking walkdir v2.3.2
[INFO] [stderr]     Checking static_assertions v1.1.0
[INFO] [stderr]     Checking ttf-parser v0.12.3
[INFO] [stderr]    Compiling semver v0.11.0
[INFO] [stderr]     Checking crossbeam-channel v0.5.1
[INFO] [stderr]    Compiling rayon v1.5.1
[INFO] [stderr]     Checking crossbeam-deque v0.8.1
[INFO] [stderr]    Compiling cfg_aliases v0.1.1
[INFO] [stderr]    Compiling serde_derive v1.0.127
[INFO] [stderr]     Checking arrayvec v0.5.2
[INFO] [stderr]     Checking spirv_headers v1.5.0
[INFO] [stderr]     Checking num_cpus v1.13.0
[INFO] [stderr]    Compiling jobserver v0.1.22
[INFO] [stderr]     Checking raw-window-handle v0.3.3
[INFO] [stderr]     Checking nix v0.20.0
[INFO] [stderr]     Checking parking_lot_core v0.8.3
[INFO] [stderr]    Compiling cc v1.0.69
[INFO] [stderr]    Compiling rustc_version v0.3.3
[INFO] [stderr]     Checking ahash v0.4.7
[INFO] [stderr]     Checking ttf-parser v0.6.2
[INFO] [stderr]    Compiling nix v0.18.0
[INFO] [stderr]     Checking rand_core v0.5.1
[INFO] [stderr]     Checking parking_lot v0.11.1
[INFO] [stderr]     Checking hashbrown v0.9.1
[INFO] [stderr]     Checking rand_chacha v0.2.2
[INFO] [stderr]    Compiling pathfinder_simd v0.5.1
[INFO] [stderr]     Checking dirs-sys-next v0.1.2
[INFO] [stderr]     Checking memmap2 v0.2.3
[INFO] [stderr]     Checking rand v0.7.3
[INFO] [stderr]    Compiling wgpu-core v0.7.1
[INFO] [stderr]     Checking gpu-descriptor-types v0.1.1
[INFO] [stderr]    Compiling cmake v0.1.45
[INFO] [stderr]     Checking gpu-alloc-types v0.2.0
[INFO] [stderr]     Checking xcursor v0.3.3
[INFO] [stderr]    Compiling glam v0.10.2
[INFO] [stderr]     Checking ash v0.31.0
[INFO] [stderr]    Compiling openxr-sys v0.9.0 (https://github.com/Sorenon/openxrs#9f4d97a3)
[INFO] [stderr]     Checking owned_ttf_parser v0.12.1
[INFO] [stderr]     Checking glow v0.7.2
[INFO] [stderr]    Compiling maybe-uninit v2.0.0
[INFO] [stderr]     Checking ab_glyph v0.2.11
[INFO] [stderr]    Compiling ryu v1.0.5
[INFO] [stderr]     Checking inplace_it v0.3.3
[INFO] [stderr]    Compiling serde v1.0.127
[INFO] [stderr]    Compiling wayland-client v0.28.6
[INFO] [stderr]    Compiling wayland-protocols v0.28.6
[INFO] [stderr]     Checking iced_core v0.4.0
[INFO] [stderr]     Checking either v1.6.1
[INFO] [stderr]     Checking owned_ttf_parser v0.6.0
[INFO] [stderr]     Checking dirs-next v2.0.0
[INFO] [stderr]     Checking net2 v0.2.37
[INFO] [stderr]     Checking rusttype v0.9.2
[INFO] [stderr]     Checking iovec v0.1.4
[INFO] [stderr]     Checking gethostname v0.2.1
[INFO] [stderr]     Checking approx v0.5.0
[INFO] [stderr]     Checking twox-hash v1.6.0
[INFO] [stderr]     Checking pathfinder_geometry v0.5.1
[INFO] [stderr]    Compiling freetype-sys v0.13.1
[INFO] [stderr]    Compiling expat-sys v2.1.6
[INFO] [stderr]    Compiling spirv_cross v0.23.1
[INFO] [stderr]    Compiling x11-dl v2.18.5
[INFO] [stderr]     Checking wgpu-types v0.7.0
[INFO] [stderr]     Checking unicode-segmentation v1.8.0
[INFO] [stderr]     Checking linked-hash-map v0.5.4
[INFO] [stderr]     Checking float-ord v0.2.0
[INFO] [stderr]     Checking copyless v0.1.5
[INFO] [stderr]     Checking xdg v2.2.0
[INFO] [stderr]     Checking xi-unicode v0.3.0
[INFO] [stderr]    Compiling serde_json v1.0.66
[INFO] [stderr]     Checking mio v0.6.23
[INFO] [stderr]     Checking glyph_brush_layout v0.2.3
[INFO] [stderr]     Checking freetype v0.7.0
[INFO] [stderr]     Checking servo-fontconfig v0.5.1
[INFO] [stderr]     Checking iced_style v0.3.0
[INFO] [stderr]     Checking memmap2 v0.1.0
[INFO] [stderr]     Checking getrandom v0.2.3
[INFO] [stderr]     Checking andrew v0.3.1
[INFO] [stderr]     Checking font-kit v0.10.1
[INFO] [stderr]     Checking ordered-float v2.7.0
[INFO] [stderr]     Checking dlib v0.4.2
[INFO] [stderr]     Checking itoa v0.4.7
[INFO] [stderr]     Checking lazycell v1.3.0
[INFO] [stderr]     Checking uuid v0.8.2
[INFO] [stderr]     Checking euclid v0.22.6
[INFO] [stderr]     Checking mio-extras v2.0.6
[INFO] [stderr]     Checking svg_fmt v0.4.1
[INFO] [stderr]     Checking dashmap v4.0.2
[INFO] [stderr]     Checking openxr v0.15.2 (https://github.com/Sorenon/openxrs#9f4d97a3)
[INFO] [stderr]     Checking guillotiere v0.6.1
[INFO] [stderr]     Checking wayland-commons v0.28.6
[INFO] [stderr]     Checking glyph_brush_draw_cache v0.1.4
[INFO] [stderr]     Checking x11rb v0.8.1
[INFO] [stderr]     Checking glyph_brush v0.7.2
[INFO] [stderr] error: could not compile `ash` (lib)
[INFO] [stderr] 
[INFO] [stderr] Caused by:
[INFO] [stderr]   process didn't exit successfully: `/opt/rustwide/rustup-home/toolchains/beta-2023-12-22-x86_64-unknown-linux-gnu/bin/rustc --crate-name ash --edition=2018 /opt/rustwide/cargo-home/registry/src/index.crates.io-6f17d22bba15001f/ash-0.31.0/src/lib.rs --error-format=json --json=diagnostic-rendered-ansi,artifacts,future-incompat --crate-type lib --emit=dep-info,metadata -C embed-bitcode=no -C debuginfo=2 --cfg 'feature="default"' --cfg 'feature="libloading"' -C metadata=64e9065ea25e53c3 -C extra-filename=-64e9065ea25e53c3 --out-dir /opt/rustwide/target/debug/deps -L dependency=/opt/rustwide/target/debug/deps --extern libloading=/opt/rustwide/target/debug/deps/liblibloading-53cb7f2cc04c6e49.rmeta --cap-lints allow --cap-lints=warn` (signal: 9, SIGKILL: kill)
[INFO] [stderr] warning: build failed, waiting for other jobs to finish...
[INFO] [stderr] error: could not compile `syn` (lib)
[INFO] [stderr] 
[INFO] [stderr] Caused by:
[INFO] [stderr]   process didn't exit successfully: `/opt/rustwide/rustup-home/toolchains/beta-2023-12-22-x86_64-unknown-linux-gnu/bin/rustc --crate-name syn --edition=2018 /opt/rustwide/cargo-home/registry/src/index.crates.io-6f17d22bba15001f/syn-1.0.65/src/lib.rs --error-format=json --json=diagnostic-rendered-ansi,artifacts,future-incompat --crate-type lib --emit=dep-info,metadata,link -C embed-bitcode=no --cfg 'feature="clone-impls"' --cfg 'feature="default"' --cfg 'feature="derive"' --cfg 'feature="extra-traits"' --cfg 'feature="full"' --cfg 'feature="parsing"' --cfg 'feature="printing"' --cfg 'feature="proc-macro"' --cfg 'feature="quote"' --cfg 'feature="visit"' --cfg 'feature="visit-mut"' -C metadata=726e4183c1771496 -C extra-filename=-726e4183c1771496 --out-dir /opt/rustwide/target/debug/deps -L dependency=/opt/rustwide/target/debug/deps --extern proc_macro2=/opt/rustwide/target/debug/deps/libproc_macro2-8e85c9d8ea2a7611.rmeta --extern quote=/opt/rustwide/target/debug/deps/libquote-4a7037080f4ca5ed.rmeta --extern unicode_xid=/opt/rustwide/target/debug/deps/libunicode_xid-cc866fe1def50201.rmeta --cap-lints allow --cap-lints=warn --cfg syn_disable_nightly_tests` (signal: 9, SIGKILL: kill)
[INFO] [stderr] error: could not compile `nix` (lib)
[INFO] [stderr] 
[INFO] [stderr] Caused by:
[INFO] [stderr]   process didn't exit successfully: `/opt/rustwide/rustup-home/toolchains/beta-2023-12-22-x86_64-unknown-linux-gnu/bin/rustc --crate-name nix --edition=2018 /opt/rustwide/cargo-home/registry/src/index.crates.io-6f17d22bba15001f/nix-0.18.0/src/lib.rs --error-format=json --json=diagnostic-rendered-ansi,artifacts,future-incompat --crate-type lib --emit=dep-info,metadata -C embed-bitcode=no -C debuginfo=2 -C metadata=badcef26f7ae88f4 -C extra-filename=-badcef26f7ae88f4 --out-dir /opt/rustwide/target/debug/deps -L dependency=/opt/rustwide/target/debug/deps --extern bitflags=/opt/rustwide/target/debug/deps/libbitflags-0392930465a9ade0.rmeta --extern cfg_if=/opt/rustwide/target/debug/deps/libcfg_if-44a2fe95864507c5.rmeta --extern libc=/opt/rustwide/target/debug/deps/liblibc-a5a7061d4c030947.rmeta --cap-lints allow --cap-lints=warn` (signal: 9, SIGKILL: kill)
[INFO] [stderr] The following warnings were emitted during compilation:
[INFO] [stderr] 
[INFO] [stderr] warning: spirv_cross@0.23.1: src/wrapper.cpp:2: warning: ignoring '#pragma warning ' [-Wunknown-pragmas]
[INFO] [stderr] warning: spirv_cross@0.23.1:     2 | #pragma warning(disable : 4996 4101)
[INFO] [stderr] warning: spirv_cross@0.23.1:       | 
[INFO] [stderr] warning: spirv_cross@0.23.1: c++: fatal error: Killed signal terminated program cc1plus
[INFO] [stderr] warning: spirv_cross@0.23.1: compilation terminated.
[INFO] [stderr] 
[INFO] [stderr] error: failed to run custom build command for `spirv_cross v0.23.1`
[INFO] [stderr] note: To improve backtraces for build dependencies, set the CARGO_PROFILE_DEV_BUILD_OVERRIDE_DEBUG=true environment variable to enable debug information generation.
[INFO] [stderr] 
[INFO] [stderr] Caused by:
[INFO] [stderr]   process didn't exit successfully: `/opt/rustwide/target/debug/build/spirv_cross-defe6ac7fd66ef22/build-script-build` (exit status: 1)
[INFO] [stderr]   --- stdout
[INFO] [stderr]   OPT_LEVEL = Some("0")
[INFO] [stderr]   TARGET = Some("x86_64-unknown-linux-gnu")
[INFO] [stderr]   HOST = Some("x86_64-unknown-linux-gnu")
[INFO] [stderr]   CXX_x86_64-unknown-linux-gnu = None
[INFO] [stderr]   CXX_x86_64_unknown_linux_gnu = None
[INFO] [stderr]   HOST_CXX = None
[INFO] [stderr]   CXX = None
[INFO] [stderr]   CXXFLAGS_x86_64-unknown-linux-gnu = None
[INFO] [stderr]   CXXFLAGS_x86_64_unknown_linux_gnu = None
[INFO] [stderr]   HOST_CXXFLAGS = None
[INFO] [stderr]   CXXFLAGS = None
[INFO] [stderr]   CRATE_CC_NO_DEFAULTS = None
[INFO] [stderr]   DEBUG = Some("true")
[INFO] [stderr]   CARGO_CFG_TARGET_FEATURE = Some("fxsr,sse,sse2")
[INFO] [stderr]   CXX_x86_64-unknown-linux-gnu = None
[INFO] [stderr]   CXX_x86_64_unknown_linux_gnu = None
[INFO] [stderr]   HOST_CXX = None
[INFO] [stderr]   CXX = None
[INFO] [stderr]   CXXFLAGS_x86_64-unknown-linux-gnu = None
[INFO] [stderr]   CXXFLAGS_x86_64_unknown_linux_gnu = None
[INFO] [stderr]   HOST_CXXFLAGS = None
[INFO] [stderr]   CXXFLAGS = None
[INFO] [stderr]   CRATE_CC_NO_DEFAULTS = None
[INFO] [stderr]   CARGO_CFG_TARGET_FEATURE = Some("fxsr,sse,sse2")
[INFO] [stderr]   running: "c++" "-O0" "-ffunction-sections" "-fdata-sections" "-fPIC" "-g" "-fno-omit-frame-pointer" "-m64" "-Wall" "-Wextra" "-DSPIRV_CROSS_EXCEPTIONS_TO_ASSERTIONS" "-DSPIRV_CROSS_WRAPPER_NO_EXCEPTIONS" "-DSPIRV_CROSS_WRAPPER_GLSL" "-DSPIRV_CROSS_WRAPPER_HLSL" "-DSPIRV_CROSS_WRAPPER_MSL" "-std=c++14" "-o" "/opt/rustwide/target/debug/build/spirv_cross-10c5757d8a134078/out/src/wrapper.o" "-c" "src/wrapper.cpp"
[INFO] [stderr]   cargo:warning=src/wrapper.cpp:2: warning: ignoring '#pragma warning ' [-Wunknown-pragmas]
[INFO] [stderr]   cargo:warning=    2 | #pragma warning(disable : 4996 4101)
[INFO] [stderr]   cargo:warning=      | 
[INFO] [stderr]   running: "c++" "-O0" "-ffunction-sections" "-fdata-sections" "-fPIC" "-g" "-fno-omit-frame-pointer" "-m64" "-Wall" "-Wextra" "-DSPIRV_CROSS_EXCEPTIONS_TO_ASSERTIONS" "-DSPIRV_CROSS_WRAPPER_NO_EXCEPTIONS" "-DSPIRV_CROSS_WRAPPER_GLSL" "-DSPIRV_CROSS_WRAPPER_HLSL" "-DSPIRV_CROSS_WRAPPER_MSL" "-std=c++14" "-o" "/opt/rustwide/target/debug/build/spirv_cross-10c5757d8a134078/out/src/vendor/SPIRV-Cross/spirv_cfg.o" "-c" "src/vendor/SPIRV-Cross/spirv_cfg.cpp"
[INFO] [stderr]   running: "c++" "-O0" "-ffunction-sections" "-fdata-sections" "-fPIC" "-g" "-fno-omit-frame-pointer" "-m64" "-Wall" "-Wextra" "-DSPIRV_CROSS_EXCEPTIONS_TO_ASSERTIONS" "-DSPIRV_CROSS_WRAPPER_NO_EXCEPTIONS" "-DSPIRV_CROSS_WRAPPER_GLSL" "-DSPIRV_CROSS_WRAPPER_HLSL" "-DSPIRV_CROSS_WRAPPER_MSL" "-std=c++14" "-o" "/opt/rustwide/target/debug/build/spirv_cross-10c5757d8a134078/out/src/vendor/SPIRV-Cross/spirv_cross.o" "-c" "src/vendor/SPIRV-Cross/spirv_cross.cpp"
[INFO] [stderr]   running: "c++" "-O0" "-ffunction-sections" "-fdata-sections" "-fPIC" "-g" "-fno-omit-frame-pointer" "-m64" "-Wall" "-Wextra" "-DSPIRV_CROSS_EXCEPTIONS_TO_ASSERTIONS" "-DSPIRV_CROSS_WRAPPER_NO_EXCEPTIONS" "-DSPIRV_CROSS_WRAPPER_GLSL" "-DSPIRV_CROSS_WRAPPER_HLSL" "-DSPIRV_CROSS_WRAPPER_MSL" "-std=c++14" "-o" "/opt/rustwide/target/debug/build/spirv_cross-10c5757d8a134078/out/src/vendor/SPIRV-Cross/spirv_cross_parsed_ir.o" "-c" "src/vendor/SPIRV-Cross/spirv_cross_parsed_ir.cpp"
[INFO] [stderr]   running: "c++" "-O0" "-ffunction-sections" "-fdata-sections" "-fPIC" "-g" "-fno-omit-frame-pointer" "-m64" "-Wall" "-Wextra" "-DSPIRV_CROSS_EXCEPTIONS_TO_ASSERTIONS" "-DSPIRV_CROSS_WRAPPER_NO_EXCEPTIONS" "-DSPIRV_CROSS_WRAPPER_GLSL" "-DSPIRV_CROSS_WRAPPER_HLSL" "-DSPIRV_CROSS_WRAPPER_MSL" "-std=c++14" "-o" "/opt/rustwide/target/debug/build/spirv_cross-10c5757d8a134078/out/src/vendor/SPIRV-Cross/spirv_parser.o" "-c" "src/vendor/SPIRV-Cross/spirv_parser.cpp"
[INFO] [stderr]   running: "c++" "-O0" "-ffunction-sections" "-fdata-sections" "-fPIC" "-g" "-fno-omit-frame-pointer" "-m64" "-Wall" "-Wextra" "-DSPIRV_CROSS_EXCEPTIONS_TO_ASSERTIONS" "-DSPIRV_CROSS_WRAPPER_NO_EXCEPTIONS" "-DSPIRV_CROSS_WRAPPER_GLSL" "-DSPIRV_CROSS_WRAPPER_HLSL" "-DSPIRV_CROSS_WRAPPER_MSL" "-std=c++14" "-o" "/opt/rustwide/target/debug/build/spirv_cross-10c5757d8a134078/out/src/vendor/SPIRV-Cross/spirv_cross_util.o" "-c" "src/vendor/SPIRV-Cross/spirv_cross_util.cpp"
[INFO] [stderr]   running: "c++" "-O0" "-ffunction-sections" "-fdata-sections" "-fPIC" "-g" "-fno-omit-frame-pointer" "-m64" "-Wall" "-Wextra" "-DSPIRV_CROSS_EXCEPTIONS_TO_ASSERTIONS" "-DSPIRV_CROSS_WRAPPER_NO_EXCEPTIONS" "-DSPIRV_CROSS_WRAPPER_GLSL" "-DSPIRV_CROSS_WRAPPER_HLSL" "-DSPIRV_CROSS_WRAPPER_MSL" "-std=c++14" "-o" "/opt/rustwide/target/debug/build/spirv_cross-10c5757d8a134078/out/src/vendor/SPIRV-Cross/spirv_glsl.o" "-c" "src/vendor/SPIRV-Cross/spirv_glsl.cpp"
[INFO] [stderr]   running: "c++" "-O0" "-ffunction-sections" "-fdata-sections" "-fPIC" "-g" "-fno-omit-frame-pointer" "-m64" "-Wall" "-Wextra" "-DSPIRV_CROSS_EXCEPTIONS_TO_ASSERTIONS" "-DSPIRV_CROSS_WRAPPER_NO_EXCEPTIONS" "-DSPIRV_CROSS_WRAPPER_GLSL" "-DSPIRV_CROSS_WRAPPER_HLSL" "-DSPIRV_CROSS_WRAPPER_MSL" "-std=c++14" "-o" "/opt/rustwide/target/debug/build/spirv_cross-10c5757d8a134078/out/src/vendor/SPIRV-Cross/spirv_hlsl.o" "-c" "src/vendor/SPIRV-Cross/spirv_hlsl.cpp"
[INFO] [stderr]   running: "c++" "-O0" "-ffunction-sections" "-fdata-sections" "-fPIC" "-g" "-fno-omit-frame-pointer" "-m64" "-Wall" "-Wextra" "-DSPIRV_CROSS_EXCEPTIONS_TO_ASSERTIONS" "-DSPIRV_CROSS_WRAPPER_NO_EXCEPTIONS" "-DSPIRV_CROSS_WRAPPER_GLSL" "-DSPIRV_CROSS_WRAPPER_HLSL" "-DSPIRV_CROSS_WRAPPER_MSL" "-std=c++14" "-o" "/opt/rustwide/target/debug/build/spirv_cross-10c5757d8a134078/out/src/vendor/SPIRV-Cross/spirv_msl.o" "-c" "src/vendor/SPIRV-Cross/spirv_msl.cpp"
[INFO] [stderr]   cargo:warning=c++: fatal error: Killed signal terminated program cc1plus
[INFO] [stderr]   cargo:warning=compilation terminated.
[INFO] [stderr]   exit status: 1
[INFO] [stderr]   exit status: 0
[INFO] [stderr]   exit status: 0
[INFO] [stderr]   exit status: 0
[INFO] [stderr]   exit status: 0
[INFO] [stderr]   exit status: 0
[INFO] [stderr]   exit status: 0
[INFO] [stderr]   exit status: 0
[INFO] [stderr]   exit status: 0
[INFO] [stderr] 
[INFO] [stderr]   --- stderr
[INFO] [stderr] 
[INFO] [stderr] 
[INFO] [stderr]   error occurred: Command "c++" "-O0" "-ffunction-sections" "-fdata-sections" "-fPIC" "-g" "-fno-omit-frame-pointer" "-m64" "-Wall" "-Wextra" "-DSPIRV_CROSS_EXCEPTIONS_TO_ASSERTIONS" "-DSPIRV_CROSS_WRAPPER_NO_EXCEPTIONS" "-DSPIRV_CROSS_WRAPPER_GLSL" "-DSPIRV_CROSS_WRAPPER_HLSL" "-DSPIRV_CROSS_WRAPPER_MSL" "-std=c++14" "-o" "/opt/rustwide/target/debug/build/spirv_cross-10c5757d8a134078/out/src/wrapper.o" "-c" "src/wrapper.cpp" with args "c++" did not execute successfully (status code exit status: 1).
[INFO] [stderr] 
[INFO] [stderr] 
[INFO] running `Command { std: "docker" "inspect" "0ec290101a8a927557145edc6de6d1de0b0ae3c96723b3d96c4137116a9d6a51", kill_on_drop: false }`
[INFO] running `Command { std: "docker" "rm" "-f" "0ec290101a8a927557145edc6de6d1de0b0ae3c96723b3d96c4137116a9d6a51", kill_on_drop: false }`
[INFO] [stdout] 0ec290101a8a927557145edc6de6d1de0b0ae3c96723b3d96c4137116a9d6a51
