[INFO] cloning repository https://github.com/SonyStone/learn-windows-sys
[INFO] running `Command { std: "git" "-c" "credential.helper=" "-c" "credential.helper=/workspace/cargo-home/bin/git-credential-null" "clone" "--bare" "https://github.com/SonyStone/learn-windows-sys" "/workspace/cache/git-repos/https%3A%2F%2Fgithub.com%2FSonyStone%2Flearn-windows-sys", kill_on_drop: false }`
[INFO] [stderr] Cloning into bare repository '/workspace/cache/git-repos/https%3A%2F%2Fgithub.com%2FSonyStone%2Flearn-windows-sys'...
[INFO] running `Command { std: "git" "rev-parse" "HEAD", kill_on_drop: false }`
[INFO] [stdout] ae3628f8f17ed9f88708cb3413f3e1ffdcbec452
[INFO] documenting SonyStone/learn-windows-sys against 1.75.0 for beta-1.76-rustdoc-1
[INFO] running `Command { std: "git" "clone" "/workspace/cache/git-repos/https%3A%2F%2Fgithub.com%2FSonyStone%2Flearn-windows-sys" "/workspace/builds/worker-4-tc1/source", kill_on_drop: false }`
[INFO] [stderr] Cloning into '/workspace/builds/worker-4-tc1/source'...
[INFO] [stderr] done.
[INFO] validating manifest of git repo https://github.com/SonyStone/learn-windows-sys on toolchain 1.75.0
[INFO] running `Command { std: CARGO_HOME="/workspace/cargo-home" RUSTUP_HOME="/workspace/rustup-home" "/workspace/cargo-home/bin/cargo" "+1.75.0" "metadata" "--manifest-path" "Cargo.toml" "--no-deps", kill_on_drop: false }`
[INFO] started tweaking git repo https://github.com/SonyStone/learn-windows-sys
[INFO] finished tweaking git repo https://github.com/SonyStone/learn-windows-sys
[INFO] tweaked toml for git repo https://github.com/SonyStone/learn-windows-sys written to /workspace/builds/worker-4-tc1/source/Cargo.toml
[INFO] crate git repo https://github.com/SonyStone/learn-windows-sys already has a lockfile, it will not be regenerated
[INFO] running `Command { std: CARGO_HOME="/workspace/cargo-home" RUSTUP_HOME="/workspace/rustup-home" "/workspace/cargo-home/bin/cargo" "+1.75.0" "fetch" "--manifest-path" "Cargo.toml", kill_on_drop: false }`
[INFO] [stderr]  Downloading crates ...
[INFO] [stderr]   Downloaded attribute-derive-macro v0.5.0
[INFO] [stderr]   Downloaded derive-where v1.2.1
[INFO] [stderr]   Downloaded educe v0.4.22
[INFO] [stderr]   Downloaded server_fn_macro_default v0.3.0
[INFO] [stderr]   Downloaded wasm-bindgen-test-macro v0.3.36
[INFO] [stderr]   Downloaded enum-ordinalize v3.1.13
[INFO] [stderr]   Downloaded quote-use v0.6.0
[INFO] [stderr]   Downloaded server_fn v0.3.0
[INFO] [stderr]   Downloaded server_fn_macro v0.3.0
[INFO] [stderr]   Downloaded leptos_macro v0.3.0
[INFO] [stderr]   Downloaded leptos_reactive v0.3.0
[INFO] [stderr]   Downloaded interpolator v0.4.0
[INFO] [stderr]   Downloaded leptos_reactive v0.4.8
[INFO] [stderr]   Downloaded leptos_dom v0.3.0
[INFO] [stderr]   Downloaded proc-macro-utils v0.5.2
[INFO] [stderr]   Downloaded leptos_server v0.3.0
[INFO] [stderr]   Downloaded leptos v0.3.0
[INFO] [stderr]   Downloaded leptos_hot_reload v0.3.0
[INFO] [stderr]   Downloaded syn-rsx v0.9.0
[INFO] [stderr]   Downloaded wasm-bindgen-test v0.3.36
[INFO] [stderr]   Downloaded leptos_config v0.3.0
[INFO] [stderr]   Downloaded attribute-derive v0.5.0
[INFO] running `Command { std: "docker" "create" "-v" "/var/lib/crater-agent-workspace/builds/worker-4-tc1/target:/opt/rustwide/target:rw,Z" "-v" "/var/lib/crater-agent-workspace/builds/worker-4-tc1/source:/opt/rustwide/workdir:ro,Z" "-v" "/var/lib/crater-agent-workspace/cargo-home:/opt/rustwide/cargo-home:ro,Z" "-v" "/var/lib/crater-agent-workspace/rustup-home:/opt/rustwide/rustup-home:ro,Z" "-e" "SOURCE_DIR=/opt/rustwide/workdir" "-e" "CARGO_TARGET_DIR=/opt/rustwide/target" "-e" "CARGO_HOME=/opt/rustwide/cargo-home" "-e" "RUSTUP_HOME=/opt/rustwide/rustup-home" "-w" "/opt/rustwide/workdir" "-m" "1610612736" "--user" "0:0" "--network" "none" "ghcr.io/rust-lang/crates-build-env/linux@sha256:2788e3201cd34a07e3172128adcd8b3090168a8e3bcc40d7c032b9dda1df7d1c" "/opt/rustwide/cargo-home/bin/cargo" "+1.75.0" "metadata" "--no-deps" "--format-version=1", kill_on_drop: false }`
[INFO] [stdout] a7348561ef290a33b9f6ff2248351c4451579adb9fca4c45080a277220fafbf0
[INFO] running `Command { std: "docker" "start" "-a" "a7348561ef290a33b9f6ff2248351c4451579adb9fca4c45080a277220fafbf0", kill_on_drop: false }`
[INFO] running `Command { std: "docker" "inspect" "a7348561ef290a33b9f6ff2248351c4451579adb9fca4c45080a277220fafbf0", kill_on_drop: false }`
[INFO] running `Command { std: "docker" "rm" "-f" "a7348561ef290a33b9f6ff2248351c4451579adb9fca4c45080a277220fafbf0", kill_on_drop: false }`
[INFO] [stdout] a7348561ef290a33b9f6ff2248351c4451579adb9fca4c45080a277220fafbf0
[INFO] running `Command { std: "docker" "create" "-v" "/var/lib/crater-agent-workspace/builds/worker-4-tc1/target:/opt/rustwide/target:rw,Z" "-v" "/var/lib/crater-agent-workspace/builds/worker-4-tc1/source:/opt/rustwide/workdir:ro,Z" "-v" "/var/lib/crater-agent-workspace/cargo-home:/opt/rustwide/cargo-home:ro,Z" "-v" "/var/lib/crater-agent-workspace/rustup-home:/opt/rustwide/rustup-home:ro,Z" "-e" "SOURCE_DIR=/opt/rustwide/workdir" "-e" "CARGO_TARGET_DIR=/opt/rustwide/target" "-e" "CARGO_INCREMENTAL=0" "-e" "RUST_BACKTRACE=full" "-e" "RUSTFLAGS=--cap-lints=warn" "-e" "RUSTDOCFLAGS=--cap-lints=warn" "-e" "CARGO_HOME=/opt/rustwide/cargo-home" "-e" "RUSTUP_HOME=/opt/rustwide/rustup-home" "-w" "/opt/rustwide/workdir" "-m" "1610612736" "--user" "0:0" "--network" "none" "ghcr.io/rust-lang/crates-build-env/linux@sha256:2788e3201cd34a07e3172128adcd8b3090168a8e3bcc40d7c032b9dda1df7d1c" "/opt/rustwide/cargo-home/bin/cargo" "+1.75.0" "doc" "--frozen" "--no-deps" "--document-private-items" "--message-format=json", kill_on_drop: false }`
[INFO] [stdout] f1483e57bf48e54fdb2685a51d5a770644dfb8cd1c6d93400744897c6c1d4597
[INFO] running `Command { std: "docker" "start" "-a" "f1483e57bf48e54fdb2685a51d5a770644dfb8cd1c6d93400744897c6c1d4597", kill_on_drop: false }`
[INFO] [stderr]    Compiling windows_x86_64_gnu v0.48.0
[INFO] [stderr]     Checking bitflags v2.4.0
[INFO] [stderr]     Checking glam v0.24.1
[INFO] [stderr]     Checking windows-targets v0.48.0
[INFO] [stderr]     Checking windows v0.48.0
[INFO] [stderr]     Checking windows_reactive v0.1.0 (/opt/rustwide/workdir/windows_reactive)
[INFO] [stdout] error[E0433]: failed to resolve: could not find `windows` in `os`
[INFO] [stdout]   --> windows_reactive/src/pcwstr_handler.rs:26:22
[INFO] [stdout]    |
[INFO] [stdout] 26 |         use std::os::windows::ffi::OsStrExt;
[INFO] [stdout]    |                      ^^^^^^^ could not find `windows` in `os`
[INFO] [stdout] 
[INFO] [stdout] 
[INFO] [stdout] warning: unused import: `IVec2`
[INFO] [stdout]  --> windows_reactive/src/direct_2d.rs:1:21
[INFO] [stdout]   |
[INFO] [stdout] 1 | use glam::{Affine2, IVec2, Vec2};
[INFO] [stdout]   |                     ^^^^^
[INFO] [stdout]   |
[INFO] [stdout]   = note: `#[warn(unused_imports)]` on by default
[INFO] [stdout] 
[INFO] [stdout] 
[INFO] [stdout] warning: unused imports: `Brush`, `SolidColorBrush`
[INFO] [stdout]   --> windows_reactive/src/direct_2d.rs:32:17
[INFO] [stdout]    |
[INFO] [stdout] 32 |         brush::{Brush, SolidColorBrush},
[INFO] [stdout]    |                 ^^^^^  ^^^^^^^^^^^^^^^
[INFO] [stdout] 
[INFO] [stdout] 
[INFO] [stdout] warning: unused imports: `D2D1_BITMAP_PROPERTIES1`, `D2D1_BRUSH_PROPERTIES`, `D2D1_COLOR_F`, `D2D1_ELLIPSE`, `D2D1_UNIT_MODE`, `D2D_POINT_2F`, `D2D_RECT_F`, `D2D_SIZE_F`, `D3D_FEATURE_LEVEL`, `Foundation::Numerics::Matrix3x2`, `ID2D1Bitmap1`, `ID2D1Brush`, `ID2D1DeviceContext`, `ID2D1Geometry`, `ID2D1Image`, `ID2D1SolidColorBrush`, `ID2D1StrokeStyle`, `IDXGIAdapter1`, `IDXGISurface`, `IntoParam`
[INFO] [stdout]   --> windows_reactive/src/game.rs:2:12
[INFO] [stdout]    |
[INFO] [stdout] 2  |     core::{IntoParam, Result},
[INFO] [stdout]    |            ^^^^^^^^^
[INFO] [stdout] 3  |     Foundation::Numerics::Matrix3x2,
[INFO] [stdout]    |     ^^^^^^^^^^^^^^^^^^^^^^^^^^^^^^^
[INFO] [stdout] ...
[INFO] [stdout] 6  |             Common::{D2D1_COLOR_F, D2D_POINT_2F, D2D_RECT_F, D2D_SIZE_F},
[INFO] [stdout]    |                      ^^^^^^^^^^^^  ^^^^^^^^^^^^  ^^^^^^^^^^  ^^^^^^^^^^
[INFO] [stdout] 7  |             ID2D1Bitmap1, ID2D1Brush, ID2D1DeviceContext, ID2D1Geometry, ID2D1Image,
[INFO] [stdout]    |             ^^^^^^^^^^^^  ^^^^^^^^^^  ^^^^^^^^^^^^^^^^^^  ^^^^^^^^^^^^^  ^^^^^^^^^^
[INFO] [stdout] 8  |             ID2D1SolidColorBrush, ID2D1StrokeStyle, D2D1_BITMAP_PROPERTIES1, D2D1_BRUSH_PROPERTIES,
[INFO] [stdout]    |             ^^^^^^^^^^^^^^^^^^^^  ^^^^^^^^^^^^^^^^  ^^^^^^^^^^^^^^^^^^^^^^^  ^^^^^^^^^^^^^^^^^^^^^
[INFO] [stdout] 9  |             D2D1_ELLIPSE, D2D1_UNIT_MODE,
[INFO] [stdout]    |             ^^^^^^^^^^^^  ^^^^^^^^^^^^^^
[INFO] [stdout] 10 |         },
[INFO] [stdout] 11 |         Direct3D::{D3D_FEATURE_LEVEL, D3D_FEATURE_LEVEL_11_0},
[INFO] [stdout]    |                    ^^^^^^^^^^^^^^^^^
[INFO] [stdout] ...
[INFO] [stdout] 17 |             CreateDXGIFactory2, IDXGIAdapter1, IDXGIFactory4, IDXGISurface, DXGI_ADAPTER_DESC1,
[INFO] [stdout]    |                                 ^^^^^^^^^^^^^                 ^^^^^^^^^^^^
[INFO] [stdout] 
[INFO] [stdout] 
[INFO] [stdout] warning: unused import: `glam::Vec2`
[INFO] [stdout]  --> windows_reactive/src/graphics/direct_2d_factory.rs:1:5
[INFO] [stdout]   |
[INFO] [stdout] 1 | use glam::Vec2;
[INFO] [stdout]   |     ^^^^^^^^^^
[INFO] [stdout] 
[INFO] [stdout] 
[INFO] [stdout] warning: unused imports: `D2D1_DEVICE_CONTEXT_OPTIONS_NONE`, `D2D1_FACTORY_TYPE_SINGLE_THREADED`, `D2D1_UNIT_MODE_DIPS`
[INFO] [stdout]  --> windows_reactive/src/graphics/direct_2d_factory.rs:7:9
[INFO] [stdout]   |
[INFO] [stdout] 7 |         D2D1_DEVICE_CONTEXT_OPTIONS_NONE, D2D1_ELLIPSE, D2D1_FACTORY_OPTIONS,
[INFO] [stdout]   |         ^^^^^^^^^^^^^^^^^^^^^^^^^^^^^^^^
[INFO] [stdout] 8 |         D2D1_FACTORY_TYPE_MULTI_THREADED, D2D1_FACTORY_TYPE_SINGLE_THREADED, D2D1_ROUNDED_RECT,
[INFO] [stdout]   |                                           ^^^^^^^^^^^^^^^^^^^^^^^^^^^^^^^^^
[INFO] [stdout] 9 |         D2D1_STROKE_STYLE_PROPERTIES, D2D1_UNIT_MODE_DIPS,
[INFO] [stdout]   |                                       ^^^^^^^^^^^^^^^^^^^
[INFO] [stdout] 
[INFO] [stdout] 
[INFO] [stdout] warning: unused import: `device_context::DeviceContext`
[INFO] [stdout]   --> windows_reactive/src/graphics/direct_2d_factory.rs:14:5
[INFO] [stdout]    |
[INFO] [stdout] 14 |     device_context::DeviceContext,
[INFO] [stdout]    |     ^^^^^^^^^^^^^^^^^^^^^^^^^^^^^
[INFO] [stdout] 
[INFO] [stdout] 
[INFO] [stdout] warning: unused imports: `Foundation::BOOL`, `PeekMessageA`
[INFO] [stdout]  --> windows_reactive/src/message_ext.rs:2:5
[INFO] [stdout]   |
[INFO] [stdout] 2 |     Foundation::BOOL,
[INFO] [stdout]   |     ^^^^^^^^^^^^^^^^
[INFO] [stdout] 3 |     UI::WindowsAndMessaging::{
[INFO] [stdout] 4 |         DispatchMessageW, GetAncestor, GetMessageW, IsDialogMessageW, PeekMessageA, PeekMessageW,
[INFO] [stdout]   |                                                                       ^^^^^^^^^^^^
[INFO] [stdout] 
[INFO] [stdout] 
[INFO] [stdout] warning: unused imports: `POINTER_FLAGS`, `WM_POINTERHWHEEL`, `WM_POINTERWHEEL`
[INFO] [stdout]   --> windows_reactive/src/messages.rs:11:50
[INFO] [stdout]    |
[INFO] [stdout] 11 |             GetPointerTouchInfo, GetPointerType, POINTER_FLAGS, POINTER_FLAG_CANCELED,
[INFO] [stdout]    |                                                  ^^^^^^^^^^^^^
[INFO] [stdout] ...
[INFO] [stdout] 24 |             WM_MOUSEWHEEL, WM_PAINT, WM_POINTERDOWN, WM_POINTERENTER, WM_POINTERHWHEEL,
[INFO] [stdout]    |                                                                       ^^^^^^^^^^^^^^^^
[INFO] [stdout] 25 |             WM_POINTERLEAVE, WM_POINTERUP, WM_POINTERUPDATE, WM_POINTERWHEEL, WM_QUIT,
[INFO] [stdout]    |                                                              ^^^^^^^^^^^^^^^
[INFO] [stdout] 
[INFO] [stdout] 
[INFO] [stdout] warning: unused import: `POINT`
[INFO] [stdout]  --> windows_reactive/src/param_ext.rs:5:32
[INFO] [stdout]   |
[INFO] [stdout] 5 |     Foundation::{HWND, LPARAM, POINT, WPARAM},
[INFO] [stdout]   |                                ^^^^^
[INFO] [stdout] 
[INFO] [stdout] 
[INFO] [stdout] warning: unused imports: `CS_DBLCLKS`, `CS_HREDRAW`, `CS_VREDRAW`, `HWND`, `LPARAM`, `LRESULT`, `WM_NCCREATE`, `WPARAM`
[INFO] [stdout]  --> windows_reactive/src/pre_settings.rs:4:60
[INFO] [stdout]   |
[INFO] [stdout] 4 |     Foundation::{GetLastError, ERROR_CLASS_ALREADY_EXISTS, HWND, LPARAM, LRESULT, WPARAM},
[INFO] [stdout]   |                                                            ^^^^  ^^^^^^  ^^^^^^^  ^^^^^^
[INFO] [stdout] ...
[INFO] [stdout] 8 |         LoadCursorW, RegisterClassExW, CS_DBLCLKS, CS_HREDRAW, CS_VREDRAW, IDC_ARROW, WM_NCCREATE,
[INFO] [stdout]   |                                        ^^^^^^^^^^  ^^^^^^^^^^  ^^^^^^^^^^             ^^^^^^^^^^^
[INFO] [stdout] 
[INFO] [stdout] 
[INFO] [stdout] warning: unused imports: `param_ext::LParamExt`, `window_handle_ext::WindowHandleExt`
[INFO] [stdout]   --> windows_reactive/src/pre_settings.rs:14:5
[INFO] [stdout]    |
[INFO] [stdout] 14 |     param_ext::LParamExt,
[INFO] [stdout]    |     ^^^^^^^^^^^^^^^^^^^^
[INFO] [stdout] 15 |     pcwstr_handler::{AsPCWSTR, AsWide},
[INFO] [stdout] 16 |     window_handle_ext::WindowHandleExt,
[INFO] [stdout]    |     ^^^^^^^^^^^^^^^^^^^^^^^^^^^^^^^^^^
[INFO] [stdout] 
[INFO] [stdout] 
[INFO] [stdout] warning: unused imports: `com_initialized`, `graphics::direct_2d_factory::Direct2DFactory`
[INFO] [stdout]   --> windows_reactive/src/test.rs:1:13
[INFO] [stdout]    |
[INFO] [stdout] 1  | use crate::{com_initialized, droppable::Droppable, graphics::direct_2d_factory::Direct2DFactory};
[INFO] [stdout]    |             ^^^^^^^^^^^^^^^                        ^^^^^^^^^^^^^^^^^^^^^^^^^^^^^^^^^^^^^^^^^^^^
[INFO] [stdout]    |
[INFO] [stdout] help: consider adding a `#[cfg(test)]` to the containing module
[INFO] [stdout]   --> windows_reactive/src/lib.rs:15:1
[INFO] [stdout]    |
[INFO] [stdout] 15 | pub mod test;
[INFO] [stdout]    | ^^^^^^^^^^^^^
[INFO] [stdout] 
[INFO] [stdout] 
[INFO] [stdout] warning: unused import: `Vec2`
[INFO] [stdout]  --> windows_reactive/src/window_handle_ext.rs:1:19
[INFO] [stdout]   |
[INFO] [stdout] 1 | use glam::{IVec2, Vec2};
[INFO] [stdout]   |                   ^^^^
[INFO] [stdout] 
[INFO] [stdout] 
[INFO] [stdout] error[E0599]: no method named `encode_wide` found for reference `&OsStr` in the current scope
[INFO] [stdout]   --> windows_reactive/src/pcwstr_handler.rs:28:14
[INFO] [stdout]    |
[INFO] [stdout] 27 | /         OsStr::new(self)
[INFO] [stdout] 28 | |             .encode_wide()
[INFO] [stdout]    | |             -^^^^^^^^^^^ method not found in `&OsStr`
[INFO] [stdout]    | |_____________|
[INFO] [stdout]    | 
[INFO] [stdout] 
[INFO] [stdout] 
[INFO] [stdout] error: aborting due to 2 previous errors; 13 warnings emitted
[INFO] [stdout] 
[INFO] [stdout] 
[INFO] [stdout] Some errors have detailed explanations: E0433, E0599.
[INFO] [stdout] 
[INFO] [stdout] For more information about an error, try `rustc --explain E0433`.
[INFO] [stdout] 
[INFO] [stderr] error: could not compile `windows_reactive` (lib) due to 3 previous errors; 13 warnings emitted
[INFO] running `Command { std: "docker" "inspect" "f1483e57bf48e54fdb2685a51d5a770644dfb8cd1c6d93400744897c6c1d4597", kill_on_drop: false }`
[INFO] running `Command { std: "docker" "rm" "-f" "f1483e57bf48e54fdb2685a51d5a770644dfb8cd1c6d93400744897c6c1d4597", kill_on_drop: false }`
[INFO] [stdout] f1483e57bf48e54fdb2685a51d5a770644dfb8cd1c6d93400744897c6c1d4597
[INFO] documenting SonyStone/learn-windows-sys against beta-2023-12-22 for beta-1.76-rustdoc-1
[INFO] running `Command { std: "git" "clone" "/workspace/cache/git-repos/https%3A%2F%2Fgithub.com%2FSonyStone%2Flearn-windows-sys" "/workspace/builds/worker-4-tc2/source", kill_on_drop: false }`
[INFO] [stderr] Cloning into '/workspace/builds/worker-4-tc2/source'...
[INFO] [stderr] done.
[INFO] validating manifest of git repo https://github.com/SonyStone/learn-windows-sys on toolchain beta-2023-12-22
[INFO] running `Command { std: CARGO_HOME="/workspace/cargo-home" RUSTUP_HOME="/workspace/rustup-home" "/workspace/cargo-home/bin/cargo" "+beta-2023-12-22" "metadata" "--manifest-path" "Cargo.toml" "--no-deps", kill_on_drop: false }`
[INFO] started tweaking git repo https://github.com/SonyStone/learn-windows-sys
[INFO] finished tweaking git repo https://github.com/SonyStone/learn-windows-sys
[INFO] tweaked toml for git repo https://github.com/SonyStone/learn-windows-sys written to /workspace/builds/worker-4-tc2/source/Cargo.toml
[INFO] crate git repo https://github.com/SonyStone/learn-windows-sys already has a lockfile, it will not be regenerated
[INFO] running `Command { std: CARGO_HOME="/workspace/cargo-home" RUSTUP_HOME="/workspace/rustup-home" "/workspace/cargo-home/bin/cargo" "+beta-2023-12-22" "fetch" "--manifest-path" "Cargo.toml", kill_on_drop: false }`
[INFO] running `Command { std: "docker" "create" "-v" "/var/lib/crater-agent-workspace/builds/worker-4-tc2/target:/opt/rustwide/target:rw,Z" "-v" "/var/lib/crater-agent-workspace/builds/worker-4-tc2/source:/opt/rustwide/workdir:ro,Z" "-v" "/var/lib/crater-agent-workspace/cargo-home:/opt/rustwide/cargo-home:ro,Z" "-v" "/var/lib/crater-agent-workspace/rustup-home:/opt/rustwide/rustup-home:ro,Z" "-e" "SOURCE_DIR=/opt/rustwide/workdir" "-e" "CARGO_TARGET_DIR=/opt/rustwide/target" "-e" "CARGO_HOME=/opt/rustwide/cargo-home" "-e" "RUSTUP_HOME=/opt/rustwide/rustup-home" "-w" "/opt/rustwide/workdir" "-m" "1610612736" "--user" "0:0" "--network" "none" "ghcr.io/rust-lang/crates-build-env/linux@sha256:2788e3201cd34a07e3172128adcd8b3090168a8e3bcc40d7c032b9dda1df7d1c" "/opt/rustwide/cargo-home/bin/cargo" "+beta-2023-12-22" "metadata" "--no-deps" "--format-version=1", kill_on_drop: false }`
[INFO] [stdout] 0847c089166d9725d3b20eb344e830731a6a6078963c9149e583bd12e671f6c7
[INFO] running `Command { std: "docker" "start" "-a" "0847c089166d9725d3b20eb344e830731a6a6078963c9149e583bd12e671f6c7", kill_on_drop: false }`
[INFO] running `Command { std: "docker" "inspect" "0847c089166d9725d3b20eb344e830731a6a6078963c9149e583bd12e671f6c7", kill_on_drop: false }`
[INFO] running `Command { std: "docker" "rm" "-f" "0847c089166d9725d3b20eb344e830731a6a6078963c9149e583bd12e671f6c7", kill_on_drop: false }`
[INFO] [stdout] 0847c089166d9725d3b20eb344e830731a6a6078963c9149e583bd12e671f6c7
[INFO] running `Command { std: "docker" "create" "-v" "/var/lib/crater-agent-workspace/builds/worker-4-tc2/target:/opt/rustwide/target:rw,Z" "-v" "/var/lib/crater-agent-workspace/builds/worker-4-tc2/source:/opt/rustwide/workdir:ro,Z" "-v" "/var/lib/crater-agent-workspace/cargo-home:/opt/rustwide/cargo-home:ro,Z" "-v" "/var/lib/crater-agent-workspace/rustup-home:/opt/rustwide/rustup-home:ro,Z" "-e" "SOURCE_DIR=/opt/rustwide/workdir" "-e" "CARGO_TARGET_DIR=/opt/rustwide/target" "-e" "CARGO_INCREMENTAL=0" "-e" "RUST_BACKTRACE=full" "-e" "RUSTFLAGS=--cap-lints=warn" "-e" "RUSTDOCFLAGS=--cap-lints=warn" "-e" "CARGO_HOME=/opt/rustwide/cargo-home" "-e" "RUSTUP_HOME=/opt/rustwide/rustup-home" "-w" "/opt/rustwide/workdir" "-m" "1610612736" "--user" "0:0" "--network" "none" "ghcr.io/rust-lang/crates-build-env/linux@sha256:2788e3201cd34a07e3172128adcd8b3090168a8e3bcc40d7c032b9dda1df7d1c" "/opt/rustwide/cargo-home/bin/cargo" "+beta-2023-12-22" "doc" "--frozen" "--no-deps" "--document-private-items" "--message-format=json", kill_on_drop: false }`
[INFO] [stdout] 8a51e21f7618557b6c8d4182ea98b7d1f7fb54c0a6ffd5f26186345406b432c3
[INFO] running `Command { std: "docker" "start" "-a" "8a51e21f7618557b6c8d4182ea98b7d1f7fb54c0a6ffd5f26186345406b432c3", kill_on_drop: false }`
[INFO] [stderr]    Compiling windows_x86_64_gnu v0.48.0
[INFO] [stderr]     Checking glam v0.24.1
[INFO] [stderr]     Checking bitflags v2.4.0
[INFO] [stderr]     Checking windows-targets v0.48.0
[INFO] [stderr]     Checking windows v0.48.0
[INFO] [stderr]     Checking windows_reactive v0.1.0 (/opt/rustwide/workdir/windows_reactive)
[INFO] [stdout] error[E0433]: failed to resolve: could not find `windows` in `os`
[INFO] [stdout]   --> windows_reactive/src/pcwstr_handler.rs:26:22
[INFO] [stdout]    |
[INFO] [stdout] 26 |         use std::os::windows::ffi::OsStrExt;
[INFO] [stdout]    |                      ^^^^^^^ could not find `windows` in `os`
[INFO] [stdout] 
[INFO] [stdout] 
[INFO] [stdout] warning: unused import: `IVec2`
[INFO] [stdout]  --> windows_reactive/src/direct_2d.rs:1:21
[INFO] [stdout]   |
[INFO] [stdout] 1 | use glam::{Affine2, IVec2, Vec2};
[INFO] [stdout]   |                     ^^^^^
[INFO] [stdout]   |
[INFO] [stdout]   = note: `#[warn(unused_imports)]` on by default
[INFO] [stdout] 
[INFO] [stdout] 
[INFO] [stdout] warning: unused imports: `Brush`, `SolidColorBrush`
[INFO] [stdout]   --> windows_reactive/src/direct_2d.rs:32:17
[INFO] [stdout]    |
[INFO] [stdout] 32 |         brush::{Brush, SolidColorBrush},
[INFO] [stdout]    |                 ^^^^^  ^^^^^^^^^^^^^^^
[INFO] [stdout] 
[INFO] [stdout] 
[INFO] [stdout] warning: unused imports: `D2D1_BITMAP_PROPERTIES1`, `D2D1_BRUSH_PROPERTIES`, `D2D1_COLOR_F`, `D2D1_ELLIPSE`, `D2D1_UNIT_MODE`, `D2D_POINT_2F`, `D2D_RECT_F`, `D2D_SIZE_F`, `D3D_FEATURE_LEVEL`, `Foundation::Numerics::Matrix3x2`, `ID2D1Bitmap1`, `ID2D1Brush`, `ID2D1DeviceContext`, `ID2D1Geometry`, `ID2D1Image`, `ID2D1SolidColorBrush`, `ID2D1StrokeStyle`, `IDXGIAdapter1`, `IDXGISurface`, `IntoParam`
[INFO] [stdout]   --> windows_reactive/src/game.rs:2:12
[INFO] [stdout]    |
[INFO] [stdout] 2  |     core::{IntoParam, Result},
[INFO] [stdout]    |            ^^^^^^^^^
[INFO] [stdout] 3  |     Foundation::Numerics::Matrix3x2,
[INFO] [stdout]    |     ^^^^^^^^^^^^^^^^^^^^^^^^^^^^^^^
[INFO] [stdout] ...
[INFO] [stdout] 6  |             Common::{D2D1_COLOR_F, D2D_POINT_2F, D2D_RECT_F, D2D_SIZE_F},
[INFO] [stdout]    |                      ^^^^^^^^^^^^  ^^^^^^^^^^^^  ^^^^^^^^^^  ^^^^^^^^^^
[INFO] [stdout] 7  |             ID2D1Bitmap1, ID2D1Brush, ID2D1DeviceContext, ID2D1Geometry, ID2D1Image,
[INFO] [stdout]    |             ^^^^^^^^^^^^  ^^^^^^^^^^  ^^^^^^^^^^^^^^^^^^  ^^^^^^^^^^^^^  ^^^^^^^^^^
[INFO] [stdout] 8  |             ID2D1SolidColorBrush, ID2D1StrokeStyle, D2D1_BITMAP_PROPERTIES1, D2D1_BRUSH_PROPERTIES,
[INFO] [stdout]    |             ^^^^^^^^^^^^^^^^^^^^  ^^^^^^^^^^^^^^^^  ^^^^^^^^^^^^^^^^^^^^^^^  ^^^^^^^^^^^^^^^^^^^^^
[INFO] [stdout] 9  |             D2D1_ELLIPSE, D2D1_UNIT_MODE,
[INFO] [stdout]    |             ^^^^^^^^^^^^  ^^^^^^^^^^^^^^
[INFO] [stdout] 10 |         },
[INFO] [stdout] 11 |         Direct3D::{D3D_FEATURE_LEVEL, D3D_FEATURE_LEVEL_11_0},
[INFO] [stdout]    |                    ^^^^^^^^^^^^^^^^^
[INFO] [stdout] ...
[INFO] [stdout] 17 |             CreateDXGIFactory2, IDXGIAdapter1, IDXGIFactory4, IDXGISurface, DXGI_ADAPTER_DESC1,
[INFO] [stdout]    |                                 ^^^^^^^^^^^^^                 ^^^^^^^^^^^^
[INFO] [stdout] 
[INFO] [stdout] 
[INFO] [stdout] warning: unused import: `glam::Vec2`
[INFO] [stdout]  --> windows_reactive/src/graphics/direct_2d_factory.rs:1:5
[INFO] [stdout]   |
[INFO] [stdout] 1 | use glam::Vec2;
[INFO] [stdout]   |     ^^^^^^^^^^
[INFO] [stdout] 
[INFO] [stdout] 
[INFO] [stdout] warning: unused imports: `D2D1_DEVICE_CONTEXT_OPTIONS_NONE`, `D2D1_FACTORY_TYPE_SINGLE_THREADED`, `D2D1_UNIT_MODE_DIPS`
[INFO] [stdout]  --> windows_reactive/src/graphics/direct_2d_factory.rs:7:9
[INFO] [stdout]   |
[INFO] [stdout] 7 |         D2D1_DEVICE_CONTEXT_OPTIONS_NONE, D2D1_ELLIPSE, D2D1_FACTORY_OPTIONS,
[INFO] [stdout]   |         ^^^^^^^^^^^^^^^^^^^^^^^^^^^^^^^^
[INFO] [stdout] 8 |         D2D1_FACTORY_TYPE_MULTI_THREADED, D2D1_FACTORY_TYPE_SINGLE_THREADED, D2D1_ROUNDED_RECT,
[INFO] [stdout]   |                                           ^^^^^^^^^^^^^^^^^^^^^^^^^^^^^^^^^
[INFO] [stdout] 9 |         D2D1_STROKE_STYLE_PROPERTIES, D2D1_UNIT_MODE_DIPS,
[INFO] [stdout]   |                                       ^^^^^^^^^^^^^^^^^^^
[INFO] [stdout] 
[INFO] [stdout] 
[INFO] [stdout] warning: unused import: `device_context::DeviceContext`
[INFO] [stdout]   --> windows_reactive/src/graphics/direct_2d_factory.rs:14:5
[INFO] [stdout]    |
[INFO] [stdout] 14 |     device_context::DeviceContext,
[INFO] [stdout]    |     ^^^^^^^^^^^^^^^^^^^^^^^^^^^^^
[INFO] [stdout] 
[INFO] [stdout] 
[INFO] [stdout] warning: unused imports: `Foundation::BOOL`, `PeekMessageA`
[INFO] [stdout]  --> windows_reactive/src/message_ext.rs:2:5
[INFO] [stdout]   |
[INFO] [stdout] 2 |     Foundation::BOOL,
[INFO] [stdout]   |     ^^^^^^^^^^^^^^^^
[INFO] [stdout] 3 |     UI::WindowsAndMessaging::{
[INFO] [stdout] 4 |         DispatchMessageW, GetAncestor, GetMessageW, IsDialogMessageW, PeekMessageA, PeekMessageW,
[INFO] [stdout]   |                                                                       ^^^^^^^^^^^^
[INFO] [stdout] 
[INFO] [stdout] 
[INFO] [stdout] warning: unused imports: `POINTER_FLAGS`, `WM_POINTERHWHEEL`, `WM_POINTERWHEEL`
[INFO] [stdout]   --> windows_reactive/src/messages.rs:11:50
[INFO] [stdout]    |
[INFO] [stdout] 11 |             GetPointerTouchInfo, GetPointerType, POINTER_FLAGS, POINTER_FLAG_CANCELED,
[INFO] [stdout]    |                                                  ^^^^^^^^^^^^^
[INFO] [stdout] ...
[INFO] [stdout] 24 |             WM_MOUSEWHEEL, WM_PAINT, WM_POINTERDOWN, WM_POINTERENTER, WM_POINTERHWHEEL,
[INFO] [stdout]    |                                                                       ^^^^^^^^^^^^^^^^
[INFO] [stdout] 25 |             WM_POINTERLEAVE, WM_POINTERUP, WM_POINTERUPDATE, WM_POINTERWHEEL, WM_QUIT,
[INFO] [stdout]    |                                                              ^^^^^^^^^^^^^^^
[INFO] [stdout] 
[INFO] [stdout] 
[INFO] [stdout] warning: unused import: `POINT`
[INFO] [stdout]  --> windows_reactive/src/param_ext.rs:5:32
[INFO] [stdout]   |
[INFO] [stdout] 5 |     Foundation::{HWND, LPARAM, POINT, WPARAM},
[INFO] [stdout]   |                                ^^^^^
[INFO] [stdout] 
[INFO] [stdout] 
[INFO] [stdout] warning: unused imports: `CS_DBLCLKS`, `CS_HREDRAW`, `CS_VREDRAW`, `HWND`, `LPARAM`, `LRESULT`, `WM_NCCREATE`, `WPARAM`
[INFO] [stdout]  --> windows_reactive/src/pre_settings.rs:4:60
[INFO] [stdout]   |
[INFO] [stdout] 4 |     Foundation::{GetLastError, ERROR_CLASS_ALREADY_EXISTS, HWND, LPARAM, LRESULT, WPARAM},
[INFO] [stdout]   |                                                            ^^^^  ^^^^^^  ^^^^^^^  ^^^^^^
[INFO] [stdout] ...
[INFO] [stdout] 8 |         LoadCursorW, RegisterClassExW, CS_DBLCLKS, CS_HREDRAW, CS_VREDRAW, IDC_ARROW, WM_NCCREATE,
[INFO] [stdout]   |                                        ^^^^^^^^^^  ^^^^^^^^^^  ^^^^^^^^^^             ^^^^^^^^^^^
[INFO] [stdout] 
[INFO] [stdout] 
[INFO] [stdout] warning: unused imports: `param_ext::LParamExt`, `window_handle_ext::WindowHandleExt`
[INFO] [stdout]   --> windows_reactive/src/pre_settings.rs:14:5
[INFO] [stdout]    |
[INFO] [stdout] 14 |     param_ext::LParamExt,
[INFO] [stdout]    |     ^^^^^^^^^^^^^^^^^^^^
[INFO] [stdout] 15 |     pcwstr_handler::{AsPCWSTR, AsWide},
[INFO] [stdout] 16 |     window_handle_ext::WindowHandleExt,
[INFO] [stdout]    |     ^^^^^^^^^^^^^^^^^^^^^^^^^^^^^^^^^^
[INFO] [stdout] 
[INFO] [stdout] 
[INFO] [stdout] warning: unused imports: `com_initialized`, `graphics::direct_2d_factory::Direct2DFactory`
[INFO] [stdout]   --> windows_reactive/src/test.rs:1:13
[INFO] [stdout]    |
[INFO] [stdout] 1  | use crate::{com_initialized, droppable::Droppable, graphics::direct_2d_factory::Direct2DFactory};
[INFO] [stdout]    |             ^^^^^^^^^^^^^^^                        ^^^^^^^^^^^^^^^^^^^^^^^^^^^^^^^^^^^^^^^^^^^^
[INFO] [stdout]    |
[INFO] [stdout] help: consider adding a `#[cfg(test)]` to the containing module
[INFO] [stdout]   --> windows_reactive/src/lib.rs:15:1
[INFO] [stdout]    |
[INFO] [stdout] 15 | pub mod test;
[INFO] [stdout]    | ^^^^^^^^^^^^^
[INFO] [stdout] 
[INFO] [stdout] 
[INFO] [stdout] warning: unused import: `Vec2`
[INFO] [stdout]  --> windows_reactive/src/window_handle_ext.rs:1:19
[INFO] [stdout]   |
[INFO] [stdout] 1 | use glam::{IVec2, Vec2};
[INFO] [stdout]   |                   ^^^^
[INFO] [stdout] 
[INFO] [stdout] 
[INFO] [stdout] error[E0599]: no method named `encode_wide` found for reference `&OsStr` in the current scope
[INFO] [stdout]   --> windows_reactive/src/pcwstr_handler.rs:28:14
[INFO] [stdout]    |
[INFO] [stdout] 27 | /         OsStr::new(self)
[INFO] [stdout] 28 | |             .encode_wide()
[INFO] [stdout]    | |             -^^^^^^^^^^^ method not found in `&OsStr`
[INFO] [stdout]    | |_____________|
[INFO] [stdout]    | 
[INFO] [stdout] 
[INFO] [stdout] 
[INFO] [stdout] error: aborting due to 2 previous errors; 13 warnings emitted
[INFO] [stdout] 
[INFO] [stdout] 
[INFO] [stdout] Some errors have detailed explanations: E0433, E0599.
[INFO] [stdout] 
[INFO] [stdout] For more information about an error, try `rustc --explain E0433`.
[INFO] [stdout] 
[INFO] [stderr] error: could not compile `windows_reactive` (lib) due to 3 previous errors; 13 warnings emitted
[INFO] running `Command { std: "docker" "inspect" "8a51e21f7618557b6c8d4182ea98b7d1f7fb54c0a6ffd5f26186345406b432c3", kill_on_drop: false }`
[INFO] running `Command { std: "docker" "rm" "-f" "8a51e21f7618557b6c8d4182ea98b7d1f7fb54c0a6ffd5f26186345406b432c3", kill_on_drop: false }`
[INFO] [stdout] 8a51e21f7618557b6c8d4182ea98b7d1f7fb54c0a6ffd5f26186345406b432c3
