[INFO] cloning repository https://github.com/Sonicskater/wasm-simulator
[INFO] running `Command { std: "git" "-c" "credential.helper=" "-c" "credential.helper=/workspace/cargo-home/bin/git-credential-null" "clone" "--bare" "https://github.com/Sonicskater/wasm-simulator" "/workspace/cache/git-repos/https%3A%2F%2Fgithub.com%2FSonicskater%2Fwasm-simulator", kill_on_drop: false }`
[INFO] [stderr] Cloning into bare repository '/workspace/cache/git-repos/https%3A%2F%2Fgithub.com%2FSonicskater%2Fwasm-simulator'...
[INFO] running `Command { std: "git" "rev-parse" "HEAD", kill_on_drop: false }`
[INFO] [stdout] 92c532756b81963e50d29d653c9f509ef21c8022
[INFO] documenting Sonicskater/wasm-simulator against 1.75.0 for beta-1.76-rustdoc-1
[INFO] running `Command { std: "git" "clone" "/workspace/cache/git-repos/https%3A%2F%2Fgithub.com%2FSonicskater%2Fwasm-simulator" "/workspace/builds/worker-0-tc1/source", kill_on_drop: false }`
[INFO] [stderr] Cloning into '/workspace/builds/worker-0-tc1/source'...
[INFO] [stderr] done.
[INFO] validating manifest of git repo https://github.com/Sonicskater/wasm-simulator on toolchain 1.75.0
[INFO] running `Command { std: CARGO_HOME="/workspace/cargo-home" RUSTUP_HOME="/workspace/rustup-home" "/workspace/cargo-home/bin/cargo" "+1.75.0" "metadata" "--manifest-path" "Cargo.toml" "--no-deps", kill_on_drop: false }`
[INFO] started tweaking git repo https://github.com/Sonicskater/wasm-simulator
[INFO] finished tweaking git repo https://github.com/Sonicskater/wasm-simulator
[INFO] tweaked toml for git repo https://github.com/Sonicskater/wasm-simulator written to /workspace/builds/worker-0-tc1/source/Cargo.toml
[INFO] crate git repo https://github.com/Sonicskater/wasm-simulator already has a lockfile, it will not be regenerated
[INFO] running `Command { std: CARGO_HOME="/workspace/cargo-home" RUSTUP_HOME="/workspace/rustup-home" "/workspace/cargo-home/bin/cargo" "+1.75.0" "fetch" "--manifest-path" "Cargo.toml", kill_on_drop: false }`
[INFO] [stderr]     Updating crates.io index
[INFO] [stderr]  Downloading crates ...
[INFO] [stderr]   Downloaded bytecheck_derive v0.6.5
[INFO] [stderr]   Downloaded priority-queue v1.2.0
[INFO] [stderr]   Downloaded llvm-sys v120.2.1
[INFO] [stderr]   Downloaded dynasmrt v1.2.0
[INFO] [stderr]   Downloaded wasmer-derive v2.1.0
[INFO] [stderr]   Downloaded wasmer-engine-dylib v2.1.0
[INFO] [stderr]   Downloaded wasmer-types v2.1.0
[INFO] [stderr]   Downloaded dynasm v1.2.0
[INFO] [stderr]   Downloaded wasmer-object v2.1.0
[INFO] [stderr]   Downloaded rkyv_derive v0.7.24
[INFO] [stderr]   Downloaded rend v0.3.4
[INFO] [stderr]   Downloaded wasmer-engine v2.1.0
[INFO] [stderr]   Downloaded wasmer-compiler-cranelift v2.1.0
[INFO] [stderr]   Downloaded bytecheck v0.6.6
[INFO] [stderr]   Downloaded wasmer-engine-universal v2.1.0
[INFO] [stderr]   Downloaded wasmer-compiler-singlepass v2.1.0
[INFO] [stderr]   Downloaded wasmer-vm v2.1.0
[INFO] [stderr]   Downloaded wasmer-compiler v2.1.0
[INFO] [stderr]   Downloaded wasmer-compiler-llvm v2.1.0
[INFO] [stderr]   Downloaded rkyv v0.7.24
[INFO] [stderr]   Downloaded wasmer v2.1.0
[INFO] running `Command { std: "docker" "create" "-v" "/var/lib/crater-agent-workspace/builds/worker-0-tc1/target:/opt/rustwide/target:rw,Z" "-v" "/var/lib/crater-agent-workspace/builds/worker-0-tc1/source:/opt/rustwide/workdir:ro,Z" "-v" "/var/lib/crater-agent-workspace/cargo-home:/opt/rustwide/cargo-home:ro,Z" "-v" "/var/lib/crater-agent-workspace/rustup-home:/opt/rustwide/rustup-home:ro,Z" "-e" "SOURCE_DIR=/opt/rustwide/workdir" "-e" "CARGO_TARGET_DIR=/opt/rustwide/target" "-e" "CARGO_HOME=/opt/rustwide/cargo-home" "-e" "RUSTUP_HOME=/opt/rustwide/rustup-home" "-w" "/opt/rustwide/workdir" "-m" "1610612736" "--user" "0:0" "--network" "none" "ghcr.io/rust-lang/crates-build-env/linux@sha256:2788e3201cd34a07e3172128adcd8b3090168a8e3bcc40d7c032b9dda1df7d1c" "/opt/rustwide/cargo-home/bin/cargo" "+1.75.0" "metadata" "--no-deps" "--format-version=1", kill_on_drop: false }`
[INFO] [stdout] 081bc70f61aececda8c41a2dda9775979a8d2312c16041d62e5314c282181658
[INFO] running `Command { std: "docker" "start" "-a" "081bc70f61aececda8c41a2dda9775979a8d2312c16041d62e5314c282181658", kill_on_drop: false }`
[INFO] running `Command { std: "docker" "inspect" "081bc70f61aececda8c41a2dda9775979a8d2312c16041d62e5314c282181658", kill_on_drop: false }`
[INFO] running `Command { std: "docker" "rm" "-f" "081bc70f61aececda8c41a2dda9775979a8d2312c16041d62e5314c282181658", kill_on_drop: false }`
[INFO] [stdout] 081bc70f61aececda8c41a2dda9775979a8d2312c16041d62e5314c282181658
[INFO] running `Command { std: "docker" "create" "-v" "/var/lib/crater-agent-workspace/builds/worker-0-tc1/target:/opt/rustwide/target:rw,Z" "-v" "/var/lib/crater-agent-workspace/builds/worker-0-tc1/source:/opt/rustwide/workdir:ro,Z" "-v" "/var/lib/crater-agent-workspace/cargo-home:/opt/rustwide/cargo-home:ro,Z" "-v" "/var/lib/crater-agent-workspace/rustup-home:/opt/rustwide/rustup-home:ro,Z" "-e" "SOURCE_DIR=/opt/rustwide/workdir" "-e" "CARGO_TARGET_DIR=/opt/rustwide/target" "-e" "CARGO_INCREMENTAL=0" "-e" "RUST_BACKTRACE=full" "-e" "RUSTFLAGS=--cap-lints=warn" "-e" "RUSTDOCFLAGS=--cap-lints=warn" "-e" "CARGO_HOME=/opt/rustwide/cargo-home" "-e" "RUSTUP_HOME=/opt/rustwide/rustup-home" "-w" "/opt/rustwide/workdir" "-m" "1610612736" "--user" "0:0" "--network" "none" "ghcr.io/rust-lang/crates-build-env/linux@sha256:2788e3201cd34a07e3172128adcd8b3090168a8e3bcc40d7c032b9dda1df7d1c" "/opt/rustwide/cargo-home/bin/cargo" "+1.75.0" "doc" "--frozen" "--no-deps" "--document-private-items" "--message-format=json", kill_on_drop: false }`
[INFO] [stdout] ea86e23fbf2118507c374db1079969d1a6859255ec2542b6efc2c5f601cbba6a
[INFO] running `Command { std: "docker" "start" "-a" "ea86e23fbf2118507c374db1079969d1a6859255ec2542b6efc2c5f601cbba6a", kill_on_drop: false }`
[INFO] [stderr]    Compiling proc-macro2 v1.0.32
[INFO] [stderr]    Compiling unicode-xid v0.2.2
[INFO] [stderr]    Compiling syn v1.0.81
[INFO] [stderr]    Compiling libc v0.2.107
[INFO] [stderr]    Compiling serde_derive v1.0.130
[INFO] [stderr]    Compiling serde v1.0.130
[INFO] [stderr]    Compiling version_check v0.9.3
[INFO] [stderr]     Checking once_cell v1.8.0
[INFO] [stderr]    Compiling log v0.4.14
[INFO] [stderr]    Compiling cc v1.0.72
[INFO] [stderr]    Compiling wasm-bindgen-shared v0.2.78
[INFO] [stderr]    Compiling bumpalo v3.8.0
[INFO] [stderr]    Compiling indexmap v1.7.0
[INFO] [stderr]    Compiling wasm-bindgen v0.2.78
[INFO] [stderr]     Checking packed_i32 v0.1.0 (/opt/rustwide/workdir/shared_crates/packed_i32)
[INFO] [stderr]    Compiling bytecheck v0.6.6
[INFO] [stderr]    Compiling miniz_oxide v0.4.4
[INFO] [stderr]    Compiling rend v0.3.4
[INFO] [stderr]    Compiling memchr v2.4.1
[INFO] [stderr]    Compiling rustversion v1.0.5
[INFO] [stderr]    Compiling pkg-config v0.3.22
[INFO] [stderr]    Compiling target-lexicon v0.12.2
[INFO] [stderr]    Compiling rkyv v0.7.24
[INFO] [stderr]    Compiling ahash v0.7.6
[INFO] [stderr]     Checking seahash v4.1.0
[INFO] [stderr]     Checking smallvec v1.7.0
[INFO] [stderr]     Checking gimli v0.26.1
[INFO] [stderr]    Compiling priority-queue v1.2.0
[INFO] [stderr]     Checking rustc-demangle v0.1.21
[INFO] [stderr]     Checking more-asserts v0.2.1
[INFO] [stderr]    Compiling cmake v0.1.46
[INFO] [stderr]    Compiling ucd-trie v0.1.3
[INFO] [stderr]    Compiling proc-macro-error-attr v1.0.4
[INFO] [stderr]    Compiling cranelift-entity v0.76.0
[INFO] [stderr]    Compiling pest v2.1.3
[INFO] [stderr]    Compiling cranelift-codegen-shared v0.76.0
[INFO] [stderr]     Checking wasmparser v0.78.2
[INFO] [stderr]    Compiling proc-macro-error v1.0.4
[INFO] [stderr]    Compiling num-integer v0.1.44
[INFO] [stderr]     Checking stable_deref_trait v1.2.0
[INFO] [stderr]    Compiling quote v1.0.10
[INFO] [stderr]     Checking either v1.6.1
[INFO] [stderr]     Checking fallible-iterator v0.2.0
[INFO] [stderr]     Checking leb128 v0.2.5
[INFO] [stderr]    Compiling cranelift-codegen-meta v0.76.0
[INFO] [stderr]     Checking regalloc v0.0.31
[INFO] [stderr]     Checking tracing-core v0.1.21
[INFO] [stderr]     Checking getrandom v0.2.3
[INFO] [stderr]     Checking region v3.0.0
[INFO] [stderr]     Checking cranelift-bforest v0.76.0
[INFO] [stderr]     Checking num_cpus v1.13.0
[INFO] [stderr]     Checking memmap2 v0.5.0
[INFO] [stderr]    Compiling backtrace v0.3.63
[INFO] [stderr]    Compiling wasmer-vm v2.1.0
[INFO] [stderr]    Compiling freetype-sys v0.13.1
[INFO] [stderr]    Compiling expat-sys v2.1.6
[INFO] [stderr]     Checking rand_core v0.6.3
[INFO] [stderr]     Checking pin-project-lite v0.2.7
[INFO] [stderr]     Checking hashbrown v0.11.2
[INFO] [stderr]     Checking rayon-core v1.9.1
[INFO] [stderr]     Checking rand_chacha v0.3.1
[INFO] [stderr]    Compiling semver-parser v0.10.2
[INFO] [stderr]    Compiling servo-fontconfig-sys v5.1.0
[INFO] [stderr]     Checking remove_dir_all v0.5.3
[INFO] [stderr]    Compiling wasmer-compiler-cranelift v2.1.0
[INFO] [stderr]     Checking which v4.2.2
[INFO] [stderr]     Checking rand v0.8.4
[INFO] [stderr]     Checking wast v38.0.1
[INFO] [stderr]     Checking libloading v0.7.2
[INFO] [stderr]     Checking num-iter v0.1.42
[INFO] [stderr]     Checking num-rational v0.3.2
[INFO] [stderr]     Checking dirs-sys-next v0.1.2
[INFO] [stderr]     Checking plotters-backend v0.3.2
[INFO] [stderr]     Checking rayon v1.5.1
[INFO] [stderr]     Checking jpeg-decoder v0.1.22
[INFO] [stderr]     Checking same-file v1.0.6
[INFO] [stderr]     Checking freetype v0.7.0
[INFO] [stderr]     Checking dirs-next v2.0.0
[INFO] [stderr]    Compiling semver v0.11.0
[INFO] [stderr]     Checking servo-fontconfig v0.5.1
[INFO] [stderr]     Checking walkdir v2.3.2
[INFO] [stderr]     Checking time v0.1.44
[INFO] [stderr]    Compiling Inflector v0.11.4
[INFO] [stderr]    Compiling rustc_version v0.3.3
[INFO] [stderr]     Checking float-ord v0.2.0
[INFO] [stderr]     Checking plotters-svg v0.3.1
[INFO] [stderr]     Checking ttf-parser v0.12.3
[INFO] [stderr]     Checking unicode-width v0.1.9
[INFO] [stderr]     Checking aliasable v0.1.3
[INFO] [stderr]     Checking chrono v0.4.19
[INFO] [stderr]     Checking atty v0.2.14
[INFO] [stderr]     Checking image v0.23.14
[INFO] [stderr]     Checking vec_map v0.8.2
[INFO] [stderr]     Checking textwrap v0.11.0
[INFO] [stderr]     Checking ansi_term v0.11.0
[INFO] [stderr]     Checking strsim v0.8.0
[INFO] [stderr]     Checking tempfile v3.2.0
[INFO] [stderr]    Compiling benchmark v0.1.0 (/opt/rustwide/workdir/benchmark)
[INFO] [stderr]    Compiling simulator v0.1.0 (/opt/rustwide/workdir/simulator)
[INFO] [stderr]     Checking flate2 v1.0.22
[INFO] [stderr]     Checking itertools v0.10.1
[INFO] [stderr]     Checking clap v2.33.3
[INFO] [stderr]    Compiling pathfinder_simd v0.5.1
[INFO] [stderr]  Documenting packed_i32 v0.1.0 (/opt/rustwide/workdir/shared_crates/packed_i32)
[INFO] [stderr]     Checking addr2line v0.17.0
[INFO] [stderr] error: failed to run custom build command for `simulator v0.1.0 (/opt/rustwide/workdir/simulator)`
[INFO] [stderr] note: To improve backtraces for build dependencies, set the CARGO_PROFILE_DEV_BUILD_OVERRIDE_DEBUG=true environment variable to enable debug information generation.
[INFO] [stderr] 
[INFO] [stderr] Caused by:
[INFO] [stderr]   process didn't exit successfully: `/opt/rustwide/target/debug/build/simulator-876963f0a17de44b/build-script-build` (exit status: 101)
[INFO] [stderr]   --- stdout
[INFO] [stderr]   cargo:rerun-if-changed=build.rs
[INFO] [stderr]   cargo:rerun-if-changed=simulator_shared_types/*
[INFO] [stderr]   cargo:rerun-if-changed=sim_modules/wasm_bincode/wasm_bincode_fifo/*
[INFO] [stderr]   cargo:rerun-if-changed=sim_modules/wasm_c_struct/wasm_c_fifo/*
[INFO] [stderr]   cargo:rerun-if-changed=sim_modules/wasm_pair/wasm_pair_fifo/*
[INFO] [stderr]   cargo:rerun-if-changed=sim_modules/wasm_bincode/wasm_bincode_gdsize/*
[INFO] [stderr]   cargo:rerun-if-changed=sim_modules/wasm_c_struct/wasm_c_gdsize/*
[INFO] [stderr]   cargo:rerun-if-changed=sim_modules/wasm_pair/wasm_pair_gdsize/*
[INFO] [stderr]   cargo:rerun-if-changed=sim_modules/wasm_bincode/wasm_bincode_lfu/*
[INFO] [stderr]   cargo:rerun-if-changed=sim_modules/wasm_c_struct/wasm_c_lfu/*
[INFO] [stderr]   cargo:rerun-if-changed=sim_modules/wasm_pair/wasm_pair_lfu/*
[INFO] [stderr]   cargo:rerun-if-changed=sim_modules/wasm_bincode/wasm_bincode_lru/*
[INFO] [stderr]   cargo:rerun-if-changed=sim_modules/wasm_c_struct/wasm_c_lru/*
[INFO] [stderr]   cargo:rerun-if-changed=sim_modules/wasm_pair/wasm_pair_lru/*
[INFO] [stderr] 
[INFO] [stderr]   --- stderr
[INFO] [stderr]   error: Read-only file system (os error 30) at path "/opt/rustwide/workdir/sim_modules/wasm_bincode/wasm_bincode_fifo/../../../modulesSI8Jlu"
[INFO] [stderr]   thread 'main' panicked at simulator/build.rs:31:13:
[INFO] [stderr]   Compilation error for module: sim_modules/wasm_bincode/wasm_bincode_fifo
[INFO] [stderr]   stack backtrace:
[INFO] [stderr]      0:     0x562e7d2f713c - std::backtrace_rs::backtrace::libunwind::trace::ha637c64ce894333a
[INFO] [stderr]                                  at /rustc/82e1608dfa6e0b5569232559e3d385fea5a93112/library/std/src/../../backtrace/src/backtrace/libunwind.rs:104:5
[INFO] [stderr]      1:     0x562e7d2f713c - std::backtrace_rs::backtrace::trace_unsynchronized::h47f62dea28e0c88d
[INFO] [stderr]                                  at /rustc/82e1608dfa6e0b5569232559e3d385fea5a93112/library/std/src/../../backtrace/src/backtrace/mod.rs:66:5
[INFO] [stderr]      2:     0x562e7d2f713c - std::sys_common::backtrace::_print_fmt::h9eef0abe20ede486
[INFO] [stderr]                                  at /rustc/82e1608dfa6e0b5569232559e3d385fea5a93112/library/std/src/sys_common/backtrace.rs:67:5
[INFO] [stderr]      3:     0x562e7d2f713c - <std::sys_common::backtrace::_print::DisplayBacktrace as core::fmt::Display>::fmt::hed7f999df88cc644
[INFO] [stderr]                                  at /rustc/82e1608dfa6e0b5569232559e3d385fea5a93112/library/std/src/sys_common/backtrace.rs:44:22
[INFO] [stderr]      4:     0x562e7d31a210 - core::fmt::rt::Argument::fmt::h1539a9308b8d058d
[INFO] [stderr]                                  at /rustc/82e1608dfa6e0b5569232559e3d385fea5a93112/library/core/src/fmt/rt.rs:142:9
[INFO] [stderr]      5:     0x562e7d31a210 - core::fmt::write::h3a39390d8560d9c9
[INFO] [stderr]                                  at /rustc/82e1608dfa6e0b5569232559e3d385fea5a93112/library/core/src/fmt/mod.rs:1120:17
[INFO] [stderr]      6:     0x562e7d2f53af - std::io::Write::write_fmt::h5fc9997dfe05f882
[INFO] [stderr]                                  at /rustc/82e1608dfa6e0b5569232559e3d385fea5a93112/library/std/src/io/mod.rs:1762:15
[INFO] [stderr]      7:     0x562e7d2f6f24 - std::sys_common::backtrace::_print::h894006fb5c6f3d45
[INFO] [stderr]                                  at /rustc/82e1608dfa6e0b5569232559e3d385fea5a93112/library/std/src/sys_common/backtrace.rs:47:5
[INFO] [stderr]      8:     0x562e7d2f6f24 - std::sys_common::backtrace::print::h23a2d212c6fff936
[INFO] [stderr]                                  at /rustc/82e1608dfa6e0b5569232559e3d385fea5a93112/library/std/src/sys_common/backtrace.rs:34:9
[INFO] [stderr]      9:     0x562e7d2f8437 - std::panicking::default_hook::{{closure}}::h8a1d2ee00185001a
[INFO] [stderr]     10:     0x562e7d2f819f - std::panicking::default_hook::h6038f2eba384e475
[INFO] [stderr]                                  at /rustc/82e1608dfa6e0b5569232559e3d385fea5a93112/library/std/src/panicking.rs:292:9
[INFO] [stderr]     11:     0x562e7d2f88b8 - std::panicking::rust_panic_with_hook::h2b5517d590cab22e
[INFO] [stderr]                                  at /rustc/82e1608dfa6e0b5569232559e3d385fea5a93112/library/std/src/panicking.rs:779:13
[INFO] [stderr]     12:     0x562e7d2f879e - std::panicking::begin_panic_handler::{{closure}}::h233112c06e0ef43e
[INFO] [stderr]                                  at /rustc/82e1608dfa6e0b5569232559e3d385fea5a93112/library/std/src/panicking.rs:657:13
[INFO] [stderr]     13:     0x562e7d2f7606 - std::sys_common::backtrace::__rust_end_short_backtrace::h6e893f24d7ebbff8
[INFO] [stderr]                                  at /rustc/82e1608dfa6e0b5569232559e3d385fea5a93112/library/std/src/sys_common/backtrace.rs:170:18
[INFO] [stderr]     14:     0x562e7d2f8502 - rust_begin_unwind
[INFO] [stderr]                                  at /rustc/82e1608dfa6e0b5569232559e3d385fea5a93112/library/std/src/panicking.rs:645:5
[INFO] [stderr]     15:     0x562e7d2d3155 - core::panicking::panic_fmt::hbf0e066aabfa482c
[INFO] [stderr]                                  at /rustc/82e1608dfa6e0b5569232559e3d385fea5a93112/library/core/src/panicking.rs:72:14
[INFO] [stderr]     16:     0x562e7d2d633c - build_script_build::main::h6c75ddef64156c2b
[INFO] [stderr]     17:     0x562e7d2d6c93 - core::ops::function::FnOnce::call_once::h284df4560ad02212
[INFO] [stderr]     18:     0x562e7d2d6956 - std::sys_common::backtrace::__rust_begin_short_backtrace::h8637d16e06bbb085
[INFO] [stderr]     19:     0x562e7d2d3e99 - std::rt::lang_start::{{closure}}::heb75087d33d022a4
[INFO] [stderr]     20:     0x562e7d2f22a7 - core::ops::function::impls::<impl core::ops::function::FnOnce<A> for &F>::call_once::hd95060ecd5e1ca24
[INFO] [stderr]                                  at /rustc/82e1608dfa6e0b5569232559e3d385fea5a93112/library/core/src/ops/function.rs:284:13
[INFO] [stderr]     21:     0x562e7d2f22a7 - std::panicking::try::do_call::h6e8cf51db32a6e4b
[INFO] [stderr]                                  at /rustc/82e1608dfa6e0b5569232559e3d385fea5a93112/library/std/src/panicking.rs:552:40
[INFO] [stderr]     22:     0x562e7d2f22a7 - std::panicking::try::h3a52eefe24fe3c29
[INFO] [stderr]                                  at /rustc/82e1608dfa6e0b5569232559e3d385fea5a93112/library/std/src/panicking.rs:516:19
[INFO] [stderr]     23:     0x562e7d2f22a7 - std::panic::catch_unwind::h24c28c23c02c3841
[INFO] [stderr]                                  at /rustc/82e1608dfa6e0b5569232559e3d385fea5a93112/library/std/src/panic.rs:142:14
[INFO] [stderr]     24:     0x562e7d2f22a7 - std::rt::lang_start_internal::{{closure}}::h705d3c9cbc06ef47
[INFO] [stderr]                                  at /rustc/82e1608dfa6e0b5569232559e3d385fea5a93112/library/std/src/rt.rs:148:48
[INFO] [stderr]     25:     0x562e7d2f22a7 - std::panicking::try::do_call::ha21f52ba13158470
[INFO] [stderr]                                  at /rustc/82e1608dfa6e0b5569232559e3d385fea5a93112/library/std/src/panicking.rs:552:40
[INFO] [stderr]     26:     0x562e7d2f22a7 - std::panicking::try::h5581346bf6aeb1f8
[INFO] [stderr]                                  at /rustc/82e1608dfa6e0b5569232559e3d385fea5a93112/library/std/src/panicking.rs:516:19
[INFO] [stderr]     27:     0x562e7d2f22a7 - std::panic::catch_unwind::h7919645a6b72e25b
[INFO] [stderr]                                  at /rustc/82e1608dfa6e0b5569232559e3d385fea5a93112/library/std/src/panic.rs:142:14
[INFO] [stderr]     28:     0x562e7d2f22a7 - std::rt::lang_start_internal::h12de51168669836e
[INFO] [stderr]                                  at /rustc/82e1608dfa6e0b5569232559e3d385fea5a93112/library/std/src/rt.rs:148:20
[INFO] [stderr]     29:     0x562e7d2d3e77 - std::rt::lang_start::ha7881ef42d36988b
[INFO] [stderr]     30:     0x562e7d2d63e5 - main
[INFO] [stderr]     31:     0x7f569d79fd90 - <unknown>
[INFO] [stderr]     32:     0x7f569d79fe40 - __libc_start_main
[INFO] [stderr]     33:     0x562e7d2d3965 - _start
[INFO] [stderr]     34:                0x0 - <unknown>
[INFO] [stderr] warning: build failed, waiting for other jobs to finish...
[INFO] [stderr] error: failed to run custom build command for `benchmark v0.1.0 (/opt/rustwide/workdir/benchmark)`
[INFO] [stderr] note: To improve backtraces for build dependencies, set the CARGO_PROFILE_DEV_BUILD_OVERRIDE_DEBUG=true environment variable to enable debug information generation.
[INFO] [stderr] 
[INFO] [stderr] Caused by:
[INFO] [stderr]   process didn't exit successfully: `/opt/rustwide/target/debug/build/benchmark-eb31b013ed2a2419/build-script-build` (exit status: 101)
[INFO] [stderr]   --- stdout
[INFO] [stderr]   cargo:rerun-if-changed=build.rs
[INFO] [stderr]   cargo:rerun-if-changed=benchmark_shared_data_structures/*
[INFO] [stderr]   cargo:rerun-if-changed=benchmark_modules/testModule/*
[INFO] [stderr]   cargo:rerun-if-changed=benchmark_modules/loop_test_module/*
[INFO] [stderr]   cargo:rerun-if-changed=benchmark_modules/bincode_addition/*
[INFO] [stderr]   cargo:rerun-if-changed=benchmark_modules/bytemuck_addition/*
[INFO] [stderr]   cargo:rerun-if-changed=benchmark_modules/bytemuck_addition_fixed/*
[INFO] [stderr] 
[INFO] [stderr]   --- stderr
[INFO] [stderr]   error: Read-only file system (os error 30) at path "/opt/rustwide/workdir/benchmark_modules/testModule/../../modules3C27fI"
[INFO] [stderr]   thread 'main' panicked at benchmark/build.rs:24:13:
[INFO] [stderr]   Compilation error for module: benchmark_modules/testModule
[INFO] [stderr]   stack backtrace:
[INFO] [stderr]      0:     0x562bc58a609c - std::backtrace_rs::backtrace::libunwind::trace::ha637c64ce894333a
[INFO] [stderr]                                  at /rustc/82e1608dfa6e0b5569232559e3d385fea5a93112/library/std/src/../../backtrace/src/backtrace/libunwind.rs:104:5
[INFO] [stderr]      1:     0x562bc58a609c - std::backtrace_rs::backtrace::trace_unsynchronized::h47f62dea28e0c88d
[INFO] [stderr]                                  at /rustc/82e1608dfa6e0b5569232559e3d385fea5a93112/library/std/src/../../backtrace/src/backtrace/mod.rs:66:5
[INFO] [stderr]      2:     0x562bc58a609c - std::sys_common::backtrace::_print_fmt::h9eef0abe20ede486
[INFO] [stderr]                                  at /rustc/82e1608dfa6e0b5569232559e3d385fea5a93112/library/std/src/sys_common/backtrace.rs:67:5
[INFO] [stderr]      3:     0x562bc58a609c - <std::sys_common::backtrace::_print::DisplayBacktrace as core::fmt::Display>::fmt::hed7f999df88cc644
[INFO] [stderr]                                  at /rustc/82e1608dfa6e0b5569232559e3d385fea5a93112/library/std/src/sys_common/backtrace.rs:44:22
[INFO] [stderr]      4:     0x562bc58c9170 - core::fmt::rt::Argument::fmt::h1539a9308b8d058d
[INFO] [stderr]                                  at /rustc/82e1608dfa6e0b5569232559e3d385fea5a93112/library/core/src/fmt/rt.rs:142:9
[INFO] [stderr]      5:     0x562bc58c9170 - core::fmt::write::h3a39390d8560d9c9
[INFO] [stderr]                                  at /rustc/82e1608dfa6e0b5569232559e3d385fea5a93112/library/core/src/fmt/mod.rs:1120:17
[INFO] [stderr]      6:     0x562bc58a430f - std::io::Write::write_fmt::h5fc9997dfe05f882
[INFO] [stderr]                                  at /rustc/82e1608dfa6e0b5569232559e3d385fea5a93112/library/std/src/io/mod.rs:1762:15
[INFO] [stderr]      7:     0x562bc58a5e84 - std::sys_common::backtrace::_print::h894006fb5c6f3d45
[INFO] [stderr]                                  at /rustc/82e1608dfa6e0b5569232559e3d385fea5a93112/library/std/src/sys_common/backtrace.rs:47:5
[INFO] [stderr]      8:     0x562bc58a5e84 - std::sys_common::backtrace::print::h23a2d212c6fff936
[INFO] [stderr]                                  at /rustc/82e1608dfa6e0b5569232559e3d385fea5a93112/library/std/src/sys_common/backtrace.rs:34:9
[INFO] [stderr]      9:     0x562bc58a7397 - std::panicking::default_hook::{{closure}}::h8a1d2ee00185001a
[INFO] [stderr]     10:     0x562bc58a70ff - std::panicking::default_hook::h6038f2eba384e475
[INFO] [stderr]                                  at /rustc/82e1608dfa6e0b5569232559e3d385fea5a93112/library/std/src/panicking.rs:292:9
[INFO] [stderr]     11:     0x562bc58a7818 - std::panicking::rust_panic_with_hook::h2b5517d590cab22e
[INFO] [stderr]                                  at /rustc/82e1608dfa6e0b5569232559e3d385fea5a93112/library/std/src/panicking.rs:779:13
[INFO] [stderr]     12:     0x562bc58a76fe - std::panicking::begin_panic_handler::{{closure}}::h233112c06e0ef43e
[INFO] [stderr]                                  at /rustc/82e1608dfa6e0b5569232559e3d385fea5a93112/library/std/src/panicking.rs:657:13
[INFO] [stderr]     13:     0x562bc58a6566 - std::sys_common::backtrace::__rust_end_short_backtrace::h6e893f24d7ebbff8
[INFO] [stderr]                                  at /rustc/82e1608dfa6e0b5569232559e3d385fea5a93112/library/std/src/sys_common/backtrace.rs:170:18
[INFO] [stderr]     14:     0x562bc58a7462 - rust_begin_unwind
[INFO] [stderr]                                  at /rustc/82e1608dfa6e0b5569232559e3d385fea5a93112/library/std/src/panicking.rs:645:5
[INFO] [stderr]     15:     0x562bc5882155 - core::panicking::panic_fmt::hbf0e066aabfa482c
[INFO] [stderr]                                  at /rustc/82e1608dfa6e0b5569232559e3d385fea5a93112/library/core/src/panicking.rs:72:14
[INFO] [stderr]     16:     0x562bc588500f - build_script_build::main::h3b4b73ebf360e086
[INFO] [stderr]     17:     0x562bc5885b93 - core::ops::function::FnOnce::call_once::hec83b91a27f2143f
[INFO] [stderr]     18:     0x562bc5882a36 - std::sys_common::backtrace::__rust_begin_short_backtrace::h205d6792ae7f5439
[INFO] [stderr]     19:     0x562bc5882ea9 - std::rt::lang_start::{{closure}}::h1a7473b0740f79f6
[INFO] [stderr]     20:     0x562bc58a1207 - core::ops::function::impls::<impl core::ops::function::FnOnce<A> for &F>::call_once::hd95060ecd5e1ca24
[INFO] [stderr]                                  at /rustc/82e1608dfa6e0b5569232559e3d385fea5a93112/library/core/src/ops/function.rs:284:13
[INFO] [stderr]     21:     0x562bc58a1207 - std::panicking::try::do_call::h6e8cf51db32a6e4b
[INFO] [stderr]                                  at /rustc/82e1608dfa6e0b5569232559e3d385fea5a93112/library/std/src/panicking.rs:552:40
[INFO] [stderr]     22:     0x562bc58a1207 - std::panicking::try::h3a52eefe24fe3c29
[INFO] [stderr]                                  at /rustc/82e1608dfa6e0b5569232559e3d385fea5a93112/library/std/src/panicking.rs:516:19
[INFO] [stderr]     23:     0x562bc58a1207 - std::panic::catch_unwind::h24c28c23c02c3841
[INFO] [stderr]                                  at /rustc/82e1608dfa6e0b5569232559e3d385fea5a93112/library/std/src/panic.rs:142:14
[INFO] [stderr]     24:     0x562bc58a1207 - std::rt::lang_start_internal::{{closure}}::h705d3c9cbc06ef47
[INFO] [stderr]                                  at /rustc/82e1608dfa6e0b5569232559e3d385fea5a93112/library/std/src/rt.rs:148:48
[INFO] [stderr]     25:     0x562bc58a1207 - std::panicking::try::do_call::ha21f52ba13158470
[INFO] [stderr]                                  at /rustc/82e1608dfa6e0b5569232559e3d385fea5a93112/library/std/src/panicking.rs:552:40
[INFO] [stderr]     26:     0x562bc58a1207 - std::panicking::try::h5581346bf6aeb1f8
[INFO] [stderr]                                  at /rustc/82e1608dfa6e0b5569232559e3d385fea5a93112/library/std/src/panicking.rs:516:19
[INFO] [stderr]     27:     0x562bc58a1207 - std::panic::catch_unwind::h7919645a6b72e25b
[INFO] [stderr]                                  at /rustc/82e1608dfa6e0b5569232559e3d385fea5a93112/library/std/src/panic.rs:142:14
[INFO] [stderr]     28:     0x562bc58a1207 - std::rt::lang_start_internal::h12de51168669836e
[INFO] [stderr]                                  at /rustc/82e1608dfa6e0b5569232559e3d385fea5a93112/library/std/src/rt.rs:148:20
[INFO] [stderr]     29:     0x562bc5882e87 - std::rt::lang_start::hce4ce236a091c602
[INFO] [stderr]     30:     0x562bc58850b5 - main
[INFO] [stderr]     31:     0x7ff211b8cd90 - <unknown>
[INFO] [stderr]     32:     0x7ff211b8ce40 - __libc_start_main
[INFO] [stderr]     33:     0x562bc5882965 - _start
[INFO] [stderr]     34:                0x0 - <unknown>
[INFO] running `Command { std: "docker" "inspect" "ea86e23fbf2118507c374db1079969d1a6859255ec2542b6efc2c5f601cbba6a", kill_on_drop: false }`
[INFO] running `Command { std: "docker" "rm" "-f" "ea86e23fbf2118507c374db1079969d1a6859255ec2542b6efc2c5f601cbba6a", kill_on_drop: false }`
[INFO] [stdout] ea86e23fbf2118507c374db1079969d1a6859255ec2542b6efc2c5f601cbba6a
[INFO] documenting Sonicskater/wasm-simulator against beta-2023-12-22 for beta-1.76-rustdoc-1
[INFO] running `Command { std: "git" "clone" "/workspace/cache/git-repos/https%3A%2F%2Fgithub.com%2FSonicskater%2Fwasm-simulator" "/workspace/builds/worker-0-tc2/source", kill_on_drop: false }`
[INFO] [stderr] Cloning into '/workspace/builds/worker-0-tc2/source'...
[INFO] [stderr] done.
[INFO] validating manifest of git repo https://github.com/Sonicskater/wasm-simulator on toolchain beta-2023-12-22
[INFO] running `Command { std: CARGO_HOME="/workspace/cargo-home" RUSTUP_HOME="/workspace/rustup-home" "/workspace/cargo-home/bin/cargo" "+beta-2023-12-22" "metadata" "--manifest-path" "Cargo.toml" "--no-deps", kill_on_drop: false }`
[INFO] started tweaking git repo https://github.com/Sonicskater/wasm-simulator
[INFO] finished tweaking git repo https://github.com/Sonicskater/wasm-simulator
[INFO] tweaked toml for git repo https://github.com/Sonicskater/wasm-simulator written to /workspace/builds/worker-0-tc2/source/Cargo.toml
[INFO] crate git repo https://github.com/Sonicskater/wasm-simulator already has a lockfile, it will not be regenerated
[INFO] running `Command { std: CARGO_HOME="/workspace/cargo-home" RUSTUP_HOME="/workspace/rustup-home" "/workspace/cargo-home/bin/cargo" "+beta-2023-12-22" "fetch" "--manifest-path" "Cargo.toml", kill_on_drop: false }`
[INFO] running `Command { std: "docker" "create" "-v" "/var/lib/crater-agent-workspace/builds/worker-0-tc2/target:/opt/rustwide/target:rw,Z" "-v" "/var/lib/crater-agent-workspace/builds/worker-0-tc2/source:/opt/rustwide/workdir:ro,Z" "-v" "/var/lib/crater-agent-workspace/cargo-home:/opt/rustwide/cargo-home:ro,Z" "-v" "/var/lib/crater-agent-workspace/rustup-home:/opt/rustwide/rustup-home:ro,Z" "-e" "SOURCE_DIR=/opt/rustwide/workdir" "-e" "CARGO_TARGET_DIR=/opt/rustwide/target" "-e" "CARGO_HOME=/opt/rustwide/cargo-home" "-e" "RUSTUP_HOME=/opt/rustwide/rustup-home" "-w" "/opt/rustwide/workdir" "-m" "1610612736" "--user" "0:0" "--network" "none" "ghcr.io/rust-lang/crates-build-env/linux@sha256:2788e3201cd34a07e3172128adcd8b3090168a8e3bcc40d7c032b9dda1df7d1c" "/opt/rustwide/cargo-home/bin/cargo" "+beta-2023-12-22" "metadata" "--no-deps" "--format-version=1", kill_on_drop: false }`
[INFO] [stdout] 43011c8cb17eaea23d4d0e38773c77e3264cf6ed2659a25e3c14f48fd9fe3d63
[INFO] running `Command { std: "docker" "start" "-a" "43011c8cb17eaea23d4d0e38773c77e3264cf6ed2659a25e3c14f48fd9fe3d63", kill_on_drop: false }`
[INFO] running `Command { std: "docker" "inspect" "43011c8cb17eaea23d4d0e38773c77e3264cf6ed2659a25e3c14f48fd9fe3d63", kill_on_drop: false }`
[INFO] running `Command { std: "docker" "rm" "-f" "43011c8cb17eaea23d4d0e38773c77e3264cf6ed2659a25e3c14f48fd9fe3d63", kill_on_drop: false }`
[INFO] [stdout] 43011c8cb17eaea23d4d0e38773c77e3264cf6ed2659a25e3c14f48fd9fe3d63
[INFO] running `Command { std: "docker" "create" "-v" "/var/lib/crater-agent-workspace/builds/worker-0-tc2/target:/opt/rustwide/target:rw,Z" "-v" "/var/lib/crater-agent-workspace/builds/worker-0-tc2/source:/opt/rustwide/workdir:ro,Z" "-v" "/var/lib/crater-agent-workspace/cargo-home:/opt/rustwide/cargo-home:ro,Z" "-v" "/var/lib/crater-agent-workspace/rustup-home:/opt/rustwide/rustup-home:ro,Z" "-e" "SOURCE_DIR=/opt/rustwide/workdir" "-e" "CARGO_TARGET_DIR=/opt/rustwide/target" "-e" "CARGO_INCREMENTAL=0" "-e" "RUST_BACKTRACE=full" "-e" "RUSTFLAGS=--cap-lints=warn" "-e" "RUSTDOCFLAGS=--cap-lints=warn" "-e" "CARGO_HOME=/opt/rustwide/cargo-home" "-e" "RUSTUP_HOME=/opt/rustwide/rustup-home" "-w" "/opt/rustwide/workdir" "-m" "1610612736" "--user" "0:0" "--network" "none" "ghcr.io/rust-lang/crates-build-env/linux@sha256:2788e3201cd34a07e3172128adcd8b3090168a8e3bcc40d7c032b9dda1df7d1c" "/opt/rustwide/cargo-home/bin/cargo" "+beta-2023-12-22" "doc" "--frozen" "--no-deps" "--document-private-items" "--message-format=json", kill_on_drop: false }`
[INFO] [stdout] 5018f608ea0531f006d1af9c3e84dcd257ba3f131934c5d8f5966701a85f5710
[INFO] running `Command { std: "docker" "start" "-a" "5018f608ea0531f006d1af9c3e84dcd257ba3f131934c5d8f5966701a85f5710", kill_on_drop: false }`
[INFO] [stderr]    Compiling proc-macro2 v1.0.32
[INFO] [stderr]    Compiling unicode-xid v0.2.2
[INFO] [stderr]    Compiling syn v1.0.81
[INFO] [stderr]    Compiling libc v0.2.107
[INFO] [stderr]    Compiling serde_derive v1.0.130
[INFO] [stderr]    Compiling serde v1.0.130
[INFO] [stderr]    Compiling version_check v0.9.3
[INFO] [stderr]     Checking once_cell v1.8.0
[INFO] [stderr]    Compiling log v0.4.14
[INFO] [stderr]    Compiling cc v1.0.72
[INFO] [stderr]    Compiling wasm-bindgen-shared v0.2.78
[INFO] [stderr]    Compiling indexmap v1.7.0
[INFO] [stderr]    Compiling bumpalo v3.8.0
[INFO] [stderr]    Compiling wasm-bindgen v0.2.78
[INFO] [stderr]    Compiling bytecheck v0.6.6
[INFO] [stderr]     Checking packed_i32 v0.1.0 (/opt/rustwide/workdir/shared_crates/packed_i32)
[INFO] [stderr]    Compiling miniz_oxide v0.4.4
[INFO] [stderr]    Compiling rustversion v1.0.5
[INFO] [stderr]    Compiling memchr v2.4.1
[INFO] [stderr]    Compiling rend v0.3.4
[INFO] [stderr]    Compiling pkg-config v0.3.22
[INFO] [stderr]    Compiling target-lexicon v0.12.2
[INFO] [stderr]    Compiling rkyv v0.7.24
[INFO] [stderr]    Compiling ahash v0.7.6
[INFO] [stderr]     Checking seahash v4.1.0
[INFO] [stderr]     Checking gimli v0.26.1
[INFO] [stderr]     Checking smallvec v1.7.0
[INFO] [stderr]    Compiling priority-queue v1.2.0
[INFO] [stderr]     Checking rustc-demangle v0.1.21
[INFO] [stderr]     Checking more-asserts v0.2.1
[INFO] [stderr]    Compiling cmake v0.1.46
[INFO] [stderr]    Compiling ucd-trie v0.1.3
[INFO] [stderr]    Compiling proc-macro-error-attr v1.0.4
[INFO] [stderr]    Compiling cranelift-codegen-shared v0.76.0
[INFO] [stderr]    Compiling cranelift-entity v0.76.0
[INFO] [stderr]    Compiling pest v2.1.3
[INFO] [stderr]     Checking wasmparser v0.78.2
[INFO] [stderr]    Compiling quote v1.0.10
[INFO] [stderr]    Compiling proc-macro-error v1.0.4
[INFO] [stderr]    Compiling cranelift-codegen-meta v0.76.0
[INFO] [stderr]    Compiling num-integer v0.1.44
[INFO] [stderr]     Checking stable_deref_trait v1.2.0
[INFO] [stderr]     Checking either v1.6.1
[INFO] [stderr]     Checking fallible-iterator v0.2.0
[INFO] [stderr]     Checking leb128 v0.2.5
[INFO] [stderr]     Checking getrandom v0.2.3
[INFO] [stderr]     Checking region v3.0.0
[INFO] [stderr]     Checking memmap2 v0.5.0
[INFO] [stderr]     Checking cranelift-bforest v0.76.0
[INFO] [stderr]     Checking rand_core v0.6.3
[INFO] [stderr]     Checking num_cpus v1.13.0
[INFO] [stderr]     Checking regalloc v0.0.31
[INFO] [stderr]     Checking tracing-core v0.1.21
[INFO] [stderr]     Checking pin-project-lite v0.2.7
[INFO] [stderr]    Compiling backtrace v0.3.63
[INFO] [stderr]    Compiling wasmer-vm v2.1.0
[INFO] [stderr]    Compiling freetype-sys v0.13.1
[INFO] [stderr]     Checking hashbrown v0.11.2
[INFO] [stderr]    Compiling expat-sys v2.1.6
[INFO] [stderr]     Checking rand_chacha v0.3.1
[INFO] [stderr]     Checking rayon-core v1.9.1
[INFO] [stderr]    Compiling servo-fontconfig-sys v5.1.0
[INFO] [stderr]     Checking remove_dir_all v0.5.3
[INFO] [stderr]    Compiling semver-parser v0.10.2
[INFO] [stderr]     Checking rand v0.8.4
[INFO] [stderr]    Compiling wasmer-compiler-cranelift v2.1.0
[INFO] [stderr]     Checking wast v38.0.1
[INFO] [stderr]     Checking which v4.2.2
[INFO] [stderr]     Checking libloading v0.7.2
[INFO] [stderr]     Checking num-rational v0.3.2
[INFO] [stderr]     Checking num-iter v0.1.42
[INFO] [stderr]     Checking rayon v1.5.1
[INFO] [stderr]     Checking dirs-sys-next v0.1.2
[INFO] [stderr]     Checking same-file v1.0.6
[INFO] [stderr]     Checking jpeg-decoder v0.1.22
[INFO] [stderr]     Checking plotters-backend v0.3.2
[INFO] [stderr]     Checking dirs-next v2.0.0
[INFO] [stderr]     Checking freetype v0.7.0
[INFO] [stderr]     Checking walkdir v2.3.2
[INFO] [stderr]     Checking time v0.1.44
[INFO] [stderr]     Checking servo-fontconfig v0.5.1
[INFO] [stderr]    Compiling semver v0.11.0
[INFO] [stderr]    Compiling Inflector v0.11.4
[INFO] [stderr]     Checking float-ord v0.2.0
[INFO] [stderr]     Checking plotters-svg v0.3.1
[INFO] [stderr]     Checking aliasable v0.1.3
[INFO] [stderr]     Checking ttf-parser v0.12.3
[INFO] [stderr]     Checking chrono v0.4.19
[INFO] [stderr]     Checking unicode-width v0.1.9
[INFO] [stderr]     Checking atty v0.2.14
[INFO] [stderr]    Compiling rustc_version v0.3.3
[INFO] [stderr]     Checking tempfile v3.2.0
[INFO] [stderr]     Checking textwrap v0.11.0
[INFO] [stderr]    Compiling simulator v0.1.0 (/opt/rustwide/workdir/simulator)
[INFO] [stderr]     Checking image v0.23.14
[INFO] [stderr]    Compiling benchmark v0.1.0 (/opt/rustwide/workdir/benchmark)
[INFO] [stderr]     Checking ansi_term v0.11.0
[INFO] [stderr]     Checking strsim v0.8.0
[INFO] [stderr]     Checking vec_map v0.8.2
[INFO] [stderr]     Checking flate2 v1.0.22
[INFO] [stderr]     Checking itertools v0.10.1
[INFO] [stderr]    Compiling pathfinder_simd v0.5.1
[INFO] [stderr]  Documenting packed_i32 v0.1.0 (/opt/rustwide/workdir/shared_crates/packed_i32)
[INFO] [stderr]     Checking clap v2.33.3
[INFO] [stderr]     Checking addr2line v0.17.0
[INFO] [stderr] error: failed to run custom build command for `simulator v0.1.0 (/opt/rustwide/workdir/simulator)`
[INFO] [stderr] note: To improve backtraces for build dependencies, set the CARGO_PROFILE_DEV_BUILD_OVERRIDE_DEBUG=true environment variable to enable debug information generation.
[INFO] [stderr] 
[INFO] [stderr] Caused by:
[INFO] [stderr]   process didn't exit successfully: `/opt/rustwide/target/debug/build/simulator-397607e3368fb9a9/build-script-build` (exit status: 101)
[INFO] [stderr]   --- stdout
[INFO] [stderr]   cargo:rerun-if-changed=build.rs
[INFO] [stderr]   cargo:rerun-if-changed=simulator_shared_types/*
[INFO] [stderr]   cargo:rerun-if-changed=sim_modules/wasm_bincode/wasm_bincode_fifo/*
[INFO] [stderr]   cargo:rerun-if-changed=sim_modules/wasm_c_struct/wasm_c_fifo/*
[INFO] [stderr]   cargo:rerun-if-changed=sim_modules/wasm_pair/wasm_pair_fifo/*
[INFO] [stderr]   cargo:rerun-if-changed=sim_modules/wasm_bincode/wasm_bincode_gdsize/*
[INFO] [stderr]   cargo:rerun-if-changed=sim_modules/wasm_c_struct/wasm_c_gdsize/*
[INFO] [stderr]   cargo:rerun-if-changed=sim_modules/wasm_pair/wasm_pair_gdsize/*
[INFO] [stderr]   cargo:rerun-if-changed=sim_modules/wasm_bincode/wasm_bincode_lfu/*
[INFO] [stderr]   cargo:rerun-if-changed=sim_modules/wasm_c_struct/wasm_c_lfu/*
[INFO] [stderr]   cargo:rerun-if-changed=sim_modules/wasm_pair/wasm_pair_lfu/*
[INFO] [stderr]   cargo:rerun-if-changed=sim_modules/wasm_bincode/wasm_bincode_lru/*
[INFO] [stderr]   cargo:rerun-if-changed=sim_modules/wasm_c_struct/wasm_c_lru/*
[INFO] [stderr]   cargo:rerun-if-changed=sim_modules/wasm_pair/wasm_pair_lru/*
[INFO] [stderr] 
[INFO] [stderr]   --- stderr
[INFO] [stderr]   error: Read-only file system (os error 30) at path "/opt/rustwide/workdir/sim_modules/wasm_bincode/wasm_bincode_fifo/../../../modulesBy6mD6"
[INFO] [stderr]   thread 'main' panicked at simulator/build.rs:31:13:
[INFO] [stderr]   Compilation error for module: sim_modules/wasm_bincode/wasm_bincode_fifo
[INFO] [stderr]   stack backtrace:
[INFO] [stderr]      0:     0x55683291b276 - std::backtrace_rs::backtrace::libunwind::trace::h261606ad26a499c1
[INFO] [stderr]                                  at /rustc/0e09125c6c3c2fd70d7de961bcf0e51575235fad/library/std/src/../../backtrace/src/backtrace/libunwind.rs:104:5
[INFO] [stderr]      1:     0x55683291b276 - std::backtrace_rs::backtrace::trace_unsynchronized::hd183f0625477fb28
[INFO] [stderr]                                  at /rustc/0e09125c6c3c2fd70d7de961bcf0e51575235fad/library/std/src/../../backtrace/src/backtrace/mod.rs:66:5
[INFO] [stderr]      2:     0x55683291b276 - std::sys_common::backtrace::_print_fmt::hd7f8fef21b4eda67
[INFO] [stderr]                                  at /rustc/0e09125c6c3c2fd70d7de961bcf0e51575235fad/library/std/src/sys_common/backtrace.rs:68:5
[INFO] [stderr]      3:     0x55683291b276 - <std::sys_common::backtrace::_print::DisplayBacktrace as core::fmt::Display>::fmt::h623d9b51f2f453f1
[INFO] [stderr]                                  at /rustc/0e09125c6c3c2fd70d7de961bcf0e51575235fad/library/std/src/sys_common/backtrace.rs:44:22
[INFO] [stderr]      4:     0x55683293d670 - core::fmt::rt::Argument::fmt::h9f417ac76a86f368
[INFO] [stderr]                                  at /rustc/0e09125c6c3c2fd70d7de961bcf0e51575235fad/library/core/src/fmt/rt.rs:142:9
[INFO] [stderr]      5:     0x55683293d670 - core::fmt::write::hc9b6faf4ac2aeff7
[INFO] [stderr]                                  at /rustc/0e09125c6c3c2fd70d7de961bcf0e51575235fad/library/core/src/fmt/mod.rs:1120:17
[INFO] [stderr]      6:     0x55683291957f - std::io::Write::write_fmt::hfead1eee52c2e65e
[INFO] [stderr]                                  at /rustc/0e09125c6c3c2fd70d7de961bcf0e51575235fad/library/std/src/io/mod.rs:1810:15
[INFO] [stderr]      7:     0x55683291b054 - std::sys_common::backtrace::_print::hd5d66399c7df88a2
[INFO] [stderr]                                  at /rustc/0e09125c6c3c2fd70d7de961bcf0e51575235fad/library/std/src/sys_common/backtrace.rs:47:5
[INFO] [stderr]      8:     0x55683291b054 - std::sys_common::backtrace::print::he81ed2da642d37e5
[INFO] [stderr]                                  at /rustc/0e09125c6c3c2fd70d7de961bcf0e51575235fad/library/std/src/sys_common/backtrace.rs:34:9
[INFO] [stderr]      9:     0x55683291c5b7 - std::panicking::default_hook::{{closure}}::h85773f4fa117163d
[INFO] [stderr]     10:     0x55683291c319 - std::panicking::default_hook::h6a1694a91d09b278
[INFO] [stderr]                                  at /rustc/0e09125c6c3c2fd70d7de961bcf0e51575235fad/library/std/src/panicking.rs:292:9
[INFO] [stderr]     11:     0x55683291ca48 - std::panicking::rust_panic_with_hook::h0a7ad96e90f7145b
[INFO] [stderr]                                  at /rustc/0e09125c6c3c2fd70d7de961bcf0e51575235fad/library/std/src/panicking.rs:779:13
[INFO] [stderr]     12:     0x55683291c922 - std::panicking::begin_panic_handler::{{closure}}::h7919090525c6485e
[INFO] [stderr]                                  at /rustc/0e09125c6c3c2fd70d7de961bcf0e51575235fad/library/std/src/panicking.rs:657:13
[INFO] [stderr]     13:     0x55683291b776 - std::sys_common::backtrace::__rust_end_short_backtrace::hf3289479464f7dfe
[INFO] [stderr]                                  at /rustc/0e09125c6c3c2fd70d7de961bcf0e51575235fad/library/std/src/sys_common/backtrace.rs:171:18
[INFO] [stderr]     14:     0x55683291c680 - rust_begin_unwind
[INFO] [stderr]                                  at /rustc/0e09125c6c3c2fd70d7de961bcf0e51575235fad/library/std/src/panicking.rs:645:5
[INFO] [stderr]     15:     0x5568328f7145 - core::panicking::panic_fmt::hcc9f77c5c132af55
[INFO] [stderr]                                  at /rustc/0e09125c6c3c2fd70d7de961bcf0e51575235fad/library/core/src/panicking.rs:72:14
[INFO] [stderr]     16:     0x5568328fc60a - build_script_build::main::h7478ddb8d5c42fb0
[INFO] [stderr]     17:     0x5568328fa383 - core::ops::function::FnOnce::call_once::hef641ada03855168
[INFO] [stderr]     18:     0x5568328fa096 - std::sys_common::backtrace::__rust_begin_short_backtrace::h19bc4e578305992d
[INFO] [stderr]     19:     0x5568328fa0e9 - std::rt::lang_start::{{closure}}::h1e91e3cfcbb0ee6c
[INFO] [stderr]     20:     0x556832916371 - core::ops::function::impls::<impl core::ops::function::FnOnce<A> for &F>::call_once::h4eb4c5e1620f29b0
[INFO] [stderr]                                  at /rustc/0e09125c6c3c2fd70d7de961bcf0e51575235fad/library/core/src/ops/function.rs:284:13
[INFO] [stderr]     21:     0x556832916371 - std::panicking::try::do_call::h73fd26535faffcdf
[INFO] [stderr]                                  at /rustc/0e09125c6c3c2fd70d7de961bcf0e51575235fad/library/std/src/panicking.rs:552:40
[INFO] [stderr]     22:     0x556832916371 - std::panicking::try::h77ff1d98f0fb9f39
[INFO] [stderr]                                  at /rustc/0e09125c6c3c2fd70d7de961bcf0e51575235fad/library/std/src/panicking.rs:516:19
[INFO] [stderr]     23:     0x556832916371 - std::panic::catch_unwind::hab3caf2448b95e37
[INFO] [stderr]                                  at /rustc/0e09125c6c3c2fd70d7de961bcf0e51575235fad/library/std/src/panic.rs:142:14
[INFO] [stderr]     24:     0x556832916371 - std::rt::lang_start_internal::{{closure}}::h8086711f9c783f78
[INFO] [stderr]                                  at /rustc/0e09125c6c3c2fd70d7de961bcf0e51575235fad/library/std/src/rt.rs:148:48
[INFO] [stderr]     25:     0x556832916371 - std::panicking::try::do_call::hf920d4dc291cd6ca
[INFO] [stderr]                                  at /rustc/0e09125c6c3c2fd70d7de961bcf0e51575235fad/library/std/src/panicking.rs:552:40
[INFO] [stderr]     26:     0x556832916371 - std::panicking::try::h2b806ccc0a85db74
[INFO] [stderr]                                  at /rustc/0e09125c6c3c2fd70d7de961bcf0e51575235fad/library/std/src/panicking.rs:516:19
[INFO] [stderr]     27:     0x556832916371 - std::panic::catch_unwind::h038489539c507df2
[INFO] [stderr]                                  at /rustc/0e09125c6c3c2fd70d7de961bcf0e51575235fad/library/std/src/panic.rs:142:14
[INFO] [stderr]     28:     0x556832916371 - std::rt::lang_start_internal::h28503b88912e8a5c
[INFO] [stderr]                                  at /rustc/0e09125c6c3c2fd70d7de961bcf0e51575235fad/library/std/src/rt.rs:148:20
[INFO] [stderr]     29:     0x5568328fa0c7 - std::rt::lang_start::h239b6fcadf20fbb5
[INFO] [stderr]     30:     0x5568328fc6a5 - main
[INFO] [stderr]     31:     0x7f12290bcd90 - <unknown>
[INFO] [stderr]     32:     0x7f12290bce40 - __libc_start_main
[INFO] [stderr]     33:     0x5568328f7965 - _start
[INFO] [stderr]     34:                0x0 - <unknown>
[INFO] [stderr] warning: build failed, waiting for other jobs to finish...
[INFO] [stderr] error: failed to run custom build command for `benchmark v0.1.0 (/opt/rustwide/workdir/benchmark)`
[INFO] [stderr] note: To improve backtraces for build dependencies, set the CARGO_PROFILE_DEV_BUILD_OVERRIDE_DEBUG=true environment variable to enable debug information generation.
[INFO] [stderr] 
[INFO] [stderr] Caused by:
[INFO] [stderr]   process didn't exit successfully: `/opt/rustwide/target/debug/build/benchmark-05d28b6585a64708/build-script-build` (exit status: 101)
[INFO] [stderr]   --- stdout
[INFO] [stderr]   cargo:rerun-if-changed=build.rs
[INFO] [stderr]   cargo:rerun-if-changed=benchmark_shared_data_structures/*
[INFO] [stderr]   cargo:rerun-if-changed=benchmark_modules/testModule/*
[INFO] [stderr]   cargo:rerun-if-changed=benchmark_modules/loop_test_module/*
[INFO] [stderr]   cargo:rerun-if-changed=benchmark_modules/bincode_addition/*
[INFO] [stderr]   cargo:rerun-if-changed=benchmark_modules/bytemuck_addition/*
[INFO] [stderr]   cargo:rerun-if-changed=benchmark_modules/bytemuck_addition_fixed/*
[INFO] [stderr] 
[INFO] [stderr]   --- stderr
[INFO] [stderr]   error: Read-only file system (os error 30) at path "/opt/rustwide/workdir/benchmark_modules/testModule/../../modulesIHeXDj"
[INFO] [stderr]   thread 'main' panicked at benchmark/build.rs:24:13:
[INFO] [stderr]   Compilation error for module: benchmark_modules/testModule
[INFO] [stderr]   stack backtrace:
[INFO] [stderr]      0:     0x55a15df2f1e6 - std::backtrace_rs::backtrace::libunwind::trace::h261606ad26a499c1
[INFO] [stderr]                                  at /rustc/0e09125c6c3c2fd70d7de961bcf0e51575235fad/library/std/src/../../backtrace/src/backtrace/libunwind.rs:104:5
[INFO] [stderr]      1:     0x55a15df2f1e6 - std::backtrace_rs::backtrace::trace_unsynchronized::hd183f0625477fb28
[INFO] [stderr]                                  at /rustc/0e09125c6c3c2fd70d7de961bcf0e51575235fad/library/std/src/../../backtrace/src/backtrace/mod.rs:66:5
[INFO] [stderr]      2:     0x55a15df2f1e6 - std::sys_common::backtrace::_print_fmt::hd7f8fef21b4eda67
[INFO] [stderr]                                  at /rustc/0e09125c6c3c2fd70d7de961bcf0e51575235fad/library/std/src/sys_common/backtrace.rs:68:5
[INFO] [stderr]      3:     0x55a15df2f1e6 - <std::sys_common::backtrace::_print::DisplayBacktrace as core::fmt::Display>::fmt::h623d9b51f2f453f1
[INFO] [stderr]                                  at /rustc/0e09125c6c3c2fd70d7de961bcf0e51575235fad/library/std/src/sys_common/backtrace.rs:44:22
[INFO] [stderr]      4:     0x55a15df515e0 - core::fmt::rt::Argument::fmt::h9f417ac76a86f368
[INFO] [stderr]                                  at /rustc/0e09125c6c3c2fd70d7de961bcf0e51575235fad/library/core/src/fmt/rt.rs:142:9
[INFO] [stderr]      5:     0x55a15df515e0 - core::fmt::write::hc9b6faf4ac2aeff7
[INFO] [stderr]                                  at /rustc/0e09125c6c3c2fd70d7de961bcf0e51575235fad/library/core/src/fmt/mod.rs:1120:17
[INFO] [stderr]      6:     0x55a15df2d4ef - std::io::Write::write_fmt::hfead1eee52c2e65e
[INFO] [stderr]                                  at /rustc/0e09125c6c3c2fd70d7de961bcf0e51575235fad/library/std/src/io/mod.rs:1810:15
[INFO] [stderr]      7:     0x55a15df2efc4 - std::sys_common::backtrace::_print::hd5d66399c7df88a2
[INFO] [stderr]                                  at /rustc/0e09125c6c3c2fd70d7de961bcf0e51575235fad/library/std/src/sys_common/backtrace.rs:47:5
[INFO] [stderr]      8:     0x55a15df2efc4 - std::sys_common::backtrace::print::he81ed2da642d37e5
[INFO] [stderr]                                  at /rustc/0e09125c6c3c2fd70d7de961bcf0e51575235fad/library/std/src/sys_common/backtrace.rs:34:9
[INFO] [stderr]      9:     0x55a15df30527 - std::panicking::default_hook::{{closure}}::h85773f4fa117163d
[INFO] [stderr]     10:     0x55a15df30289 - std::panicking::default_hook::h6a1694a91d09b278
[INFO] [stderr]                                  at /rustc/0e09125c6c3c2fd70d7de961bcf0e51575235fad/library/std/src/panicking.rs:292:9
[INFO] [stderr]     11:     0x55a15df309b8 - std::panicking::rust_panic_with_hook::h0a7ad96e90f7145b
[INFO] [stderr]                                  at /rustc/0e09125c6c3c2fd70d7de961bcf0e51575235fad/library/std/src/panicking.rs:779:13
[INFO] [stderr]     12:     0x55a15df30892 - std::panicking::begin_panic_handler::{{closure}}::h7919090525c6485e
[INFO] [stderr]                                  at /rustc/0e09125c6c3c2fd70d7de961bcf0e51575235fad/library/std/src/panicking.rs:657:13
[INFO] [stderr]     13:     0x55a15df2f6e6 - std::sys_common::backtrace::__rust_end_short_backtrace::hf3289479464f7dfe
[INFO] [stderr]                                  at /rustc/0e09125c6c3c2fd70d7de961bcf0e51575235fad/library/std/src/sys_common/backtrace.rs:171:18
[INFO] [stderr]     14:     0x55a15df305f0 - rust_begin_unwind
[INFO] [stderr]                                  at /rustc/0e09125c6c3c2fd70d7de961bcf0e51575235fad/library/std/src/panicking.rs:645:5
[INFO] [stderr]     15:     0x55a15df0b145 - core::panicking::panic_fmt::hcc9f77c5c132af55
[INFO] [stderr]                                  at /rustc/0e09125c6c3c2fd70d7de961bcf0e51575235fad/library/core/src/panicking.rs:72:14
[INFO] [stderr]     16:     0x55a15df1056d - build_script_build::main::h6d82c6576831547b
[INFO] [stderr]     17:     0x55a15df0e313 - core::ops::function::FnOnce::call_once::hf3199e8e4d1c7337
[INFO] [stderr]     18:     0x55a15df0e206 - std::sys_common::backtrace::__rust_begin_short_backtrace::h3e49b94095369e5b
[INFO] [stderr]     19:     0x55a15df0e259 - std::rt::lang_start::{{closure}}::h5a0c3960a0c333af
[INFO] [stderr]     20:     0x55a15df2a2e1 - core::ops::function::impls::<impl core::ops::function::FnOnce<A> for &F>::call_once::h4eb4c5e1620f29b0
[INFO] [stderr]                                  at /rustc/0e09125c6c3c2fd70d7de961bcf0e51575235fad/library/core/src/ops/function.rs:284:13
[INFO] [stderr]     21:     0x55a15df2a2e1 - std::panicking::try::do_call::h73fd26535faffcdf
[INFO] [stderr]                                  at /rustc/0e09125c6c3c2fd70d7de961bcf0e51575235fad/library/std/src/panicking.rs:552:40
[INFO] [stderr]     22:     0x55a15df2a2e1 - std::panicking::try::h77ff1d98f0fb9f39
[INFO] [stderr]                                  at /rustc/0e09125c6c3c2fd70d7de961bcf0e51575235fad/library/std/src/panicking.rs:516:19
[INFO] [stderr]     23:     0x55a15df2a2e1 - std::panic::catch_unwind::hab3caf2448b95e37
[INFO] [stderr]                                  at /rustc/0e09125c6c3c2fd70d7de961bcf0e51575235fad/library/std/src/panic.rs:142:14
[INFO] [stderr]     24:     0x55a15df2a2e1 - std::rt::lang_start_internal::{{closure}}::h8086711f9c783f78
[INFO] [stderr]                                  at /rustc/0e09125c6c3c2fd70d7de961bcf0e51575235fad/library/std/src/rt.rs:148:48
[INFO] [stderr]     25:     0x55a15df2a2e1 - std::panicking::try::do_call::hf920d4dc291cd6ca
[INFO] [stderr]                                  at /rustc/0e09125c6c3c2fd70d7de961bcf0e51575235fad/library/std/src/panicking.rs:552:40
[INFO] [stderr]     26:     0x55a15df2a2e1 - std::panicking::try::h2b806ccc0a85db74
[INFO] [stderr]                                  at /rustc/0e09125c6c3c2fd70d7de961bcf0e51575235fad/library/std/src/panicking.rs:516:19
[INFO] [stderr]     27:     0x55a15df2a2e1 - std::panic::catch_unwind::h038489539c507df2
[INFO] [stderr]                                  at /rustc/0e09125c6c3c2fd70d7de961bcf0e51575235fad/library/std/src/panic.rs:142:14
[INFO] [stderr]     28:     0x55a15df2a2e1 - std::rt::lang_start_internal::h28503b88912e8a5c
[INFO] [stderr]                                  at /rustc/0e09125c6c3c2fd70d7de961bcf0e51575235fad/library/std/src/rt.rs:148:20
[INFO] [stderr]     29:     0x55a15df0e237 - std::rt::lang_start::h22f6761ea6f89ad5
[INFO] [stderr]     30:     0x55a15df10615 - main
[INFO] [stderr]     31:     0x7f5887870d90 - <unknown>
[INFO] [stderr]     32:     0x7f5887870e40 - __libc_start_main
[INFO] [stderr]     33:     0x55a15df0b965 - _start
[INFO] [stderr]     34:                0x0 - <unknown>
[INFO] running `Command { std: "docker" "inspect" "5018f608ea0531f006d1af9c3e84dcd257ba3f131934c5d8f5966701a85f5710", kill_on_drop: false }`
[INFO] running `Command { std: "docker" "rm" "-f" "5018f608ea0531f006d1af9c3e84dcd257ba3f131934c5d8f5966701a85f5710", kill_on_drop: false }`
[INFO] [stdout] 5018f608ea0531f006d1af9c3e84dcd257ba3f131934c5d8f5966701a85f5710
