[INFO] cloning repository https://github.com/SolraBizna/tupdate
[INFO] running `Command { std: "git" "-c" "credential.helper=" "-c" "credential.helper=/workspace/cargo-home/bin/git-credential-null" "clone" "--bare" "https://github.com/SolraBizna/tupdate" "/workspace/cache/git-repos/https%3A%2F%2Fgithub.com%2FSolraBizna%2Ftupdate", kill_on_drop: false }`
[INFO] [stderr] Cloning into bare repository '/workspace/cache/git-repos/https%3A%2F%2Fgithub.com%2FSolraBizna%2Ftupdate'...
[INFO] running `Command { std: "git" "rev-parse" "HEAD", kill_on_drop: false }`
[INFO] [stdout] aba3a3850250c435b16f828f5c9dffe759c1cdec
[INFO] documenting SolraBizna/tupdate against 1.75.0 for beta-1.76-rustdoc-1
[INFO] running `Command { std: "git" "clone" "/workspace/cache/git-repos/https%3A%2F%2Fgithub.com%2FSolraBizna%2Ftupdate" "/workspace/builds/worker-1-tc1/source", kill_on_drop: false }`
[INFO] [stderr] Cloning into '/workspace/builds/worker-1-tc1/source'...
[INFO] [stderr] done.
[INFO] validating manifest of git repo https://github.com/SolraBizna/tupdate on toolchain 1.75.0
[INFO] running `Command { std: CARGO_HOME="/workspace/cargo-home" RUSTUP_HOME="/workspace/rustup-home" "/workspace/cargo-home/bin/cargo" "+1.75.0" "metadata" "--manifest-path" "Cargo.toml" "--no-deps", kill_on_drop: false }`
[INFO] started tweaking git repo https://github.com/SolraBizna/tupdate
[INFO] finished tweaking git repo https://github.com/SolraBizna/tupdate
[INFO] tweaked toml for git repo https://github.com/SolraBizna/tupdate written to /workspace/builds/worker-1-tc1/source/Cargo.toml
[INFO] crate git repo https://github.com/SolraBizna/tupdate already has a lockfile, it will not be regenerated
[INFO] running `Command { std: CARGO_HOME="/workspace/cargo-home" RUSTUP_HOME="/workspace/rustup-home" "/workspace/cargo-home/bin/cargo" "+1.75.0" "fetch" "--manifest-path" "Cargo.toml", kill_on_drop: false }`
[INFO] [stderr]     Updating crates.io index
[INFO] [stderr]  Downloading crates ...
[INFO] [stderr]   Downloaded pori v0.0.0
[INFO] [stderr]   Downloaded os_info v3.6.0
[INFO] [stderr]   Downloaded liso v1.0.2
[INFO] [stderr]   Downloaded lsx v1.1.2
[INFO] [stderr]   Downloaded wax v0.5.0
[INFO] [stderr]   Downloaded openssl v0.10.39
[INFO] [stderr]   Downloaded cacao v0.3.2
[INFO] [stderr]   Downloaded lua-src v544.0.1
[INFO] [stderr]   Downloaded luajit-src v210.4.5+resty2cf5186
[INFO] [stderr]   Downloaded mlua v0.8.7
[INFO] running `Command { std: "docker" "create" "-v" "/var/lib/crater-agent-workspace/builds/worker-1-tc1/target:/opt/rustwide/target:rw,Z" "-v" "/var/lib/crater-agent-workspace/builds/worker-1-tc1/source:/opt/rustwide/workdir:ro,Z" "-v" "/var/lib/crater-agent-workspace/cargo-home:/opt/rustwide/cargo-home:ro,Z" "-v" "/var/lib/crater-agent-workspace/rustup-home:/opt/rustwide/rustup-home:ro,Z" "-e" "SOURCE_DIR=/opt/rustwide/workdir" "-e" "CARGO_TARGET_DIR=/opt/rustwide/target" "-e" "CARGO_HOME=/opt/rustwide/cargo-home" "-e" "RUSTUP_HOME=/opt/rustwide/rustup-home" "-w" "/opt/rustwide/workdir" "-m" "1610612736" "--user" "0:0" "--network" "none" "ghcr.io/rust-lang/crates-build-env/linux@sha256:2788e3201cd34a07e3172128adcd8b3090168a8e3bcc40d7c032b9dda1df7d1c" "/opt/rustwide/cargo-home/bin/cargo" "+1.75.0" "metadata" "--no-deps" "--format-version=1", kill_on_drop: false }`
[INFO] [stdout] 10c8fa6cd3bf96f005b3323fb36cb8be8e155326203e4dd73fa2ab49bd692eb0
[INFO] running `Command { std: "docker" "start" "-a" "10c8fa6cd3bf96f005b3323fb36cb8be8e155326203e4dd73fa2ab49bd692eb0", kill_on_drop: false }`
[INFO] running `Command { std: "docker" "inspect" "10c8fa6cd3bf96f005b3323fb36cb8be8e155326203e4dd73fa2ab49bd692eb0", kill_on_drop: false }`
[INFO] running `Command { std: "docker" "rm" "-f" "10c8fa6cd3bf96f005b3323fb36cb8be8e155326203e4dd73fa2ab49bd692eb0", kill_on_drop: false }`
[INFO] [stdout] 10c8fa6cd3bf96f005b3323fb36cb8be8e155326203e4dd73fa2ab49bd692eb0
[INFO] running `Command { std: "docker" "create" "-v" "/var/lib/crater-agent-workspace/builds/worker-1-tc1/target:/opt/rustwide/target:rw,Z" "-v" "/var/lib/crater-agent-workspace/builds/worker-1-tc1/source:/opt/rustwide/workdir:ro,Z" "-v" "/var/lib/crater-agent-workspace/cargo-home:/opt/rustwide/cargo-home:ro,Z" "-v" "/var/lib/crater-agent-workspace/rustup-home:/opt/rustwide/rustup-home:ro,Z" "-e" "SOURCE_DIR=/opt/rustwide/workdir" "-e" "CARGO_TARGET_DIR=/opt/rustwide/target" "-e" "CARGO_INCREMENTAL=0" "-e" "RUST_BACKTRACE=full" "-e" "RUSTFLAGS=--cap-lints=warn" "-e" "RUSTDOCFLAGS=--cap-lints=warn" "-e" "CARGO_HOME=/opt/rustwide/cargo-home" "-e" "RUSTUP_HOME=/opt/rustwide/rustup-home" "-w" "/opt/rustwide/workdir" "-m" "1610612736" "--user" "0:0" "--network" "none" "ghcr.io/rust-lang/crates-build-env/linux@sha256:2788e3201cd34a07e3172128adcd8b3090168a8e3bcc40d7c032b9dda1df7d1c" "/opt/rustwide/cargo-home/bin/cargo" "+1.75.0" "doc" "--frozen" "--no-deps" "--document-private-items" "--message-format=json", kill_on_drop: false }`
[INFO] [stdout] 2694df1944671524f9eb04f83939e6d412e86e1329b4885be5e6b51080ddfcd6
[INFO] running `Command { std: "docker" "start" "-a" "2694df1944671524f9eb04f83939e6d412e86e1329b4885be5e6b51080ddfcd6", kill_on_drop: false }`
[INFO] [stderr]    Compiling autocfg v1.1.0
[INFO] [stderr]    Compiling libc v0.2.139
[INFO] [stderr]    Compiling memchr v2.5.0
[INFO] [stderr]    Compiling proc-macro2 v1.0.51
[INFO] [stderr]    Compiling unicode-ident v1.0.6
[INFO] [stderr]    Compiling quote v1.0.23
[INFO] [stderr]    Compiling syn v1.0.109
[INFO] [stderr]    Compiling version_check v0.9.4
[INFO] [stderr]    Compiling log v0.4.17
[INFO] [stderr]     Checking scopeguard v1.1.0
[INFO] [stderr]    Compiling cc v1.0.79
[INFO] [stderr]    Compiling pkg-config v0.3.26
[INFO] [stderr]    Compiling lock_api v0.4.9
[INFO] [stderr]    Compiling parking_lot_core v0.9.7
[INFO] [stderr]     Checking bitflags v1.3.2
[INFO] [stderr]     Checking once_cell v1.17.1
[INFO] [stderr]     Checking smallvec v1.10.0
[INFO] [stderr]     Checking pin-project-lite v0.2.9
[INFO] [stderr]     Checking bytes v1.4.0
[INFO] [stderr]    Compiling tokio v1.25.0
[INFO] [stderr]    Compiling futures-core v0.3.26
[INFO] [stderr]    Compiling ahash v0.7.6
[INFO] [stderr]    Compiling cfg-if v1.0.0
[INFO] [stderr]    Compiling slab v0.4.8
[INFO] [stderr]     Checking itoa v1.0.5
[INFO] [stderr]    Compiling crossbeam-utils v0.8.15
[INFO] [stderr]    Compiling futures-task v0.3.26
[INFO] [stderr]     Checking tracing-core v0.1.30
[INFO] [stderr]     Checking mio v0.8.6
[INFO] [stderr]     Checking num_cpus v1.15.0
[INFO] [stderr]    Compiling openssl-sys v0.9.70
[INFO] [stderr]     Checking parking_lot v0.12.1
[INFO] [stderr]     Checking socket2 v0.4.7
[INFO] [stderr]    Compiling getrandom v0.2.8
[INFO] [stderr]    Compiling aho-corasick v0.7.20
[INFO] [stderr]    Compiling memoffset v0.8.0
[INFO] [stderr]    Compiling indexmap v1.9.2
[INFO] [stderr]     Checking fnv v1.0.7
[INFO] [stderr]    Compiling openssl v0.10.39
[INFO] [stderr]     Checking foreign-types-shared v0.1.1
[INFO] [stderr]    Compiling io-lifetimes v1.0.5
[INFO] [stderr]    Compiling regex-syntax v0.6.28
[INFO] [stderr]    Compiling futures-util v0.3.26
[INFO] [stderr]    Compiling hashbrown v0.12.3
[INFO] [stderr]     Checking foreign-types v0.3.2
[INFO] [stderr]     Checking http v0.2.9
[INFO] [stderr]     Checking tracing v0.1.37
[INFO] [stderr]    Compiling proc-macro-error-attr v1.0.4
[INFO] [stderr]    Compiling crossbeam-epoch v0.9.14
[INFO] [stderr]    Compiling httparse v1.8.0
[INFO] [stderr]    Compiling signal-hook v0.3.15
[INFO] [stderr]    Compiling futures-channel v0.3.26
[INFO] [stderr]    Compiling rustix v0.36.8
[INFO] [stderr]    Compiling native-tls v0.2.11
[INFO] [stderr]     Checking futures-sink v0.3.26
[INFO] [stderr]     Checking futures-io v0.3.26
[INFO] [stderr]     Checking tinyvec_macros v0.1.1
[INFO] [stderr]     Checking pin-utils v0.1.0
[INFO] [stderr]     Checking tinyvec v1.6.0
[INFO] [stderr]     Checking signal-hook-registry v1.4.1
[INFO] [stderr]    Compiling proc-macro-error v1.0.4
[INFO] [stderr]     Checking try-lock v0.2.4
[INFO] [stderr]    Compiling serde v1.0.152
[INFO] [stderr]     Checking percent-encoding v2.2.0
[INFO] [stderr]     Checking openssl-probe v0.1.5
[INFO] [stderr]     Checking linux-raw-sys v0.1.4
[INFO] [stderr]     Checking minimal-lexical v0.2.1
[INFO] [stderr]     Checking form_urlencoded v1.1.0
[INFO] [stderr]     Checking nom v7.1.3
[INFO] [stderr]     Checking want v0.3.0
[INFO] [stderr]    Compiling regex v1.7.1
[INFO] [stderr]     Checking unicode-normalization v0.1.22
[INFO] [stderr]     Checking http-body v0.4.5
[INFO] [stderr]    Compiling lua-src v544.0.1
[INFO] [stderr]    Compiling luajit-src v210.4.5+resty2cf5186
[INFO] [stderr]    Compiling num-traits v0.2.15
[INFO] [stderr]     Checking unicode-bidi v0.3.10
[INFO] [stderr]    Compiling thiserror v1.0.38
[INFO] [stderr]     Checking arrayvec v0.7.2
[INFO] [stderr]     Checking lazy_static v1.4.0
[INFO] [stderr]    Compiling unicode-xid v0.2.4
[INFO] [stderr]    Compiling rayon-core v1.10.2
[INFO] [stderr]     Checking regex-automata v0.1.10
[INFO] [stderr]    Compiling crc32fast v1.3.2
[INFO] [stderr]     Checking httpdate v1.0.2
[INFO] [stderr]     Checking either v1.8.1
[INFO] [stderr]     Checking tower-service v0.3.2
[INFO] [stderr]     Checking brownstone v3.0.0
[INFO] [stderr]    Compiling const_format_proc_macros v0.2.29
[INFO] [stderr]     Checking idna v0.3.0
[INFO] [stderr]     Checking bstr v0.2.17
[INFO] [stderr]    Compiling mlua v0.8.7
[INFO] [stderr]     Checking crossbeam-deque v0.8.3
[INFO] [stderr]     Checking signal-hook-mio v0.2.3
[INFO] [stderr]     Checking crossbeam-channel v0.5.7
[INFO] [stderr]     Checking same-file v1.0.6
[INFO] [stderr]     Checking joinery v2.1.0
[INFO] [stderr]    Compiling tokio-macros v1.8.2
[INFO] [stderr]    Compiling openssl-macros v0.1.0
[INFO] [stderr]    Compiling thiserror-impl v1.0.38
[INFO] [stderr]     Checking indent_write v2.2.0
[INFO] [stderr]     Checking smawk v0.3.1
[INFO] [stderr]     Checking os_str_bytes v6.4.1
[INFO] [stderr]     Checking adler v1.0.2
[INFO] [stderr]     Checking unicode-width v0.1.10
[INFO] [stderr]     Checking ryu v1.0.12
[INFO] [stderr]    Compiling heck v0.4.1
[INFO] [stderr]     Checking clap_lex v0.3.2
[INFO] [stderr]     Checking miniz_oxide v0.6.2
[INFO] [stderr]    Compiling clap_derive v4.1.0
[INFO] [stderr]    Compiling unicode-linebreak v0.1.4
[INFO] [stdout] error[E0432]: unresolved import `ffi::EVP_CIPHER_CTX_get0_cipher`
[INFO] [stdout]   --> /opt/rustwide/cargo-home/registry/src/index.crates.io-6f17d22bba15001f/openssl-0.10.39/src/cipher_ctx.rs:66:13
[INFO] [stdout]    |
[INFO] [stdout] 66 |         use ffi::EVP_CIPHER_CTX_get0_cipher;
[INFO] [stdout]    |             ^^^^^^^^^^^^^^^^^^^^^^^^^^^^^^^ no `EVP_CIPHER_CTX_get0_cipher` in the root
[INFO] [stdout] 
[INFO] [stdout] 
[INFO] [stderr]     Checking const_format v0.2.30
[INFO] [stderr]     Checking nom-supreme v0.8.0
[INFO] [stderr]     Checking walkdir v2.3.2
[INFO] [stderr]     Checking url v2.3.1
[INFO] [stderr]     Checking crossterm v0.23.2
[INFO] [stderr]     Checking serde_urlencoded v0.7.1
[INFO] [stderr]     Checking itertools v0.10.5
[INFO] [stderr]     Checking pori v0.0.0
[INFO] [stdout] error[E0425]: cannot find function, tuple struct or tuple variant `EVP_CIPHER_free` in crate `ffi`
[INFO] [stdout]    --> /opt/rustwide/cargo-home/registry/src/index.crates.io-6f17d22bba15001f/openssl-0.10.39/src/cipher.rs:52:26
[INFO] [stdout]     |
[INFO] [stdout] 52  |                     ffi::EVP_CIPHER_free(self.as_ptr());
[INFO] [stdout]     |                          ^^^^^^^^^^^^^^^ help: a function with a similar name exists: `EVP_CIPHER_CTX_free`
[INFO] [stdout]     |
[INFO] [stdout]    ::: /opt/rustwide/cargo-home/registry/src/index.crates.io-6f17d22bba15001f/openssl-sys-0.9.70/src/evp.rs:284:5
[INFO] [stdout]     |
[INFO] [stdout] 284 |     pub fn EVP_CIPHER_CTX_free(ctx: *mut EVP_CIPHER_CTX);
[INFO] [stdout]     |     ---------------------------------------------------- similarly named function `EVP_CIPHER_CTX_free` defined here
[INFO] [stdout] 
[INFO] [stdout] 
[INFO] [stdout] error[E0425]: cannot find function, tuple struct or tuple variant `EVP_CIPHER_fetch` in crate `ffi`
[INFO] [stdout]    --> /opt/rustwide/cargo-home/registry/src/index.crates.io-6f17d22bba15001f/openssl-0.10.39/src/cipher.rs:130:34
[INFO] [stdout]     |
[INFO] [stdout] 130 |             let ptr = cvt_p(ffi::EVP_CIPHER_fetch(
[INFO] [stdout]     |                                  ^^^^^^^^^^^^^^^^ help: a function with a similar name exists: `EVP_CIPHER_get_nid`
[INFO] [stdout]     |
[INFO] [stdout]    ::: /opt/rustwide/cargo-home/registry/src/index.crates.io-6f17d22bba15001f/openssl-sys-0.9.70/src/evp.rs:41:13
[INFO] [stdout]     |
[INFO] [stdout] 41  |             pub fn EVP_CIPHER_get_nid(cipher: *const EVP_CIPHER) -> c_int;
[INFO] [stdout]     |             ------------------------------------------------------------- similarly named function `EVP_CIPHER_get_nid` defined here
[INFO] [stdout] 
[INFO] [stdout] 
[INFO] [stdout] error[E0425]: cannot find function, tuple struct or tuple variant `EVP_CIPHER_CTX_block_size` in crate `ffi`
[INFO] [stdout]    --> /opt/rustwide/cargo-home/registry/src/index.crates.io-6f17d22bba15001f/openssl-0.10.39/src/cipher_ctx.rs:288:23
[INFO] [stdout]     |
[INFO] [stdout] 288 |         unsafe { ffi::EVP_CIPHER_CTX_block_size(self.as_ptr()) as usize }
[INFO] [stdout]     |                       ^^^^^^^^^^^^^^^^^^^^^^^^^ help: a function with a similar name exists: `EVP_CIPHER_get_block_size`
[INFO] [stdout]     |
[INFO] [stdout]    ::: /opt/rustwide/cargo-home/registry/src/index.crates.io-6f17d22bba15001f/openssl-sys-0.9.70/src/evp.rs:39:13
[INFO] [stdout]     |
[INFO] [stdout] 39  |             pub fn EVP_CIPHER_get_block_size(cipher: *const EVP_CIPHER) -> c_int;
[INFO] [stdout]     |             -------------------------------------------------------------------- similarly named function `EVP_CIPHER_get_block_size` defined here
[INFO] [stdout] 
[INFO] [stdout] 
[INFO] [stdout] error[E0425]: cannot find function, tuple struct or tuple variant `EVP_CIPHER_CTX_key_length` in crate `ffi`
[INFO] [stdout]    --> /opt/rustwide/cargo-home/registry/src/index.crates.io-6f17d22bba15001f/openssl-0.10.39/src/cipher_ctx.rs:300:23
[INFO] [stdout]     |
[INFO] [stdout] 300 |         unsafe { ffi::EVP_CIPHER_CTX_key_length(self.as_ptr()) as usize }
[INFO] [stdout]     |                       ^^^^^^^^^^^^^^^^^^^^^^^^^ help: a function with a similar name exists: `EVP_CIPHER_get_key_length`
[INFO] [stdout]     |
[INFO] [stdout]    ::: /opt/rustwide/cargo-home/registry/src/index.crates.io-6f17d22bba15001f/openssl-sys-0.9.70/src/evp.rs:38:13
[INFO] [stdout]     |
[INFO] [stdout] 38  |             pub fn EVP_CIPHER_get_key_length(cipher: *const EVP_CIPHER) -> c_int;
[INFO] [stdout]     |             -------------------------------------------------------------------- similarly named function `EVP_CIPHER_get_key_length` defined here
[INFO] [stdout] 
[INFO] [stdout] 
[INFO] [stdout] error[E0425]: cannot find function, tuple struct or tuple variant `EVP_CIPHER_CTX_rand_key` in crate `ffi`
[INFO] [stdout]    --> /opt/rustwide/cargo-home/registry/src/index.crates.io-6f17d22bba15001f/openssl-0.10.39/src/cipher_ctx.rs:318:22
[INFO] [stdout]     |
[INFO] [stdout] 318 |             cvt(ffi::EVP_CIPHER_CTX_rand_key(
[INFO] [stdout]     |                      ^^^^^^^^^^^^^^^^^^^^^^^ help: a function with a similar name exists: `EVP_CIPHER_CTX_new`
[INFO] [stdout]     |
[INFO] [stdout]    ::: /opt/rustwide/cargo-home/registry/src/index.crates.io-6f17d22bba15001f/openssl-sys-0.9.70/src/evp.rs:283:5
[INFO] [stdout]     |
[INFO] [stdout] 283 |     pub fn EVP_CIPHER_CTX_new() -> *mut EVP_CIPHER_CTX;
[INFO] [stdout]     |     -------------------------------------------------- similarly named function `EVP_CIPHER_CTX_new` defined here
[INFO] [stdout] 
[INFO] [stdout] 
[INFO] [stdout] error[E0425]: cannot find function, tuple struct or tuple variant `EVP_CIPHER_CTX_iv_length` in crate `ffi`
[INFO] [stdout]    --> /opt/rustwide/cargo-home/registry/src/index.crates.io-6f17d22bba15001f/openssl-0.10.39/src/cipher_ctx.rs:358:23
[INFO] [stdout]     |
[INFO] [stdout] 358 |         unsafe { ffi::EVP_CIPHER_CTX_iv_length(self.as_ptr()) as usize }
[INFO] [stdout]     |                       ^^^^^^^^^^^^^^^^^^^^^^^^ help: a function with a similar name exists: `EVP_CIPHER_get_iv_length`
[INFO] [stdout]     |
[INFO] [stdout]    ::: /opt/rustwide/cargo-home/registry/src/index.crates.io-6f17d22bba15001f/openssl-sys-0.9.70/src/evp.rs:40:13
[INFO] [stdout]     |
[INFO] [stdout] 40  |             pub fn EVP_CIPHER_get_iv_length(cipher: *const EVP_CIPHER) -> c_int;
[INFO] [stdout]     |             ------------------------------------------------------------------- similarly named function `EVP_CIPHER_get_iv_length` defined here
[INFO] [stdout] 
[INFO] [stdout] 
[INFO] [stdout] error[E0425]: cannot find function, tuple struct or tuple variant `EVP_CIPHER_CTX_get_tag_length` in crate `ffi`
[INFO] [stdout]    --> /opt/rustwide/cargo-home/registry/src/index.crates.io-6f17d22bba15001f/openssl-0.10.39/src/cipher_ctx.rs:400:23
[INFO] [stdout]     |
[INFO] [stdout] 400 |         unsafe { ffi::EVP_CIPHER_CTX_get_tag_length(self.as_ptr()) as usize }
[INFO] [stdout]     |                       ^^^^^^^^^^^^^^^^^^^^^^^^^^^^^ help: a function with a similar name exists: `EVP_CIPHER_CTX_set_key_length`
[INFO] [stdout]     |
[INFO] [stdout]    ::: /opt/rustwide/cargo-home/registry/src/index.crates.io-6f17d22bba15001f/openssl-sys-0.9.70/src/evp.rs:286:5
[INFO] [stdout]     |
[INFO] [stdout] 286 |     pub fn EVP_CIPHER_CTX_set_key_length(ctx: *mut EVP_CIPHER_CTX, keylen: c_int) -> c_int;
[INFO] [stdout]     |     -------------------------------------------------------------------------------------- similarly named function `EVP_CIPHER_CTX_set_key_length` defined here
[INFO] [stdout] 
[INFO] [stdout] 
[INFO] [stdout] error[E0425]: cannot find function, tuple struct or tuple variant `OPENSSL_malloc` in crate `ffi`
[INFO] [stdout]    --> /opt/rustwide/cargo-home/registry/src/index.crates.io-6f17d22bba15001f/openssl-0.10.39/src/encrypt.rs:172:32
[INFO] [stdout]     |
[INFO] [stdout] 172 |             let p = cvt_p(ffi::OPENSSL_malloc(label.len() as _))?;
[INFO] [stdout]     |                                ^^^^^^^^^^^^^^ not found in `ffi`
[INFO] [stdout] 
[INFO] [stdout] 
[INFO] [stderr]     Checking is-terminal v0.4.4
[INFO] [stdout] error[E0425]: cannot find function, tuple struct or tuple variant `OPENSSL_free` in crate `ffi`
[INFO] [stdout]    --> /opt/rustwide/cargo-home/registry/src/index.crates.io-6f17d22bba15001f/openssl-0.10.39/src/encrypt.rs:182:22
[INFO] [stdout]     |
[INFO] [stdout] 182 |                 ffi::OPENSSL_free(p);
[INFO] [stdout]     |                      ^^^^^^^^^^^^ help: a function with a similar name exists: `OPENSSL_sk_free`
[INFO] [stdout]     |
[INFO] [stdout]    ::: /opt/rustwide/cargo-home/registry/src/index.crates.io-6f17d22bba15001f/openssl-sys-0.9.70/src/stack.rs:25:13
[INFO] [stdout]     |
[INFO] [stdout] 25  |             pub fn OPENSSL_sk_free(st: *mut OPENSSL_STACK);
[INFO] [stdout]     |             ---------------------------------------------- similarly named function `OPENSSL_sk_free` defined here
[INFO] [stdout] 
[INFO] [stdout] 
[INFO] [stdout] error[E0425]: cannot find function, tuple struct or tuple variant `OPENSSL_malloc` in crate `ffi`
[INFO] [stdout]    --> /opt/rustwide/cargo-home/registry/src/index.crates.io-6f17d22bba15001f/openssl-0.10.39/src/encrypt.rs:376:32
[INFO] [stdout]     |
[INFO] [stdout] 376 |             let p = cvt_p(ffi::OPENSSL_malloc(label.len() as _))?;
[INFO] [stdout]     |                                ^^^^^^^^^^^^^^ not found in `ffi`
[INFO] [stdout] 
[INFO] [stdout] 
[INFO] [stdout] error[E0425]: cannot find function, tuple struct or tuple variant `OPENSSL_free` in crate `ffi`
[INFO] [stdout]    --> /opt/rustwide/cargo-home/registry/src/index.crates.io-6f17d22bba15001f/openssl-0.10.39/src/encrypt.rs:386:22
[INFO] [stdout]     |
[INFO] [stdout] 386 |                 ffi::OPENSSL_free(p);
[INFO] [stdout]     |                      ^^^^^^^^^^^^ help: a function with a similar name exists: `OPENSSL_sk_free`
[INFO] [stdout]     |
[INFO] [stdout]    ::: /opt/rustwide/cargo-home/registry/src/index.crates.io-6f17d22bba15001f/openssl-sys-0.9.70/src/stack.rs:25:13
[INFO] [stdout]     |
[INFO] [stdout] 25  |             pub fn OPENSSL_sk_free(st: *mut OPENSSL_STACK);
[INFO] [stdout]     |             ---------------------------------------------- similarly named function `OPENSSL_sk_free` defined here
[INFO] [stdout] 
[INFO] [stdout] 
[INFO] [stdout] error[E0425]: cannot find function, tuple struct or tuple variant `OSSL_LIB_CTX_free` in crate `ffi`
[INFO] [stdout]    --> /opt/rustwide/cargo-home/registry/src/index.crates.io-6f17d22bba15001f/openssl-0.10.39/src/lib_ctx.rs:8:20
[INFO] [stdout]     |
[INFO] [stdout] 8   |     fn drop = ffi::OSSL_LIB_CTX_free;
[INFO] [stdout]     |                    ^^^^^^^^^^^^^^^^^ help: a function with a similar name exists: `SSL_CTX_free`
[INFO] [stdout]     |
[INFO] [stdout]    ::: /opt/rustwide/cargo-home/registry/src/index.crates.io-6f17d22bba15001f/openssl-sys-0.9.70/src/ssl.rs:928:5
[INFO] [stdout]     |
[INFO] [stdout] 928 |     pub fn SSL_CTX_free(ctx: *mut SSL_CTX);
[INFO] [stdout]     |     -------------------------------------- similarly named function `SSL_CTX_free` defined here
[INFO] [stdout] 
[INFO] [stdout] 
[INFO] [stdout] error[E0425]: cannot find function, tuple struct or tuple variant `OSSL_LIB_CTX_new` in crate `ffi`
[INFO] [stdout]    --> /opt/rustwide/cargo-home/registry/src/index.crates.io-6f17d22bba15001f/openssl-0.10.39/src/lib_ctx.rs:18:34
[INFO] [stdout]     |
[INFO] [stdout] 18  |             let ptr = cvt_p(ffi::OSSL_LIB_CTX_new())?;
[INFO] [stdout]     |                                  ^^^^^^^^^^^^^^^^ help: a function with a similar name exists: `SSL_CTX_new`
[INFO] [stdout]     |
[INFO] [stdout]    ::: /opt/rustwide/cargo-home/registry/src/index.crates.io-6f17d22bba15001f/openssl-sys-0.9.70/src/ssl.rs:927:5
[INFO] [stdout]     |
[INFO] [stdout] 927 |     pub fn SSL_CTX_new(method: *const SSL_METHOD) -> *mut SSL_CTX;
[INFO] [stdout]     |     ------------------------------------------------------------- similarly named function `SSL_CTX_new` defined here
[INFO] [stdout] 
[INFO] [stdout] 
[INFO] [stdout] error[E0425]: cannot find function, tuple struct or tuple variant `EVP_MD_free` in crate `ffi`
[INFO] [stdout]   --> /opt/rustwide/cargo-home/registry/src/index.crates.io-6f17d22bba15001f/openssl-0.10.39/src/md.rs:27:26
[INFO] [stdout]    |
[INFO] [stdout] 27 |                     ffi::EVP_MD_free(self.as_ptr());
[INFO] [stdout]    |                          ^^^^^^^^^^^ help: a function with a similar name exists: `EVP_MD_size`
[INFO] [stdout]    |
[INFO] [stdout]   ::: /opt/rustwide/cargo-home/registry/src/index.crates.io-6f17d22bba15001f/openssl-sys-0.9.70/src/evp.rs:45:9
[INFO] [stdout]    |
[INFO] [stdout] 45 |         pub unsafe fn EVP_MD_size(md: *const EVP_MD) -> c_int {
[INFO] [stdout]    |         ----------------------------------------------------- similarly named function `EVP_MD_size` defined here
[INFO] [stdout] 
[INFO] [stdout] 
[INFO] [stdout] error[E0425]: cannot find function, tuple struct or tuple variant `EVP_MD_fetch` in crate `ffi`
[INFO] [stdout]    --> /opt/rustwide/cargo-home/registry/src/index.crates.io-6f17d22bba15001f/openssl-0.10.39/src/md.rs:105:34
[INFO] [stdout]     |
[INFO] [stdout] 105 |             let ptr = cvt_p(ffi::EVP_MD_fetch(
[INFO] [stdout]     |                                  ^^^^^^^^^^^^ not found in `ffi`
[INFO] [stdout] 
[INFO] [stdout] 
[INFO] [stdout] error[E0425]: cannot find function, tuple struct or tuple variant `EVP_DigestSignUpdate` in crate `ffi`
[INFO] [stdout]    --> /opt/rustwide/cargo-home/registry/src/index.crates.io-6f17d22bba15001f/openssl-0.10.39/src/md_ctx.rs:208:22
[INFO] [stdout]     |
[INFO] [stdout] 208 |             cvt(ffi::EVP_DigestSignUpdate(
[INFO] [stdout]     |                      ^^^^^^^^^^^^^^^^^^^^ help: a function with a similar name exists: `EVP_DigestUpdate`
[INFO] [stdout]     |
[INFO] [stdout]    ::: /opt/rustwide/cargo-home/registry/src/index.crates.io-6f17d22bba15001f/openssl-sys-0.9.70/src/evp.rs:104:5
[INFO] [stdout]     |
[INFO] [stdout] 104 |     pub fn EVP_DigestUpdate(ctx: *mut EVP_MD_CTX, data: *const c_void, n: size_t) -> c_int;
[INFO] [stdout]     |     -------------------------------------------------------------------------------------- similarly named function `EVP_DigestUpdate` defined here
[INFO] [stdout] 
[INFO] [stdout] 
[INFO] [stdout] error[E0425]: cannot find function, tuple struct or tuple variant `EVP_DigestVerifyUpdate` in crate `ffi`
[INFO] [stdout]    --> /opt/rustwide/cargo-home/registry/src/index.crates.io-6f17d22bba15001f/openssl-0.10.39/src/md_ctx.rs:223:22
[INFO] [stdout]     |
[INFO] [stdout] 223 |               cvt(ffi::EVP_DigestVerifyUpdate(
[INFO] [stdout]     |                        ^^^^^^^^^^^^^^^^^^^^^^ help: a function with a similar name exists: `EVP_DigestVerifyFinal`
[INFO] [stdout]     |
[INFO] [stdout]    ::: /opt/rustwide/cargo-home/registry/src/index.crates.io-6f17d22bba15001f/openssl-sys-0.9.70/src/evp.rs:272:1
[INFO] [stdout]     |
[INFO] [stdout] 272 | / const_ptr_api! {
[INFO] [stdout] 273 | |     extern "C" {
[INFO] [stdout] 274 | |         pub fn EVP_DigestVerifyFinal(
[INFO] [stdout] 275 | |             ctx: *mut EVP_MD_CTX,
[INFO] [stdout] ...   |
[INFO] [stdout] 279 | |     }
[INFO] [stdout] 280 | | }
[INFO] [stdout]     | |_- similarly named function `EVP_DigestVerifyFinal` defined here
[INFO] [stdout] 
[INFO] [stdout] 
[INFO] [stdout] error[E0425]: cannot find function, tuple struct or tuple variant `OBJ_create` in crate `ffi`
[INFO] [stdout]   --> /opt/rustwide/cargo-home/registry/src/index.crates.io-6f17d22bba15001f/openssl-0.10.39/src/nid.rs:72:28
[INFO] [stdout]    |
[INFO] [stdout] 72 |             let raw = ffi::OBJ_create(oid.as_ptr(), sn.as_ptr(), ln.as_ptr());
[INFO] [stdout]    |                            ^^^^^^^^^^ not found in `ffi`
[INFO] [stdout] 
[INFO] [stdout] 
[INFO] [stdout] error[E0425]: cannot find function, tuple struct or tuple variant `PKCS12_set_mac` in crate `ffi`
[INFO] [stdout]    --> /opt/rustwide/cargo-home/registry/src/index.crates.io-6f17d22bba15001f/openssl-0.10.39/src/pkcs12.rs:205:22
[INFO] [stdout]     |
[INFO] [stdout] 205 |             cvt(ffi::PKCS12_set_mac(
[INFO] [stdout]     |                      ^^^^^^^^^^^^^^ not found in `ffi`
[INFO] [stdout] 
[INFO] [stdout] 
[INFO] [stdout] error[E0425]: cannot find value `EVP_PKEY_HKDF` in crate `ffi`
[INFO] [stdout]   --> /opt/rustwide/cargo-home/registry/src/index.crates.io-6f17d22bba15001f/openssl-0.10.39/src/pkey.rs:88:34
[INFO] [stdout]    |
[INFO] [stdout] 88 |     pub const HKDF: Id = Id(ffi::EVP_PKEY_HKDF);
[INFO] [stdout]    |                                  ^^^^^^^^^^^^^ help: a constant with a similar name exists: `EVP_PKEY_DH`
[INFO] [stdout]    |
[INFO] [stdout]   ::: /opt/rustwide/cargo-home/registry/src/index.crates.io-6f17d22bba15001f/openssl-sys-0.9.70/src/evp.rs:11:1
[INFO] [stdout]    |
[INFO] [stdout] 11 | pub const EVP_PKEY_DH: c_int = NID_dhKeyAgreement;
[INFO] [stdout]    | ---------------------------- similarly named constant `EVP_PKEY_DH` defined here
[INFO] [stdout] 
[INFO] [stdout] 
[INFO] [stdout] error[E0425]: cannot find value `EVP_PKEY_HKDEF_MODE_EXTRACT_AND_EXPAND` in crate `ffi`
[INFO] [stdout]   --> /opt/rustwide/cargo-home/registry/src/index.crates.io-6f17d22bba15001f/openssl-0.10.39/src/pkey_ctx.rs:80:57
[INFO] [stdout]    |
[INFO] [stdout] 80 |     pub const EXTRACT_THEN_EXPAND: Self = HkdfMode(ffi::EVP_PKEY_HKDEF_MODE_EXTRACT_AND_EXPAND);
[INFO] [stdout]    |                                                         ^^^^^^^^^^^^^^^^^^^^^^^^^^^^^^^^^^^^^^ not found in `ffi`
[INFO] [stdout] 
[INFO] [stdout] 
[INFO] [stdout] error[E0425]: cannot find value `EVP_PKEY_HKDEF_MODE_EXTRACT_ONLY` in crate `ffi`
[INFO] [stdout]   --> /opt/rustwide/cargo-home/registry/src/index.crates.io-6f17d22bba15001f/openssl-0.10.39/src/pkey_ctx.rs:81:50
[INFO] [stdout]    |
[INFO] [stdout] 81 |     pub const EXTRACT_ONLY: Self = HkdfMode(ffi::EVP_PKEY_HKDEF_MODE_EXTRACT_ONLY);
[INFO] [stdout]    |                                                  ^^^^^^^^^^^^^^^^^^^^^^^^^^^^^^^^ not found in `ffi`
[INFO] [stdout] 
[INFO] [stdout] 
[INFO] [stdout] error[E0425]: cannot find value `EVP_PKEY_HKDEF_MODE_EXPAND_ONLY` in crate `ffi`
[INFO] [stdout]   --> /opt/rustwide/cargo-home/registry/src/index.crates.io-6f17d22bba15001f/openssl-0.10.39/src/pkey_ctx.rs:82:49
[INFO] [stdout]    |
[INFO] [stdout] 82 |     pub const EXPAND_ONLY: Self = HkdfMode(ffi::EVP_PKEY_HKDEF_MODE_EXPAND_ONLY);
[INFO] [stdout]    |                                                 ^^^^^^^^^^^^^^^^^^^^^^^^^^^^^^^ not found in `ffi`
[INFO] [stdout] 
[INFO] [stdout] 
[INFO] [stdout] error[E0425]: cannot find function, tuple struct or tuple variant `EVP_PKEY_verify_init` in crate `ffi`
[INFO] [stdout]    --> /opt/rustwide/cargo-home/registry/src/index.crates.io-6f17d22bba15001f/openssl-0.10.39/src/pkey_ctx.rs:139:22
[INFO] [stdout]     |
[INFO] [stdout] 139 |             cvt(ffi::EVP_PKEY_verify_init(self.as_ptr()))?;
[INFO] [stdout]     |                      ^^^^^^^^^^^^^^^^^^^^ help: a function with a similar name exists: `EVP_PKEY_derive_init`
[INFO] [stdout]     |
[INFO] [stdout]    ::: /opt/rustwide/cargo-home/registry/src/index.crates.io-6f17d22bba15001f/openssl-sys-0.9.70/src/evp.rs:524:5
[INFO] [stdout]     |
[INFO] [stdout] 524 |     pub fn EVP_PKEY_derive_init(ctx: *mut EVP_PKEY_CTX) -> c_int;
[INFO] [stdout]     |     ------------------------------------------------------------ similarly named function `EVP_PKEY_derive_init` defined here
[INFO] [stdout] 
[INFO] [stdout] 
[INFO] [stdout] error[E0425]: cannot find function, tuple struct or tuple variant `EVP_PKEY_verify` in crate `ffi`
[INFO] [stdout]    --> /opt/rustwide/cargo-home/registry/src/index.crates.io-6f17d22bba15001f/openssl-0.10.39/src/pkey_ctx.rs:190:32
[INFO] [stdout]     |
[INFO] [stdout] 190 |             let r = cvt_n(ffi::EVP_PKEY_verify(
[INFO] [stdout]     |                                ^^^^^^^^^^^^^^^ help: a function with a similar name exists: `EVP_PKEY_derive`
[INFO] [stdout]     |
[INFO] [stdout]    ::: /opt/rustwide/cargo-home/registry/src/index.crates.io-6f17d22bba15001f/openssl-sys-0.9.70/src/evp.rs:526:5
[INFO] [stdout]     |
[INFO] [stdout] 526 |     pub fn EVP_PKEY_derive(ctx: *mut EVP_PKEY_CTX, key: *mut c_uchar, size: *mut size_t) -> c_int;
[INFO] [stdout]     |     --------------------------------------------------------------------------------------------- similarly named function `EVP_PKEY_derive` defined here
[INFO] [stdout] 
[INFO] [stdout] 
[INFO] [stdout] error[E0425]: cannot find function, tuple struct or tuple variant `EVP_PKEY_sign_init` in crate `ffi`
[INFO] [stdout]    --> /opt/rustwide/cargo-home/registry/src/index.crates.io-6f17d22bba15001f/openssl-0.10.39/src/pkey_ctx.rs:222:22
[INFO] [stdout]     |
[INFO] [stdout] 222 |             cvt(ffi::EVP_PKEY_sign_init(self.as_ptr()))?;
[INFO] [stdout]     |                      ^^^^^^^^^^^^^^^^^^ help: a function with a similar name exists: `EVP_PKEY_keygen_init`
[INFO] [stdout]     |
[INFO] [stdout]    ::: /opt/rustwide/cargo-home/registry/src/index.crates.io-6f17d22bba15001f/openssl-sys-0.9.70/src/evp.rs:535:5
[INFO] [stdout]     |
[INFO] [stdout] 535 |     pub fn EVP_PKEY_keygen_init(ctx: *mut EVP_PKEY_CTX) -> c_int;
[INFO] [stdout]     |     ------------------------------------------------------------ similarly named function `EVP_PKEY_keygen_init` defined here
[INFO] [stdout] 
[INFO] [stdout] 
[INFO] [stderr]     Checking terminal_size v0.2.5
[INFO] [stdout] error[E0425]: cannot find function, tuple struct or tuple variant `EVP_PKEY_sign` in crate `ffi`
[INFO] [stdout]    --> /opt/rustwide/cargo-home/registry/src/index.crates.io-6f17d22bba15001f/openssl-0.10.39/src/pkey_ctx.rs:286:22
[INFO] [stdout]     |
[INFO] [stdout] 286 |             cvt(ffi::EVP_PKEY_sign(
[INFO] [stdout]     |                      ^^^^^^^^^^^^^ help: a function with a similar name exists: `EVP_PKEY_assign`
[INFO] [stdout]     |
[INFO] [stdout]    ::: /opt/rustwide/cargo-home/registry/src/index.crates.io-6f17d22bba15001f/openssl-sys-0.9.70/src/evp.rs:410:5
[INFO] [stdout]     |
[INFO] [stdout] 410 |     pub fn EVP_PKEY_assign(pkey: *mut EVP_PKEY, typ: c_int, key: *mut c_void) -> c_int;
[INFO] [stdout]     |     ---------------------------------------------------------------------------------- similarly named function `EVP_PKEY_assign` defined here
[INFO] [stdout] 
[INFO] [stdout] 
[INFO] [stdout] error[E0425]: cannot find function, tuple struct or tuple variant `OPENSSL_malloc` in crate `ffi`
[INFO] [stdout]    --> /opt/rustwide/cargo-home/registry/src/index.crates.io-6f17d22bba15001f/openssl-0.10.39/src/pkey_ctx.rs:404:26
[INFO] [stdout]     |
[INFO] [stdout] 404 |             let p = ffi::OPENSSL_malloc(label.len() as _);
[INFO] [stdout]     |                          ^^^^^^^^^^^^^^ not found in `ffi`
[INFO] [stdout] 
[INFO] [stdout] 
[INFO] [stdout] error[E0425]: cannot find function, tuple struct or tuple variant `OPENSSL_free` in crate `ffi`
[INFO] [stdout]    --> /opt/rustwide/cargo-home/registry/src/index.crates.io-6f17d22bba15001f/openssl-0.10.39/src/pkey_ctx.rs:409:22
[INFO] [stdout]     |
[INFO] [stdout] 409 |                 ffi::OPENSSL_free(p);
[INFO] [stdout]     |                      ^^^^^^^^^^^^ help: a function with a similar name exists: `OPENSSL_sk_free`
[INFO] [stdout]     |
[INFO] [stdout]    ::: /opt/rustwide/cargo-home/registry/src/index.crates.io-6f17d22bba15001f/openssl-sys-0.9.70/src/stack.rs:25:13
[INFO] [stdout]     |
[INFO] [stdout] 25  |             pub fn OPENSSL_sk_free(st: *mut OPENSSL_STACK);
[INFO] [stdout]     |             ---------------------------------------------- similarly named function `OPENSSL_sk_free` defined here
[INFO] [stdout] 
[INFO] [stdout] 
[INFO] [stderr]     Checking nix v0.25.1
[INFO] [stdout] error[E0425]: cannot find function, tuple struct or tuple variant `EVP_PKEY_CTX_set_hkdf_md` in crate `ffi`
[INFO] [stdout]    --> /opt/rustwide/cargo-home/registry/src/index.crates.io-6f17d22bba15001f/openssl-0.10.39/src/pkey_ctx.rs:463:22
[INFO] [stdout]     |
[INFO] [stdout] 463 |             cvt(ffi::EVP_PKEY_CTX_set_hkdf_md(
[INFO] [stdout]     |                      ^^^^^^^^^^^^^^^^^^^^^^^^ help: a function with a similar name exists: `EVP_PKEY_CTX_set_rsa_mgf1_md`
[INFO] [stdout]     |
[INFO] [stdout]    ::: /opt/rustwide/cargo-home/registry/src/index.crates.io-6f17d22bba15001f/openssl-sys-0.9.70/src/rsa.rs:15:13
[INFO] [stdout]     |
[INFO] [stdout] 15  |             pub fn EVP_PKEY_CTX_set_rsa_mgf1_md(ctx: *mut EVP_PKEY_CTX, md: *const EVP_MD) -> c_int;
[INFO] [stdout]     |             --------------------------------------------------------------------------------------- similarly named function `EVP_PKEY_CTX_set_rsa_mgf1_md` defined here
[INFO] [stdout] 
[INFO] [stdout] 
[INFO] [stdout] error[E0425]: cannot find function, tuple struct or tuple variant `EVP_PKEY_CTX_set_hkdf_mode` in crate `ffi`
[INFO] [stdout]    --> /opt/rustwide/cargo-home/registry/src/index.crates.io-6f17d22bba15001f/openssl-0.10.39/src/pkey_ctx.rs:482:22
[INFO] [stdout]     |
[INFO] [stdout] 482 |             cvt(ffi::EVP_PKEY_CTX_set_hkdf_mode(self.as_ptr(), mode.0))?;
[INFO] [stdout]     |                      ^^^^^^^^^^^^^^^^^^^^^^^^^^ not found in `ffi`
[INFO] [stdout] 
[INFO] [stdout] 
[INFO] [stdout] error[E0425]: cannot find function, tuple struct or tuple variant `EVP_PKEY_CTX_set1_hkdf_key` in crate `ffi`
[INFO] [stdout]    --> /opt/rustwide/cargo-home/registry/src/index.crates.io-6f17d22bba15001f/openssl-0.10.39/src/pkey_ctx.rs:498:22
[INFO] [stdout]     |
[INFO] [stdout] 498 |             cvt(ffi::EVP_PKEY_CTX_set1_hkdf_key(
[INFO] [stdout]     |                      ^^^^^^^^^^^^^^^^^^^^^^^^^^ not found in `ffi`
[INFO] [stdout] 
[INFO] [stdout] 
[INFO] [stdout] error[E0425]: cannot find function, tuple struct or tuple variant `EVP_PKEY_CTX_set1_hkdf_salt` in crate `ffi`
[INFO] [stdout]    --> /opt/rustwide/cargo-home/registry/src/index.crates.io-6f17d22bba15001f/openssl-0.10.39/src/pkey_ctx.rs:518:22
[INFO] [stdout]     |
[INFO] [stdout] 518 |             cvt(ffi::EVP_PKEY_CTX_set1_hkdf_salt(
[INFO] [stdout]     |                      ^^^^^^^^^^^^^^^^^^^^^^^^^^^ not found in `ffi`
[INFO] [stdout] 
[INFO] [stdout] 
[INFO] [stdout] error[E0425]: cannot find function, tuple struct or tuple variant `EVP_PKEY_CTX_add1_hkdf_info` in crate `ffi`
[INFO] [stdout]    --> /opt/rustwide/cargo-home/registry/src/index.crates.io-6f17d22bba15001f/openssl-0.10.39/src/pkey_ctx.rs:538:22
[INFO] [stdout]     |
[INFO] [stdout] 538 |             cvt(ffi::EVP_PKEY_CTX_add1_hkdf_info(
[INFO] [stdout]     |                      ^^^^^^^^^^^^^^^^^^^^^^^^^^^ not found in `ffi`
[INFO] [stdout] 
[INFO] [stdout] 
[INFO] [stdout] error[E0412]: cannot find type `OSSL_PROVIDER` in crate `ffi`
[INFO] [stdout]   --> /opt/rustwide/cargo-home/registry/src/index.crates.io-6f17d22bba15001f/openssl-0.10.39/src/provider.rs:10:23
[INFO] [stdout]    |
[INFO] [stdout] 10 |     type CType = ffi::OSSL_PROVIDER;
[INFO] [stdout]    |                       ^^^^^^^^^^^^^ not found in `ffi`
[INFO] [stdout] 
[INFO] [stdout] 
[INFO] [stdout] error[E0412]: cannot find type `OSSL_PROVIDER` in crate `ffi`
[INFO] [stdout]   --> /opt/rustwide/cargo-home/registry/src/index.crates.io-6f17d22bba15001f/openssl-0.10.39/src/provider.rs:19:43
[INFO] [stdout]    |
[INFO] [stdout] 19 | unsafe fn ossl_provider_free(p: *mut ffi::OSSL_PROVIDER) {
[INFO] [stdout]    |                                           ^^^^^^^^^^^^^ not found in `ffi`
[INFO] [stdout] 
[INFO] [stdout] 
[INFO] [stdout] error[E0425]: cannot find function, tuple struct or tuple variant `OSSL_PROVIDER_unload` in crate `ffi`
[INFO] [stdout]   --> /opt/rustwide/cargo-home/registry/src/index.crates.io-6f17d22bba15001f/openssl-0.10.39/src/provider.rs:20:10
[INFO] [stdout]    |
[INFO] [stdout] 20 |     ffi::OSSL_PROVIDER_unload(p);
[INFO] [stdout]    |          ^^^^^^^^^^^^^^^^^^^^ not found in `ffi`
[INFO] [stdout] 
[INFO] [stdout] 
[INFO] [stdout] error[E0425]: cannot find function, tuple struct or tuple variant `OSSL_PROVIDER_load` in crate `ffi`
[INFO] [stdout]   --> /opt/rustwide/cargo-home/registry/src/index.crates.io-6f17d22bba15001f/openssl-0.10.39/src/provider.rs:31:32
[INFO] [stdout]    |
[INFO] [stdout] 31 |             let p = cvt_p(ffi::OSSL_PROVIDER_load(
[INFO] [stdout]    |                                ^^^^^^^^^^^^^^^^^^ not found in `ffi`
[INFO] [stdout] 
[INFO] [stdout] 
[INFO] [stdout] error[E0425]: cannot find function, tuple struct or tuple variant `OSSL_PROVIDER_try_load` in crate `ffi`
[INFO] [stdout]   --> /opt/rustwide/cargo-home/registry/src/index.crates.io-6f17d22bba15001f/openssl-0.10.39/src/provider.rs:52:32
[INFO] [stdout]    |
[INFO] [stdout] 52 |             let p = cvt_p(ffi::OSSL_PROVIDER_try_load(
[INFO] [stdout]    |                                ^^^^^^^^^^^^^^^^^^^^^^ not found in `ffi`
[INFO] [stdout] 
[INFO] [stdout] 
[INFO] [stdout] error[E0425]: cannot find function, tuple struct or tuple variant `BIO_meth_set_write__fixed_rust` in crate `ffi`
[INFO] [stdout]    --> /opt/rustwide/cargo-home/registry/src/index.crates.io-6f17d22bba15001f/openssl-0.10.39/src/ssl/bio.rs:208:30
[INFO] [stdout]     |
[INFO] [stdout] 208 |                     cvt(ffi::BIO_meth_set_write__fixed_rust(method.0, Some(bwrite::<S>)))?;
[INFO] [stdout]     |                              ^^^^^^^^^^^^^^^^^^^^^^^^^^^^^^ not found in `ffi`
[INFO] [stdout] 
[INFO] [stdout] 
[INFO] [stdout] error[E0425]: cannot find function, tuple struct or tuple variant `BIO_meth_set_read__fixed_rust` in crate `ffi`
[INFO] [stdout]    --> /opt/rustwide/cargo-home/registry/src/index.crates.io-6f17d22bba15001f/openssl-0.10.39/src/ssl/bio.rs:209:30
[INFO] [stdout]     |
[INFO] [stdout] 209 |                     cvt(ffi::BIO_meth_set_read__fixed_rust(method.0, Some(bread::<S>)))?;
[INFO] [stdout]     |                              ^^^^^^^^^^^^^^^^^^^^^^^^^^^^^ not found in `ffi`
[INFO] [stdout] 
[INFO] [stdout] 
[INFO] [stdout] error[E0425]: cannot find function, tuple struct or tuple variant `BIO_meth_set_puts__fixed_rust` in crate `ffi`
[INFO] [stdout]    --> /opt/rustwide/cargo-home/registry/src/index.crates.io-6f17d22bba15001f/openssl-0.10.39/src/ssl/bio.rs:210:30
[INFO] [stdout]     |
[INFO] [stdout] 210 |                     cvt(ffi::BIO_meth_set_puts__fixed_rust(method.0, Some(bputs::<S>)))?;
[INFO] [stdout]     |                              ^^^^^^^^^^^^^^^^^^^^^^^^^^^^^ not found in `ffi`
[INFO] [stdout] 
[INFO] [stdout] 
[INFO] [stdout] error[E0425]: cannot find function, tuple struct or tuple variant `BIO_meth_set_ctrl__fixed_rust` in crate `ffi`
[INFO] [stdout]    --> /opt/rustwide/cargo-home/registry/src/index.crates.io-6f17d22bba15001f/openssl-0.10.39/src/ssl/bio.rs:211:30
[INFO] [stdout]     |
[INFO] [stdout] 211 |                     cvt(ffi::BIO_meth_set_ctrl__fixed_rust(method.0, Some(ctrl::<S>)))?;
[INFO] [stdout]     |                              ^^^^^^^^^^^^^^^^^^^^^^^^^^^^^ not found in `ffi`
[INFO] [stdout] 
[INFO] [stdout] 
[INFO] [stdout] error[E0425]: cannot find function, tuple struct or tuple variant `BIO_meth_set_create__fixed_rust` in crate `ffi`
[INFO] [stdout]    --> /opt/rustwide/cargo-home/registry/src/index.crates.io-6f17d22bba15001f/openssl-0.10.39/src/ssl/bio.rs:212:30
[INFO] [stdout]     |
[INFO] [stdout] 212 |                     cvt(ffi::BIO_meth_set_create__fixed_rust(method.0, Some(create)))?;
[INFO] [stdout]     |                              ^^^^^^^^^^^^^^^^^^^^^^^^^^^^^^^ not found in `ffi`
[INFO] [stdout] 
[INFO] [stdout] 
[INFO] [stdout] error[E0425]: cannot find function, tuple struct or tuple variant `BIO_meth_set_destroy__fixed_rust` in crate `ffi`
[INFO] [stdout]    --> /opt/rustwide/cargo-home/registry/src/index.crates.io-6f17d22bba15001f/openssl-0.10.39/src/ssl/bio.rs:213:30
[INFO] [stdout]     |
[INFO] [stdout] 213 |                     cvt(ffi::BIO_meth_set_destroy__fixed_rust(method.0, Some(destroy::<S>)))?;
[INFO] [stdout]     |                              ^^^^^^^^^^^^^^^^^^^^^^^^^^^^^^^^ not found in `ffi`
[INFO] [stdout] 
[INFO] [stdout] 
[INFO] [stdout] error[E0425]: cannot find function, tuple struct or tuple variant `SSL_CTX_set_tlsext_servername_callback__fixed_rust` in crate `ffi`
[INFO] [stdout]    --> /opt/rustwide/cargo-home/registry/src/index.crates.io-6f17d22bba15001f/openssl-0.10.39/src/ssl/mod.rs:726:18
[INFO] [stdout]     |
[INFO] [stdout] 726 |               ffi::SSL_CTX_set_tlsext_servername_callback__fixed_rust(
[INFO] [stdout]     |                    ^^^^^^^^^^^^^^^^^^^^^^^^^^^^^^^^^^^^^^^^^^^^^^^^^^ help: a function with a similar name exists: `SSL_CTX_set_tlsext_servername_callback`
[INFO] [stdout]     |
[INFO] [stdout]    ::: /opt/rustwide/cargo-home/registry/src/index.crates.io-6f17d22bba15001f/openssl-sys-0.9.70/src/tls1.rs:85:1
[INFO] [stdout]     |
[INFO] [stdout] 85  | / pub unsafe fn SSL_CTX_set_tlsext_servername_callback(
[INFO] [stdout] 86  | |     ctx: *mut SSL_CTX,
[INFO] [stdout] 87  | |     // FIXME should have the right signature
[INFO] [stdout] 88  | |     cb: Option<extern "C" fn()>,
[INFO] [stdout] 89  | | ) -> c_long {
[INFO] [stdout]     | |___________- similarly named function `SSL_CTX_set_tlsext_servername_callback` defined here
[INFO] [stdout] 
[INFO] [stdout] 
[INFO] [stdout] error[E0425]: cannot find function, tuple struct or tuple variant `SSL_CTX_set_tmp_dh_callback__fixed_rust` in crate `ffi`
[INFO] [stdout]     --> /opt/rustwide/cargo-home/registry/src/index.crates.io-6f17d22bba15001f/openssl-0.10.39/src/ssl/mod.rs:808:18
[INFO] [stdout]      |
[INFO] [stdout] 808  |               ffi::SSL_CTX_set_tmp_dh_callback__fixed_rust(self.as_ptr(), Some(raw_tmp_dh::<F>));
[INFO] [stdout]      |                    ^^^^^^^^^^^^^^^^^^^^^^^^^^^^^^^^^^^^^^^ help: a function with a similar name exists: `SSL_CTX_set_tmp_dh_callback`
[INFO] [stdout]      |
[INFO] [stdout]     ::: /opt/rustwide/cargo-home/registry/src/index.crates.io-6f17d22bba15001f/openssl-sys-0.9.70/src/ssl.rs:1327:5
[INFO] [stdout]      |
[INFO] [stdout] 1327 | /     pub fn SSL_CTX_set_tmp_dh_callback(
[INFO] [stdout] 1328 | |         ctx: *mut SSL_CTX,
[INFO] [stdout] 1329 | |         dh: unsafe extern "C" fn(ssl: *mut SSL, is_export: c_int, keylength: c_int) -> *mut DH,
[INFO] [stdout] 1330 | |     );
[INFO] [stdout]      | |_____- similarly named function `SSL_CTX_set_tmp_dh_callback` defined here
[INFO] [stdout] 
[INFO] [stdout] 
[INFO] [stdout] error[E0425]: cannot find function, tuple struct or tuple variant `SSL_CTX_set_alpn_select_cb__fixed_rust` in crate `ffi`
[INFO] [stdout]     --> /opt/rustwide/cargo-home/registry/src/index.crates.io-6f17d22bba15001f/openssl-0.10.39/src/ssl/mod.rs:1207:18
[INFO] [stdout]      |
[INFO] [stdout] 1207 |               ffi::SSL_CTX_set_alpn_select_cb__fixed_rust(
[INFO] [stdout]      |                    ^^^^^^^^^^^^^^^^^^^^^^^^^^^^^^^^^^^^^^ help: a function with a similar name exists: `SSL_CTX_set_alpn_select_cb`
[INFO] [stdout]      |
[INFO] [stdout]     ::: /opt/rustwide/cargo-home/registry/src/index.crates.io-6f17d22bba15001f/openssl-sys-0.9.70/src/ssl.rs:634:5
[INFO] [stdout]      |
[INFO] [stdout] 634  | /     pub fn SSL_CTX_set_alpn_select_cb(
[INFO] [stdout] 635  | |         ssl: *mut SSL_CTX,
[INFO] [stdout] 636  | |         cb: extern "C" fn(
[INFO] [stdout] 637  | |             ssl: *mut SSL,
[INFO] [stdout] ...    |
[INFO] [stdout] 644  | |         arg: *mut c_void,
[INFO] [stdout] 645  | |     );
[INFO] [stdout]      | |_____- similarly named function `SSL_CTX_set_alpn_select_cb` defined here
[INFO] [stdout] 
[INFO] [stdout] 
[INFO] [stdout] error[E0425]: cannot find function, tuple struct or tuple variant `SSL_set_tmp_dh_callback__fixed_rust` in crate `ffi`
[INFO] [stdout]     --> /opt/rustwide/cargo-home/registry/src/index.crates.io-6f17d22bba15001f/openssl-0.10.39/src/ssl/mod.rs:2288:18
[INFO] [stdout]      |
[INFO] [stdout] 2288 |             ffi::SSL_set_tmp_dh_callback__fixed_rust(self.as_ptr(), Some(raw_tmp_dh_ssl::<F>));
[INFO] [stdout]      |                  ^^^^^^^^^^^^^^^^^^^^^^^^^^^^^^^^^^^ not found in `ffi`
[INFO] [stdout] 
[INFO] [stdout] 
[INFO] [stdout] error[E0425]: cannot find function, tuple struct or tuple variant `SSL_get_extms_support` in crate `ffi`
[INFO] [stdout]     --> /opt/rustwide/cargo-home/registry/src/index.crates.io-6f17d22bba15001f/openssl-0.10.39/src/ssl/mod.rs:2765:24
[INFO] [stdout]      |
[INFO] [stdout] 2765 |             match ffi::SSL_get_extms_support(self.as_ptr()) {
[INFO] [stdout]      |                        ^^^^^^^^^^^^^^^^^^^^^ not found in `ffi`
[INFO] [stdout] 
[INFO] [stdout] 
[INFO] [stdout] error[E0425]: cannot find function, tuple struct or tuple variant `OPENSSL_malloc` in crate `ffi`
[INFO] [stdout]     --> /opt/rustwide/cargo-home/registry/src/index.crates.io-6f17d22bba15001f/openssl-0.10.39/src/ssl/mod.rs:2792:32
[INFO] [stdout]      |
[INFO] [stdout] 2792 |             let p = cvt_p(ffi::OPENSSL_malloc(response.len() as _))?;
[INFO] [stdout]      |                                ^^^^^^^^^^^^^^ not found in `ffi`
[INFO] [stdout] 
[INFO] [stdout] 
[INFO] [stdout] error[E0425]: cannot find function, tuple struct or tuple variant `OPENSSL_free` in crate `ffi`
[INFO] [stdout]   --> /opt/rustwide/cargo-home/registry/src/index.crates.io-6f17d22bba15001f/openssl-0.10.39/src/string.rs:84:10
[INFO] [stdout]    |
[INFO] [stdout] 84 |     ffi::OPENSSL_free(buf as *mut c_void);
[INFO] [stdout]    |          ^^^^^^^^^^^^ help: a function with a similar name exists: `OPENSSL_sk_free`
[INFO] [stdout]    |
[INFO] [stdout]   ::: /opt/rustwide/cargo-home/registry/src/index.crates.io-6f17d22bba15001f/openssl-sys-0.9.70/src/stack.rs:25:13
[INFO] [stdout]    |
[INFO] [stdout] 25 |             pub fn OPENSSL_sk_free(st: *mut OPENSSL_STACK);
[INFO] [stdout]    |             ---------------------------------------------- similarly named function `OPENSSL_sk_free` defined here
[INFO] [stdout] 
[INFO] [stdout] 
[INFO] [stdout] error[E0425]: cannot find function, tuple struct or tuple variant `X509_issuer_name_hash` in crate `ffi`
[INFO] [stdout]    --> /opt/rustwide/cargo-home/registry/src/index.crates.io-6f17d22bba15001f/openssl-0.10.39/src/x509/mod.rs:399:23
[INFO] [stdout]     |
[INFO] [stdout] 399 |         unsafe { ffi::X509_issuer_name_hash(self.as_ptr()) as u32 }
[INFO] [stdout]     |                       ^^^^^^^^^^^^^^^^^^^^^ help: a function with a similar name exists: `X509_subject_name_hash`
[INFO] [stdout]     |
[INFO] [stdout]    ::: /opt/rustwide/cargo-home/registry/src/index.crates.io-6f17d22bba15001f/openssl-sys-0.9.70/src/x509.rs:336:5
[INFO] [stdout]     |
[INFO] [stdout] 336 |     pub fn X509_subject_name_hash(x: *mut ::X509) -> c_ulong;
[INFO] [stdout]     |     -------------------------------------------------------- similarly named function `X509_subject_name_hash` defined here
[INFO] [stdout] 
[INFO] [stdout] 
[INFO] [stderr]     Checking encoding_rs v0.8.32
[INFO] [stdout] error[E0425]: cannot find function, tuple struct or tuple variant `X509_print` in crate `ffi`
[INFO] [stdout]    --> /opt/rustwide/cargo-home/registry/src/index.crates.io-6f17d22bba15001f/openssl-0.10.39/src/x509/mod.rs:588:14
[INFO] [stdout]     |
[INFO] [stdout] 588 |         ffi::X509_print
[INFO] [stdout]     |              ^^^^^^^^^^ not found in `ffi`
[INFO] [stdout] 
[INFO] [stdout] 
[INFO] [stderr]     Checking textwrap v0.15.2
[INFO] [stderr]     Checking arrayref v0.3.6
[INFO] [stderr]     Checking ipnet v2.7.1
[INFO] [stderr]     Checking termcolor v1.2.0
[INFO] [stdout] error[E0308]: mismatched types
[INFO] [stdout]    --> /opt/rustwide/cargo-home/registry/src/index.crates.io-6f17d22bba15001f/openssl-0.10.39/src/cipher.rs:133:56
[INFO] [stdout]     |
[INFO] [stdout] 133 |                 properties.map_or(ptr::null_mut(), |s| s.as_ptr()),
[INFO] [stdout]     |                                                        ^^^^^^^^^^ types differ in mutability
[INFO] [stdout]     |
[INFO] [stdout]     = note: expected raw pointer `*mut _`
[INFO] [stdout]                found raw pointer `*const i8`
[INFO] [stdout] 
[INFO] [stdout] 
[INFO] [stderr]     Checking mime v0.3.16
[INFO] [stderr]     Checking strsim v0.10.0
[INFO] [stdout] error[E0308]: mismatched types
[INFO] [stdout]    --> /opt/rustwide/cargo-home/registry/src/index.crates.io-6f17d22bba15001f/openssl-0.10.39/src/md.rs:108:56
[INFO] [stdout]     |
[INFO] [stdout] 108 |                 properties.map_or(ptr::null_mut(), |s| s.as_ptr()),
[INFO] [stdout]     |                                                        ^^^^^^^^^^ types differ in mutability
[INFO] [stdout]     |
[INFO] [stdout]     = note: expected raw pointer `*mut _`
[INFO] [stdout]                found raw pointer `*const i8`
[INFO] [stdout] 
[INFO] [stdout] 
[INFO] [stderr]     Checking base64 v0.21.0
[INFO] [stderr]     Checking rustc-hash v1.1.0
[INFO] [stderr]     Checking clap v4.1.6
[INFO] [stderr]     Checking lsx v1.1.2
[INFO] [stderr]     Checking wax v0.5.0
[INFO] [stdout] error[E0308]: mismatched types
[INFO] [stdout]     --> /opt/rustwide/cargo-home/registry/src/index.crates.io-6f17d22bba15001f/openssl-0.10.39/src/ssl/mod.rs:1551:22
[INFO] [stdout]      |
[INFO] [stdout] 1551 |                 Some(raw_custom_ext_free::<T>),
[INFO] [stdout]      |                 ---- ^^^^^^^^^^^^^^^^^^^^^^^^ types differ in mutability
[INFO] [stdout]      |                 |
[INFO] [stdout]      |                 arguments to this enum variant are incorrect
[INFO] [stdout]      |
[INFO] [stdout]      = note: expected fn pointer `unsafe extern "C" fn(_, _, _, *mut *const u8, _)`
[INFO] [stdout]                    found fn item `extern "C" fn(_, _, _, *const u8, _) {callbacks::raw_custom_ext_free::<T>}`
[INFO] [stdout] help: the type constructed contains `extern "C" fn(*mut SSL, u32, u32, *const u8, *mut c_void) {callbacks::raw_custom_ext_free::<T>}` due to the type of the argument passed
[INFO] [stdout]     --> /opt/rustwide/cargo-home/registry/src/index.crates.io-6f17d22bba15001f/openssl-0.10.39/src/ssl/mod.rs:1551:17
[INFO] [stdout]      |
[INFO] [stdout] 1551 |                 Some(raw_custom_ext_free::<T>),
[INFO] [stdout]      |                 ^^^^^------------------------^
[INFO] [stdout]      |                      |
[INFO] [stdout]      |                      this argument influences the type of `Some`
[INFO] [stdout] note: tuple variant defined here
[INFO] [stdout]     --> /rustc/82e1608dfa6e0b5569232559e3d385fea5a93112/library/core/src/option.rs:577:5
[INFO] [stdout] 
[INFO] [stdout] 
[INFO] [stderr]     Checking flate2 v1.0.25
[INFO] [stderr]     Checking rayon v1.6.1
[INFO] [stdout] error: aborting due to 58 previous errors
[INFO] [stdout] 
[INFO] [stdout] 
[INFO] [stdout] Some errors have detailed explanations: E0308, E0412, E0425, E0432.
[INFO] [stdout] 
[INFO] [stdout] For more information about an error, try `rustc --explain E0308`.
[INFO] [stdout] 
[INFO] [stderr] error: could not compile `openssl` (lib) due to 59 previous errors
[INFO] [stderr] warning: build failed, waiting for other jobs to finish...
[INFO] running `Command { std: "docker" "inspect" "2694df1944671524f9eb04f83939e6d412e86e1329b4885be5e6b51080ddfcd6", kill_on_drop: false }`
[INFO] running `Command { std: "docker" "rm" "-f" "2694df1944671524f9eb04f83939e6d412e86e1329b4885be5e6b51080ddfcd6", kill_on_drop: false }`
[INFO] [stdout] 2694df1944671524f9eb04f83939e6d412e86e1329b4885be5e6b51080ddfcd6
[INFO] documenting SolraBizna/tupdate against beta-2023-12-22 for beta-1.76-rustdoc-1
[INFO] running `Command { std: "git" "clone" "/workspace/cache/git-repos/https%3A%2F%2Fgithub.com%2FSolraBizna%2Ftupdate" "/workspace/builds/worker-1-tc2/source", kill_on_drop: false }`
[INFO] [stderr] Cloning into '/workspace/builds/worker-1-tc2/source'...
[INFO] [stderr] done.
[INFO] validating manifest of git repo https://github.com/SolraBizna/tupdate on toolchain beta-2023-12-22
[INFO] running `Command { std: CARGO_HOME="/workspace/cargo-home" RUSTUP_HOME="/workspace/rustup-home" "/workspace/cargo-home/bin/cargo" "+beta-2023-12-22" "metadata" "--manifest-path" "Cargo.toml" "--no-deps", kill_on_drop: false }`
[INFO] started tweaking git repo https://github.com/SolraBizna/tupdate
[INFO] finished tweaking git repo https://github.com/SolraBizna/tupdate
[INFO] tweaked toml for git repo https://github.com/SolraBizna/tupdate written to /workspace/builds/worker-1-tc2/source/Cargo.toml
[INFO] crate git repo https://github.com/SolraBizna/tupdate already has a lockfile, it will not be regenerated
[INFO] running `Command { std: CARGO_HOME="/workspace/cargo-home" RUSTUP_HOME="/workspace/rustup-home" "/workspace/cargo-home/bin/cargo" "+beta-2023-12-22" "fetch" "--manifest-path" "Cargo.toml", kill_on_drop: false }`
[INFO] running `Command { std: "docker" "create" "-v" "/var/lib/crater-agent-workspace/builds/worker-1-tc2/target:/opt/rustwide/target:rw,Z" "-v" "/var/lib/crater-agent-workspace/builds/worker-1-tc2/source:/opt/rustwide/workdir:ro,Z" "-v" "/var/lib/crater-agent-workspace/cargo-home:/opt/rustwide/cargo-home:ro,Z" "-v" "/var/lib/crater-agent-workspace/rustup-home:/opt/rustwide/rustup-home:ro,Z" "-e" "SOURCE_DIR=/opt/rustwide/workdir" "-e" "CARGO_TARGET_DIR=/opt/rustwide/target" "-e" "CARGO_HOME=/opt/rustwide/cargo-home" "-e" "RUSTUP_HOME=/opt/rustwide/rustup-home" "-w" "/opt/rustwide/workdir" "-m" "1610612736" "--user" "0:0" "--network" "none" "ghcr.io/rust-lang/crates-build-env/linux@sha256:2788e3201cd34a07e3172128adcd8b3090168a8e3bcc40d7c032b9dda1df7d1c" "/opt/rustwide/cargo-home/bin/cargo" "+beta-2023-12-22" "metadata" "--no-deps" "--format-version=1", kill_on_drop: false }`
[INFO] [stdout] 373a354802640a40f8eec37276ad8faa40b9b93681204f7665a4a2f14aef3475
[INFO] running `Command { std: "docker" "start" "-a" "373a354802640a40f8eec37276ad8faa40b9b93681204f7665a4a2f14aef3475", kill_on_drop: false }`
[INFO] running `Command { std: "docker" "inspect" "373a354802640a40f8eec37276ad8faa40b9b93681204f7665a4a2f14aef3475", kill_on_drop: false }`
[INFO] running `Command { std: "docker" "rm" "-f" "373a354802640a40f8eec37276ad8faa40b9b93681204f7665a4a2f14aef3475", kill_on_drop: false }`
[INFO] [stdout] 373a354802640a40f8eec37276ad8faa40b9b93681204f7665a4a2f14aef3475
[INFO] running `Command { std: "docker" "create" "-v" "/var/lib/crater-agent-workspace/builds/worker-1-tc2/target:/opt/rustwide/target:rw,Z" "-v" "/var/lib/crater-agent-workspace/builds/worker-1-tc2/source:/opt/rustwide/workdir:ro,Z" "-v" "/var/lib/crater-agent-workspace/cargo-home:/opt/rustwide/cargo-home:ro,Z" "-v" "/var/lib/crater-agent-workspace/rustup-home:/opt/rustwide/rustup-home:ro,Z" "-e" "SOURCE_DIR=/opt/rustwide/workdir" "-e" "CARGO_TARGET_DIR=/opt/rustwide/target" "-e" "CARGO_INCREMENTAL=0" "-e" "RUST_BACKTRACE=full" "-e" "RUSTFLAGS=--cap-lints=warn" "-e" "RUSTDOCFLAGS=--cap-lints=warn" "-e" "CARGO_HOME=/opt/rustwide/cargo-home" "-e" "RUSTUP_HOME=/opt/rustwide/rustup-home" "-w" "/opt/rustwide/workdir" "-m" "1610612736" "--user" "0:0" "--network" "none" "ghcr.io/rust-lang/crates-build-env/linux@sha256:2788e3201cd34a07e3172128adcd8b3090168a8e3bcc40d7c032b9dda1df7d1c" "/opt/rustwide/cargo-home/bin/cargo" "+beta-2023-12-22" "doc" "--frozen" "--no-deps" "--document-private-items" "--message-format=json", kill_on_drop: false }`
[INFO] [stdout] 74bf3b260b86a998ee0d6f8c178ce939e134335a80288b6577065e4057a015de
[INFO] running `Command { std: "docker" "start" "-a" "74bf3b260b86a998ee0d6f8c178ce939e134335a80288b6577065e4057a015de", kill_on_drop: false }`
[INFO] [stderr]    Compiling autocfg v1.1.0
[INFO] [stderr]    Compiling libc v0.2.139
[INFO] [stderr]    Compiling memchr v2.5.0
[INFO] [stderr]    Compiling proc-macro2 v1.0.51
[INFO] [stderr]    Compiling quote v1.0.23
[INFO] [stderr]    Compiling unicode-ident v1.0.6
[INFO] [stderr]    Compiling syn v1.0.109
[INFO] [stderr]    Compiling version_check v0.9.4
[INFO] [stderr]    Compiling cc v1.0.79
[INFO] [stderr]     Checking scopeguard v1.1.0
[INFO] [stderr]    Compiling log v0.4.17
[INFO] [stderr]    Compiling pkg-config v0.3.26
[INFO] [stderr]    Compiling lock_api v0.4.9
[INFO] [stderr]     Checking once_cell v1.17.1
[INFO] [stderr]    Compiling parking_lot_core v0.9.7
[INFO] [stderr]     Checking bitflags v1.3.2
[INFO] [stderr]     Checking smallvec v1.10.0
[INFO] [stderr]     Checking pin-project-lite v0.2.9
[INFO] [stderr]     Checking bytes v1.4.0
[INFO] [stderr]    Compiling tokio v1.25.0
[INFO] [stderr]    Compiling futures-core v0.3.26
[INFO] [stderr]    Compiling ahash v0.7.6
[INFO] [stderr]    Compiling cfg-if v1.0.0
[INFO] [stderr]    Compiling slab v0.4.8
[INFO] [stderr]    Compiling crossbeam-utils v0.8.15
[INFO] [stderr]    Compiling openssl-sys v0.9.70
[INFO] [stderr]    Compiling futures-task v0.3.26
[INFO] [stderr]     Checking itoa v1.0.5
[INFO] [stderr]     Checking mio v0.8.6
[INFO] [stderr]     Checking num_cpus v1.15.0
[INFO] [stderr]     Checking socket2 v0.4.7
[INFO] [stderr]    Compiling getrandom v0.2.8
[INFO] [stderr]    Compiling aho-corasick v0.7.20
[INFO] [stderr]     Checking parking_lot v0.12.1
[INFO] [stderr]     Checking tracing-core v0.1.30
[INFO] [stderr]    Compiling memoffset v0.8.0
[INFO] [stderr]    Compiling indexmap v1.9.2
[INFO] [stderr]    Compiling io-lifetimes v1.0.5
[INFO] [stderr]     Checking fnv v1.0.7
[INFO] [stderr]    Compiling openssl v0.10.39
[INFO] [stderr]    Compiling futures-util v0.3.26
[INFO] [stderr]    Compiling regex-syntax v0.6.28
[INFO] [stderr]     Checking foreign-types-shared v0.1.1
[INFO] [stderr]     Checking foreign-types v0.3.2
[INFO] [stderr]     Checking tracing v0.1.37
[INFO] [stderr]     Checking http v0.2.9
[INFO] [stderr]    Compiling hashbrown v0.12.3
[INFO] [stderr]    Compiling crossbeam-epoch v0.9.14
[INFO] [stderr]    Compiling proc-macro-error-attr v1.0.4
[INFO] [stderr]    Compiling httparse v1.8.0
[INFO] [stderr]    Compiling rustix v0.36.8
[INFO] [stderr]    Compiling futures-channel v0.3.26
[INFO] [stderr]     Checking futures-io v0.3.26
[INFO] [stderr]    Compiling signal-hook v0.3.15
[INFO] [stderr]    Compiling native-tls v0.2.11
[INFO] [stderr]     Checking tinyvec_macros v0.1.1
[INFO] [stderr]     Checking futures-sink v0.3.26
[INFO] [stderr]     Checking pin-utils v0.1.0
[INFO] [stderr]     Checking tinyvec v1.6.0
[INFO] [stderr]     Checking signal-hook-registry v1.4.1
[INFO] [stderr]    Compiling proc-macro-error v1.0.4
[INFO] [stderr]     Checking try-lock v0.2.4
[INFO] [stderr]     Checking percent-encoding v2.2.0
[INFO] [stderr]     Checking minimal-lexical v0.2.1
[INFO] [stderr]    Compiling serde v1.0.152
[INFO] [stderr]     Checking openssl-probe v0.1.5
[INFO] [stderr]     Checking linux-raw-sys v0.1.4
[INFO] [stderr]     Checking nom v7.1.3
[INFO] [stderr]     Checking form_urlencoded v1.1.0
[INFO] [stderr]     Checking want v0.3.0
[INFO] [stderr]     Checking unicode-normalization v0.1.22
[INFO] [stderr]    Compiling regex v1.7.1
[INFO] [stderr]     Checking http-body v0.4.5
[INFO] [stderr]    Compiling luajit-src v210.4.5+resty2cf5186
[INFO] [stderr]    Compiling lua-src v544.0.1
[INFO] [stderr]    Compiling num-traits v0.2.15
[INFO] [stderr]     Checking unicode-bidi v0.3.10
[INFO] [stderr]     Checking lazy_static v1.4.0
[INFO] [stderr]     Checking regex-automata v0.1.10
[INFO] [stderr]     Checking either v1.8.1
[INFO] [stderr]    Compiling unicode-xid v0.2.4
[INFO] [stderr]    Compiling rayon-core v1.10.2
[INFO] [stderr]    Compiling crc32fast v1.3.2
[INFO] [stderr]     Checking httpdate v1.0.2
[INFO] [stderr]     Checking arrayvec v0.7.2
[INFO] [stderr]     Checking tower-service v0.3.2
[INFO] [stderr]    Compiling thiserror v1.0.38
[INFO] [stderr]     Checking bstr v0.2.17
[INFO] [stderr]    Compiling const_format_proc_macros v0.2.29
[INFO] [stderr]     Checking brownstone v3.0.0
[INFO] [stderr]     Checking idna v0.3.0
[INFO] [stderr]    Compiling mlua v0.8.7
[INFO] [stderr]     Checking crossbeam-deque v0.8.3
[INFO] [stderr]     Checking signal-hook-mio v0.2.3
[INFO] [stderr]     Checking crossbeam-channel v0.5.7
[INFO] [stderr]     Checking unicode-width v0.1.10
[INFO] [stderr]    Compiling heck v0.4.1
[INFO] [stderr]     Checking ryu v1.0.12
[INFO] [stderr]    Compiling tokio-macros v1.8.2
[INFO] [stderr]    Compiling openssl-macros v0.1.0
[INFO] [stderr]    Compiling thiserror-impl v1.0.38
[INFO] [stderr]     Checking indent_write v2.2.0
[INFO] [stderr]     Checking smawk v0.3.1
[INFO] [stderr]     Checking adler v1.0.2
[INFO] [stderr]     Checking os_str_bytes v6.4.1
[INFO] [stderr]     Checking joinery v2.1.0
[INFO] [stderr]     Checking same-file v1.0.6
[INFO] [stderr]     Checking nom-supreme v0.8.0
[INFO] [stderr]     Checking walkdir v2.3.2
[INFO] [stderr]     Checking clap_lex v0.3.2
[INFO] [stderr]     Checking const_format v0.2.30
[INFO] [stderr]     Checking miniz_oxide v0.6.2
[INFO] [stderr]    Compiling unicode-linebreak v0.1.4
[INFO] [stdout] error[E0432]: unresolved import `ffi::EVP_CIPHER_CTX_get0_cipher`
[INFO] [stdout]   --> /opt/rustwide/cargo-home/registry/src/index.crates.io-6f17d22bba15001f/openssl-0.10.39/src/cipher_ctx.rs:66:13
[INFO] [stdout]    |
[INFO] [stdout] 66 |         use ffi::EVP_CIPHER_CTX_get0_cipher;
[INFO] [stdout]    |             ^^^^^^^^^^^^^^^^^^^^^^^^^^^^^^^ no `EVP_CIPHER_CTX_get0_cipher` in the root
[INFO] [stdout] 
[INFO] [stdout] 
[INFO] [stderr]    Compiling clap_derive v4.1.0
[INFO] [stderr]     Checking url v2.3.1
[INFO] [stderr]     Checking crossterm v0.23.2
[INFO] [stderr]     Checking terminal_size v0.2.5
[INFO] [stderr]     Checking is-terminal v0.4.4
[INFO] [stderr]     Checking itertools v0.10.5
[INFO] [stderr]     Checking serde_urlencoded v0.7.1
[INFO] [stderr]     Checking pori v0.0.0
[INFO] [stderr]     Checking nix v0.25.1
[INFO] [stdout] error[E0425]: cannot find function, tuple struct or tuple variant `EVP_CIPHER_free` in crate `ffi`
[INFO] [stdout]    --> /opt/rustwide/cargo-home/registry/src/index.crates.io-6f17d22bba15001f/openssl-0.10.39/src/cipher.rs:52:26
[INFO] [stdout]     |
[INFO] [stdout] 52  |                     ffi::EVP_CIPHER_free(self.as_ptr());
[INFO] [stdout]     |                          ^^^^^^^^^^^^^^^ help: a function with a similar name exists: `EVP_CIPHER_CTX_free`
[INFO] [stdout]     |
[INFO] [stdout]    ::: /opt/rustwide/cargo-home/registry/src/index.crates.io-6f17d22bba15001f/openssl-sys-0.9.70/src/evp.rs:284:5
[INFO] [stdout]     |
[INFO] [stdout] 284 |     pub fn EVP_CIPHER_CTX_free(ctx: *mut EVP_CIPHER_CTX);
[INFO] [stdout]     |     ---------------------------------------------------- similarly named function `EVP_CIPHER_CTX_free` defined here
[INFO] [stdout] 
[INFO] [stdout] 
[INFO] [stdout] error[E0425]: cannot find function, tuple struct or tuple variant `EVP_CIPHER_fetch` in crate `ffi`
[INFO] [stdout]    --> /opt/rustwide/cargo-home/registry/src/index.crates.io-6f17d22bba15001f/openssl-0.10.39/src/cipher.rs:130:34
[INFO] [stdout]     |
[INFO] [stdout] 130 |             let ptr = cvt_p(ffi::EVP_CIPHER_fetch(
[INFO] [stdout]     |                                  ^^^^^^^^^^^^^^^^ help: a function with a similar name exists: `EVP_CIPHER_get_nid`
[INFO] [stdout]     |
[INFO] [stdout]    ::: /opt/rustwide/cargo-home/registry/src/index.crates.io-6f17d22bba15001f/openssl-sys-0.9.70/src/evp.rs:41:13
[INFO] [stdout]     |
[INFO] [stdout] 41  |             pub fn EVP_CIPHER_get_nid(cipher: *const EVP_CIPHER) -> c_int;
[INFO] [stdout]     |             ------------------------------------------------------------- similarly named function `EVP_CIPHER_get_nid` defined here
[INFO] [stdout] 
[INFO] [stdout] 
[INFO] [stdout] error[E0425]: cannot find function, tuple struct or tuple variant `EVP_CIPHER_CTX_block_size` in crate `ffi`
[INFO] [stdout]    --> /opt/rustwide/cargo-home/registry/src/index.crates.io-6f17d22bba15001f/openssl-0.10.39/src/cipher_ctx.rs:288:23
[INFO] [stdout]     |
[INFO] [stdout] 288 |         unsafe { ffi::EVP_CIPHER_CTX_block_size(self.as_ptr()) as usize }
[INFO] [stdout]     |                       ^^^^^^^^^^^^^^^^^^^^^^^^^ help: a function with a similar name exists: `EVP_CIPHER_get_block_size`
[INFO] [stdout]     |
[INFO] [stdout]    ::: /opt/rustwide/cargo-home/registry/src/index.crates.io-6f17d22bba15001f/openssl-sys-0.9.70/src/evp.rs:39:13
[INFO] [stdout]     |
[INFO] [stdout] 39  |             pub fn EVP_CIPHER_get_block_size(cipher: *const EVP_CIPHER) -> c_int;
[INFO] [stdout]     |             -------------------------------------------------------------------- similarly named function `EVP_CIPHER_get_block_size` defined here
[INFO] [stdout] 
[INFO] [stdout] 
[INFO] [stdout] error[E0425]: cannot find function, tuple struct or tuple variant `EVP_CIPHER_CTX_key_length` in crate `ffi`
[INFO] [stdout]    --> /opt/rustwide/cargo-home/registry/src/index.crates.io-6f17d22bba15001f/openssl-0.10.39/src/cipher_ctx.rs:300:23
[INFO] [stdout]     |
[INFO] [stdout] 300 |         unsafe { ffi::EVP_CIPHER_CTX_key_length(self.as_ptr()) as usize }
[INFO] [stdout]     |                       ^^^^^^^^^^^^^^^^^^^^^^^^^ help: a function with a similar name exists: `EVP_CIPHER_get_key_length`
[INFO] [stdout]     |
[INFO] [stdout]    ::: /opt/rustwide/cargo-home/registry/src/index.crates.io-6f17d22bba15001f/openssl-sys-0.9.70/src/evp.rs:38:13
[INFO] [stdout]     |
[INFO] [stdout] 38  |             pub fn EVP_CIPHER_get_key_length(cipher: *const EVP_CIPHER) -> c_int;
[INFO] [stdout]     |             -------------------------------------------------------------------- similarly named function `EVP_CIPHER_get_key_length` defined here
[INFO] [stdout] 
[INFO] [stdout] 
[INFO] [stdout] error[E0425]: cannot find function, tuple struct or tuple variant `EVP_CIPHER_CTX_rand_key` in crate `ffi`
[INFO] [stdout]    --> /opt/rustwide/cargo-home/registry/src/index.crates.io-6f17d22bba15001f/openssl-0.10.39/src/cipher_ctx.rs:318:22
[INFO] [stdout]     |
[INFO] [stdout] 318 |             cvt(ffi::EVP_CIPHER_CTX_rand_key(
[INFO] [stdout]     |                      ^^^^^^^^^^^^^^^^^^^^^^^ help: a function with a similar name exists: `EVP_CIPHER_CTX_new`
[INFO] [stdout]     |
[INFO] [stdout]    ::: /opt/rustwide/cargo-home/registry/src/index.crates.io-6f17d22bba15001f/openssl-sys-0.9.70/src/evp.rs:283:5
[INFO] [stdout]     |
[INFO] [stdout] 283 |     pub fn EVP_CIPHER_CTX_new() -> *mut EVP_CIPHER_CTX;
[INFO] [stdout]     |     -------------------------------------------------- similarly named function `EVP_CIPHER_CTX_new` defined here
[INFO] [stdout] 
[INFO] [stdout] 
[INFO] [stdout] error[E0425]: cannot find function, tuple struct or tuple variant `EVP_CIPHER_CTX_iv_length` in crate `ffi`
[INFO] [stdout]    --> /opt/rustwide/cargo-home/registry/src/index.crates.io-6f17d22bba15001f/openssl-0.10.39/src/cipher_ctx.rs:358:23
[INFO] [stdout]     |
[INFO] [stdout] 358 |         unsafe { ffi::EVP_CIPHER_CTX_iv_length(self.as_ptr()) as usize }
[INFO] [stdout]     |                       ^^^^^^^^^^^^^^^^^^^^^^^^ help: a function with a similar name exists: `EVP_CIPHER_get_iv_length`
[INFO] [stdout]     |
[INFO] [stdout]    ::: /opt/rustwide/cargo-home/registry/src/index.crates.io-6f17d22bba15001f/openssl-sys-0.9.70/src/evp.rs:40:13
[INFO] [stdout]     |
[INFO] [stdout] 40  |             pub fn EVP_CIPHER_get_iv_length(cipher: *const EVP_CIPHER) -> c_int;
[INFO] [stdout]     |             ------------------------------------------------------------------- similarly named function `EVP_CIPHER_get_iv_length` defined here
[INFO] [stdout] 
[INFO] [stdout] 
[INFO] [stdout] error[E0425]: cannot find function, tuple struct or tuple variant `EVP_CIPHER_CTX_get_tag_length` in crate `ffi`
[INFO] [stdout]    --> /opt/rustwide/cargo-home/registry/src/index.crates.io-6f17d22bba15001f/openssl-0.10.39/src/cipher_ctx.rs:400:23
[INFO] [stdout]     |
[INFO] [stdout] 400 |         unsafe { ffi::EVP_CIPHER_CTX_get_tag_length(self.as_ptr()) as usize }
[INFO] [stdout]     |                       ^^^^^^^^^^^^^^^^^^^^^^^^^^^^^ help: a function with a similar name exists: `EVP_CIPHER_CTX_set_key_length`
[INFO] [stdout]     |
[INFO] [stdout]    ::: /opt/rustwide/cargo-home/registry/src/index.crates.io-6f17d22bba15001f/openssl-sys-0.9.70/src/evp.rs:286:5
[INFO] [stdout]     |
[INFO] [stdout] 286 |     pub fn EVP_CIPHER_CTX_set_key_length(ctx: *mut EVP_CIPHER_CTX, keylen: c_int) -> c_int;
[INFO] [stdout]     |     -------------------------------------------------------------------------------------- similarly named function `EVP_CIPHER_CTX_set_key_length` defined here
[INFO] [stdout] 
[INFO] [stdout] 
[INFO] [stdout] error[E0425]: cannot find function, tuple struct or tuple variant `OPENSSL_malloc` in crate `ffi`
[INFO] [stdout]    --> /opt/rustwide/cargo-home/registry/src/index.crates.io-6f17d22bba15001f/openssl-0.10.39/src/encrypt.rs:172:32
[INFO] [stdout]     |
[INFO] [stdout] 172 |             let p = cvt_p(ffi::OPENSSL_malloc(label.len() as _))?;
[INFO] [stdout]     |                                ^^^^^^^^^^^^^^ not found in `ffi`
[INFO] [stdout] 
[INFO] [stdout] 
[INFO] [stdout] error[E0425]: cannot find function, tuple struct or tuple variant `OPENSSL_free` in crate `ffi`
[INFO] [stdout]    --> /opt/rustwide/cargo-home/registry/src/index.crates.io-6f17d22bba15001f/openssl-0.10.39/src/encrypt.rs:182:22
[INFO] [stdout]     |
[INFO] [stdout] 182 |                 ffi::OPENSSL_free(p);
[INFO] [stdout]     |                      ^^^^^^^^^^^^ help: a function with a similar name exists: `OPENSSL_sk_free`
[INFO] [stdout]     |
[INFO] [stdout]    ::: /opt/rustwide/cargo-home/registry/src/index.crates.io-6f17d22bba15001f/openssl-sys-0.9.70/src/stack.rs:25:13
[INFO] [stdout]     |
[INFO] [stdout] 25  |             pub fn OPENSSL_sk_free(st: *mut OPENSSL_STACK);
[INFO] [stdout]     |             ---------------------------------------------- similarly named function `OPENSSL_sk_free` defined here
[INFO] [stdout] 
[INFO] [stdout] 
[INFO] [stdout] error[E0425]: cannot find function, tuple struct or tuple variant `OPENSSL_malloc` in crate `ffi`
[INFO] [stdout]    --> /opt/rustwide/cargo-home/registry/src/index.crates.io-6f17d22bba15001f/openssl-0.10.39/src/encrypt.rs:376:32
[INFO] [stdout]     |
[INFO] [stdout] 376 |             let p = cvt_p(ffi::OPENSSL_malloc(label.len() as _))?;
[INFO] [stdout]     |                                ^^^^^^^^^^^^^^ not found in `ffi`
[INFO] [stdout] 
[INFO] [stdout] 
[INFO] [stdout] error[E0425]: cannot find function, tuple struct or tuple variant `OPENSSL_free` in crate `ffi`
[INFO] [stdout]    --> /opt/rustwide/cargo-home/registry/src/index.crates.io-6f17d22bba15001f/openssl-0.10.39/src/encrypt.rs:386:22
[INFO] [stdout]     |
[INFO] [stdout] 386 |                 ffi::OPENSSL_free(p);
[INFO] [stdout]     |                      ^^^^^^^^^^^^ help: a function with a similar name exists: `OPENSSL_sk_free`
[INFO] [stdout]     |
[INFO] [stdout]    ::: /opt/rustwide/cargo-home/registry/src/index.crates.io-6f17d22bba15001f/openssl-sys-0.9.70/src/stack.rs:25:13
[INFO] [stdout]     |
[INFO] [stdout] 25  |             pub fn OPENSSL_sk_free(st: *mut OPENSSL_STACK);
[INFO] [stdout]     |             ---------------------------------------------- similarly named function `OPENSSL_sk_free` defined here
[INFO] [stdout] 
[INFO] [stdout] 
[INFO] [stdout] error[E0425]: cannot find function, tuple struct or tuple variant `OSSL_LIB_CTX_free` in crate `ffi`
[INFO] [stdout]    --> /opt/rustwide/cargo-home/registry/src/index.crates.io-6f17d22bba15001f/openssl-0.10.39/src/lib_ctx.rs:8:20
[INFO] [stdout]     |
[INFO] [stdout] 8   |     fn drop = ffi::OSSL_LIB_CTX_free;
[INFO] [stdout]     |                    ^^^^^^^^^^^^^^^^^ help: a function with a similar name exists: `SSL_CTX_free`
[INFO] [stdout]     |
[INFO] [stdout]    ::: /opt/rustwide/cargo-home/registry/src/index.crates.io-6f17d22bba15001f/openssl-sys-0.9.70/src/ssl.rs:928:5
[INFO] [stdout]     |
[INFO] [stdout] 928 |     pub fn SSL_CTX_free(ctx: *mut SSL_CTX);
[INFO] [stdout]     |     -------------------------------------- similarly named function `SSL_CTX_free` defined here
[INFO] [stdout] 
[INFO] [stdout] 
[INFO] [stdout] error[E0425]: cannot find function, tuple struct or tuple variant `OSSL_LIB_CTX_new` in crate `ffi`
[INFO] [stdout]    --> /opt/rustwide/cargo-home/registry/src/index.crates.io-6f17d22bba15001f/openssl-0.10.39/src/lib_ctx.rs:18:34
[INFO] [stdout]     |
[INFO] [stdout] 18  |             let ptr = cvt_p(ffi::OSSL_LIB_CTX_new())?;
[INFO] [stdout]     |                                  ^^^^^^^^^^^^^^^^ help: a function with a similar name exists: `SSL_CTX_new`
[INFO] [stdout]     |
[INFO] [stdout]    ::: /opt/rustwide/cargo-home/registry/src/index.crates.io-6f17d22bba15001f/openssl-sys-0.9.70/src/ssl.rs:927:5
[INFO] [stdout]     |
[INFO] [stdout] 927 |     pub fn SSL_CTX_new(method: *const SSL_METHOD) -> *mut SSL_CTX;
[INFO] [stdout]     |     ------------------------------------------------------------- similarly named function `SSL_CTX_new` defined here
[INFO] [stdout] 
[INFO] [stdout] 
[INFO] [stdout] error[E0425]: cannot find function, tuple struct or tuple variant `EVP_MD_free` in crate `ffi`
[INFO] [stdout]   --> /opt/rustwide/cargo-home/registry/src/index.crates.io-6f17d22bba15001f/openssl-0.10.39/src/md.rs:27:26
[INFO] [stdout]    |
[INFO] [stdout] 27 |                     ffi::EVP_MD_free(self.as_ptr());
[INFO] [stdout]    |                          ^^^^^^^^^^^ help: a function with a similar name exists: `EVP_MD_size`
[INFO] [stdout]    |
[INFO] [stdout]   ::: /opt/rustwide/cargo-home/registry/src/index.crates.io-6f17d22bba15001f/openssl-sys-0.9.70/src/evp.rs:45:9
[INFO] [stdout]    |
[INFO] [stdout] 45 |         pub unsafe fn EVP_MD_size(md: *const EVP_MD) -> c_int {
[INFO] [stdout]    |         ----------------------------------------------------- similarly named function `EVP_MD_size` defined here
[INFO] [stdout] 
[INFO] [stdout] 
[INFO] [stdout] error[E0425]: cannot find function, tuple struct or tuple variant `EVP_MD_fetch` in crate `ffi`
[INFO] [stdout]    --> /opt/rustwide/cargo-home/registry/src/index.crates.io-6f17d22bba15001f/openssl-0.10.39/src/md.rs:105:34
[INFO] [stdout]     |
[INFO] [stdout] 105 |             let ptr = cvt_p(ffi::EVP_MD_fetch(
[INFO] [stdout]     |                                  ^^^^^^^^^^^^ not found in `ffi`
[INFO] [stdout] 
[INFO] [stdout] 
[INFO] [stdout] error[E0425]: cannot find function, tuple struct or tuple variant `EVP_DigestSignUpdate` in crate `ffi`
[INFO] [stdout]    --> /opt/rustwide/cargo-home/registry/src/index.crates.io-6f17d22bba15001f/openssl-0.10.39/src/md_ctx.rs:208:22
[INFO] [stdout]     |
[INFO] [stdout] 208 |             cvt(ffi::EVP_DigestSignUpdate(
[INFO] [stdout]     |                      ^^^^^^^^^^^^^^^^^^^^ help: a function with a similar name exists: `EVP_DigestUpdate`
[INFO] [stdout]     |
[INFO] [stdout]    ::: /opt/rustwide/cargo-home/registry/src/index.crates.io-6f17d22bba15001f/openssl-sys-0.9.70/src/evp.rs:104:5
[INFO] [stdout]     |
[INFO] [stdout] 104 |     pub fn EVP_DigestUpdate(ctx: *mut EVP_MD_CTX, data: *const c_void, n: size_t) -> c_int;
[INFO] [stdout]     |     -------------------------------------------------------------------------------------- similarly named function `EVP_DigestUpdate` defined here
[INFO] [stdout] 
[INFO] [stdout] 
[INFO] [stdout] error[E0425]: cannot find function, tuple struct or tuple variant `EVP_DigestVerifyUpdate` in crate `ffi`
[INFO] [stdout]    --> /opt/rustwide/cargo-home/registry/src/index.crates.io-6f17d22bba15001f/openssl-0.10.39/src/md_ctx.rs:223:22
[INFO] [stdout]     |
[INFO] [stdout] 223 |               cvt(ffi::EVP_DigestVerifyUpdate(
[INFO] [stdout]     |                        ^^^^^^^^^^^^^^^^^^^^^^ help: a function with a similar name exists: `EVP_DigestVerifyFinal`
[INFO] [stdout]     |
[INFO] [stdout]    ::: /opt/rustwide/cargo-home/registry/src/index.crates.io-6f17d22bba15001f/openssl-sys-0.9.70/src/evp.rs:272:1
[INFO] [stdout]     |
[INFO] [stdout] 272 | / const_ptr_api! {
[INFO] [stdout] 273 | |     extern "C" {
[INFO] [stdout] 274 | |         pub fn EVP_DigestVerifyFinal(
[INFO] [stdout] 275 | |             ctx: *mut EVP_MD_CTX,
[INFO] [stdout] ...   |
[INFO] [stdout] 279 | |     }
[INFO] [stdout] 280 | | }
[INFO] [stdout]     | |_- similarly named function `EVP_DigestVerifyFinal` defined here
[INFO] [stdout] 
[INFO] [stdout] 
[INFO] [stdout] error[E0425]: cannot find function, tuple struct or tuple variant `OBJ_create` in crate `ffi`
[INFO] [stdout]   --> /opt/rustwide/cargo-home/registry/src/index.crates.io-6f17d22bba15001f/openssl-0.10.39/src/nid.rs:72:28
[INFO] [stdout]    |
[INFO] [stdout] 72 |             let raw = ffi::OBJ_create(oid.as_ptr(), sn.as_ptr(), ln.as_ptr());
[INFO] [stdout]    |                            ^^^^^^^^^^ not found in `ffi`
[INFO] [stdout] 
[INFO] [stdout] 
[INFO] [stdout] error[E0425]: cannot find function, tuple struct or tuple variant `PKCS12_set_mac` in crate `ffi`
[INFO] [stdout]    --> /opt/rustwide/cargo-home/registry/src/index.crates.io-6f17d22bba15001f/openssl-0.10.39/src/pkcs12.rs:205:22
[INFO] [stdout]     |
[INFO] [stdout] 205 |             cvt(ffi::PKCS12_set_mac(
[INFO] [stdout]     |                      ^^^^^^^^^^^^^^ not found in `ffi`
[INFO] [stdout] 
[INFO] [stdout] 
[INFO] [stdout] error[E0425]: cannot find value `EVP_PKEY_HKDF` in crate `ffi`
[INFO] [stdout]   --> /opt/rustwide/cargo-home/registry/src/index.crates.io-6f17d22bba15001f/openssl-0.10.39/src/pkey.rs:88:34
[INFO] [stdout]    |
[INFO] [stdout] 88 |     pub const HKDF: Id = Id(ffi::EVP_PKEY_HKDF);
[INFO] [stdout]    |                                  ^^^^^^^^^^^^^ help: a constant with a similar name exists: `EVP_PKEY_DH`
[INFO] [stdout]    |
[INFO] [stdout]   ::: /opt/rustwide/cargo-home/registry/src/index.crates.io-6f17d22bba15001f/openssl-sys-0.9.70/src/evp.rs:11:1
[INFO] [stdout]    |
[INFO] [stdout] 11 | pub const EVP_PKEY_DH: c_int = NID_dhKeyAgreement;
[INFO] [stdout]    | ---------------------------- similarly named constant `EVP_PKEY_DH` defined here
[INFO] [stdout] 
[INFO] [stdout] 
[INFO] [stdout] error[E0425]: cannot find value `EVP_PKEY_HKDEF_MODE_EXTRACT_AND_EXPAND` in crate `ffi`
[INFO] [stdout]   --> /opt/rustwide/cargo-home/registry/src/index.crates.io-6f17d22bba15001f/openssl-0.10.39/src/pkey_ctx.rs:80:57
[INFO] [stdout]    |
[INFO] [stdout] 80 |     pub const EXTRACT_THEN_EXPAND: Self = HkdfMode(ffi::EVP_PKEY_HKDEF_MODE_EXTRACT_AND_EXPAND);
[INFO] [stdout]    |                                                         ^^^^^^^^^^^^^^^^^^^^^^^^^^^^^^^^^^^^^^ not found in `ffi`
[INFO] [stdout] 
[INFO] [stdout] 
[INFO] [stdout] error[E0425]: cannot find value `EVP_PKEY_HKDEF_MODE_EXTRACT_ONLY` in crate `ffi`
[INFO] [stdout]   --> /opt/rustwide/cargo-home/registry/src/index.crates.io-6f17d22bba15001f/openssl-0.10.39/src/pkey_ctx.rs:81:50
[INFO] [stdout]    |
[INFO] [stdout] 81 |     pub const EXTRACT_ONLY: Self = HkdfMode(ffi::EVP_PKEY_HKDEF_MODE_EXTRACT_ONLY);
[INFO] [stdout]    |                                                  ^^^^^^^^^^^^^^^^^^^^^^^^^^^^^^^^ not found in `ffi`
[INFO] [stdout] 
[INFO] [stdout] 
[INFO] [stdout] error[E0425]: cannot find value `EVP_PKEY_HKDEF_MODE_EXPAND_ONLY` in crate `ffi`
[INFO] [stdout]   --> /opt/rustwide/cargo-home/registry/src/index.crates.io-6f17d22bba15001f/openssl-0.10.39/src/pkey_ctx.rs:82:49
[INFO] [stdout]    |
[INFO] [stdout] 82 |     pub const EXPAND_ONLY: Self = HkdfMode(ffi::EVP_PKEY_HKDEF_MODE_EXPAND_ONLY);
[INFO] [stdout]    |                                                 ^^^^^^^^^^^^^^^^^^^^^^^^^^^^^^^ not found in `ffi`
[INFO] [stdout] 
[INFO] [stdout] 
[INFO] [stdout] error[E0425]: cannot find function, tuple struct or tuple variant `EVP_PKEY_verify_init` in crate `ffi`
[INFO] [stdout]    --> /opt/rustwide/cargo-home/registry/src/index.crates.io-6f17d22bba15001f/openssl-0.10.39/src/pkey_ctx.rs:139:22
[INFO] [stdout]     |
[INFO] [stdout] 139 |             cvt(ffi::EVP_PKEY_verify_init(self.as_ptr()))?;
[INFO] [stdout]     |                      ^^^^^^^^^^^^^^^^^^^^ help: a function with a similar name exists: `EVP_PKEY_derive_init`
[INFO] [stdout]     |
[INFO] [stdout]    ::: /opt/rustwide/cargo-home/registry/src/index.crates.io-6f17d22bba15001f/openssl-sys-0.9.70/src/evp.rs:524:5
[INFO] [stdout]     |
[INFO] [stdout] 524 |     pub fn EVP_PKEY_derive_init(ctx: *mut EVP_PKEY_CTX) -> c_int;
[INFO] [stdout]     |     ------------------------------------------------------------ similarly named function `EVP_PKEY_derive_init` defined here
[INFO] [stdout] 
[INFO] [stdout] 
[INFO] [stdout] error[E0425]: cannot find function, tuple struct or tuple variant `EVP_PKEY_verify` in crate `ffi`
[INFO] [stdout]    --> /opt/rustwide/cargo-home/registry/src/index.crates.io-6f17d22bba15001f/openssl-0.10.39/src/pkey_ctx.rs:190:32
[INFO] [stdout]     |
[INFO] [stdout] 190 |             let r = cvt_n(ffi::EVP_PKEY_verify(
[INFO] [stdout]     |                                ^^^^^^^^^^^^^^^ help: a function with a similar name exists: `EVP_PKEY_derive`
[INFO] [stdout]     |
[INFO] [stdout]    ::: /opt/rustwide/cargo-home/registry/src/index.crates.io-6f17d22bba15001f/openssl-sys-0.9.70/src/evp.rs:526:5
[INFO] [stdout]     |
[INFO] [stdout] 526 |     pub fn EVP_PKEY_derive(ctx: *mut EVP_PKEY_CTX, key: *mut c_uchar, size: *mut size_t) -> c_int;
[INFO] [stdout]     |     --------------------------------------------------------------------------------------------- similarly named function `EVP_PKEY_derive` defined here
[INFO] [stdout] 
[INFO] [stdout] 
[INFO] [stdout] error[E0425]: cannot find function, tuple struct or tuple variant `EVP_PKEY_sign_init` in crate `ffi`
[INFO] [stdout]    --> /opt/rustwide/cargo-home/registry/src/index.crates.io-6f17d22bba15001f/openssl-0.10.39/src/pkey_ctx.rs:222:22
[INFO] [stdout]     |
[INFO] [stdout] 222 |             cvt(ffi::EVP_PKEY_sign_init(self.as_ptr()))?;
[INFO] [stdout]     |                      ^^^^^^^^^^^^^^^^^^ help: a function with a similar name exists: `EVP_PKEY_keygen_init`
[INFO] [stdout]     |
[INFO] [stdout]    ::: /opt/rustwide/cargo-home/registry/src/index.crates.io-6f17d22bba15001f/openssl-sys-0.9.70/src/evp.rs:535:5
[INFO] [stdout]     |
[INFO] [stdout] 535 |     pub fn EVP_PKEY_keygen_init(ctx: *mut EVP_PKEY_CTX) -> c_int;
[INFO] [stdout]     |     ------------------------------------------------------------ similarly named function `EVP_PKEY_keygen_init` defined here
[INFO] [stdout] 
[INFO] [stdout] 
[INFO] [stdout] error[E0425]: cannot find function, tuple struct or tuple variant `EVP_PKEY_sign` in crate `ffi`
[INFO] [stdout]    --> /opt/rustwide/cargo-home/registry/src/index.crates.io-6f17d22bba15001f/openssl-0.10.39/src/pkey_ctx.rs:286:22
[INFO] [stdout]     |
[INFO] [stdout] 286 |             cvt(ffi::EVP_PKEY_sign(
[INFO] [stdout]     |                      ^^^^^^^^^^^^^ help: a function with a similar name exists: `EVP_PKEY_assign`
[INFO] [stdout]     |
[INFO] [stdout]    ::: /opt/rustwide/cargo-home/registry/src/index.crates.io-6f17d22bba15001f/openssl-sys-0.9.70/src/evp.rs:410:5
[INFO] [stdout]     |
[INFO] [stdout] 410 |     pub fn EVP_PKEY_assign(pkey: *mut EVP_PKEY, typ: c_int, key: *mut c_void) -> c_int;
[INFO] [stdout]     |     ---------------------------------------------------------------------------------- similarly named function `EVP_PKEY_assign` defined here
[INFO] [stdout] 
[INFO] [stdout] 
[INFO] [stdout] error[E0425]: cannot find function, tuple struct or tuple variant `OPENSSL_malloc` in crate `ffi`
[INFO] [stdout]    --> /opt/rustwide/cargo-home/registry/src/index.crates.io-6f17d22bba15001f/openssl-0.10.39/src/pkey_ctx.rs:404:26
[INFO] [stdout]     |
[INFO] [stdout] 404 |             let p = ffi::OPENSSL_malloc(label.len() as _);
[INFO] [stdout]     |                          ^^^^^^^^^^^^^^ not found in `ffi`
[INFO] [stdout] 
[INFO] [stdout] 
[INFO] [stdout] error[E0425]: cannot find function, tuple struct or tuple variant `OPENSSL_free` in crate `ffi`
[INFO] [stdout]    --> /opt/rustwide/cargo-home/registry/src/index.crates.io-6f17d22bba15001f/openssl-0.10.39/src/pkey_ctx.rs:409:22
[INFO] [stdout]     |
[INFO] [stdout] 409 |                 ffi::OPENSSL_free(p);
[INFO] [stdout]     |                      ^^^^^^^^^^^^ help: a function with a similar name exists: `OPENSSL_sk_free`
[INFO] [stdout]     |
[INFO] [stdout]    ::: /opt/rustwide/cargo-home/registry/src/index.crates.io-6f17d22bba15001f/openssl-sys-0.9.70/src/stack.rs:25:13
[INFO] [stdout]     |
[INFO] [stdout] 25  |             pub fn OPENSSL_sk_free(st: *mut OPENSSL_STACK);
[INFO] [stdout]     |             ---------------------------------------------- similarly named function `OPENSSL_sk_free` defined here
[INFO] [stdout] 
[INFO] [stdout] 
[INFO] [stdout] error[E0425]: cannot find function, tuple struct or tuple variant `EVP_PKEY_CTX_set_hkdf_md` in crate `ffi`
[INFO] [stdout]    --> /opt/rustwide/cargo-home/registry/src/index.crates.io-6f17d22bba15001f/openssl-0.10.39/src/pkey_ctx.rs:463:22
[INFO] [stdout]     |
[INFO] [stdout] 463 |             cvt(ffi::EVP_PKEY_CTX_set_hkdf_md(
[INFO] [stdout]     |                      ^^^^^^^^^^^^^^^^^^^^^^^^ help: a function with a similar name exists: `EVP_PKEY_CTX_set_rsa_mgf1_md`
[INFO] [stdout]     |
[INFO] [stdout]    ::: /opt/rustwide/cargo-home/registry/src/index.crates.io-6f17d22bba15001f/openssl-sys-0.9.70/src/rsa.rs:15:13
[INFO] [stdout]     |
[INFO] [stdout] 15  |             pub fn EVP_PKEY_CTX_set_rsa_mgf1_md(ctx: *mut EVP_PKEY_CTX, md: *const EVP_MD) -> c_int;
[INFO] [stdout]     |             --------------------------------------------------------------------------------------- similarly named function `EVP_PKEY_CTX_set_rsa_mgf1_md` defined here
[INFO] [stdout] 
[INFO] [stdout] 
[INFO] [stdout] error[E0425]: cannot find function, tuple struct or tuple variant `EVP_PKEY_CTX_set_hkdf_mode` in crate `ffi`
[INFO] [stdout]    --> /opt/rustwide/cargo-home/registry/src/index.crates.io-6f17d22bba15001f/openssl-0.10.39/src/pkey_ctx.rs:482:22
[INFO] [stdout]     |
[INFO] [stdout] 482 |             cvt(ffi::EVP_PKEY_CTX_set_hkdf_mode(self.as_ptr(), mode.0))?;
[INFO] [stdout]     |                      ^^^^^^^^^^^^^^^^^^^^^^^^^^ not found in `ffi`
[INFO] [stdout] 
[INFO] [stdout] 
[INFO] [stdout] error[E0425]: cannot find function, tuple struct or tuple variant `EVP_PKEY_CTX_set1_hkdf_key` in crate `ffi`
[INFO] [stdout]    --> /opt/rustwide/cargo-home/registry/src/index.crates.io-6f17d22bba15001f/openssl-0.10.39/src/pkey_ctx.rs:498:22
[INFO] [stdout]     |
[INFO] [stdout] 498 |             cvt(ffi::EVP_PKEY_CTX_set1_hkdf_key(
[INFO] [stdout]     |                      ^^^^^^^^^^^^^^^^^^^^^^^^^^ not found in `ffi`
[INFO] [stdout] 
[INFO] [stdout] 
[INFO] [stdout] error[E0425]: cannot find function, tuple struct or tuple variant `EVP_PKEY_CTX_set1_hkdf_salt` in crate `ffi`
[INFO] [stdout]    --> /opt/rustwide/cargo-home/registry/src/index.crates.io-6f17d22bba15001f/openssl-0.10.39/src/pkey_ctx.rs:518:22
[INFO] [stdout]     |
[INFO] [stdout] 518 |             cvt(ffi::EVP_PKEY_CTX_set1_hkdf_salt(
[INFO] [stdout]     |                      ^^^^^^^^^^^^^^^^^^^^^^^^^^^ not found in `ffi`
[INFO] [stdout] 
[INFO] [stdout] 
[INFO] [stdout] error[E0425]: cannot find function, tuple struct or tuple variant `EVP_PKEY_CTX_add1_hkdf_info` in crate `ffi`
[INFO] [stdout]    --> /opt/rustwide/cargo-home/registry/src/index.crates.io-6f17d22bba15001f/openssl-0.10.39/src/pkey_ctx.rs:538:22
[INFO] [stdout]     |
[INFO] [stdout] 538 |             cvt(ffi::EVP_PKEY_CTX_add1_hkdf_info(
[INFO] [stdout]     |                      ^^^^^^^^^^^^^^^^^^^^^^^^^^^ not found in `ffi`
[INFO] [stdout] 
[INFO] [stdout] 
[INFO] [stdout] error[E0412]: cannot find type `OSSL_PROVIDER` in crate `ffi`
[INFO] [stdout]   --> /opt/rustwide/cargo-home/registry/src/index.crates.io-6f17d22bba15001f/openssl-0.10.39/src/provider.rs:10:23
[INFO] [stdout]    |
[INFO] [stdout] 10 |     type CType = ffi::OSSL_PROVIDER;
[INFO] [stdout]    |                       ^^^^^^^^^^^^^ not found in `ffi`
[INFO] [stdout] 
[INFO] [stdout] 
[INFO] [stdout] error[E0412]: cannot find type `OSSL_PROVIDER` in crate `ffi`
[INFO] [stdout]   --> /opt/rustwide/cargo-home/registry/src/index.crates.io-6f17d22bba15001f/openssl-0.10.39/src/provider.rs:19:43
[INFO] [stdout]    |
[INFO] [stdout] 19 | unsafe fn ossl_provider_free(p: *mut ffi::OSSL_PROVIDER) {
[INFO] [stdout]    |                                           ^^^^^^^^^^^^^ not found in `ffi`
[INFO] [stdout] 
[INFO] [stdout] 
[INFO] [stdout] error[E0425]: cannot find function, tuple struct or tuple variant `OSSL_PROVIDER_unload` in crate `ffi`
[INFO] [stdout]   --> /opt/rustwide/cargo-home/registry/src/index.crates.io-6f17d22bba15001f/openssl-0.10.39/src/provider.rs:20:10
[INFO] [stdout]    |
[INFO] [stdout] 20 |     ffi::OSSL_PROVIDER_unload(p);
[INFO] [stdout]    |          ^^^^^^^^^^^^^^^^^^^^ not found in `ffi`
[INFO] [stdout] 
[INFO] [stdout] 
[INFO] [stdout] error[E0425]: cannot find function, tuple struct or tuple variant `OSSL_PROVIDER_load` in crate `ffi`
[INFO] [stdout]   --> /opt/rustwide/cargo-home/registry/src/index.crates.io-6f17d22bba15001f/openssl-0.10.39/src/provider.rs:31:32
[INFO] [stdout]    |
[INFO] [stdout] 31 |             let p = cvt_p(ffi::OSSL_PROVIDER_load(
[INFO] [stdout]    |                                ^^^^^^^^^^^^^^^^^^ not found in `ffi`
[INFO] [stdout] 
[INFO] [stdout] 
[INFO] [stdout] error[E0425]: cannot find function, tuple struct or tuple variant `OSSL_PROVIDER_try_load` in crate `ffi`
[INFO] [stdout]   --> /opt/rustwide/cargo-home/registry/src/index.crates.io-6f17d22bba15001f/openssl-0.10.39/src/provider.rs:52:32
[INFO] [stdout]    |
[INFO] [stdout] 52 |             let p = cvt_p(ffi::OSSL_PROVIDER_try_load(
[INFO] [stdout]    |                                ^^^^^^^^^^^^^^^^^^^^^^ not found in `ffi`
[INFO] [stdout] 
[INFO] [stdout] 
[INFO] [stdout] error[E0425]: cannot find function, tuple struct or tuple variant `BIO_meth_set_write__fixed_rust` in crate `ffi`
[INFO] [stdout]    --> /opt/rustwide/cargo-home/registry/src/index.crates.io-6f17d22bba15001f/openssl-0.10.39/src/ssl/bio.rs:208:30
[INFO] [stdout]     |
[INFO] [stdout] 208 |                     cvt(ffi::BIO_meth_set_write__fixed_rust(method.0, Some(bwrite::<S>)))?;
[INFO] [stdout]     |                              ^^^^^^^^^^^^^^^^^^^^^^^^^^^^^^ not found in `ffi`
[INFO] [stdout] 
[INFO] [stdout] 
[INFO] [stdout] error[E0425]: cannot find function, tuple struct or tuple variant `BIO_meth_set_read__fixed_rust` in crate `ffi`
[INFO] [stdout]    --> /opt/rustwide/cargo-home/registry/src/index.crates.io-6f17d22bba15001f/openssl-0.10.39/src/ssl/bio.rs:209:30
[INFO] [stdout]     |
[INFO] [stdout] 209 |                     cvt(ffi::BIO_meth_set_read__fixed_rust(method.0, Some(bread::<S>)))?;
[INFO] [stdout]     |                              ^^^^^^^^^^^^^^^^^^^^^^^^^^^^^ not found in `ffi`
[INFO] [stdout] 
[INFO] [stdout] 
[INFO] [stdout] error[E0425]: cannot find function, tuple struct or tuple variant `BIO_meth_set_puts__fixed_rust` in crate `ffi`
[INFO] [stdout]    --> /opt/rustwide/cargo-home/registry/src/index.crates.io-6f17d22bba15001f/openssl-0.10.39/src/ssl/bio.rs:210:30
[INFO] [stdout]     |
[INFO] [stdout] 210 |                     cvt(ffi::BIO_meth_set_puts__fixed_rust(method.0, Some(bputs::<S>)))?;
[INFO] [stdout]     |                              ^^^^^^^^^^^^^^^^^^^^^^^^^^^^^ not found in `ffi`
[INFO] [stdout] 
[INFO] [stdout] 
[INFO] [stdout] error[E0425]: cannot find function, tuple struct or tuple variant `BIO_meth_set_ctrl__fixed_rust` in crate `ffi`
[INFO] [stdout]    --> /opt/rustwide/cargo-home/registry/src/index.crates.io-6f17d22bba15001f/openssl-0.10.39/src/ssl/bio.rs:211:30
[INFO] [stdout]     |
[INFO] [stdout] 211 |                     cvt(ffi::BIO_meth_set_ctrl__fixed_rust(method.0, Some(ctrl::<S>)))?;
[INFO] [stdout]     |                              ^^^^^^^^^^^^^^^^^^^^^^^^^^^^^ not found in `ffi`
[INFO] [stdout] 
[INFO] [stdout] 
[INFO] [stdout] error[E0425]: cannot find function, tuple struct or tuple variant `BIO_meth_set_create__fixed_rust` in crate `ffi`
[INFO] [stdout]    --> /opt/rustwide/cargo-home/registry/src/index.crates.io-6f17d22bba15001f/openssl-0.10.39/src/ssl/bio.rs:212:30
[INFO] [stdout]     |
[INFO] [stdout] 212 |                     cvt(ffi::BIO_meth_set_create__fixed_rust(method.0, Some(create)))?;
[INFO] [stdout]     |                              ^^^^^^^^^^^^^^^^^^^^^^^^^^^^^^^ not found in `ffi`
[INFO] [stdout] 
[INFO] [stdout] 
[INFO] [stdout] error[E0425]: cannot find function, tuple struct or tuple variant `BIO_meth_set_destroy__fixed_rust` in crate `ffi`
[INFO] [stdout]    --> /opt/rustwide/cargo-home/registry/src/index.crates.io-6f17d22bba15001f/openssl-0.10.39/src/ssl/bio.rs:213:30
[INFO] [stdout]     |
[INFO] [stdout] 213 |                     cvt(ffi::BIO_meth_set_destroy__fixed_rust(method.0, Some(destroy::<S>)))?;
[INFO] [stdout]     |                              ^^^^^^^^^^^^^^^^^^^^^^^^^^^^^^^^ not found in `ffi`
[INFO] [stdout] 
[INFO] [stdout] 
[INFO] [stdout] error[E0425]: cannot find function, tuple struct or tuple variant `SSL_CTX_set_tlsext_servername_callback__fixed_rust` in crate `ffi`
[INFO] [stdout]    --> /opt/rustwide/cargo-home/registry/src/index.crates.io-6f17d22bba15001f/openssl-0.10.39/src/ssl/mod.rs:726:18
[INFO] [stdout]     |
[INFO] [stdout] 726 |               ffi::SSL_CTX_set_tlsext_servername_callback__fixed_rust(
[INFO] [stdout]     |                    ^^^^^^^^^^^^^^^^^^^^^^^^^^^^^^^^^^^^^^^^^^^^^^^^^^ help: a function with a similar name exists: `SSL_CTX_set_tlsext_servername_callback`
[INFO] [stdout]     |
[INFO] [stdout]    ::: /opt/rustwide/cargo-home/registry/src/index.crates.io-6f17d22bba15001f/openssl-sys-0.9.70/src/tls1.rs:85:1
[INFO] [stdout]     |
[INFO] [stdout] 85  | / pub unsafe fn SSL_CTX_set_tlsext_servername_callback(
[INFO] [stdout] 86  | |     ctx: *mut SSL_CTX,
[INFO] [stdout] 87  | |     // FIXME should have the right signature
[INFO] [stdout] 88  | |     cb: Option<extern "C" fn()>,
[INFO] [stdout] 89  | | ) -> c_long {
[INFO] [stdout]     | |___________- similarly named function `SSL_CTX_set_tlsext_servername_callback` defined here
[INFO] [stdout] 
[INFO] [stdout] 
[INFO] [stdout] error[E0425]: cannot find function, tuple struct or tuple variant `SSL_CTX_set_tmp_dh_callback__fixed_rust` in crate `ffi`
[INFO] [stdout]     --> /opt/rustwide/cargo-home/registry/src/index.crates.io-6f17d22bba15001f/openssl-0.10.39/src/ssl/mod.rs:808:18
[INFO] [stdout]      |
[INFO] [stdout] 808  |               ffi::SSL_CTX_set_tmp_dh_callback__fixed_rust(self.as_ptr(), Some(raw_tmp_dh::<F>));
[INFO] [stdout]      |                    ^^^^^^^^^^^^^^^^^^^^^^^^^^^^^^^^^^^^^^^ help: a function with a similar name exists: `SSL_CTX_set_tmp_dh_callback`
[INFO] [stdout]      |
[INFO] [stdout]     ::: /opt/rustwide/cargo-home/registry/src/index.crates.io-6f17d22bba15001f/openssl-sys-0.9.70/src/ssl.rs:1327:5
[INFO] [stdout]      |
[INFO] [stdout] 1327 | /     pub fn SSL_CTX_set_tmp_dh_callback(
[INFO] [stdout] 1328 | |         ctx: *mut SSL_CTX,
[INFO] [stdout] 1329 | |         dh: unsafe extern "C" fn(ssl: *mut SSL, is_export: c_int, keylength: c_int) -> *mut DH,
[INFO] [stdout] 1330 | |     );
[INFO] [stdout]      | |_____- similarly named function `SSL_CTX_set_tmp_dh_callback` defined here
[INFO] [stdout] 
[INFO] [stdout] 
[INFO] [stdout] error[E0425]: cannot find function, tuple struct or tuple variant `SSL_CTX_set_alpn_select_cb__fixed_rust` in crate `ffi`
[INFO] [stdout]     --> /opt/rustwide/cargo-home/registry/src/index.crates.io-6f17d22bba15001f/openssl-0.10.39/src/ssl/mod.rs:1207:18
[INFO] [stdout]      |
[INFO] [stdout] 1207 |               ffi::SSL_CTX_set_alpn_select_cb__fixed_rust(
[INFO] [stdout]      |                    ^^^^^^^^^^^^^^^^^^^^^^^^^^^^^^^^^^^^^^ help: a function with a similar name exists: `SSL_CTX_set_alpn_select_cb`
[INFO] [stdout]      |
[INFO] [stdout]     ::: /opt/rustwide/cargo-home/registry/src/index.crates.io-6f17d22bba15001f/openssl-sys-0.9.70/src/ssl.rs:634:5
[INFO] [stdout]      |
[INFO] [stdout] 634  | /     pub fn SSL_CTX_set_alpn_select_cb(
[INFO] [stdout] 635  | |         ssl: *mut SSL_CTX,
[INFO] [stdout] 636  | |         cb: extern "C" fn(
[INFO] [stdout] 637  | |             ssl: *mut SSL,
[INFO] [stdout] ...    |
[INFO] [stdout] 644  | |         arg: *mut c_void,
[INFO] [stdout] 645  | |     );
[INFO] [stdout]      | |_____- similarly named function `SSL_CTX_set_alpn_select_cb` defined here
[INFO] [stdout] 
[INFO] [stdout] 
[INFO] [stdout] error[E0425]: cannot find function, tuple struct or tuple variant `SSL_set_tmp_dh_callback__fixed_rust` in crate `ffi`
[INFO] [stdout]     --> /opt/rustwide/cargo-home/registry/src/index.crates.io-6f17d22bba15001f/openssl-0.10.39/src/ssl/mod.rs:2288:18
[INFO] [stdout]      |
[INFO] [stdout] 2288 |             ffi::SSL_set_tmp_dh_callback__fixed_rust(self.as_ptr(), Some(raw_tmp_dh_ssl::<F>));
[INFO] [stdout]      |                  ^^^^^^^^^^^^^^^^^^^^^^^^^^^^^^^^^^^ not found in `ffi`
[INFO] [stdout] 
[INFO] [stdout] 
[INFO] [stdout] error[E0425]: cannot find function, tuple struct or tuple variant `SSL_get_extms_support` in crate `ffi`
[INFO] [stdout]     --> /opt/rustwide/cargo-home/registry/src/index.crates.io-6f17d22bba15001f/openssl-0.10.39/src/ssl/mod.rs:2765:24
[INFO] [stdout]      |
[INFO] [stdout] 2765 |             match ffi::SSL_get_extms_support(self.as_ptr()) {
[INFO] [stdout]      |                        ^^^^^^^^^^^^^^^^^^^^^ not found in `ffi`
[INFO] [stdout] 
[INFO] [stdout] 
[INFO] [stdout] error[E0425]: cannot find function, tuple struct or tuple variant `OPENSSL_malloc` in crate `ffi`
[INFO] [stdout]     --> /opt/rustwide/cargo-home/registry/src/index.crates.io-6f17d22bba15001f/openssl-0.10.39/src/ssl/mod.rs:2792:32
[INFO] [stdout]      |
[INFO] [stdout] 2792 |             let p = cvt_p(ffi::OPENSSL_malloc(response.len() as _))?;
[INFO] [stdout]      |                                ^^^^^^^^^^^^^^ not found in `ffi`
[INFO] [stdout] 
[INFO] [stdout] 
[INFO] [stdout] error[E0425]: cannot find function, tuple struct or tuple variant `OPENSSL_free` in crate `ffi`
[INFO] [stdout]   --> /opt/rustwide/cargo-home/registry/src/index.crates.io-6f17d22bba15001f/openssl-0.10.39/src/string.rs:84:10
[INFO] [stdout]    |
[INFO] [stdout] 84 |     ffi::OPENSSL_free(buf as *mut c_void);
[INFO] [stdout]    |          ^^^^^^^^^^^^ help: a function with a similar name exists: `OPENSSL_sk_free`
[INFO] [stdout]    |
[INFO] [stdout]   ::: /opt/rustwide/cargo-home/registry/src/index.crates.io-6f17d22bba15001f/openssl-sys-0.9.70/src/stack.rs:25:13
[INFO] [stdout]    |
[INFO] [stdout] 25 |             pub fn OPENSSL_sk_free(st: *mut OPENSSL_STACK);
[INFO] [stdout]    |             ---------------------------------------------- similarly named function `OPENSSL_sk_free` defined here
[INFO] [stdout] 
[INFO] [stdout] 
[INFO] [stdout] error[E0425]: cannot find function, tuple struct or tuple variant `X509_issuer_name_hash` in crate `ffi`
[INFO] [stdout]    --> /opt/rustwide/cargo-home/registry/src/index.crates.io-6f17d22bba15001f/openssl-0.10.39/src/x509/mod.rs:399:23
[INFO] [stdout]     |
[INFO] [stdout] 399 |         unsafe { ffi::X509_issuer_name_hash(self.as_ptr()) as u32 }
[INFO] [stdout]     |                       ^^^^^^^^^^^^^^^^^^^^^ help: a function with a similar name exists: `X509_subject_name_hash`
[INFO] [stdout]     |
[INFO] [stdout]    ::: /opt/rustwide/cargo-home/registry/src/index.crates.io-6f17d22bba15001f/openssl-sys-0.9.70/src/x509.rs:336:5
[INFO] [stdout]     |
[INFO] [stdout] 336 |     pub fn X509_subject_name_hash(x: *mut ::X509) -> c_ulong;
[INFO] [stdout]     |     -------------------------------------------------------- similarly named function `X509_subject_name_hash` defined here
[INFO] [stdout] 
[INFO] [stdout] 
[INFO] [stdout] error[E0425]: cannot find function, tuple struct or tuple variant `X509_print` in crate `ffi`
[INFO] [stdout]    --> /opt/rustwide/cargo-home/registry/src/index.crates.io-6f17d22bba15001f/openssl-0.10.39/src/x509/mod.rs:588:14
[INFO] [stdout]     |
[INFO] [stdout] 588 |         ffi::X509_print
[INFO] [stdout]     |              ^^^^^^^^^^ not found in `ffi`
[INFO] [stdout] 
[INFO] [stdout] 
[INFO] [stderr]     Checking encoding_rs v0.8.32
[INFO] [stderr]     Checking strsim v0.10.0
[INFO] [stderr]     Checking textwrap v0.15.2
[INFO] [stderr]     Checking termcolor v1.2.0
[INFO] [stdout] error[E0308]: mismatched types
[INFO] [stdout]    --> /opt/rustwide/cargo-home/registry/src/index.crates.io-6f17d22bba15001f/openssl-0.10.39/src/cipher.rs:133:56
[INFO] [stdout]     |
[INFO] [stdout] 133 |                 properties.map_or(ptr::null_mut(), |s| s.as_ptr()),
[INFO] [stdout]     |                                                        ^^^^^^^^^^ types differ in mutability
[INFO] [stdout]     |
[INFO] [stdout]     = note: expected raw pointer `*mut _`
[INFO] [stdout]                found raw pointer `*const i8`
[INFO] [stdout] 
[INFO] [stdout] 
[INFO] [stderr]     Checking rustc-hash v1.1.0
[INFO] [stderr]     Checking ipnet v2.7.1
[INFO] [stdout] error[E0308]: mismatched types
[INFO] [stdout]    --> /opt/rustwide/cargo-home/registry/src/index.crates.io-6f17d22bba15001f/openssl-0.10.39/src/md.rs:108:56
[INFO] [stdout]     |
[INFO] [stdout] 108 |                 properties.map_or(ptr::null_mut(), |s| s.as_ptr()),
[INFO] [stdout]     |                                                        ^^^^^^^^^^ types differ in mutability
[INFO] [stdout]     |
[INFO] [stdout]     = note: expected raw pointer `*mut _`
[INFO] [stdout]                found raw pointer `*const i8`
[INFO] [stdout] 
[INFO] [stdout] 
[INFO] [stderr]     Checking arrayref v0.3.6
[INFO] [stderr]     Checking mime v0.3.16
[INFO] [stderr]     Checking base64 v0.21.0
[INFO] [stderr]     Checking wax v0.5.0
[INFO] [stderr]     Checking lsx v1.1.2
[INFO] [stdout] error[E0308]: mismatched types
[INFO] [stdout]     --> /opt/rustwide/cargo-home/registry/src/index.crates.io-6f17d22bba15001f/openssl-0.10.39/src/ssl/mod.rs:1551:22
[INFO] [stdout]      |
[INFO] [stdout] 1551 |                 Some(raw_custom_ext_free::<T>),
[INFO] [stdout]      |                 ---- ^^^^^^^^^^^^^^^^^^^^^^^^ types differ in mutability
[INFO] [stdout]      |                 |
[INFO] [stdout]      |                 arguments to this enum variant are incorrect
[INFO] [stdout]      |
[INFO] [stdout]      = note: expected fn pointer `unsafe extern "C" fn(_, _, _, *mut *const u8, _)`
[INFO] [stdout]                    found fn item `extern "C" fn(_, _, _, *const u8, _) {callbacks::raw_custom_ext_free::<T>}`
[INFO] [stdout] help: the type constructed contains `extern "C" fn(*mut SSL, u32, u32, *const u8, *mut c_void) {callbacks::raw_custom_ext_free::<T>}` due to the type of the argument passed
[INFO] [stdout]     --> /opt/rustwide/cargo-home/registry/src/index.crates.io-6f17d22bba15001f/openssl-0.10.39/src/ssl/mod.rs:1551:17
[INFO] [stdout]      |
[INFO] [stdout] 1551 |                 Some(raw_custom_ext_free::<T>),
[INFO] [stdout]      |                 ^^^^^------------------------^
[INFO] [stdout]      |                      |
[INFO] [stdout]      |                      this argument influences the type of `Some`
[INFO] [stdout] note: tuple variant defined here
[INFO] [stdout]     --> /rustc/0e09125c6c3c2fd70d7de961bcf0e51575235fad/library/core/src/option.rs:578:5
[INFO] [stdout] 
[INFO] [stdout] 
[INFO] [stderr]     Checking flate2 v1.0.25
[INFO] [stderr]     Checking rayon v1.6.1
[INFO] [stdout] error: aborting due to 58 previous errors
[INFO] [stdout] 
[INFO] [stdout] 
[INFO] [stdout] Some errors have detailed explanations: E0308, E0412, E0425, E0432.
[INFO] [stdout] 
[INFO] [stdout] For more information about an error, try `rustc --explain E0308`.
[INFO] [stdout] 
[INFO] [stderr] error: could not compile `openssl` (lib) due to 59 previous errors
[INFO] [stderr] warning: build failed, waiting for other jobs to finish...
[INFO] running `Command { std: "docker" "inspect" "74bf3b260b86a998ee0d6f8c178ce939e134335a80288b6577065e4057a015de", kill_on_drop: false }`
[INFO] running `Command { std: "docker" "rm" "-f" "74bf3b260b86a998ee0d6f8c178ce939e134335a80288b6577065e4057a015de", kill_on_drop: false }`
[INFO] [stdout] 74bf3b260b86a998ee0d6f8c178ce939e134335a80288b6577065e4057a015de
