[INFO] cloning repository https://github.com/SnowdenWintermute/roguelike-racing
[INFO] running `Command { std: "git" "-c" "credential.helper=" "-c" "credential.helper=/workspace/cargo-home/bin/git-credential-null" "clone" "--bare" "https://github.com/SnowdenWintermute/roguelike-racing" "/workspace/cache/git-repos/https%3A%2F%2Fgithub.com%2FSnowdenWintermute%2Froguelike-racing", kill_on_drop: false }`
[INFO] [stderr] Cloning into bare repository '/workspace/cache/git-repos/https%3A%2F%2Fgithub.com%2FSnowdenWintermute%2Froguelike-racing'...
[INFO] running `Command { std: "git" "rev-parse" "HEAD", kill_on_drop: false }`
[INFO] [stdout] eaff898d3e87c01b350bca6bba27b0d3db83fb81
[INFO] documenting SnowdenWintermute/roguelike-racing against 1.75.0 for beta-1.76-rustdoc-1
[INFO] running `Command { std: "git" "clone" "/workspace/cache/git-repos/https%3A%2F%2Fgithub.com%2FSnowdenWintermute%2Froguelike-racing" "/workspace/builds/worker-1-tc1/source", kill_on_drop: false }`
[INFO] [stderr] Cloning into '/workspace/builds/worker-1-tc1/source'...
[INFO] [stderr] done.
[INFO] validating manifest of git repo https://github.com/SnowdenWintermute/roguelike-racing on toolchain 1.75.0
[INFO] running `Command { std: CARGO_HOME="/workspace/cargo-home" RUSTUP_HOME="/workspace/rustup-home" "/workspace/cargo-home/bin/cargo" "+1.75.0" "metadata" "--manifest-path" "Cargo.toml" "--no-deps", kill_on_drop: false }`
[INFO] started tweaking git repo https://github.com/SnowdenWintermute/roguelike-racing
[INFO] finished tweaking git repo https://github.com/SnowdenWintermute/roguelike-racing
[INFO] tweaked toml for git repo https://github.com/SnowdenWintermute/roguelike-racing written to /workspace/builds/worker-1-tc1/source/Cargo.toml
[INFO] crate git repo https://github.com/SnowdenWintermute/roguelike-racing already has a lockfile, it will not be regenerated
[INFO] running `Command { std: CARGO_HOME="/workspace/cargo-home" RUSTUP_HOME="/workspace/rustup-home" "/workspace/cargo-home/bin/cargo" "+1.75.0" "fetch" "--manifest-path" "Cargo.toml", kill_on_drop: false }`
[INFO] [stderr] warning: virtual workspace defaulting to `resolver = "1"` despite one or more workspace members being on edition 2021 which implies `resolver = "2"`
[INFO] [stderr] note: to keep the current resolver, specify `workspace.resolver = "1"` in the workspace root's manifest
[INFO] [stderr] note: to use the edition 2021 resolver, specify `workspace.resolver = "2"` in the workspace root's manifest
[INFO] [stderr] note: for more details see https://doc.rust-lang.org/cargo/reference/resolver.html#resolver-versions
[INFO] [stderr]     Updating crates.io index
[INFO] [stderr]  Downloading crates ...
[INFO] [stderr]   Downloaded gloo-render v0.2.0
[INFO] [stderr]   Downloaded gloo-events v0.2.0
[INFO] [stderr]   Downloaded gloo-dialogs v0.2.0
[INFO] [stderr]   Downloaded yew-router-macro v0.18.0
[INFO] [stderr]   Downloaded gloo-storage v0.3.0
[INFO] [stderr]   Downloaded gloo-file v0.3.0
[INFO] [stderr]   Downloaded yew-macro v0.21.0
[INFO] [stderr]   Downloaded gloo-history v0.2.1
[INFO] [stderr]   Downloaded gloo v0.10.0
[INFO] [stderr]   Downloaded yew v0.21.0
[INFO] [stderr]   Downloaded implicit-clone v0.4.8
[INFO] [stderr]   Downloaded serde-wasm-bindgen v0.6.1
[INFO] [stderr]   Downloaded yew-router v0.18.0
[INFO] [stderr]   Downloaded yewdux v0.9.4
[INFO] [stderr]   Downloaded gloo-console v0.3.0
[INFO] [stderr]   Downloaded implicit-clone-derive v0.1.1
[INFO] [stderr]   Downloaded yewdux-macros v0.9.4
[INFO] running `Command { std: "docker" "create" "-v" "/var/lib/crater-agent-workspace/builds/worker-1-tc1/target:/opt/rustwide/target:rw,Z" "-v" "/var/lib/crater-agent-workspace/builds/worker-1-tc1/source:/opt/rustwide/workdir:ro,Z" "-v" "/var/lib/crater-agent-workspace/cargo-home:/opt/rustwide/cargo-home:ro,Z" "-v" "/var/lib/crater-agent-workspace/rustup-home:/opt/rustwide/rustup-home:ro,Z" "-e" "SOURCE_DIR=/opt/rustwide/workdir" "-e" "CARGO_TARGET_DIR=/opt/rustwide/target" "-e" "CARGO_HOME=/opt/rustwide/cargo-home" "-e" "RUSTUP_HOME=/opt/rustwide/rustup-home" "-w" "/opt/rustwide/workdir" "-m" "1610612736" "--user" "0:0" "--network" "none" "ghcr.io/rust-lang/crates-build-env/linux@sha256:2788e3201cd34a07e3172128adcd8b3090168a8e3bcc40d7c032b9dda1df7d1c" "/opt/rustwide/cargo-home/bin/cargo" "+1.75.0" "metadata" "--no-deps" "--format-version=1", kill_on_drop: false }`
[INFO] [stdout] 4e9ca3d125ee3f911063660391bf2a507cfbf0a05f2b0961119e769609dc53a3
[INFO] running `Command { std: "docker" "start" "-a" "4e9ca3d125ee3f911063660391bf2a507cfbf0a05f2b0961119e769609dc53a3", kill_on_drop: false }`
[INFO] running `Command { std: "docker" "inspect" "4e9ca3d125ee3f911063660391bf2a507cfbf0a05f2b0961119e769609dc53a3", kill_on_drop: false }`
[INFO] running `Command { std: "docker" "rm" "-f" "4e9ca3d125ee3f911063660391bf2a507cfbf0a05f2b0961119e769609dc53a3", kill_on_drop: false }`
[INFO] [stdout] 4e9ca3d125ee3f911063660391bf2a507cfbf0a05f2b0961119e769609dc53a3
[INFO] running `Command { std: "docker" "create" "-v" "/var/lib/crater-agent-workspace/builds/worker-1-tc1/target:/opt/rustwide/target:rw,Z" "-v" "/var/lib/crater-agent-workspace/builds/worker-1-tc1/source:/opt/rustwide/workdir:ro,Z" "-v" "/var/lib/crater-agent-workspace/cargo-home:/opt/rustwide/cargo-home:ro,Z" "-v" "/var/lib/crater-agent-workspace/rustup-home:/opt/rustwide/rustup-home:ro,Z" "-e" "SOURCE_DIR=/opt/rustwide/workdir" "-e" "CARGO_TARGET_DIR=/opt/rustwide/target" "-e" "CARGO_INCREMENTAL=0" "-e" "RUST_BACKTRACE=full" "-e" "RUSTFLAGS=--cap-lints=warn" "-e" "RUSTDOCFLAGS=--cap-lints=warn" "-e" "CARGO_HOME=/opt/rustwide/cargo-home" "-e" "RUSTUP_HOME=/opt/rustwide/rustup-home" "-w" "/opt/rustwide/workdir" "-m" "1610612736" "--user" "0:0" "--network" "none" "ghcr.io/rust-lang/crates-build-env/linux@sha256:2788e3201cd34a07e3172128adcd8b3090168a8e3bcc40d7c032b9dda1df7d1c" "/opt/rustwide/cargo-home/bin/cargo" "+1.75.0" "doc" "--frozen" "--no-deps" "--document-private-items" "--message-format=json", kill_on_drop: false }`
[INFO] [stdout] 1c32e57087e72af0bc66ce39fc6a7a10d5e3cac217efc5f24d5c1ee3a8b8bb27
[INFO] running `Command { std: "docker" "start" "-a" "1c32e57087e72af0bc66ce39fc6a7a10d5e3cac217efc5f24d5c1ee3a8b8bb27", kill_on_drop: false }`
[INFO] [stderr] warning: virtual workspace defaulting to `resolver = "1"` despite one or more workspace members being on edition 2021 which implies `resolver = "2"`
[INFO] [stderr] note: to keep the current resolver, specify `workspace.resolver = "1"` in the workspace root's manifest
[INFO] [stderr] note: to use the edition 2021 resolver, specify `workspace.resolver = "2"` in the workspace root's manifest
[INFO] [stderr] note: for more details see https://doc.rust-lang.org/cargo/reference/resolver.html#resolver-versions
[INFO] [stderr]    Compiling proc-macro2 v1.0.69
[INFO] [stderr]    Compiling unicode-ident v1.0.12
[INFO] [stderr]     Checking cfg-if v1.0.0
[INFO] [stderr]    Compiling libc v0.2.150
[INFO] [stderr]    Compiling once_cell v1.18.0
[INFO] [stderr]    Compiling log v0.4.20
[INFO] [stderr]    Compiling futures-core v0.3.29
[INFO] [stderr]    Compiling serde v1.0.192
[INFO] [stderr]    Compiling wasm-bindgen-shared v0.2.88
[INFO] [stderr]     Checking pin-project-lite v0.2.13
[INFO] [stderr]    Compiling bumpalo v3.14.0
[INFO] [stderr]     Checking futures-sink v0.3.29
[INFO] [stderr]     Checking memchr v2.6.4
[INFO] [stderr]    Compiling wasm-bindgen v0.2.88
[INFO] [stderr]    Compiling futures-channel v0.3.29
[INFO] [stderr]     Checking itoa v1.0.9
[INFO] [stderr]     Checking bytes v1.5.0
[INFO] [stderr]    Compiling lock_api v0.4.11
[INFO] [stderr]    Compiling parking_lot_core v0.9.9
[INFO] [stderr]    Compiling slab v0.4.9
[INFO] [stderr]    Compiling quote v1.0.33
[INFO] [stderr]    Compiling futures-task v0.3.29
[INFO] [stderr]     Checking scopeguard v1.2.0
[INFO] [stderr]     Checking smallvec v1.11.2
[INFO] [stderr]    Compiling futures-util v0.3.29
[INFO] [stderr]    Compiling syn v2.0.39
[INFO] [stderr]     Checking futures-io v0.3.29
[INFO] [stderr]     Checking pin-utils v0.1.0
[INFO] [stderr]     Checking ryu v1.0.15
[INFO] [stderr]    Compiling serde_json v1.0.108
[INFO] [stderr]     Checking tracing-core v0.1.32
[INFO] [stderr]     Checking percent-encoding v2.3.0
[INFO] [stderr]    Compiling syn v1.0.109
[INFO] [stderr]    Compiling rustversion v1.0.14
[INFO] [stderr]     Checking fnv v1.0.7
[INFO] [stderr]     Checking http v0.2.11
[INFO] [stderr]    Compiling thiserror v1.0.50
[INFO] [stderr]     Checking form_urlencoded v1.2.0
[INFO] [stderr]    Compiling typenum v1.17.0
[INFO] [stderr]     Checking mio v0.8.9
[INFO] [stderr]     Checking parking_lot v0.12.1
[INFO] [stderr]     Checking socket2 v0.5.5
[INFO] [stderr]     Checking signal-hook-registry v1.4.1
[INFO] [stderr]     Checking getrandom v0.2.11
[INFO] [stderr]     Checking hashbrown v0.14.2
[INFO] [stderr]     Checking equivalent v1.0.1
[INFO] [stderr]     Checking tokio v1.34.0
[INFO] [stderr]    Compiling generic-array v0.14.7
[INFO] [stderr]    Compiling pkg-config v0.3.27
[INFO] [stderr]    Compiling jobserver v0.1.27
[INFO] [stderr]     Checking rand_core v0.6.4
[INFO] [stderr]     Checking indexmap v2.1.0
[INFO] [stderr]    Compiling cc v1.0.83
[INFO] [stderr]     Checking ppv-lite86 v0.2.17
[INFO] [stderr]    Compiling toml_datetime v0.6.5
[INFO] [stderr]     Checking rand_chacha v0.3.1
[INFO] [stderr]     Checking bitflags v2.4.1
[INFO] [stderr]    Compiling winnow v0.5.19
[INFO] [stderr]    Compiling paste v1.0.14
[INFO] [stderr]     Checking rand v0.8.5
[INFO] [stderr]    Compiling zstd-sys v2.0.9+zstd.1.5.5
[INFO] [stderr]    Compiling aho-corasick v1.1.2
[INFO] [stderr]    Compiling wasm-bindgen-backend v0.2.88
[INFO] [stderr]    Compiling unicase v2.7.0
[INFO] [stderr]     Checking regex-syntax v0.8.2
[INFO] [stderr]    Compiling zstd-safe v6.0.6
[INFO] [stderr]    Compiling toml_edit v0.19.15
[INFO] [stderr]     Checking alloc-no-stdlib v2.0.4
[INFO] [stderr]     Checking local-waker v0.1.4
[INFO] [stderr]    Compiling crc32fast v1.3.2
[INFO] [stderr]     Checking tinyvec_macros v0.1.1
[INFO] [stderr]    Compiling wasm-bindgen-macro-support v0.2.88
[INFO] [stderr]     Checking tinyvec v1.6.0
[INFO] [stderr]    Compiling proc-macro-crate v1.3.1
[INFO] [stderr]     Checking regex-automata v0.4.3
[INFO] [stderr]     Checking alloc-stdlib v0.2.2
[INFO] [stderr]     Checking actix-rt v2.9.0
[INFO] [stderr]    Compiling proc-macro-error-attr v1.0.4
[INFO] [stderr]     Checking block-buffer v0.10.4
[INFO] [stderr]     Checking crypto-common v0.1.6
[INFO] [stderr]    Compiling ahash v0.8.6
[INFO] [stderr]    Compiling serde_derive v1.0.192
[INFO] [stderr]    Compiling wasm-bindgen-macro v0.2.88
[INFO] [stderr]    Compiling tracing-attributes v0.1.27
[INFO] [stderr]    Compiling futures-macro v0.3.29
[INFO] [stderr]    Compiling thiserror-impl v1.0.50
[INFO] [stderr]    Compiling pin-project-internal v1.1.3
[INFO] [stderr]    Compiling prettyplease v0.2.15
[INFO] [stderr]    Compiling time-core v0.1.2
[INFO] [stderr]     Checking powerfmt v0.2.0
[INFO] [stderr]     Checking js-sys v0.3.65
[INFO] [stderr]     Checking adler v1.0.2
[INFO] [stderr]    Compiling httparse v1.8.0
[INFO] [stderr]     Checking tracing v0.1.40
[INFO] [stderr]     Checking tokio-util v0.7.10
[INFO] [stderr]     Checking pin-project v1.1.3
[INFO] [stderr]    Compiling regex v1.10.2
[INFO] [stderr]     Checking miniz_oxide v0.7.1
[INFO] [stderr]     Checking deranged v0.3.9
[INFO] [stderr]    Compiling time-macros v0.2.15
[INFO] [stderr]    Compiling gloo-worker-macros v0.1.0
[INFO] [stderr]     Checking actix-service v2.0.2
[INFO] [stderr]    Compiling proc-macro-error v1.0.4
[INFO] [stderr]     Checking digest v0.10.7
[INFO] [stderr]     Checking brotli-decompressor v2.5.1
[INFO] [stderr]     Checking unicode-normalization v0.1.22
[INFO] [stderr]    Compiling bytestring v1.3.1
[INFO] [stderr]     Checking actix-utils v3.0.1
[INFO] [stderr]     Checking futures v0.3.29
[INFO] [stderr]     Checking pinned v0.1.0
[INFO] [stderr]    Compiling cookie v0.16.2
[INFO] [stderr]     Checking unicode-bidi v0.3.13
[INFO] [stderr]     Checking web-sys v0.3.65
[INFO] [stderr]     Checking wasm-bindgen-futures v0.4.38
[INFO] [stderr]    Compiling strsim v0.10.0
[INFO] [stderr]     Checking cpufeatures v0.2.11
[INFO] [stderr]     Checking zerocopy v0.7.26
[INFO] [stderr]    Compiling convert_case v0.4.0
[INFO] [stderr]    Compiling ident_case v1.0.1
[INFO] [stderr]    Compiling crossbeam-utils v0.8.16
[INFO] [stderr]     Checking mime v0.3.17
[INFO] [stderr]    Compiling darling_core v0.20.3
[INFO] [stderr]     Checking time v0.3.30
[INFO] [stderr]     Checking brotli v3.4.0
[INFO] [stderr]    Compiling derive_more v0.99.17
[INFO] [stderr]     Checking actix-codec v0.5.1
[INFO] [stderr]     Checking sha1 v0.10.6
[INFO] [stderr]     Checking idna v0.4.0
[INFO] [stderr]     Checking gloo-timers v0.3.0
[INFO] [stderr]     Checking h2 v0.3.22
[INFO] [stderr]     Checking flate2 v1.0.28
[INFO] [stderr]     Checking serde_urlencoded v0.7.1
[INFO] [stderr]     Checking serde-wasm-bindgen v0.6.1
[INFO] [stderr]     Checking bincode v1.3.3
[INFO] [stderr]    Compiling actix-router v0.5.1
[INFO] [stderr]    Compiling actix-macros v0.2.4
[INFO] [stderr]    Compiling implicit-clone-derive v0.1.1
[INFO] [stderr]     Checking local-channel v0.1.5
[INFO] [stderr]     Checking tokio-stream v0.1.14
[INFO] [stderr]     Checking num_cpus v1.16.0
[INFO] [stderr]     Checking encoding_rs v0.8.33
[INFO] [stderr]     Checking half v1.8.2
[INFO] [stderr]     Checking language-tags v0.3.2
[INFO] [stderr]     Checking base64 v0.21.5
[INFO] [stderr]    Compiling rustix v0.38.24
[INFO] [stderr]     Checking byteorder v1.5.0
[INFO] [stderr]    Compiling heck v0.4.1
[INFO] [stderr]    Compiling boolinator v2.4.0
[INFO] [stderr]     Checking httpdate v1.0.3
[INFO] [stderr]    Compiling strum_macros v0.25.3
[INFO] [stderr]    Compiling yew-macro v0.21.0
[INFO] [stderr]     Checking serde_cbor v0.10.2
[INFO] [stderr]     Checking prokio v0.1.0
[INFO] [stderr]    Compiling actix-web-codegen v4.2.2
[INFO] [stderr]     Checking implicit-clone v0.4.8
[INFO] [stderr]    Compiling mime_guess v2.0.4
[INFO] [stderr]    Compiling darling_macro v0.20.3
[INFO] [stderr]     Checking url v2.4.1
[INFO] [stderr]     Checking actix-server v2.3.0
[INFO] [stderr]     Checking console_error_panic_hook v0.1.7
[INFO] [stderr]     Checking strum v0.25.0
[INFO] [stderr]     Checking linux-raw-sys v0.4.11
[INFO] [stderr]    Compiling async-trait v0.1.74
[INFO] [stderr]     Checking crossbeam-channel v0.5.8
[INFO] [stderr]    Compiling darling v0.20.3
[INFO] [stderr]    Compiling actix_derive v0.6.1
[INFO] [stderr]    Compiling yewdux-macros v0.9.4
[INFO] [stderr]    Compiling yew-router-macro v0.18.0
[INFO] [stderr]     Checking common v0.1.0 (/opt/rustwide/workdir/common)
[INFO] [stderr]     Checking is-terminal v0.4.9
[INFO] [stderr]     Checking termcolor v1.4.0
[INFO] [stderr]     Checking actix v0.13.1
[INFO] [stderr]     Checking http-range v0.1.5
[INFO] [stderr]     Checking anymap v1.0.0-beta.2
[INFO] [stderr]     Checking askama_escape v0.10.3
[INFO] [stdout] warning: unused import: `std::io::Write`
[INFO] [stdout]  --> common/src/combat/battle.rs:1:5
[INFO] [stdout]   |
[INFO] [stdout] 1 | use std::io::Write;
[INFO] [stdout]   |     ^^^^^^^^^^^^^^
[INFO] [stdout]   |
[INFO] [stdout]   = note: `#[warn(unused_imports)]` on by default
[INFO] [stdout] 
[INFO] [stdout] 
[INFO] [stderr]     Checking humantime v2.1.0
[INFO] [stderr]     Checking route-recognizer v0.3.1
[INFO] [stderr]     Checking urlencoding v2.1.3
[INFO] [stderr]     Checking env_logger v0.10.1
[INFO] [stderr]  Documenting common v0.1.0 (/opt/rustwide/workdir/common)
[INFO] [stdout] warning: unused variable: `ally_ids`
[INFO] [stdout]   --> common/src/combat/battle.rs:80:20
[INFO] [stdout]    |
[INFO] [stdout] 80 |         if let Ok((ally_ids, opponent_ids_option)) =
[INFO] [stdout]    |                    ^^^^^^^^ help: if this is intentional, prefix it with an underscore: `_ally_ids`
[INFO] [stdout]    |
[INFO] [stdout]    = note: `#[warn(unused_variables)]` on by default
[INFO] [stdout] 
[INFO] [stdout] 
[INFO] [stderr]     Checking gloo-utils v0.2.0
[INFO] [stderr]     Checking gloo-events v0.2.0
[INFO] [stderr]     Checking gloo-history v0.2.1
[INFO] [stderr]     Checking gloo-file v0.3.0
[INFO] [stderr]     Checking gloo-storage v0.3.0
[INFO] [stderr]     Checking gloo-worker v0.4.0
[INFO] [stderr]     Checking gloo-console v0.3.0
[INFO] [stderr]     Checking gloo-net v0.4.0
[INFO] [stderr]     Checking gloo-render v0.2.0
[INFO] [stderr]     Checking gloo-dialogs v0.2.0
[INFO] [stdout] warning: 2 warnings emitted
[INFO] [stdout] 
[INFO] [stdout] 
[INFO] [stderr]     Checking gloo v0.10.0
[INFO] [stderr]     Checking yew v0.21.0
[INFO] [stderr]     Checking yewdux v0.9.4
[INFO] [stderr]     Checking yew-router v0.18.0
[INFO] [stderr]  Documenting roguelike-racing-client v0.1.0 (/opt/rustwide/workdir/client)
[INFO] [stdout] error[E0432]: unresolved import `common::packets::server_to_client::RoomState`
[INFO] [stdout]  --> client/src/store/lobby_store.rs:1:56
[INFO] [stdout]   |
[INFO] [stdout] 1 | use common::packets::server_to_client::{GameListEntry, RoomState};
[INFO] [stdout]   |                                                        ^^^^^^^^^ no `RoomState` in `packets::server_to_client`
[INFO] [stdout] 
[INFO] [stdout] 
[INFO] [stdout] error[E0432]: unresolved import `crate::store::game_store::get_active_character`
[INFO] [stdout]  --> client/src/components/game/dungeon_room/combatant.rs:3:5
[INFO] [stdout]   |
[INFO] [stdout] 3 | use crate::store::game_store::get_active_character;
[INFO] [stdout]   |     ^^^^^^^^^^^^^^^^^^^^^^^^^^--------------------
[INFO] [stdout]   |     |                         |
[INFO] [stdout]   |     |                         help: a similar name exists in the module: `get_focused_character`
[INFO] [stdout]   |     no `get_active_character` in `store::game_store`
[INFO] [stdout] 
[INFO] [stdout] 
[INFO] [stdout] error[E0603]: enum `CombatAttributes` is private
[INFO] [stdout]   --> client/src/components/game/action_menu/available_actions.rs:4:52
[INFO] [stdout]    |
[INFO] [stdout] 4  |     combatants::{abilities::CombatantAbilityNames, CombatAttributes},
[INFO] [stdout]    |                                                    ^^^^^^^^^^^^^^^^ private enum
[INFO] [stdout]    |
[INFO] [stdout] note: the enum `CombatAttributes` is defined here
[INFO] [stdout]   --> /opt/rustwide/workdir/common/src/combatants/mod.rs:15:5
[INFO] [stdout]    |
[INFO] [stdout] 15 | use self::combat_attributes::CombatAttributes;
[INFO] [stdout]    |     ^^^^^^^^^^^^^^^^^^^^^^^^^^^^^^^^^^^^^^^^^
[INFO] [stdout] 
[INFO] [stdout] 
[INFO] [stdout] error[E0603]: enum `CombatAttributes` is private
[INFO] [stdout]   --> client/src/components/game/character_sheet/character_attributes/hp_and_mp.rs:1:26
[INFO] [stdout]    |
[INFO] [stdout] 1  | use common::combatants::{CombatAttributes, CombatantProperties};
[INFO] [stdout]    |                          ^^^^^^^^^^^^^^^^ private enum
[INFO] [stdout]    |
[INFO] [stdout] note: the enum `CombatAttributes` is defined here
[INFO] [stdout]   --> /opt/rustwide/workdir/common/src/combatants/mod.rs:15:5
[INFO] [stdout]    |
[INFO] [stdout] 15 | use self::combat_attributes::CombatAttributes;
[INFO] [stdout]    |     ^^^^^^^^^^^^^^^^^^^^^^^^^^^^^^^^^^^^^^^^^
[INFO] [stdout] 
[INFO] [stdout] 
[INFO] [stdout] error[E0603]: enum `CombatAttributes` is private
[INFO] [stdout]   --> client/src/components/game/character_sheet/character_attributes/mod.rs:6:18
[INFO] [stdout]    |
[INFO] [stdout] 6  |     combatants::{CombatAttributes, CombatantProperties},
[INFO] [stdout]    |                  ^^^^^^^^^^^^^^^^ private enum
[INFO] [stdout]    |
[INFO] [stdout] note: the enum `CombatAttributes` is defined here
[INFO] [stdout]   --> /opt/rustwide/workdir/common/src/combatants/mod.rs:15:5
[INFO] [stdout]    |
[INFO] [stdout] 15 | use self::combat_attributes::CombatAttributes;
[INFO] [stdout]    |     ^^^^^^^^^^^^^^^^^^^^^^^^^^^^^^^^^^^^^^^^^
[INFO] [stdout] 
[INFO] [stdout] 
[INFO] [stdout] error: aborting due to 5 previous errors
[INFO] [stdout] 
[INFO] [stdout] 
[INFO] [stdout] Some errors have detailed explanations: E0432, E0603.
[INFO] [stdout] 
[INFO] [stdout] For more information about an error, try `rustc --explain E0432`.
[INFO] [stdout] 
[INFO] [stderr] error: could not document `roguelike-racing-client`
[INFO] [stderr] 
[INFO] [stderr] Caused by:
[INFO] [stderr]   process didn't exit successfully: `/opt/rustwide/rustup-home/toolchains/1.75.0-x86_64-unknown-linux-gnu/bin/rustdoc --edition=2021 --crate-type lib --crate-name roguelike_racing_client client/src/lib.rs -o /opt/rustwide/target/doc --error-format=json --json=diagnostic-rendered-ansi,artifacts,future-incompat --document-private-items -C metadata=8f2bf31dfd90fd28 -L dependency=/opt/rustwide/target/debug/deps --extern common=/opt/rustwide/target/debug/deps/libcommon-d2a6453c1f5fce4d.rmeta --extern gloo=/opt/rustwide/target/debug/deps/libgloo-0ac4bee472aacf1a.rmeta --extern gloo_utils=/opt/rustwide/target/debug/deps/libgloo_utils-74340312ecfb27d4.rmeta --extern js_sys=/opt/rustwide/target/debug/deps/libjs_sys-2e23b2b63f833a3d.rmeta --extern serde=/opt/rustwide/target/debug/deps/libserde-adf58fdbaf28d838.rmeta --extern serde_cbor=/opt/rustwide/target/debug/deps/libserde_cbor-09a753e5a3635782.rmeta --extern wasm_bindgen=/opt/rustwide/target/debug/deps/libwasm_bindgen-5b8c3f0b0861c717.rmeta --extern web_sys=/opt/rustwide/target/debug/deps/libweb_sys-f88114fca0f1a86b.rmeta --extern yew=/opt/rustwide/target/debug/deps/libyew-869a1bcd6dcc28ad.rmeta --extern yew_router=/opt/rustwide/target/debug/deps/libyew_router-94b9c23bfde681bc.rmeta --extern yewdux=/opt/rustwide/target/debug/deps/libyewdux-b6ebc39956c350da.rmeta --cap-lints=warn --crate-version 0.1.0` (exit status: 1)
[INFO] [stderr] warning: build failed, waiting for other jobs to finish...
[INFO] running `Command { std: "docker" "inspect" "1c32e57087e72af0bc66ce39fc6a7a10d5e3cac217efc5f24d5c1ee3a8b8bb27", kill_on_drop: false }`
[INFO] running `Command { std: "docker" "rm" "-f" "1c32e57087e72af0bc66ce39fc6a7a10d5e3cac217efc5f24d5c1ee3a8b8bb27", kill_on_drop: false }`
[INFO] [stdout] 1c32e57087e72af0bc66ce39fc6a7a10d5e3cac217efc5f24d5c1ee3a8b8bb27
[INFO] documenting SnowdenWintermute/roguelike-racing against beta-2023-12-22 for beta-1.76-rustdoc-1
[INFO] running `Command { std: "git" "clone" "/workspace/cache/git-repos/https%3A%2F%2Fgithub.com%2FSnowdenWintermute%2Froguelike-racing" "/workspace/builds/worker-1-tc2/source", kill_on_drop: false }`
[INFO] [stderr] Cloning into '/workspace/builds/worker-1-tc2/source'...
[INFO] [stderr] done.
[INFO] validating manifest of git repo https://github.com/SnowdenWintermute/roguelike-racing on toolchain beta-2023-12-22
[INFO] running `Command { std: CARGO_HOME="/workspace/cargo-home" RUSTUP_HOME="/workspace/rustup-home" "/workspace/cargo-home/bin/cargo" "+beta-2023-12-22" "metadata" "--manifest-path" "Cargo.toml" "--no-deps", kill_on_drop: false }`
[INFO] started tweaking git repo https://github.com/SnowdenWintermute/roguelike-racing
[INFO] finished tweaking git repo https://github.com/SnowdenWintermute/roguelike-racing
[INFO] tweaked toml for git repo https://github.com/SnowdenWintermute/roguelike-racing written to /workspace/builds/worker-1-tc2/source/Cargo.toml
[INFO] crate git repo https://github.com/SnowdenWintermute/roguelike-racing already has a lockfile, it will not be regenerated
[INFO] running `Command { std: CARGO_HOME="/workspace/cargo-home" RUSTUP_HOME="/workspace/rustup-home" "/workspace/cargo-home/bin/cargo" "+beta-2023-12-22" "fetch" "--manifest-path" "Cargo.toml", kill_on_drop: false }`
[INFO] [stderr] warning: virtual workspace defaulting to `resolver = "1"` despite one or more workspace members being on edition 2021 which implies `resolver = "2"`
[INFO] [stderr] note: to keep the current resolver, specify `workspace.resolver = "1"` in the workspace root's manifest
[INFO] [stderr] note: to use the edition 2021 resolver, specify `workspace.resolver = "2"` in the workspace root's manifest
[INFO] [stderr] note: for more details see https://doc.rust-lang.org/cargo/reference/resolver.html#resolver-versions
[INFO] running `Command { std: "docker" "create" "-v" "/var/lib/crater-agent-workspace/builds/worker-1-tc2/target:/opt/rustwide/target:rw,Z" "-v" "/var/lib/crater-agent-workspace/builds/worker-1-tc2/source:/opt/rustwide/workdir:ro,Z" "-v" "/var/lib/crater-agent-workspace/cargo-home:/opt/rustwide/cargo-home:ro,Z" "-v" "/var/lib/crater-agent-workspace/rustup-home:/opt/rustwide/rustup-home:ro,Z" "-e" "SOURCE_DIR=/opt/rustwide/workdir" "-e" "CARGO_TARGET_DIR=/opt/rustwide/target" "-e" "CARGO_HOME=/opt/rustwide/cargo-home" "-e" "RUSTUP_HOME=/opt/rustwide/rustup-home" "-w" "/opt/rustwide/workdir" "-m" "1610612736" "--user" "0:0" "--network" "none" "ghcr.io/rust-lang/crates-build-env/linux@sha256:2788e3201cd34a07e3172128adcd8b3090168a8e3bcc40d7c032b9dda1df7d1c" "/opt/rustwide/cargo-home/bin/cargo" "+beta-2023-12-22" "metadata" "--no-deps" "--format-version=1", kill_on_drop: false }`
[INFO] [stdout] 68365919b1b58d98332ac61333bf49ad0444e64c1e63d59cbf6e5d5078f8f029
[INFO] running `Command { std: "docker" "start" "-a" "68365919b1b58d98332ac61333bf49ad0444e64c1e63d59cbf6e5d5078f8f029", kill_on_drop: false }`
[INFO] running `Command { std: "docker" "inspect" "68365919b1b58d98332ac61333bf49ad0444e64c1e63d59cbf6e5d5078f8f029", kill_on_drop: false }`
[INFO] running `Command { std: "docker" "rm" "-f" "68365919b1b58d98332ac61333bf49ad0444e64c1e63d59cbf6e5d5078f8f029", kill_on_drop: false }`
[INFO] [stdout] 68365919b1b58d98332ac61333bf49ad0444e64c1e63d59cbf6e5d5078f8f029
[INFO] running `Command { std: "docker" "create" "-v" "/var/lib/crater-agent-workspace/builds/worker-1-tc2/target:/opt/rustwide/target:rw,Z" "-v" "/var/lib/crater-agent-workspace/builds/worker-1-tc2/source:/opt/rustwide/workdir:ro,Z" "-v" "/var/lib/crater-agent-workspace/cargo-home:/opt/rustwide/cargo-home:ro,Z" "-v" "/var/lib/crater-agent-workspace/rustup-home:/opt/rustwide/rustup-home:ro,Z" "-e" "SOURCE_DIR=/opt/rustwide/workdir" "-e" "CARGO_TARGET_DIR=/opt/rustwide/target" "-e" "CARGO_INCREMENTAL=0" "-e" "RUST_BACKTRACE=full" "-e" "RUSTFLAGS=--cap-lints=warn" "-e" "RUSTDOCFLAGS=--cap-lints=warn" "-e" "CARGO_HOME=/opt/rustwide/cargo-home" "-e" "RUSTUP_HOME=/opt/rustwide/rustup-home" "-w" "/opt/rustwide/workdir" "-m" "1610612736" "--user" "0:0" "--network" "none" "ghcr.io/rust-lang/crates-build-env/linux@sha256:2788e3201cd34a07e3172128adcd8b3090168a8e3bcc40d7c032b9dda1df7d1c" "/opt/rustwide/cargo-home/bin/cargo" "+beta-2023-12-22" "doc" "--frozen" "--no-deps" "--document-private-items" "--message-format=json", kill_on_drop: false }`
[INFO] [stdout] 08c844e96a5b858a91bdd6ed4cc2f22af8f2355863a7e5c0855c7feb0abc6f78
[INFO] running `Command { std: "docker" "start" "-a" "08c844e96a5b858a91bdd6ed4cc2f22af8f2355863a7e5c0855c7feb0abc6f78", kill_on_drop: false }`
[INFO] [stderr] warning: virtual workspace defaulting to `resolver = "1"` despite one or more workspace members being on edition 2021 which implies `resolver = "2"`
[INFO] [stderr] note: to keep the current resolver, specify `workspace.resolver = "1"` in the workspace root's manifest
[INFO] [stderr] note: to use the edition 2021 resolver, specify `workspace.resolver = "2"` in the workspace root's manifest
[INFO] [stderr] note: for more details see https://doc.rust-lang.org/cargo/reference/resolver.html#resolver-versions
[INFO] [stderr]    Compiling proc-macro2 v1.0.69
[INFO] [stderr]    Compiling unicode-ident v1.0.12
[INFO] [stderr]     Checking cfg-if v1.0.0
[INFO] [stderr]    Compiling libc v0.2.150
[INFO] [stderr]    Compiling once_cell v1.18.0
[INFO] [stderr]    Compiling log v0.4.20
[INFO] [stderr]    Compiling futures-core v0.3.29
[INFO] [stderr]    Compiling serde v1.0.192
[INFO] [stderr]     Checking pin-project-lite v0.2.13
[INFO] [stderr]    Compiling wasm-bindgen-shared v0.2.88
[INFO] [stderr]     Checking futures-sink v0.3.29
[INFO] [stderr]    Compiling bumpalo v3.14.0
[INFO] [stderr]     Checking memchr v2.6.4
[INFO] [stderr]    Compiling futures-channel v0.3.29
[INFO] [stderr]    Compiling wasm-bindgen v0.2.88
[INFO] [stderr]     Checking itoa v1.0.9
[INFO] [stderr]     Checking bytes v1.5.0
[INFO] [stderr]    Compiling lock_api v0.4.11
[INFO] [stderr]    Compiling parking_lot_core v0.9.9
[INFO] [stderr]    Compiling slab v0.4.9
[INFO] [stderr]    Compiling futures-task v0.3.29
[INFO] [stderr]     Checking scopeguard v1.2.0
[INFO] [stderr]     Checking smallvec v1.11.2
[INFO] [stderr]    Compiling futures-util v0.3.29
[INFO] [stderr]     Checking futures-io v0.3.29
[INFO] [stderr]    Compiling quote v1.0.33
[INFO] [stderr]     Checking pin-utils v0.1.0
[INFO] [stderr]    Compiling serde_json v1.0.108
[INFO] [stderr]     Checking ryu v1.0.15
[INFO] [stderr]     Checking tracing-core v0.1.32
[INFO] [stderr]    Compiling syn v2.0.39
[INFO] [stderr]     Checking percent-encoding v2.3.0
[INFO] [stderr]    Compiling syn v1.0.109
[INFO] [stderr]     Checking fnv v1.0.7
[INFO] [stderr]    Compiling rustversion v1.0.14
[INFO] [stderr]     Checking http v0.2.11
[INFO] [stderr]    Compiling thiserror v1.0.50
[INFO] [stderr]     Checking form_urlencoded v1.2.0
[INFO] [stderr]    Compiling typenum v1.17.0
[INFO] [stderr]     Checking equivalent v1.0.1
[INFO] [stderr]     Checking hashbrown v0.14.2
[INFO] [stderr]     Checking parking_lot v0.12.1
[INFO] [stderr]     Checking mio v0.8.9
[INFO] [stderr]     Checking socket2 v0.5.5
[INFO] [stderr]     Checking signal-hook-registry v1.4.1
[INFO] [stderr]     Checking getrandom v0.2.11
[INFO] [stderr]     Checking indexmap v2.1.0
[INFO] [stderr]    Compiling generic-array v0.14.7
[INFO] [stderr]     Checking tokio v1.34.0
[INFO] [stderr]    Compiling pkg-config v0.3.27
[INFO] [stderr]    Compiling jobserver v0.1.27
[INFO] [stderr]     Checking rand_core v0.6.4
[INFO] [stderr]    Compiling cc v1.0.83
[INFO] [stderr]     Checking ppv-lite86 v0.2.17
[INFO] [stderr]    Compiling winnow v0.5.19
[INFO] [stderr]     Checking rand_chacha v0.3.1
[INFO] [stderr]    Compiling toml_datetime v0.6.5
[INFO] [stderr]     Checking bitflags v2.4.1
[INFO] [stderr]    Compiling paste v1.0.14
[INFO] [stderr]     Checking rand v0.8.5
[INFO] [stderr]     Checking aho-corasick v1.1.2
[INFO] [stderr]    Compiling zstd-sys v2.0.9+zstd.1.5.5
[INFO] [stderr]    Compiling unicase v2.7.0
[INFO] [stderr]    Compiling toml_edit v0.19.15
[INFO] [stderr]    Compiling wasm-bindgen-backend v0.2.88
[INFO] [stderr]    Compiling crc32fast v1.3.2
[INFO] [stderr]     Checking alloc-no-stdlib v2.0.4
[INFO] [stderr]    Compiling zstd-safe v6.0.6
[INFO] [stderr]     Checking tinyvec_macros v0.1.1
[INFO] [stderr]    Compiling regex-syntax v0.8.2
[INFO] [stderr]     Checking local-waker v0.1.4
[INFO] [stderr]     Checking tinyvec v1.6.0
[INFO] [stderr]     Checking actix-rt v2.9.0
[INFO] [stderr]     Checking alloc-stdlib v0.2.2
[INFO] [stderr]    Compiling wasm-bindgen-macro-support v0.2.88
[INFO] [stderr]    Compiling proc-macro-crate v1.3.1
[INFO] [stderr]    Compiling proc-macro-error-attr v1.0.4
[INFO] [stderr]     Checking regex-automata v0.4.3
[INFO] [stderr]     Checking block-buffer v0.10.4
[INFO] [stderr]     Checking crypto-common v0.1.6
[INFO] [stderr]    Compiling ahash v0.8.6
[INFO] [stderr]    Compiling httparse v1.8.0
[INFO] [stderr]    Compiling serde_derive v1.0.192
[INFO] [stderr]    Compiling wasm-bindgen-macro v0.2.88
[INFO] [stderr]    Compiling tracing-attributes v0.1.27
[INFO] [stderr]    Compiling futures-macro v0.3.29
[INFO] [stderr]    Compiling thiserror-impl v1.0.50
[INFO] [stderr]    Compiling pin-project-internal v1.1.3
[INFO] [stderr]     Checking adler v1.0.2
[INFO] [stderr]     Checking js-sys v0.3.65
[INFO] [stderr]    Compiling prettyplease v0.2.15
[INFO] [stderr]    Compiling time-core v0.1.2
[INFO] [stderr]     Checking powerfmt v0.2.0
[INFO] [stderr]     Checking deranged v0.3.9
[INFO] [stderr]     Checking tracing v0.1.40
[INFO] [stderr]     Checking tokio-util v0.7.10
[INFO] [stderr]     Checking pin-project v1.1.3
[INFO] [stderr]    Compiling time-macros v0.2.15
[INFO] [stderr]    Compiling regex v1.10.2
[INFO] [stderr]     Checking miniz_oxide v0.7.1
[INFO] [stderr]    Compiling gloo-worker-macros v0.1.0
[INFO] [stderr]     Checking actix-service v2.0.2
[INFO] [stderr]     Checking digest v0.10.7
[INFO] [stderr]    Compiling proc-macro-error v1.0.4
[INFO] [stderr]     Checking unicode-normalization v0.1.22
[INFO] [stderr]     Checking brotli-decompressor v2.5.1
[INFO] [stderr]     Checking actix-utils v3.0.1
[INFO] [stderr]    Compiling bytestring v1.3.1
[INFO] [stderr]     Checking futures v0.3.29
[INFO] [stderr]     Checking web-sys v0.3.65
[INFO] [stderr]     Checking pinned v0.1.0
[INFO] [stderr]     Checking wasm-bindgen-futures v0.4.38
[INFO] [stderr]    Compiling cookie v0.16.2
[INFO] [stderr]     Checking unicode-bidi v0.3.13
[INFO] [stderr]    Compiling crossbeam-utils v0.8.16
[INFO] [stderr]     Checking mime v0.3.17
[INFO] [stderr]    Compiling strsim v0.10.0
[INFO] [stderr]    Compiling ident_case v1.0.1
[INFO] [stderr]    Compiling convert_case v0.4.0
[INFO] [stderr]     Checking zerocopy v0.7.26
[INFO] [stderr]     Checking cpufeatures v0.2.11
[INFO] [stderr]     Checking sha1 v0.10.6
[INFO] [stderr]     Checking brotli v3.4.0
[INFO] [stderr]     Checking actix-codec v0.5.1
[INFO] [stderr]     Checking idna v0.4.0
[INFO] [stderr]    Compiling derive_more v0.99.17
[INFO] [stderr]    Compiling darling_core v0.20.3
[INFO] [stderr]     Checking time v0.3.30
[INFO] [stderr]     Checking gloo-timers v0.3.0
[INFO] [stderr]     Checking flate2 v1.0.28
[INFO] [stderr]     Checking h2 v0.3.22
[INFO] [stderr]     Checking serde_urlencoded v0.7.1
[INFO] [stderr]     Checking serde-wasm-bindgen v0.6.1
[INFO] [stderr]     Checking bincode v1.3.3
[INFO] [stderr]    Compiling actix-router v0.5.1
[INFO] [stderr]    Compiling implicit-clone-derive v0.1.1
[INFO] [stderr]    Compiling actix-macros v0.2.4
[INFO] [stderr]     Checking tokio-stream v0.1.14
[INFO] [stderr]     Checking local-channel v0.1.5
[INFO] [stderr]     Checking num_cpus v1.16.0
[INFO] [stderr]     Checking encoding_rs v0.8.33
[INFO] [stderr]    Compiling boolinator v2.4.0
[INFO] [stderr]     Checking half v1.8.2
[INFO] [stderr]     Checking base64 v0.21.5
[INFO] [stderr]    Compiling heck v0.4.1
[INFO] [stderr]     Checking httpdate v1.0.3
[INFO] [stderr]    Compiling rustix v0.38.24
[INFO] [stderr]     Checking byteorder v1.5.0
[INFO] [stderr]     Checking language-tags v0.3.2
[INFO] [stderr]    Compiling strum_macros v0.25.3
[INFO] [stderr]     Checking serde_cbor v0.10.2
[INFO] [stderr]    Compiling actix-web-codegen v4.2.2
[INFO] [stderr]     Checking prokio v0.1.0
[INFO] [stderr]    Compiling yew-macro v0.21.0
[INFO] [stderr]     Checking implicit-clone v0.4.8
[INFO] [stderr]    Compiling mime_guess v2.0.4
[INFO] [stderr]    Compiling darling_macro v0.20.3
[INFO] [stderr]     Checking url v2.4.1
[INFO] [stderr]     Checking actix-server v2.3.0
[INFO] [stderr]     Checking console_error_panic_hook v0.1.7
[INFO] [stderr]     Checking strum v0.25.0
[INFO] [stderr]    Compiling async-trait v0.1.74
[INFO] [stderr]     Checking linux-raw-sys v0.4.11
[INFO] [stderr]    Compiling darling v0.20.3
[INFO] [stderr]     Checking crossbeam-channel v0.5.8
[INFO] [stderr]    Compiling actix_derive v0.6.1
[INFO] [stderr]    Compiling yewdux-macros v0.9.4
[INFO] [stderr]    Compiling yew-router-macro v0.18.0
[INFO] [stderr]     Checking common v0.1.0 (/opt/rustwide/workdir/common)
[INFO] [stderr]     Checking actix v0.13.1
[INFO] [stderr]     Checking is-terminal v0.4.9
[INFO] [stderr]     Checking humantime v2.1.0
[INFO] [stderr]     Checking route-recognizer v0.3.1
[INFO] [stdout] warning: unused import: `std::io::Write`
[INFO] [stdout]  --> common/src/combat/battle.rs:1:5
[INFO] [stdout]   |
[INFO] [stdout] 1 | use std::io::Write;
[INFO] [stdout]   |     ^^^^^^^^^^^^^^
[INFO] [stdout]   |
[INFO] [stdout]   = note: `#[warn(unused_imports)]` on by default
[INFO] [stdout] 
[INFO] [stdout] 
[INFO] [stderr]     Checking askama_escape v0.10.3
[INFO] [stderr]     Checking urlencoding v2.1.3
[INFO] [stderr]     Checking anymap v1.0.0-beta.2
[INFO] [stderr]     Checking termcolor v1.4.0
[INFO] [stderr]     Checking http-range v0.1.5
[INFO] [stderr]  Documenting common v0.1.0 (/opt/rustwide/workdir/common)
[INFO] [stderr]     Checking env_logger v0.10.1
[INFO] [stdout] warning: unused variable: `ally_ids`
[INFO] [stdout]   --> common/src/combat/battle.rs:80:20
[INFO] [stdout]    |
[INFO] [stdout] 80 |         if let Ok((ally_ids, opponent_ids_option)) =
[INFO] [stdout]    |                    ^^^^^^^^ help: if this is intentional, prefix it with an underscore: `_ally_ids`
[INFO] [stdout]    |
[INFO] [stdout]    = note: `#[warn(unused_variables)]` on by default
[INFO] [stdout] 
[INFO] [stdout] 
[INFO] [stderr]     Checking gloo-utils v0.2.0
[INFO] [stderr]     Checking gloo-events v0.2.0
[INFO] [stderr]     Checking gloo-render v0.2.0
[INFO] [stderr]     Checking gloo-console v0.3.0
[INFO] [stderr]     Checking gloo-net v0.4.0
[INFO] [stderr]     Checking gloo-history v0.2.1
[INFO] [stderr]     Checking gloo-file v0.3.0
[INFO] [stderr]     Checking gloo-storage v0.3.0
[INFO] [stderr]     Checking gloo-worker v0.4.0
[INFO] [stderr]     Checking gloo-dialogs v0.2.0
[INFO] [stderr]     Checking gloo v0.10.0
[INFO] [stdout] warning: 2 warnings emitted
[INFO] [stdout] 
[INFO] [stdout] 
[INFO] [stderr]     Checking yew v0.21.0
[INFO] [stderr]     Checking yew-router v0.18.0
[INFO] [stderr]     Checking yewdux v0.9.4
[INFO] [stderr]  Documenting roguelike-racing-client v0.1.0 (/opt/rustwide/workdir/client)
[INFO] [stdout] error[E0432]: unresolved import `common::packets::server_to_client::RoomState`
[INFO] [stdout]  --> client/src/store/lobby_store.rs:1:56
[INFO] [stdout]   |
[INFO] [stdout] 1 | use common::packets::server_to_client::{GameListEntry, RoomState};
[INFO] [stdout]   |                                                        ^^^^^^^^^ no `RoomState` in `packets::server_to_client`
[INFO] [stdout] 
[INFO] [stdout] 
[INFO] [stdout] error[E0432]: unresolved import `crate::store::game_store::get_active_character`
[INFO] [stdout]  --> client/src/components/game/dungeon_room/combatant.rs:3:5
[INFO] [stdout]   |
[INFO] [stdout] 3 | use crate::store::game_store::get_active_character;
[INFO] [stdout]   |     ^^^^^^^^^^^^^^^^^^^^^^^^^^--------------------
[INFO] [stdout]   |     |                         |
[INFO] [stdout]   |     |                         help: a similar name exists in the module: `get_focused_character`
[INFO] [stdout]   |     no `get_active_character` in `store::game_store`
[INFO] [stdout] 
[INFO] [stdout] 
[INFO] [stdout] error[E0603]: enum `CombatAttributes` is private
[INFO] [stdout]   --> client/src/components/game/action_menu/available_actions.rs:4:52
[INFO] [stdout]    |
[INFO] [stdout] 4  |     combatants::{abilities::CombatantAbilityNames, CombatAttributes},
[INFO] [stdout]    |                                                    ^^^^^^^^^^^^^^^^ private enum
[INFO] [stdout]    |
[INFO] [stdout] note: the enum `CombatAttributes` is defined here
[INFO] [stdout]   --> /opt/rustwide/workdir/common/src/combatants/mod.rs:15:5
[INFO] [stdout]    |
[INFO] [stdout] 15 | use self::combat_attributes::CombatAttributes;
[INFO] [stdout]    |     ^^^^^^^^^^^^^^^^^^^^^^^^^^^^^^^^^^^^^^^^^
[INFO] [stdout] help: import `CombatAttributes` directly
[INFO] [stdout]    |
[INFO] [stdout] 4  |     combatants::{abilities::CombatantAbilityNames, common::combatants::combat_attributes::CombatAttributes},
[INFO] [stdout]    |                                                    ~~~~~~~~~~~~~~~~~~~~~~~~~~~~~~~~~~~~~~~~~~~~~~~~~~~~~~~
[INFO] [stdout] 
[INFO] [stdout] 
[INFO] [stdout] error[E0603]: enum `CombatAttributes` is private
[INFO] [stdout]   --> client/src/components/game/character_sheet/character_attributes/hp_and_mp.rs:1:26
[INFO] [stdout]    |
[INFO] [stdout] 1  | use common::combatants::{CombatAttributes, CombatantProperties};
[INFO] [stdout]    |                          ^^^^^^^^^^^^^^^^ private enum
[INFO] [stdout]    |
[INFO] [stdout] note: the enum `CombatAttributes` is defined here
[INFO] [stdout]   --> /opt/rustwide/workdir/common/src/combatants/mod.rs:15:5
[INFO] [stdout]    |
[INFO] [stdout] 15 | use self::combat_attributes::CombatAttributes;
[INFO] [stdout]    |     ^^^^^^^^^^^^^^^^^^^^^^^^^^^^^^^^^^^^^^^^^
[INFO] [stdout] help: import `CombatAttributes` directly
[INFO] [stdout]    |
[INFO] [stdout] 1  | use common::combatants::{common::combatants::combat_attributes::CombatAttributes, CombatantProperties};
[INFO] [stdout]    |                          ~~~~~~~~~~~~~~~~~~~~~~~~~~~~~~~~~~~~~~~~~~~~~~~~~~~~~~~
[INFO] [stdout] 
[INFO] [stdout] 
[INFO] [stdout] error[E0603]: enum `CombatAttributes` is private
[INFO] [stdout]   --> client/src/components/game/character_sheet/character_attributes/mod.rs:6:18
[INFO] [stdout]    |
[INFO] [stdout] 6  |     combatants::{CombatAttributes, CombatantProperties},
[INFO] [stdout]    |                  ^^^^^^^^^^^^^^^^ private enum
[INFO] [stdout]    |
[INFO] [stdout] note: the enum `CombatAttributes` is defined here
[INFO] [stdout]   --> /opt/rustwide/workdir/common/src/combatants/mod.rs:15:5
[INFO] [stdout]    |
[INFO] [stdout] 15 | use self::combat_attributes::CombatAttributes;
[INFO] [stdout]    |     ^^^^^^^^^^^^^^^^^^^^^^^^^^^^^^^^^^^^^^^^^
[INFO] [stdout] help: import `CombatAttributes` directly
[INFO] [stdout]    |
[INFO] [stdout] 6  |     combatants::{common::combatants::combat_attributes::CombatAttributes, CombatantProperties},
[INFO] [stdout]    |                  ~~~~~~~~~~~~~~~~~~~~~~~~~~~~~~~~~~~~~~~~~~~~~~~~~~~~~~~
[INFO] [stdout] 
[INFO] [stdout] 
[INFO] [stdout] error: aborting due to 5 previous errors
[INFO] [stdout] 
[INFO] [stdout] 
[INFO] [stdout] Some errors have detailed explanations: E0432, E0603.
[INFO] [stdout] 
[INFO] [stdout] For more information about an error, try `rustc --explain E0432`.
[INFO] [stdout] 
[INFO] [stderr] error: could not document `roguelike-racing-client`
[INFO] [stderr] 
[INFO] [stderr] Caused by:
[INFO] [stderr]   process didn't exit successfully: `/opt/rustwide/rustup-home/toolchains/beta-2023-12-22-x86_64-unknown-linux-gnu/bin/rustdoc --edition=2021 --crate-type lib --crate-name roguelike_racing_client client/src/lib.rs -o /opt/rustwide/target/doc --error-format=json --json=diagnostic-rendered-ansi,artifacts,future-incompat --document-private-items -C metadata=1bebb2edd24caf31 -L dependency=/opt/rustwide/target/debug/deps --extern common=/opt/rustwide/target/debug/deps/libcommon-b9ab213f82ef9da5.rmeta --extern gloo=/opt/rustwide/target/debug/deps/libgloo-62a6d8cb1b75328f.rmeta --extern gloo_utils=/opt/rustwide/target/debug/deps/libgloo_utils-6c66f8b7275458d8.rmeta --extern js_sys=/opt/rustwide/target/debug/deps/libjs_sys-6af0c1652b614c4a.rmeta --extern serde=/opt/rustwide/target/debug/deps/libserde-3f273564a3503b38.rmeta --extern serde_cbor=/opt/rustwide/target/debug/deps/libserde_cbor-8622a2813d463db6.rmeta --extern wasm_bindgen=/opt/rustwide/target/debug/deps/libwasm_bindgen-29a20574b5235345.rmeta --extern web_sys=/opt/rustwide/target/debug/deps/libweb_sys-75265a76102c10d3.rmeta --extern yew=/opt/rustwide/target/debug/deps/libyew-3b80d1e5c88a706a.rmeta --extern yew_router=/opt/rustwide/target/debug/deps/libyew_router-5fe157be9c544994.rmeta --extern yewdux=/opt/rustwide/target/debug/deps/libyewdux-0a9a1d67f72bb104.rmeta --cap-lints=warn --crate-version 0.1.0` (exit status: 1)
[INFO] [stderr] warning: build failed, waiting for other jobs to finish...
[INFO] running `Command { std: "docker" "inspect" "08c844e96a5b858a91bdd6ed4cc2f22af8f2355863a7e5c0855c7feb0abc6f78", kill_on_drop: false }`
[INFO] running `Command { std: "docker" "rm" "-f" "08c844e96a5b858a91bdd6ed4cc2f22af8f2355863a7e5c0855c7feb0abc6f78", kill_on_drop: false }`
[INFO] [stdout] 08c844e96a5b858a91bdd6ed4cc2f22af8f2355863a7e5c0855c7feb0abc6f78
