[INFO] cloning repository https://github.com/Sips/hello-rust
[INFO] running `Command { std: "git" "-c" "credential.helper=" "-c" "credential.helper=/workspace/cargo-home/bin/git-credential-null" "clone" "--bare" "https://github.com/Sips/hello-rust" "/workspace/cache/git-repos/https%3A%2F%2Fgithub.com%2FSips%2Fhello-rust", kill_on_drop: false }`
[INFO] [stderr] Cloning into bare repository '/workspace/cache/git-repos/https%3A%2F%2Fgithub.com%2FSips%2Fhello-rust'...
[INFO] running `Command { std: "git" "rev-parse" "HEAD", kill_on_drop: false }`
[INFO] [stdout] 8db4e543e2bf1f115523b44943f62ce2e685f366
[INFO] documenting Sips/hello-rust against 1.75.0 for beta-1.76-rustdoc-1
[INFO] running `Command { std: "git" "clone" "/workspace/cache/git-repos/https%3A%2F%2Fgithub.com%2FSips%2Fhello-rust" "/workspace/builds/worker-1-tc1/source", kill_on_drop: false }`
[INFO] [stderr] Cloning into '/workspace/builds/worker-1-tc1/source'...
[INFO] [stderr] done.
[INFO] validating manifest of git repo https://github.com/Sips/hello-rust on toolchain 1.75.0
[INFO] running `Command { std: CARGO_HOME="/workspace/cargo-home" RUSTUP_HOME="/workspace/rustup-home" "/workspace/cargo-home/bin/cargo" "+1.75.0" "metadata" "--manifest-path" "Cargo.toml" "--no-deps", kill_on_drop: false }`
[INFO] removed /workspace/builds/worker-1-tc1/source/.cargo/config
[INFO] started tweaking git repo https://github.com/Sips/hello-rust
[INFO] finished tweaking git repo https://github.com/Sips/hello-rust
[INFO] tweaked toml for git repo https://github.com/Sips/hello-rust written to /workspace/builds/worker-1-tc1/source/Cargo.toml
[INFO] crate git repo https://github.com/Sips/hello-rust already has a lockfile, it will not be regenerated
[INFO] running `Command { std: CARGO_HOME="/workspace/cargo-home" RUSTUP_HOME="/workspace/rustup-home" "/workspace/cargo-home/bin/cargo" "+1.75.0" "fetch" "--manifest-path" "Cargo.toml", kill_on_drop: false }`
[INFO] [stderr]     Updating crates.io index
[INFO] [stderr]  Downloading crates ...
[INFO] [stderr]   Downloaded sqlite v0.25.3
[INFO] [stderr]   Downloaded cpp_common v0.5.5
[INFO] [stderr]   Downloaded log-ndc v0.2.0
[INFO] [stderr]   Downloaded bimap v0.5.2
[INFO] [stderr]   Downloaded tracing-attributes v0.1.10
[INFO] [stderr]   Downloaded httpbis v0.9.1
[INFO] [stderr]   Downloaded is_sorted v0.1.1
[INFO] [stderr]   Downloaded aligned v0.3.4
[INFO] [stderr]   Downloaded cuda-sys v0.2.0
[INFO] [stderr]   Downloaded ordslice v0.3.0
[INFO] [stderr]   Downloaded blas-src v0.2.1
[INFO] [stderr]   Downloaded tls-api-stub v0.4.0
[INFO] [stderr]   Downloaded integer-sqrt v0.1.3
[INFO] [stderr]   Downloaded gcd v2.0.1
[INFO] [stderr]   Downloaded crc32c v0.5.0
[INFO] [stderr]   Downloaded treediff v4.0.0
[INFO] [stderr]   Downloaded flatbuffers v0.6.1
[INFO] [stderr]   Downloaded hdrhistogram v7.1.0
[INFO] [stderr]   Downloaded libz-sys v1.0.27
[INFO] [stderr]   Downloaded sqlite3-src v0.2.12
[INFO] [stderr]   Downloaded curl-sys v0.4.34+curl-7.71.1
[INFO] [stderr]   Downloaded tensorflow-serving v0.1.0
[INFO] [stderr]   Downloaded jumphash v0.1.6
[INFO] [stderr]   Downloaded emu-audio v0.1.2
[INFO] [stderr]   Downloaded grpcio-sys v0.4.7
[INFO] [stderr]   Downloaded grpc v0.8.1
[INFO] [stderr]   Downloaded proxy-enum v0.2.0
[INFO] [stderr]   Downloaded aspect v0.2.0
[INFO] [stderr]   Downloaded onednn-sys v0.0.1
[INFO] [stderr]   Downloaded metered-macro v0.4.0
[INFO] [stderr]   Downloaded natural v0.5.0
[INFO] [stderr]   Downloaded wyhash v0.4.1
[INFO] [stderr]   Downloaded rand_regex v0.14.2
[INFO] [stderr]   Downloaded aspect-weave v0.2.0
[INFO] [stderr]   Downloaded sled v0.34.2
[INFO] [stderr]   Downloaded flo_stream v0.4.0
[INFO] [stderr]   Downloaded tfrecord v0.3.2
[INFO] [stderr]   Downloaded emu v0.1.3
[INFO] [stderr]   Downloaded atomig v0.1.0
[INFO] [stderr]   Downloaded emu-core-audio-driver v0.1.3
[INFO] [stderr]   Downloaded radix_trie v0.2.0
[INFO] [stderr]   Downloaded fixed v1.1.0
[INFO] [stderr]   Downloaded qr2term v0.2.1
[INFO] [stderr]   Downloaded float_eq v0.4.1
[INFO] [stderr]   Downloaded argmm v0.1.2
[INFO] [stderr]   Downloaded autograph_derive v0.0.1
[INFO] [stderr]   Downloaded binary-heap-plus v0.3.0
[INFO] [stderr]   Downloaded metered v0.4.0
[INFO] [stderr]   Downloaded autograph v0.0.3
[INFO] [stderr]   Downloaded rustacuda v0.1.2
[INFO] [stderr]   Downloaded tensorflow v0.15.0
[INFO] [stderr]   Downloaded evmap v10.0.2
[INFO] [stderr]   Downloaded ordermap v0.4.2
[INFO] [stderr]   Downloaded cpp_build v0.5.5
[INFO] [stderr]   Downloaded tensorflow-sys v0.18.0
[INFO] [stderr]   Downloaded pathfinding v2.0.4
[INFO] [stderr]   Downloaded sized-chunks v0.6.2
[INFO] [stderr]   Downloaded tar v0.4.29
[INFO] [stderr]   Downloaded hyperx v1.0.0
[INFO] [stderr]   Downloaded loom v0.3.5
[INFO] [stderr]   Downloaded grpcio v0.4.7
[INFO] [stderr]   Downloaded protobuf v2.8.0
[INFO] [stderr]   Downloaded cauchy v0.3.0
[INFO] [stderr]   Downloaded as-slice v0.1.3
[INFO] [stderr]   Downloaded cauchy v0.2.2
[INFO] [stderr]   Downloaded quanta v0.4.1
[INFO] [stderr]   Downloaded synattra v0.2.1
[INFO] [stderr]   Downloaded auto_enums_derive v0.7.5
[INFO] [stderr]   Downloaded auto_enums v0.7.5
[INFO] [stderr]   Downloaded bitintr v0.3.0
[INFO] [stderr]   Downloaded sublime_fuzzy v0.6.0
[INFO] [stderr]   Downloaded hashbag v0.1.3
[INFO] [stderr]   Downloaded compare v0.1.0
[INFO] [stderr]   Downloaded noisy_float v0.1.12
[INFO] [stderr]   Downloaded auto_enums_core v0.7.5
[INFO] [stderr]   Downloaded num-complex v0.3.0
[INFO] [stderr]   Downloaded probability v0.17.0
[INFO] [stderr]   Downloaded special v0.8.1
[INFO] [stderr]   Downloaded rstar v0.8.2
[INFO] [stderr]   Downloaded async-trait v0.1.37
[INFO] [stderr]   Downloaded enumset v1.0.1
[INFO] [stderr]   Downloaded strength_reduce v0.2.3
[INFO] [stderr]   Downloaded integer-encoding v1.1.5
[INFO] [stderr]   Downloaded blas-src v0.6.1
[INFO] [stderr]   Downloaded tls-api v0.4.0
[INFO] [stderr]   Downloaded transpose v0.2.0
[INFO] [stderr]   Downloaded ndarray-linalg v0.12.1
[INFO] [stderr]   Downloaded heapless v0.5.5
[INFO] [stderr]   Downloaded ferris-says v0.2.0
[INFO] [stderr]   Downloaded rustacuda_derive v0.1.2
[INFO] [stderr]   Downloaded rust_decimal v1.7.0
[INFO] [stderr]   Downloaded rustfft v3.0.1
[INFO] [stderr]   Downloaded lapacke v0.2.0
[INFO] [stderr]   Downloaded random v0.12.2
[INFO] [stderr]   Downloaded lapack-src v0.6.0
[INFO] [stderr]   Downloaded ratelimit_meter v5.0.0
[INFO] [stderr]   Downloaded nonzero_ext v0.1.5
[INFO] [stderr]   Downloaded cpp_macros v0.5.5
[INFO] [stderr]   Downloaded enumset_derive v0.5.0
[INFO] [stderr]   Downloaded num v0.3.0
[INFO] [stderr]   Downloaded lapacke-sys v0.1.4
[INFO] [stderr]   Downloaded tensorflow-internal-macros v0.0.1
[INFO] [stderr]   Downloaded curl v0.4.31
[INFO] [stderr]   Downloaded reqwest v0.10.7
[INFO] [stderr]   Downloaded sqlite3-sys v0.12.0
[INFO] [stderr]   Downloaded merkle-cbt v0.2.2
[INFO] [stderr]   Downloaded rustacuda_core v0.1.2
[INFO] [stderr]   Downloaded governor v0.3.1
[INFO] [stderr]   Downloaded derive_utils v0.10.0
[INFO] [stderr]   Downloaded fixedbitset v0.3.0
[INFO] [stderr]   Downloaded nonzero_ext v0.2.0
[INFO] [stderr]   Downloaded unix_socket v0.5.0
[INFO] [stderr]   Downloaded sluice v0.5.2
[INFO] [stderr]   Downloaded evmap v6.0.1
[INFO] [stderr]   Downloaded bytecount v0.6.0
[INFO] [stderr]   Downloaded alphanumeric-sort v1.4.0
[INFO] [stderr]   Downloaded cpp v0.5.5
[INFO] running `Command { std: "docker" "create" "-v" "/var/lib/crater-agent-workspace/builds/worker-1-tc1/target:/opt/rustwide/target:rw,Z" "-v" "/var/lib/crater-agent-workspace/builds/worker-1-tc1/source:/opt/rustwide/workdir:ro,Z" "-v" "/var/lib/crater-agent-workspace/cargo-home:/opt/rustwide/cargo-home:ro,Z" "-v" "/var/lib/crater-agent-workspace/rustup-home:/opt/rustwide/rustup-home:ro,Z" "-e" "SOURCE_DIR=/opt/rustwide/workdir" "-e" "CARGO_TARGET_DIR=/opt/rustwide/target" "-e" "CARGO_HOME=/opt/rustwide/cargo-home" "-e" "RUSTUP_HOME=/opt/rustwide/rustup-home" "-w" "/opt/rustwide/workdir" "-m" "1610612736" "--user" "0:0" "--network" "none" "ghcr.io/rust-lang/crates-build-env/linux@sha256:2788e3201cd34a07e3172128adcd8b3090168a8e3bcc40d7c032b9dda1df7d1c" "/opt/rustwide/cargo-home/bin/cargo" "+1.75.0" "metadata" "--no-deps" "--format-version=1", kill_on_drop: false }`
[INFO] [stdout] 446efaa5a906fc513d793f2e47349566ea12744143d67518b67ef684a3849ad0
[INFO] running `Command { std: "docker" "start" "-a" "446efaa5a906fc513d793f2e47349566ea12744143d67518b67ef684a3849ad0", kill_on_drop: false }`
[INFO] running `Command { std: "docker" "inspect" "446efaa5a906fc513d793f2e47349566ea12744143d67518b67ef684a3849ad0", kill_on_drop: false }`
[INFO] running `Command { std: "docker" "rm" "-f" "446efaa5a906fc513d793f2e47349566ea12744143d67518b67ef684a3849ad0", kill_on_drop: false }`
[INFO] [stdout] 446efaa5a906fc513d793f2e47349566ea12744143d67518b67ef684a3849ad0
[INFO] running `Command { std: "docker" "create" "-v" "/var/lib/crater-agent-workspace/builds/worker-1-tc1/target:/opt/rustwide/target:rw,Z" "-v" "/var/lib/crater-agent-workspace/builds/worker-1-tc1/source:/opt/rustwide/workdir:ro,Z" "-v" "/var/lib/crater-agent-workspace/cargo-home:/opt/rustwide/cargo-home:ro,Z" "-v" "/var/lib/crater-agent-workspace/rustup-home:/opt/rustwide/rustup-home:ro,Z" "-e" "SOURCE_DIR=/opt/rustwide/workdir" "-e" "CARGO_TARGET_DIR=/opt/rustwide/target" "-e" "CARGO_INCREMENTAL=0" "-e" "RUST_BACKTRACE=full" "-e" "RUSTFLAGS=--cap-lints=warn" "-e" "RUSTDOCFLAGS=--cap-lints=warn" "-e" "CARGO_HOME=/opt/rustwide/cargo-home" "-e" "RUSTUP_HOME=/opt/rustwide/rustup-home" "-w" "/opt/rustwide/workdir" "-m" "1610612736" "--user" "0:0" "--network" "none" "ghcr.io/rust-lang/crates-build-env/linux@sha256:2788e3201cd34a07e3172128adcd8b3090168a8e3bcc40d7c032b9dda1df7d1c" "/opt/rustwide/cargo-home/bin/cargo" "+1.75.0" "doc" "--frozen" "--no-deps" "--document-private-items" "--message-format=json", kill_on_drop: false }`
[INFO] [stdout] 8322574badaa6cee3b151564d45aada00b63fdcf5a9bd7fe09c63b82964bdd4f
[INFO] running `Command { std: "docker" "start" "-a" "8322574badaa6cee3b151564d45aada00b63fdcf5a9bd7fe09c63b82964bdd4f", kill_on_drop: false }`
[INFO] [stderr]    Compiling libc v0.2.74
[INFO] [stderr]    Compiling proc-macro2 v1.0.19
[INFO] [stderr]    Compiling autocfg v1.0.0
[INFO] [stderr]    Compiling unicode-xid v0.2.1
[INFO] [stderr]    Compiling syn v1.0.38
[INFO] [stderr]    Compiling log v0.4.11
[INFO] [stderr]    Compiling getrandom v0.1.14
[INFO] [stderr]    Compiling cfg-if v0.1.10
[INFO] [stderr]    Compiling memchr v2.3.3
[INFO] [stderr]    Compiling cc v1.0.58
[INFO] [stderr]    Compiling proc-macro-hack v0.5.18
[INFO] [stderr]     Checking slab v0.4.2
[INFO] [stderr]     Checking futures-core v0.3.5
[INFO] [stderr]    Compiling pkg-config v0.3.18
[INFO] [stderr]    Compiling serde_derive v1.0.115
[INFO] [stderr]    Compiling pin-project-internal v0.4.23
[INFO] [stderr]    Compiling quote v1.0.7
[INFO] [stderr]    Compiling byteorder v1.3.4
[INFO] [stderr]     Checking num_cpus v1.13.0
[INFO] [stderr]     Checking iovec v0.1.4
[INFO] [stderr]    Compiling serde v1.0.115
[INFO] [stderr]     Checking bytes v0.5.6
[INFO] [stderr]     Checking net2 v0.2.34
[INFO] [stderr]    Compiling version_check v0.9.2
[INFO] [stderr]    Compiling num-traits v0.2.12
[INFO] [stderr]    Compiling const-random-macro v0.1.8
[INFO] [stderr]     Checking mio v0.6.22
[INFO] [stderr]    Compiling bitflags v1.2.1
[INFO] [stderr]    Compiling hashbrown v0.8.2
[INFO] [stderr]    Compiling proc-macro-nested v0.1.6
[INFO] [stderr]     Checking once_cell v1.4.0
[INFO] [stderr]     Checking pin-project-lite v0.1.7
[INFO] [stderr]     Checking arc-swap v0.4.7
[INFO] [stderr]    Compiling indexmap v1.5.1
[INFO] [stderr]    Compiling semver-parser v0.7.0
[INFO] [stderr]     Checking futures-io v0.3.5
[INFO] [stderr]    Compiling openssl-sys v0.9.58
[INFO] [stderr]     Checking futures-sink v0.3.5
[INFO] [stderr]     Checking signal-hook-registry v1.2.1
[INFO] [stderr]    Compiling semver v0.9.0
[INFO] [stderr]    Compiling typenum v1.12.0
[INFO] [stderr]    Compiling lazy_static v1.4.0
[INFO] [stderr]     Checking mio-uds v0.6.8
[INFO] [stderr]     Checking itoa v0.4.6
[INFO] [stderr]     Checking futures-channel v0.3.5
[INFO] [stderr]     Checking tokio v0.2.22
[INFO] [stderr]    Compiling rustc_version v0.2.3
[INFO] [stderr]     Checking rand_core v0.5.1
[INFO] [stderr]     Checking futures-task v0.3.5
[INFO] [stderr]    Compiling crossbeam-utils v0.7.2
[INFO] [stderr]     Checking either v1.6.0
[INFO] [stderr]     Checking const-random v0.1.8
[INFO] [stderr]    Compiling maybe-uninit v2.0.0
[INFO] [stderr]     Checking ahash v0.3.8
[INFO] [stderr]    Compiling httparse v1.3.4
[INFO] [stderr] The following warnings were emitted during compilation:
[INFO] [stderr] 
[INFO] [stderr] warning: openssl-sys@0.9.58: build/expando.c:4:24: error: pasting "RUST_VERSION_OPENSSL_" and "(" does not give a valid preprocessing token
[INFO] [stderr] warning: openssl-sys@0.9.58:     4 | #define VERSION2(n, v) RUST_VERSION_##n##_##v
[INFO] [stderr] warning: openssl-sys@0.9.58:       |                        ^~~~~~~~~~~~~
[INFO] [stderr] warning: openssl-sys@0.9.58: build/expando.c:5:23: note: in expansion of macro 'VERSION2'
[INFO] [stderr] warning: openssl-sys@0.9.58:     5 | #define VERSION(n, v) VERSION2(n, v)
[INFO] [stderr] warning: openssl-sys@0.9.58:       |                       ^~~~~~~~
[INFO] [stderr] warning: openssl-sys@0.9.58: build/expando.c:10:1: note: in expansion of macro 'VERSION'
[INFO] [stderr] warning: openssl-sys@0.9.58:    10 | VERSION(OPENSSL, OPENSSL_VERSION_NUMBER)
[INFO] [stderr] warning: openssl-sys@0.9.58:       | ^~~~~~~
[INFO] [stderr] 
[INFO] [stderr] error: failed to run custom build command for `openssl-sys v0.9.58`
[INFO] [stderr] note: To improve backtraces for build dependencies, set the CARGO_PROFILE_DEV_BUILD_OVERRIDE_DEBUG=true environment variable to enable debug information generation.
[INFO] [stderr] 
[INFO] [stderr] Caused by:
[INFO] [stderr]   process didn't exit successfully: `/opt/rustwide/target/debug/build/openssl-sys-78038650b4cc1ca6/build-script-main` (exit status: 101)
[INFO] [stderr]   --- stdout
[INFO] [stderr]   cargo:rustc-cfg=const_fn
[INFO] [stderr]   cargo:rerun-if-env-changed=X86_64_UNKNOWN_LINUX_GNU_OPENSSL_LIB_DIR
[INFO] [stderr]   X86_64_UNKNOWN_LINUX_GNU_OPENSSL_LIB_DIR unset
[INFO] [stderr]   cargo:rerun-if-env-changed=OPENSSL_LIB_DIR
[INFO] [stderr]   OPENSSL_LIB_DIR unset
[INFO] [stderr]   cargo:rerun-if-env-changed=X86_64_UNKNOWN_LINUX_GNU_OPENSSL_INCLUDE_DIR
[INFO] [stderr]   X86_64_UNKNOWN_LINUX_GNU_OPENSSL_INCLUDE_DIR unset
[INFO] [stderr]   cargo:rerun-if-env-changed=OPENSSL_INCLUDE_DIR
[INFO] [stderr]   OPENSSL_INCLUDE_DIR unset
[INFO] [stderr]   cargo:rerun-if-env-changed=X86_64_UNKNOWN_LINUX_GNU_OPENSSL_DIR
[INFO] [stderr]   X86_64_UNKNOWN_LINUX_GNU_OPENSSL_DIR unset
[INFO] [stderr]   cargo:rerun-if-env-changed=OPENSSL_DIR
[INFO] [stderr]   OPENSSL_DIR unset
[INFO] [stderr]   cargo:rerun-if-env-changed=OPENSSL_NO_PKG_CONFIG
[INFO] [stderr]   cargo:rerun-if-env-changed=PKG_CONFIG
[INFO] [stderr]   cargo:rerun-if-env-changed=OPENSSL_STATIC
[INFO] [stderr]   cargo:rerun-if-env-changed=OPENSSL_DYNAMIC
[INFO] [stderr]   cargo:rerun-if-env-changed=PKG_CONFIG_ALL_STATIC
[INFO] [stderr]   cargo:rerun-if-env-changed=PKG_CONFIG_ALL_DYNAMIC
[INFO] [stderr]   cargo:rerun-if-env-changed=PKG_CONFIG_PATH_x86_64-unknown-linux-gnu
[INFO] [stderr]   cargo:rerun-if-env-changed=PKG_CONFIG_PATH_x86_64_unknown_linux_gnu
[INFO] [stderr]   cargo:rerun-if-env-changed=HOST_PKG_CONFIG_PATH
[INFO] [stderr]   cargo:rerun-if-env-changed=PKG_CONFIG_PATH
[INFO] [stderr]   cargo:rerun-if-env-changed=PKG_CONFIG_LIBDIR_x86_64-unknown-linux-gnu
[INFO] [stderr]   cargo:rerun-if-env-changed=PKG_CONFIG_LIBDIR_x86_64_unknown_linux_gnu
[INFO] [stderr]   cargo:rerun-if-env-changed=HOST_PKG_CONFIG_LIBDIR
[INFO] [stderr]   cargo:rerun-if-env-changed=PKG_CONFIG_LIBDIR
[INFO] [stderr]   cargo:rerun-if-env-changed=PKG_CONFIG_SYSROOT_DIR_x86_64-unknown-linux-gnu
[INFO] [stderr]   cargo:rerun-if-env-changed=PKG_CONFIG_SYSROOT_DIR_x86_64_unknown_linux_gnu
[INFO] [stderr]   cargo:rerun-if-env-changed=HOST_PKG_CONFIG_SYSROOT_DIR
[INFO] [stderr]   cargo:rerun-if-env-changed=PKG_CONFIG_SYSROOT_DIR
[INFO] [stderr]   cargo:rerun-if-env-changed=OPENSSL_STATIC
[INFO] [stderr]   cargo:rerun-if-env-changed=OPENSSL_DYNAMIC
[INFO] [stderr]   cargo:rerun-if-env-changed=PKG_CONFIG_ALL_STATIC
[INFO] [stderr]   cargo:rerun-if-env-changed=PKG_CONFIG_ALL_DYNAMIC
[INFO] [stderr]   cargo:rustc-link-lib=ssl
[INFO] [stderr]   cargo:rustc-link-lib=crypto
[INFO] [stderr]   cargo:rerun-if-env-changed=PKG_CONFIG
[INFO] [stderr]   cargo:rerun-if-env-changed=OPENSSL_STATIC
[INFO] [stderr]   cargo:rerun-if-env-changed=OPENSSL_DYNAMIC
[INFO] [stderr]   cargo:rerun-if-env-changed=PKG_CONFIG_ALL_STATIC
[INFO] [stderr]   cargo:rerun-if-env-changed=PKG_CONFIG_ALL_DYNAMIC
[INFO] [stderr]   cargo:rerun-if-env-changed=PKG_CONFIG_PATH_x86_64-unknown-linux-gnu
[INFO] [stderr]   cargo:rerun-if-env-changed=PKG_CONFIG_PATH_x86_64_unknown_linux_gnu
[INFO] [stderr]   cargo:rerun-if-env-changed=HOST_PKG_CONFIG_PATH
[INFO] [stderr]   cargo:rerun-if-env-changed=PKG_CONFIG_PATH
[INFO] [stderr]   cargo:rerun-if-env-changed=PKG_CONFIG_LIBDIR_x86_64-unknown-linux-gnu
[INFO] [stderr]   cargo:rerun-if-env-changed=PKG_CONFIG_LIBDIR_x86_64_unknown_linux_gnu
[INFO] [stderr]   cargo:rerun-if-env-changed=HOST_PKG_CONFIG_LIBDIR
[INFO] [stderr]   cargo:rerun-if-env-changed=PKG_CONFIG_LIBDIR
[INFO] [stderr]   cargo:rerun-if-env-changed=PKG_CONFIG_SYSROOT_DIR_x86_64-unknown-linux-gnu
[INFO] [stderr]   cargo:rerun-if-env-changed=PKG_CONFIG_SYSROOT_DIR_x86_64_unknown_linux_gnu
[INFO] [stderr]   cargo:rerun-if-env-changed=HOST_PKG_CONFIG_SYSROOT_DIR
[INFO] [stderr]   cargo:rerun-if-env-changed=PKG_CONFIG_SYSROOT_DIR
[INFO] [stderr]   OPT_LEVEL = Some("0")
[INFO] [stderr]   TARGET = Some("x86_64-unknown-linux-gnu")
[INFO] [stderr]   HOST = Some("x86_64-unknown-linux-gnu")
[INFO] [stderr]   CC_x86_64-unknown-linux-gnu = None
[INFO] [stderr]   CC_x86_64_unknown_linux_gnu = None
[INFO] [stderr]   HOST_CC = None
[INFO] [stderr]   CC = None
[INFO] [stderr]   CFLAGS_x86_64-unknown-linux-gnu = None
[INFO] [stderr]   CFLAGS_x86_64_unknown_linux_gnu = None
[INFO] [stderr]   HOST_CFLAGS = None
[INFO] [stderr]   CFLAGS = None
[INFO] [stderr]   CRATE_CC_NO_DEFAULTS = None
[INFO] [stderr]   DEBUG = Some("true")
[INFO] [stderr]   CARGO_CFG_TARGET_FEATURE = Some("fxsr,sse,sse2")
[INFO] [stderr]   running: "cc" "-O0" "-ffunction-sections" "-fdata-sections" "-fPIC" "-g" "-fno-omit-frame-pointer" "-m64" "-I" "/usr/include" "-Wall" "-Wextra" "-E" "build/expando.c"
[INFO] [stderr]   cargo:warning=build/expando.c:4:24: error: pasting "RUST_VERSION_OPENSSL_" and "(" does not give a valid preprocessing token
[INFO] [stderr]   cargo:warning=    4 | #define VERSION2(n, v) RUST_VERSION_##n##_##v
[INFO] [stderr]   cargo:warning=      |                        ^~~~~~~~~~~~~
[INFO] [stderr]   cargo:warning=build/expando.c:5:23: note: in expansion of macro 'VERSION2'
[INFO] [stderr]   cargo:warning=    5 | #define VERSION(n, v) VERSION2(n, v)
[INFO] [stderr]   cargo:warning=      |                       ^~~~~~~~
[INFO] [stderr]   cargo:warning=build/expando.c:10:1: note: in expansion of macro 'VERSION'
[INFO] [stderr]   cargo:warning=   10 | VERSION(OPENSSL, OPENSSL_VERSION_NUMBER)
[INFO] [stderr]   cargo:warning=      | ^~~~~~~
[INFO] [stderr]   exit status: 1
[INFO] [stderr] 
[INFO] [stderr]   --- stderr
[INFO] [stderr]   thread 'main' panicked at /opt/rustwide/cargo-home/registry/src/index.crates.io-6f17d22bba15001f/openssl-sys-0.9.58/build/main.rs:140:13:
[INFO] [stderr] 
[INFO] [stderr]   Header expansion error:
[INFO] [stderr]   Error { kind: ToolExecError, message: "Command \"cc\" \"-O0\" \"-ffunction-sections\" \"-fdata-sections\" \"-fPIC\" \"-g\" \"-fno-omit-frame-pointer\" \"-m64\" \"-I\" \"/usr/include\" \"-Wall\" \"-Wextra\" \"-E\" \"build/expando.c\" with args \"cc\" did not execute successfully (status code exit status: 1)." }
[INFO] [stderr] 
[INFO] [stderr]   Failed to find OpenSSL development headers.
[INFO] [stderr] 
[INFO] [stderr]   You can try fixing this setting the `OPENSSL_DIR` environment variable
[INFO] [stderr]   pointing to your OpenSSL installation or installing OpenSSL headers package
[INFO] [stderr]   specific to your distribution:
[INFO] [stderr] 
[INFO] [stderr]       # On Ubuntu
[INFO] [stderr]       sudo apt-get install libssl-dev
[INFO] [stderr]       # On Arch Linux
[INFO] [stderr]       sudo pacman -S openssl
[INFO] [stderr]       # On Fedora
[INFO] [stderr]       sudo dnf install openssl-devel
[INFO] [stderr] 
[INFO] [stderr]   See rust-openssl README for more information:
[INFO] [stderr] 
[INFO] [stderr]       https://github.com/sfackler/rust-openssl#linux
[INFO] [stderr] 
[INFO] [stderr]   stack backtrace:
[INFO] [stderr]      0:     0x55cc122a70dc - std::backtrace_rs::backtrace::libunwind::trace::ha637c64ce894333a
[INFO] [stderr]                                  at /rustc/82e1608dfa6e0b5569232559e3d385fea5a93112/library/std/src/../../backtrace/src/backtrace/libunwind.rs:104:5
[INFO] [stderr]      1:     0x55cc122a70dc - std::backtrace_rs::backtrace::trace_unsynchronized::h47f62dea28e0c88d
[INFO] [stderr]                                  at /rustc/82e1608dfa6e0b5569232559e3d385fea5a93112/library/std/src/../../backtrace/src/backtrace/mod.rs:66:5
[INFO] [stderr]      2:     0x55cc122a70dc - std::sys_common::backtrace::_print_fmt::h9eef0abe20ede486
[INFO] [stderr]                                  at /rustc/82e1608dfa6e0b5569232559e3d385fea5a93112/library/std/src/sys_common/backtrace.rs:67:5
[INFO] [stderr]      3:     0x55cc122a70dc - <std::sys_common::backtrace::_print::DisplayBacktrace as core::fmt::Display>::fmt::hed7f999df88cc644
[INFO] [stderr]                                  at /rustc/82e1608dfa6e0b5569232559e3d385fea5a93112/library/std/src/sys_common/backtrace.rs:44:22
[INFO] [stderr]      4:     0x55cc122cd240 - core::fmt::rt::Argument::fmt::h1539a9308b8d058d
[INFO] [stderr]                                  at /rustc/82e1608dfa6e0b5569232559e3d385fea5a93112/library/core/src/fmt/rt.rs:142:9
[INFO] [stderr]      5:     0x55cc122cd240 - core::fmt::write::h3a39390d8560d9c9
[INFO] [stderr]                                  at /rustc/82e1608dfa6e0b5569232559e3d385fea5a93112/library/core/src/fmt/mod.rs:1120:17
[INFO] [stderr]      6:     0x55cc122a4adf - std::io::Write::write_fmt::h5fc9997dfe05f882
[INFO] [stderr]                                  at /rustc/82e1608dfa6e0b5569232559e3d385fea5a93112/library/std/src/io/mod.rs:1762:15
[INFO] [stderr]      7:     0x55cc122a6ec4 - std::sys_common::backtrace::_print::h894006fb5c6f3d45
[INFO] [stderr]                                  at /rustc/82e1608dfa6e0b5569232559e3d385fea5a93112/library/std/src/sys_common/backtrace.rs:47:5
[INFO] [stderr]      8:     0x55cc122a6ec4 - std::sys_common::backtrace::print::h23a2d212c6fff936
[INFO] [stderr]                                  at /rustc/82e1608dfa6e0b5569232559e3d385fea5a93112/library/std/src/sys_common/backtrace.rs:34:9
[INFO] [stderr]      9:     0x55cc122a86d7 - std::panicking::default_hook::{{closure}}::h8a1d2ee00185001a
[INFO] [stderr]     10:     0x55cc122a843f - std::panicking::default_hook::h6038f2eba384e475
[INFO] [stderr]                                  at /rustc/82e1608dfa6e0b5569232559e3d385fea5a93112/library/std/src/panicking.rs:292:9
[INFO] [stderr]     11:     0x55cc122a8b58 - std::panicking::rust_panic_with_hook::h2b5517d590cab22e
[INFO] [stderr]                                  at /rustc/82e1608dfa6e0b5569232559e3d385fea5a93112/library/std/src/panicking.rs:779:13
[INFO] [stderr]     12:     0x55cc122a8a3e - std::panicking::begin_panic_handler::{{closure}}::h233112c06e0ef43e
[INFO] [stderr]                                  at /rustc/82e1608dfa6e0b5569232559e3d385fea5a93112/library/std/src/panicking.rs:657:13
[INFO] [stderr]     13:     0x55cc122a75a6 - std::sys_common::backtrace::__rust_end_short_backtrace::h6e893f24d7ebbff8
[INFO] [stderr]                                  at /rustc/82e1608dfa6e0b5569232559e3d385fea5a93112/library/std/src/sys_common/backtrace.rs:170:18
[INFO] [stderr]     14:     0x55cc122a87a2 - rust_begin_unwind
[INFO] [stderr]                                  at /rustc/82e1608dfa6e0b5569232559e3d385fea5a93112/library/std/src/panicking.rs:645:5
[INFO] [stderr]     15:     0x55cc12217685 - core::panicking::panic_fmt::hbf0e066aabfa482c
[INFO] [stderr]                                  at /rustc/82e1608dfa6e0b5569232559e3d385fea5a93112/library/core/src/panicking.rs:72:14
[INFO] [stderr]     16:     0x55cc1221f532 - build_script_main::validate_headers::h6c26d7de84aaebdf
[INFO] [stderr]     17:     0x55cc1221c152 - build_script_main::find_normal::try_pkg_config::h71e96111a51e5eb9
[INFO] [stderr]     18:     0x55cc1221b264 - build_script_main::find_normal::find_openssl_dir::ha6116e17db347a4d
[INFO] [stderr]     19:     0x55cc1221b102 - build_script_main::find_normal::get_openssl::{{closure}}::h18cd5cec92327087
[INFO] [stderr]     20:     0x55cc122188d9 - core::option::Option<T>::unwrap_or_else::h310cf7df6f61643e
[INFO] [stderr]     21:     0x55cc1221aebe - build_script_main::find_normal::get_openssl::hbe0caa78284e2292
[INFO] [stderr]     22:     0x55cc1221ce2d - build_script_main::find_openssl::h3cd86a122e9b79cd
[INFO] [stderr]     23:     0x55cc1221cf0d - build_script_main::main::h97f5dab107a42e79
[INFO] [stderr]     24:     0x55cc12223223 - core::ops::function::FnOnce::call_once::hf3b2c2950019c5fb
[INFO] [stderr]     25:     0x55cc12222cc6 - std::sys_common::backtrace::__rust_begin_short_backtrace::hd6e3ef0bcff01751
[INFO] [stderr]     26:     0x55cc122182c9 - std::rt::lang_start::{{closure}}::he162cf3fd1227aeb
[INFO] [stderr]     27:     0x55cc122a0db7 - core::ops::function::impls::<impl core::ops::function::FnOnce<A> for &F>::call_once::hd95060ecd5e1ca24
[INFO] [stderr]                                  at /rustc/82e1608dfa6e0b5569232559e3d385fea5a93112/library/core/src/ops/function.rs:284:13
[INFO] [stderr]     28:     0x55cc122a0db7 - std::panicking::try::do_call::h6e8cf51db32a6e4b
[INFO] [stderr]                                  at /rustc/82e1608dfa6e0b5569232559e3d385fea5a93112/library/std/src/panicking.rs:552:40
[INFO] [stderr]     29:     0x55cc122a0db7 - std::panicking::try::h3a52eefe24fe3c29
[INFO] [stderr]                                  at /rustc/82e1608dfa6e0b5569232559e3d385fea5a93112/library/std/src/panicking.rs:516:19
[INFO] [stderr]     30:     0x55cc122a0db7 - std::panic::catch_unwind::h24c28c23c02c3841
[INFO] [stderr]                                  at /rustc/82e1608dfa6e0b5569232559e3d385fea5a93112/library/std/src/panic.rs:142:14
[INFO] [stderr]     31:     0x55cc122a0db7 - std::rt::lang_start_internal::{{closure}}::h705d3c9cbc06ef47
[INFO] [stderr]                                  at /rustc/82e1608dfa6e0b5569232559e3d385fea5a93112/library/std/src/rt.rs:148:48
[INFO] [stderr]     32:     0x55cc122a0db7 - std::panicking::try::do_call::ha21f52ba13158470
[INFO] [stderr]                                  at /rustc/82e1608dfa6e0b5569232559e3d385fea5a93112/library/std/src/panicking.rs:552:40
[INFO] [stderr]     33:     0x55cc122a0db7 - std::panicking::try::h5581346bf6aeb1f8
[INFO] [stderr]                                  at /rustc/82e1608dfa6e0b5569232559e3d385fea5a93112/library/std/src/panicking.rs:516:19
[INFO] [stderr]     34:     0x55cc122a0db7 - std::panic::catch_unwind::h7919645a6b72e25b
[INFO] [stderr]                                  at /rustc/82e1608dfa6e0b5569232559e3d385fea5a93112/library/std/src/panic.rs:142:14
[INFO] [stderr]     35:     0x55cc122a0db7 - std::rt::lang_start_internal::h12de51168669836e
[INFO] [stderr]                                  at /rustc/82e1608dfa6e0b5569232559e3d385fea5a93112/library/std/src/rt.rs:148:20
[INFO] [stderr]     36:     0x55cc122182a7 - std::rt::lang_start::ha179bb706e27b34d
[INFO] [stderr]     37:     0x55cc12220275 - main
[INFO] [stderr]     38:     0x7f7d364bad90 - <unknown>
[INFO] [stderr]     39:     0x7f7d364bae40 - __libc_start_main
[INFO] [stderr]     40:     0x55cc12217e95 - _start
[INFO] [stderr]     41:                0x0 - <unknown>
[INFO] [stderr] warning: build failed, waiting for other jobs to finish...
[INFO] running `Command { std: "docker" "inspect" "8322574badaa6cee3b151564d45aada00b63fdcf5a9bd7fe09c63b82964bdd4f", kill_on_drop: false }`
[INFO] running `Command { std: "docker" "rm" "-f" "8322574badaa6cee3b151564d45aada00b63fdcf5a9bd7fe09c63b82964bdd4f", kill_on_drop: false }`
[INFO] [stdout] 8322574badaa6cee3b151564d45aada00b63fdcf5a9bd7fe09c63b82964bdd4f
