[INFO] cloning repository https://github.com/Simhyeon/r4d
[INFO] running `Command { std: "git" "-c" "credential.helper=" "-c" "credential.helper=/workspace/cargo-home/bin/git-credential-null" "clone" "--bare" "https://github.com/Simhyeon/r4d" "/workspace/cache/git-repos/https%3A%2F%2Fgithub.com%2FSimhyeon%2Fr4d", kill_on_drop: false }`
[INFO] [stderr] Cloning into bare repository '/workspace/cache/git-repos/https%3A%2F%2Fgithub.com%2FSimhyeon%2Fr4d'...
[INFO] running `Command { std: "git" "rev-parse" "HEAD", kill_on_drop: false }`
[INFO] [stdout] 837441e7ac45d793ec9a5b6276e48dc59c675c48
[INFO] documenting Simhyeon/r4d against 1.75.0 for beta-1.76-rustdoc-1
[INFO] running `Command { std: "git" "clone" "/workspace/cache/git-repos/https%3A%2F%2Fgithub.com%2FSimhyeon%2Fr4d" "/workspace/builds/worker-2-tc1/source", kill_on_drop: false }`
[INFO] [stderr] Cloning into '/workspace/builds/worker-2-tc1/source'...
[INFO] [stderr] done.
[INFO] validating manifest of git repo https://github.com/Simhyeon/r4d on toolchain 1.75.0
[INFO] running `Command { std: CARGO_HOME="/workspace/cargo-home" RUSTUP_HOME="/workspace/rustup-home" "/workspace/cargo-home/bin/cargo" "+1.75.0" "metadata" "--manifest-path" "Cargo.toml" "--no-deps", kill_on_drop: false }`
[INFO] started tweaking git repo https://github.com/Simhyeon/r4d
[INFO] finished tweaking git repo https://github.com/Simhyeon/r4d
[INFO] tweaked toml for git repo https://github.com/Simhyeon/r4d written to /workspace/builds/worker-2-tc1/source/Cargo.toml
[INFO] crate git repo https://github.com/Simhyeon/r4d already has a lockfile, it will not be regenerated
[INFO] running `Command { std: CARGO_HOME="/workspace/cargo-home" RUSTUP_HOME="/workspace/rustup-home" "/workspace/cargo-home/bin/cargo" "+1.75.0" "fetch" "--manifest-path" "Cargo.toml", kill_on_drop: false }`
[INFO] [stderr]     Updating git repository `https://github.com/simhyeon/cindex`
[INFO] [stderr]     Updating git repository `https://github.com/simhyeon/dcsv`
[INFO] [stderr]     Updating crates.io index
[INFO] [stderr]  Downloading crates ...
[INFO] [stderr]   Downloaded trexter v0.1.1
[INFO] [stderr]   Downloaded rad_ext_template v0.3.0
[INFO] [stderr]   Downloaded evalexpr v11.2.0
[INFO] running `Command { std: "docker" "create" "-v" "/var/lib/crater-agent-workspace/builds/worker-2-tc1/target:/opt/rustwide/target:rw,Z" "-v" "/var/lib/crater-agent-workspace/builds/worker-2-tc1/source:/opt/rustwide/workdir:ro,Z" "-v" "/var/lib/crater-agent-workspace/cargo-home:/opt/rustwide/cargo-home:ro,Z" "-v" "/var/lib/crater-agent-workspace/rustup-home:/opt/rustwide/rustup-home:ro,Z" "-e" "SOURCE_DIR=/opt/rustwide/workdir" "-e" "CARGO_TARGET_DIR=/opt/rustwide/target" "-e" "CARGO_HOME=/opt/rustwide/cargo-home" "-e" "RUSTUP_HOME=/opt/rustwide/rustup-home" "-w" "/opt/rustwide/workdir" "-m" "1610612736" "--user" "0:0" "--network" "none" "ghcr.io/rust-lang/crates-build-env/linux@sha256:2788e3201cd34a07e3172128adcd8b3090168a8e3bcc40d7c032b9dda1df7d1c" "/opt/rustwide/cargo-home/bin/cargo" "+1.75.0" "metadata" "--no-deps" "--format-version=1", kill_on_drop: false }`
[INFO] [stdout] dc600acd9c17898624b6c33ae964ebf2725b66933ade17f45671a7f77a87a756
[INFO] running `Command { std: "docker" "start" "-a" "dc600acd9c17898624b6c33ae964ebf2725b66933ade17f45671a7f77a87a756", kill_on_drop: false }`
[INFO] running `Command { std: "docker" "inspect" "dc600acd9c17898624b6c33ae964ebf2725b66933ade17f45671a7f77a87a756", kill_on_drop: false }`
[INFO] running `Command { std: "docker" "rm" "-f" "dc600acd9c17898624b6c33ae964ebf2725b66933ade17f45671a7f77a87a756", kill_on_drop: false }`
[INFO] [stdout] dc600acd9c17898624b6c33ae964ebf2725b66933ade17f45671a7f77a87a756
[INFO] running `Command { std: "docker" "create" "-v" "/var/lib/crater-agent-workspace/builds/worker-2-tc1/target:/opt/rustwide/target:rw,Z" "-v" "/var/lib/crater-agent-workspace/builds/worker-2-tc1/source:/opt/rustwide/workdir:ro,Z" "-v" "/var/lib/crater-agent-workspace/cargo-home:/opt/rustwide/cargo-home:ro,Z" "-v" "/var/lib/crater-agent-workspace/rustup-home:/opt/rustwide/rustup-home:ro,Z" "-e" "SOURCE_DIR=/opt/rustwide/workdir" "-e" "CARGO_TARGET_DIR=/opt/rustwide/target" "-e" "CARGO_INCREMENTAL=0" "-e" "RUST_BACKTRACE=full" "-e" "RUSTFLAGS=--cap-lints=warn" "-e" "RUSTDOCFLAGS=--cap-lints=warn" "-e" "CARGO_HOME=/opt/rustwide/cargo-home" "-e" "RUSTUP_HOME=/opt/rustwide/rustup-home" "-w" "/opt/rustwide/workdir" "-m" "1610612736" "--user" "0:0" "--network" "none" "ghcr.io/rust-lang/crates-build-env/linux@sha256:2788e3201cd34a07e3172128adcd8b3090168a8e3bcc40d7c032b9dda1df7d1c" "/opt/rustwide/cargo-home/bin/cargo" "+1.75.0" "doc" "--frozen" "--no-deps" "--document-private-items" "--message-format=json", kill_on_drop: false }`
[INFO] [stdout] 19d75f049679677baf624de5a3cab6211f9f76dbc4c51adc19163b61ecb8bbf5
[INFO] running `Command { std: "docker" "start" "-a" "19d75f049679677baf624de5a3cab6211f9f76dbc4c51adc19163b61ecb8bbf5", kill_on_drop: false }`
[INFO] [stderr]    Compiling proc-macro2 v1.0.70
[INFO] [stderr]     Checking memchr v2.6.4
[INFO] [stderr]     Checking regex-syntax v0.8.2
[INFO] [stderr]    Compiling serde v1.0.193
[INFO] [stderr]     Checking either v1.9.0
[INFO] [stderr]     Checking trexter v0.1.1
[INFO] [stderr]     Checking once_cell v1.18.0
[INFO] [stderr]     Checking flate2 v1.0.28
[INFO] [stderr]     Checking itertools v0.12.0
[INFO] [stderr]     Checking aho-corasick v1.1.2
[INFO] [stderr]    Compiling quote v1.0.33
[INFO] [stderr]    Compiling syn v2.0.39
[INFO] [stderr]     Checking regex-automata v0.4.3
[INFO] [stderr]    Compiling serde_derive v1.0.193
[INFO] [stderr]     Checking regex v1.10.2
[INFO] [stderr]     Checking dcsv v0.3.3-rc2 (https://github.com/simhyeon/dcsv#02cdbd2c)
[INFO] [stderr]     Checking bincode v1.3.3
[INFO] [stderr]     Checking r4d v3.2.0-beta.2 (/opt/rustwide/workdir)
[INFO] [stderr]  Documenting r4d v3.2.0-beta.2 (/opt/rustwide/workdir)
[INFO] [stdout] error[E0432]: unresolved import `similar`
[INFO] [stdout]   --> src/map/function_map_impl.rs:19:5
[INFO] [stdout]    |
[INFO] [stdout] 19 | use similar::DiffableStr;
[INFO] [stdout]    |     ^^^^^^^ use of undeclared crate or module `similar`
[INFO] [stdout] 
[INFO] [stdout] 
[INFO] [stdout] error[E0432]: unresolved import `similar`
[INFO] [stdout]   --> src/map/function_map_impl.rs:19:5
[INFO] [stdout]    |
[INFO] [stdout] 19 | use similar::DiffableStr;
[INFO] [stdout]    |     ^^^^^^^ use of undeclared crate or module `similar`
[INFO] [stdout] 
[INFO] [stdout] 
[INFO] [stdout] error: aborting due to previous error
[INFO] [stdout] 
[INFO] [stdout] 
[INFO] [stdout] For more information about this error, try `rustc --explain E0432`.
[INFO] [stdout] 
[INFO] [stderr] error: could not document `r4d`
[INFO] [stderr] 
[INFO] [stderr] Caused by:
[INFO] [stderr]   process didn't exit successfully: `/opt/rustwide/rustup-home/toolchains/1.75.0-x86_64-unknown-linux-gnu/bin/rustdoc --edition=2021 --crate-type cdylib --crate-type rlib --crate-name r4d src/lib.rs -o /opt/rustwide/target/doc --error-format=json --json=diagnostic-rendered-ansi,artifacts,future-incompat --document-private-items -C metadata=99de7a8701f77fbd -L dependency=/opt/rustwide/target/debug/deps --extern bincode=/opt/rustwide/target/debug/deps/libbincode-e1c44dae7526b16f.rmeta --extern dcsv=/opt/rustwide/target/debug/deps/libdcsv-fbab5b88c7981820.rmeta --extern flate2=/opt/rustwide/target/debug/deps/libflate2-d210b61afa84184e.rmeta --extern itertools=/opt/rustwide/target/debug/deps/libitertools-718e62fb194a164b.rmeta --extern once_cell=/opt/rustwide/target/debug/deps/libonce_cell-5022bfb9325dfd1a.rmeta --extern regex=/opt/rustwide/target/debug/deps/libregex-598f88fe5feb4d2b.rmeta --extern serde=/opt/rustwide/target/debug/deps/libserde-86f3d01e1f3d558e.rmeta --extern trexter=/opt/rustwide/target/debug/deps/libtrexter-14d0e0aac97cef06.rmeta --cap-lints=warn --crate-version 3.2.0-beta.2` (exit status: 1)
[INFO] [stderr] warning: build failed, waiting for other jobs to finish...
[INFO] [stdout] error[E0599]: no method named `get_signatures` found for struct `MacroMap` in the current scope
[INFO] [stdout]     --> src/process/processor.rs:3211:22
[INFO] [stdout]      |
[INFO] [stdout] 3211 |             self.map.get_signatures()
[INFO] [stdout]      |                      ^^^^^^^^^^^^^^ method not found in `MacroMap`
[INFO] [stdout]      |
[INFO] [stdout]     ::: src/map/macro_map.rs:26:1
[INFO] [stdout]      |
[INFO] [stdout] 26   | pub(crate) struct MacroMap {
[INFO] [stdout]      | -------------------------- method `get_signatures` not found for this struct
[INFO] [stdout] 
[INFO] [stdout] 
[INFO] [stdout] error[E0599]: no method named `get_runtime_signatures` found for struct `MacroMap` in the current scope
[INFO] [stdout]     --> src/process/processor.rs:3213:22
[INFO] [stdout]      |
[INFO] [stdout] 3213 |             self.map.get_runtime_signatures()
[INFO] [stdout]      |                      ^^^^^^^^^^^^^^^^^^^^^^ method not found in `MacroMap`
[INFO] [stdout]      |
[INFO] [stdout]     ::: src/map/macro_map.rs:26:1
[INFO] [stdout]      |
[INFO] [stdout] 26   | pub(crate) struct MacroMap {
[INFO] [stdout]      | -------------------------- method `get_runtime_signatures` not found for this struct
[INFO] [stdout] 
[INFO] [stdout] 
[INFO] [stdout] error[E0599]: no method named `get_signatures` found for struct `MacroMap` in the current scope
[INFO] [stdout]     --> src/process/processor.rs:3272:29
[INFO] [stdout]      |
[INFO] [stdout] 3272 |         let sigs = self.map.get_signatures();
[INFO] [stdout]      |                             ^^^^^^^^^^^^^^ method not found in `MacroMap`
[INFO] [stdout]      |
[INFO] [stdout]     ::: src/map/macro_map.rs:26:1
[INFO] [stdout]      |
[INFO] [stdout] 26   | pub(crate) struct MacroMap {
[INFO] [stdout]      | -------------------------- method `get_signatures` not found for this struct
[INFO] [stdout] 
[INFO] [stdout] 
[INFO] [stdout] error[E0599]: no method named `as_str` found for enum `Cow<'_, str>` in the current scope
[INFO] [stdout]     --> src/map/function_map_impl.rs:3253:60
[INFO] [stdout]      |
[INFO] [stdout] 3253 |                     processor.get_similar_macro(macro_name.as_str().unwrap(), true),
[INFO] [stdout]      |                                                            ^^^^^^ help: there is a method with a similar name: `as_ptr`
[INFO] [stdout] 
[INFO] [stdout] 
[INFO] [stdout] error: aborting due to 5 previous errors
[INFO] [stdout] 
[INFO] [stdout] 
[INFO] [stdout] Some errors have detailed explanations: E0432, E0599.
[INFO] [stdout] 
[INFO] [stdout] For more information about an error, try `rustc --explain E0432`.
[INFO] [stdout] 
[INFO] [stderr] error: could not compile `r4d` (lib) due to 6 previous errors
[INFO] running `Command { std: "docker" "inspect" "19d75f049679677baf624de5a3cab6211f9f76dbc4c51adc19163b61ecb8bbf5", kill_on_drop: false }`
[INFO] running `Command { std: "docker" "rm" "-f" "19d75f049679677baf624de5a3cab6211f9f76dbc4c51adc19163b61ecb8bbf5", kill_on_drop: false }`
[INFO] [stdout] 19d75f049679677baf624de5a3cab6211f9f76dbc4c51adc19163b61ecb8bbf5
[INFO] documenting Simhyeon/r4d against beta-2023-12-22 for beta-1.76-rustdoc-1
[INFO] running `Command { std: "git" "clone" "/workspace/cache/git-repos/https%3A%2F%2Fgithub.com%2FSimhyeon%2Fr4d" "/workspace/builds/worker-2-tc2/source", kill_on_drop: false }`
[INFO] [stderr] Cloning into '/workspace/builds/worker-2-tc2/source'...
[INFO] [stderr] done.
[INFO] validating manifest of git repo https://github.com/Simhyeon/r4d on toolchain beta-2023-12-22
[INFO] running `Command { std: CARGO_HOME="/workspace/cargo-home" RUSTUP_HOME="/workspace/rustup-home" "/workspace/cargo-home/bin/cargo" "+beta-2023-12-22" "metadata" "--manifest-path" "Cargo.toml" "--no-deps", kill_on_drop: false }`
[INFO] started tweaking git repo https://github.com/Simhyeon/r4d
[INFO] finished tweaking git repo https://github.com/Simhyeon/r4d
[INFO] tweaked toml for git repo https://github.com/Simhyeon/r4d written to /workspace/builds/worker-2-tc2/source/Cargo.toml
[INFO] crate git repo https://github.com/Simhyeon/r4d already has a lockfile, it will not be regenerated
[INFO] running `Command { std: CARGO_HOME="/workspace/cargo-home" RUSTUP_HOME="/workspace/rustup-home" "/workspace/cargo-home/bin/cargo" "+beta-2023-12-22" "fetch" "--manifest-path" "Cargo.toml", kill_on_drop: false }`
[INFO] running `Command { std: "docker" "create" "-v" "/var/lib/crater-agent-workspace/builds/worker-2-tc2/target:/opt/rustwide/target:rw,Z" "-v" "/var/lib/crater-agent-workspace/builds/worker-2-tc2/source:/opt/rustwide/workdir:ro,Z" "-v" "/var/lib/crater-agent-workspace/cargo-home:/opt/rustwide/cargo-home:ro,Z" "-v" "/var/lib/crater-agent-workspace/rustup-home:/opt/rustwide/rustup-home:ro,Z" "-e" "SOURCE_DIR=/opt/rustwide/workdir" "-e" "CARGO_TARGET_DIR=/opt/rustwide/target" "-e" "CARGO_HOME=/opt/rustwide/cargo-home" "-e" "RUSTUP_HOME=/opt/rustwide/rustup-home" "-w" "/opt/rustwide/workdir" "-m" "1610612736" "--user" "0:0" "--network" "none" "ghcr.io/rust-lang/crates-build-env/linux@sha256:2788e3201cd34a07e3172128adcd8b3090168a8e3bcc40d7c032b9dda1df7d1c" "/opt/rustwide/cargo-home/bin/cargo" "+beta-2023-12-22" "metadata" "--no-deps" "--format-version=1", kill_on_drop: false }`
[INFO] [stdout] 66607f5ed5f5f7d091587e1aee912a35ccd3732e453fef8b6587fc3da54d30fa
[INFO] running `Command { std: "docker" "start" "-a" "66607f5ed5f5f7d091587e1aee912a35ccd3732e453fef8b6587fc3da54d30fa", kill_on_drop: false }`
[INFO] running `Command { std: "docker" "inspect" "66607f5ed5f5f7d091587e1aee912a35ccd3732e453fef8b6587fc3da54d30fa", kill_on_drop: false }`
[INFO] running `Command { std: "docker" "rm" "-f" "66607f5ed5f5f7d091587e1aee912a35ccd3732e453fef8b6587fc3da54d30fa", kill_on_drop: false }`
[INFO] [stdout] 66607f5ed5f5f7d091587e1aee912a35ccd3732e453fef8b6587fc3da54d30fa
[INFO] running `Command { std: "docker" "create" "-v" "/var/lib/crater-agent-workspace/builds/worker-2-tc2/target:/opt/rustwide/target:rw,Z" "-v" "/var/lib/crater-agent-workspace/builds/worker-2-tc2/source:/opt/rustwide/workdir:ro,Z" "-v" "/var/lib/crater-agent-workspace/cargo-home:/opt/rustwide/cargo-home:ro,Z" "-v" "/var/lib/crater-agent-workspace/rustup-home:/opt/rustwide/rustup-home:ro,Z" "-e" "SOURCE_DIR=/opt/rustwide/workdir" "-e" "CARGO_TARGET_DIR=/opt/rustwide/target" "-e" "CARGO_INCREMENTAL=0" "-e" "RUST_BACKTRACE=full" "-e" "RUSTFLAGS=--cap-lints=warn" "-e" "RUSTDOCFLAGS=--cap-lints=warn" "-e" "CARGO_HOME=/opt/rustwide/cargo-home" "-e" "RUSTUP_HOME=/opt/rustwide/rustup-home" "-w" "/opt/rustwide/workdir" "-m" "1610612736" "--user" "0:0" "--network" "none" "ghcr.io/rust-lang/crates-build-env/linux@sha256:2788e3201cd34a07e3172128adcd8b3090168a8e3bcc40d7c032b9dda1df7d1c" "/opt/rustwide/cargo-home/bin/cargo" "+beta-2023-12-22" "doc" "--frozen" "--no-deps" "--document-private-items" "--message-format=json", kill_on_drop: false }`
[INFO] [stdout] d536e3b28ee71a95e9357e20125436aa602a988d7f5824655457cda2ee1469fa
[INFO] running `Command { std: "docker" "start" "-a" "d536e3b28ee71a95e9357e20125436aa602a988d7f5824655457cda2ee1469fa", kill_on_drop: false }`
[INFO] [stderr]    Compiling proc-macro2 v1.0.70
[INFO] [stderr]     Checking memchr v2.6.4
[INFO] [stderr]    Compiling serde v1.0.193
[INFO] [stderr]     Checking regex-syntax v0.8.2
[INFO] [stderr]     Checking either v1.9.0
[INFO] [stderr]     Checking trexter v0.1.1
[INFO] [stderr]     Checking once_cell v1.18.0
[INFO] [stderr]     Checking flate2 v1.0.28
[INFO] [stderr]     Checking itertools v0.12.0
[INFO] [stderr]     Checking aho-corasick v1.1.2
[INFO] [stderr]    Compiling quote v1.0.33
[INFO] [stderr]    Compiling syn v2.0.39
[INFO] [stderr]     Checking regex-automata v0.4.3
[INFO] [stderr]    Compiling serde_derive v1.0.193
[INFO] [stderr]     Checking regex v1.10.2
[INFO] [stderr]     Checking dcsv v0.3.3-rc2 (https://github.com/simhyeon/dcsv#02cdbd2c)
[INFO] [stderr]     Checking bincode v1.3.3
[INFO] [stderr]  Documenting r4d v3.2.0-beta.2 (/opt/rustwide/workdir)
[INFO] [stderr]     Checking r4d v3.2.0-beta.2 (/opt/rustwide/workdir)
[INFO] [stdout] error[E0432]: unresolved import `similar`
[INFO] [stdout]   --> src/map/function_map_impl.rs:19:5
[INFO] [stdout]    |
[INFO] [stdout] 19 | use similar::DiffableStr;
[INFO] [stdout]    |     ^^^^^^^ use of undeclared crate or module `similar`
[INFO] [stdout] 
[INFO] [stdout] 
[INFO] [stdout] error[E0432]: unresolved import `similar`
[INFO] [stdout]   --> src/map/function_map_impl.rs:19:5
[INFO] [stdout]    |
[INFO] [stdout] 19 | use similar::DiffableStr;
[INFO] [stdout]    |     ^^^^^^^ use of undeclared crate or module `similar`
[INFO] [stdout] 
[INFO] [stdout] 
[INFO] [stdout] error: aborting due to 1 previous error
[INFO] [stdout] 
[INFO] [stdout] 
[INFO] [stdout] For more information about this error, try `rustc --explain E0432`.
[INFO] [stdout] 
[INFO] [stderr] error: could not document `r4d`
[INFO] [stderr] 
[INFO] [stderr] Caused by:
[INFO] [stderr]   process didn't exit successfully: `/opt/rustwide/rustup-home/toolchains/beta-2023-12-22-x86_64-unknown-linux-gnu/bin/rustdoc --edition=2021 --crate-type cdylib --crate-type rlib --crate-name r4d src/lib.rs -o /opt/rustwide/target/doc --error-format=json --json=diagnostic-rendered-ansi,artifacts,future-incompat --document-private-items -C metadata=e1c0877ae27d7642 -L dependency=/opt/rustwide/target/debug/deps --extern bincode=/opt/rustwide/target/debug/deps/libbincode-c0c9eb9800651dda.rmeta --extern dcsv=/opt/rustwide/target/debug/deps/libdcsv-880cce2587f1b488.rmeta --extern flate2=/opt/rustwide/target/debug/deps/libflate2-2e300c48fb8a61cc.rmeta --extern itertools=/opt/rustwide/target/debug/deps/libitertools-8dbcfa8504ad0ef2.rmeta --extern once_cell=/opt/rustwide/target/debug/deps/libonce_cell-69e0e9fac18d9775.rmeta --extern regex=/opt/rustwide/target/debug/deps/libregex-8999d7b0259ede6a.rmeta --extern serde=/opt/rustwide/target/debug/deps/libserde-9f149f450f3a5f8e.rmeta --extern trexter=/opt/rustwide/target/debug/deps/libtrexter-6f3896d31493ff63.rmeta --cap-lints=warn --crate-version 3.2.0-beta.2` (exit status: 1)
[INFO] [stderr] warning: build failed, waiting for other jobs to finish...
[INFO] [stdout] error[E0599]: no method named `get_signatures` found for struct `MacroMap` in the current scope
[INFO] [stdout]     --> src/process/processor.rs:3211:22
[INFO] [stdout]      |
[INFO] [stdout] 3211 |             self.map.get_signatures()
[INFO] [stdout]      |                      ^^^^^^^^^^^^^^ method not found in `MacroMap`
[INFO] [stdout]      |
[INFO] [stdout]     ::: src/map/macro_map.rs:26:1
[INFO] [stdout]      |
[INFO] [stdout] 26   | pub(crate) struct MacroMap {
[INFO] [stdout]      | -------------------------- method `get_signatures` not found for this struct
[INFO] [stdout] 
[INFO] [stdout] 
[INFO] [stdout] error[E0599]: no method named `get_runtime_signatures` found for struct `MacroMap` in the current scope
[INFO] [stdout]     --> src/process/processor.rs:3213:22
[INFO] [stdout]      |
[INFO] [stdout] 3213 |             self.map.get_runtime_signatures()
[INFO] [stdout]      |                      ^^^^^^^^^^^^^^^^^^^^^^ method not found in `MacroMap`
[INFO] [stdout]      |
[INFO] [stdout]     ::: src/map/macro_map.rs:26:1
[INFO] [stdout]      |
[INFO] [stdout] 26   | pub(crate) struct MacroMap {
[INFO] [stdout]      | -------------------------- method `get_runtime_signatures` not found for this struct
[INFO] [stdout] 
[INFO] [stdout] 
[INFO] [stdout] error[E0599]: no method named `get_signatures` found for struct `MacroMap` in the current scope
[INFO] [stdout]     --> src/process/processor.rs:3272:29
[INFO] [stdout]      |
[INFO] [stdout] 3272 |         let sigs = self.map.get_signatures();
[INFO] [stdout]      |                             ^^^^^^^^^^^^^^ method not found in `MacroMap`
[INFO] [stdout]      |
[INFO] [stdout]     ::: src/map/macro_map.rs:26:1
[INFO] [stdout]      |
[INFO] [stdout] 26   | pub(crate) struct MacroMap {
[INFO] [stdout]      | -------------------------- method `get_signatures` not found for this struct
[INFO] [stdout] 
[INFO] [stdout] 
[INFO] [stdout] error[E0599]: no method named `as_str` found for enum `Cow<'_, str>` in the current scope
[INFO] [stdout]     --> src/map/function_map_impl.rs:3253:60
[INFO] [stdout]      |
[INFO] [stdout] 3253 |                     processor.get_similar_macro(macro_name.as_str().unwrap(), true),
[INFO] [stdout]      |                                                            ^^^^^^ help: there is a method with a similar name: `as_ptr`
[INFO] [stdout] 
[INFO] [stdout] 
[INFO] [stdout] error: aborting due to 5 previous errors
[INFO] [stdout] 
[INFO] [stdout] 
[INFO] [stdout] Some errors have detailed explanations: E0432, E0599.
[INFO] [stdout] 
[INFO] [stdout] For more information about an error, try `rustc --explain E0432`.
[INFO] [stdout] 
[INFO] [stderr] error: could not compile `r4d` (lib) due to 6 previous errors
[INFO] running `Command { std: "docker" "inspect" "d536e3b28ee71a95e9357e20125436aa602a988d7f5824655457cda2ee1469fa", kill_on_drop: false }`
[INFO] running `Command { std: "docker" "rm" "-f" "d536e3b28ee71a95e9357e20125436aa602a988d7f5824655457cda2ee1469fa", kill_on_drop: false }`
[INFO] [stdout] d536e3b28ee71a95e9357e20125436aa602a988d7f5824655457cda2ee1469fa
