[INFO] cloning repository https://github.com/Silomalo/SurrealDB-CRUD-in-RUST
[INFO] running `Command { std: "git" "-c" "credential.helper=" "-c" "credential.helper=/workspace/cargo-home/bin/git-credential-null" "clone" "--bare" "https://github.com/Silomalo/SurrealDB-CRUD-in-RUST" "/workspace/cache/git-repos/https%3A%2F%2Fgithub.com%2FSilomalo%2FSurrealDB-CRUD-in-RUST", kill_on_drop: false }`
[INFO] [stderr] Cloning into bare repository '/workspace/cache/git-repos/https%3A%2F%2Fgithub.com%2FSilomalo%2FSurrealDB-CRUD-in-RUST'...
[INFO] running `Command { std: "git" "rev-parse" "HEAD", kill_on_drop: false }`
[INFO] [stdout] 5677482cf97a2f984ae986aacf7bcacf8494497b
[INFO] documenting Silomalo/SurrealDB-CRUD-in-RUST against 1.75.0 for beta-1.76-rustdoc-1
[INFO] running `Command { std: "git" "clone" "/workspace/cache/git-repos/https%3A%2F%2Fgithub.com%2FSilomalo%2FSurrealDB-CRUD-in-RUST" "/workspace/builds/worker-0-tc1/source", kill_on_drop: false }`
[INFO] [stderr] Cloning into '/workspace/builds/worker-0-tc1/source'...
[INFO] [stderr] done.
[INFO] validating manifest of git repo https://github.com/Silomalo/SurrealDB-CRUD-in-RUST on toolchain 1.75.0
[INFO] running `Command { std: CARGO_HOME="/workspace/cargo-home" RUSTUP_HOME="/workspace/rustup-home" "/workspace/cargo-home/bin/cargo" "+1.75.0" "metadata" "--manifest-path" "Cargo.toml" "--no-deps", kill_on_drop: false }`
[INFO] removed /workspace/builds/worker-0-tc1/source/.cargo/config.toml
[INFO] started tweaking git repo https://github.com/Silomalo/SurrealDB-CRUD-in-RUST
[INFO] finished tweaking git repo https://github.com/Silomalo/SurrealDB-CRUD-in-RUST
[INFO] tweaked toml for git repo https://github.com/Silomalo/SurrealDB-CRUD-in-RUST written to /workspace/builds/worker-0-tc1/source/Cargo.toml
[INFO] crate git repo https://github.com/Silomalo/SurrealDB-CRUD-in-RUST already has a lockfile, it will not be regenerated
[INFO] running `Command { std: CARGO_HOME="/workspace/cargo-home" RUSTUP_HOME="/workspace/rustup-home" "/workspace/cargo-home/bin/cargo" "+1.75.0" "fetch" "--manifest-path" "Cargo.toml", kill_on_drop: false }`
[INFO] [stderr]     Updating crates.io index
[INFO] [stderr]  Downloading crates ...
[INFO] [stderr]   Downloaded geo-types v0.7.9
[INFO] [stderr]   Downloaded deunicode v1.3.3
[INFO] [stderr]   Downloaded surrealdb-derive v0.4.0
[INFO] [stderr]   Downloaded rquickjs-core v0.1.7
[INFO] [stderr]   Downloaded curl-sys v0.4.61+curl-8.0.1
[INFO] [stderr]   Downloaded dmp v0.1.3
[INFO] [stderr]   Downloaded imbl v1.0.1
[INFO] [stderr]   Downloaded trice v0.1.0
[INFO] [stderr]   Downloaded rquickjs-sys v0.1.7
[INFO] [stderr]   Downloaded surrealdb v1.0.0-beta.8
[INFO] [stderr]   Downloaded geo v0.23.1
[INFO] [stderr]   Downloaded storekey v0.3.0
[INFO] [stderr]   Downloaded echodb v0.3.0
[INFO] [stderr]   Downloaded rquickjs-macro v0.1.7
[INFO] [stderr]   Downloaded rquickjs v0.1.7
[INFO] running `Command { std: "docker" "create" "-v" "/var/lib/crater-agent-workspace/builds/worker-0-tc1/target:/opt/rustwide/target:rw,Z" "-v" "/var/lib/crater-agent-workspace/builds/worker-0-tc1/source:/opt/rustwide/workdir:ro,Z" "-v" "/var/lib/crater-agent-workspace/cargo-home:/opt/rustwide/cargo-home:ro,Z" "-v" "/var/lib/crater-agent-workspace/rustup-home:/opt/rustwide/rustup-home:ro,Z" "-e" "SOURCE_DIR=/opt/rustwide/workdir" "-e" "CARGO_TARGET_DIR=/opt/rustwide/target" "-e" "CARGO_HOME=/opt/rustwide/cargo-home" "-e" "RUSTUP_HOME=/opt/rustwide/rustup-home" "-w" "/opt/rustwide/workdir" "-m" "1610612736" "--user" "0:0" "--network" "none" "ghcr.io/rust-lang/crates-build-env/linux@sha256:2788e3201cd34a07e3172128adcd8b3090168a8e3bcc40d7c032b9dda1df7d1c" "/opt/rustwide/cargo-home/bin/cargo" "+1.75.0" "metadata" "--no-deps" "--format-version=1", kill_on_drop: false }`
[INFO] [stdout] 1fb0c22e92d812d102ef7219393ea41e6792b99ae9129a3c4d213c85da089028
[INFO] running `Command { std: "docker" "start" "-a" "1fb0c22e92d812d102ef7219393ea41e6792b99ae9129a3c4d213c85da089028", kill_on_drop: false }`
[INFO] running `Command { std: "docker" "inspect" "1fb0c22e92d812d102ef7219393ea41e6792b99ae9129a3c4d213c85da089028", kill_on_drop: false }`
[INFO] running `Command { std: "docker" "rm" "-f" "1fb0c22e92d812d102ef7219393ea41e6792b99ae9129a3c4d213c85da089028", kill_on_drop: false }`
[INFO] [stdout] 1fb0c22e92d812d102ef7219393ea41e6792b99ae9129a3c4d213c85da089028
[INFO] running `Command { std: "docker" "create" "-v" "/var/lib/crater-agent-workspace/builds/worker-0-tc1/target:/opt/rustwide/target:rw,Z" "-v" "/var/lib/crater-agent-workspace/builds/worker-0-tc1/source:/opt/rustwide/workdir:ro,Z" "-v" "/var/lib/crater-agent-workspace/cargo-home:/opt/rustwide/cargo-home:ro,Z" "-v" "/var/lib/crater-agent-workspace/rustup-home:/opt/rustwide/rustup-home:ro,Z" "-e" "SOURCE_DIR=/opt/rustwide/workdir" "-e" "CARGO_TARGET_DIR=/opt/rustwide/target" "-e" "CARGO_INCREMENTAL=0" "-e" "RUST_BACKTRACE=full" "-e" "RUSTFLAGS=--cap-lints=warn" "-e" "RUSTDOCFLAGS=--cap-lints=warn" "-e" "CARGO_HOME=/opt/rustwide/cargo-home" "-e" "RUSTUP_HOME=/opt/rustwide/rustup-home" "-w" "/opt/rustwide/workdir" "-m" "1610612736" "--user" "0:0" "--network" "none" "ghcr.io/rust-lang/crates-build-env/linux@sha256:2788e3201cd34a07e3172128adcd8b3090168a8e3bcc40d7c032b9dda1df7d1c" "/opt/rustwide/cargo-home/bin/cargo" "+1.75.0" "doc" "--frozen" "--no-deps" "--document-private-items" "--message-format=json", kill_on_drop: false }`
[INFO] [stdout] c475ab0a9e37730c99692e3a03b91af2cf7f46b8dabbeb53cc65ef1f81293af7
[INFO] running `Command { std: "docker" "start" "-a" "c475ab0a9e37730c99692e3a03b91af2cf7f46b8dabbeb53cc65ef1f81293af7", kill_on_drop: false }`
[INFO] [stderr]    Compiling libc v0.2.140
[INFO] [stderr]    Compiling version_check v0.9.4
[INFO] [stderr]    Compiling proc-macro2 v1.0.53
[INFO] [stderr]    Compiling quote v1.0.26
[INFO] [stderr]    Compiling unicode-ident v1.0.8
[INFO] [stderr]    Compiling autocfg v1.1.0
[INFO] [stderr]    Compiling syn v1.0.109
[INFO] [stderr]    Compiling typenum v1.16.0
[INFO] [stderr]    Compiling memchr v2.5.0
[INFO] [stderr]    Compiling pkg-config v0.3.26
[INFO] [stderr]    Compiling cfg-if v1.0.0
[INFO] [stderr]    Compiling futures-core v0.3.27
[INFO] [stderr]     Checking subtle v2.4.1
[INFO] [stderr]     Checking pin-project-lite v0.2.9
[INFO] [stderr]    Compiling serde_derive v1.0.158
[INFO] [stderr]    Compiling log v0.4.17
[INFO] [stderr]    Compiling serde v1.0.158
[INFO] [stderr]     Checking futures-io v0.3.27
[INFO] [stderr]    Compiling glob v0.3.1
[INFO] [stderr]    Compiling libm v0.2.6
[INFO] [stderr]    Compiling crossbeam-utils v0.8.15
[INFO] [stderr]    Compiling minimal-lexical v0.2.1
[INFO] [stderr]    Compiling generic-array v0.14.6
[INFO] [stderr]    Compiling lock_api v0.4.9
[INFO] [stderr]    Compiling value-bag v1.0.0-alpha.9
[INFO] [stderr]    Compiling num-traits v0.2.15
[INFO] [stderr]    Compiling clang-sys v1.6.0
[INFO] [stderr]    Compiling slab v0.4.8
[INFO] [stderr]    Compiling regex-syntax v0.6.29
[INFO] [stderr]    Compiling indexmap v1.9.3
[INFO] [stderr]    Compiling libloading v0.7.4
[INFO] [stderr]     Checking parking v2.0.0
[INFO] [stderr]     Checking event-listener v2.5.3
[INFO] [stderr]    Compiling aho-corasick v0.7.20
[INFO] [stderr]    Compiling nom v7.1.3
[INFO] [stderr]     Checking waker-fn v1.1.0
[INFO] [stderr]     Checking fastrand v1.9.0
[INFO] [stderr]    Compiling bitflags v1.3.2
[INFO] [stderr]    Compiling syn v2.0.10
[INFO] [stderr]     Checking concurrent-queue v2.1.0
[INFO] [stderr]    Compiling lazy_static v1.4.0
[INFO] [stderr]     Checking futures-lite v1.12.0
[INFO] [stderr]    Compiling strsim v0.10.0
[INFO] [stderr]     Checking futures-sink v0.3.27
[INFO] [stderr]    Compiling rustc-hash v1.1.0
[INFO] [stderr]    Compiling shlex v1.1.0
[INFO] [stderr]    Compiling peeking_take_while v0.1.2
[INFO] [stderr]     Checking once_cell v1.17.1
[INFO] [stderr]    Compiling jobserver v0.1.26
[INFO] [stderr]    Compiling lazycell v1.3.0
[INFO] [stderr]     Checking getrandom v0.2.8
[INFO] [stderr]    Compiling hashbrown v0.12.3
[INFO] [stderr]     Checking socket2 v0.4.9
[INFO] [stderr]     Checking byteorder v1.4.3
[INFO] [stderr]     Checking rand_core v0.6.4
[INFO] [stderr]    Compiling cc v1.0.79
[INFO] [stderr]     Checking opaque-debug v0.3.0
[INFO] [stderr]    Compiling standback v0.2.17
[INFO] [stderr]     Checking percent-encoding v2.2.0
[INFO] [stderr]    Compiling semver v1.0.17
[INFO] [stderr]     Checking async-task v4.4.0
[INFO] [stderr]     Checking cpufeatures v0.2.6
[INFO] [stderr]     Checking ppv-lite86 v0.2.17
[INFO] [stderr]    Compiling proc-macro-hack v0.5.20+deprecated
[INFO] [stderr]    Compiling wasm-bindgen-shared v0.2.84
[INFO] [stderr]    Compiling io-lifetimes v1.0.9
[INFO] [stderr]     Checking crypto-common v0.1.6
[INFO] [stderr]     Checking block-buffer v0.10.4
[INFO] [stderr]     Checking cipher v0.2.5
[INFO] [stderr]    Compiling atty v0.2.14
[INFO] [stderr]     Checking digest v0.10.6
[INFO] [stderr]     Checking async-channel v1.8.0
[INFO] [stderr]     Checking async-lock v2.7.0
[INFO] [stderr]    Compiling polling v2.6.0
[INFO] [stderr]    Compiling os_str_bytes v6.5.0
[INFO] [stderr]    Compiling thiserror v1.0.40
[INFO] [stderr]    Compiling rustix v0.37.3
[INFO] [stderr]    Compiling termcolor v1.2.0
[INFO] [stderr]     Checking tinyvec_macros v0.1.1
[INFO] [stderr]    Compiling getrandom v0.1.16
[INFO] [stderr]     Checking tinyvec v1.6.0
[INFO] [stderr]    Compiling clap_lex v0.2.4
[INFO] [stderr]     Checking digest v0.9.0
[INFO] [stderr]     Checking universal-hash v0.4.1
[INFO] [stderr]     Checking spin v0.9.6
[INFO] [stderr]    Compiling async-io v1.13.0
[INFO] [stderr]    Compiling unicase v2.6.0
[INFO] [stderr]     Checking smallvec v1.10.0
[INFO] [stderr]    Compiling libz-sys v1.1.8
[INFO] [stderr]    Compiling openssl-sys v0.9.83
[INFO] [stderr]    Compiling libnghttp2-sys v0.1.7+1.45.0
[INFO] [stderr]    Compiling curl-sys v0.4.61+curl-8.0.1
[INFO] [stderr]    Compiling bumpalo v3.12.0
[INFO] [stderr]    Compiling either v1.8.1
[INFO] [stderr]     Checking itoa v1.0.6
[INFO] [stderr]    Compiling textwrap v0.16.0
[INFO] [stderr]    Compiling const_fn v0.4.9
[INFO] [stderr]     Checking cpuid-bool v0.2.0
[INFO] [stderr]    Compiling bindgen v0.60.1
[INFO] [stderr]     Checking pin-utils v0.1.0
[INFO] [stderr]    Compiling humantime v2.1.0
[INFO] [stderr]     Checking linux-raw-sys v0.3.0
[INFO] [stderr]    Compiling cexpr v0.6.0
[INFO] [stderr]    Compiling regex v1.7.3
[INFO] [stderr]    Compiling clap v3.2.23
[INFO] [stderr]     Checking unicode-normalization v0.1.22
[INFO] [stderr]     Checking polyval v0.4.5
[INFO] [stderr]    Compiling which v4.4.0
[INFO] [stderr]    Compiling rustc_version v0.4.0
[INFO] [stderr]     Checking aes-soft v0.6.4
[INFO] [stderr]     Checking rand_chacha v0.3.1
[INFO] [stderr]     Checking crypto-mac v0.10.1
[INFO] [stderr]     Checking form_urlencoded v1.1.0
[INFO] [stderr]    Compiling time v0.2.27
[INFO] [stderr]     Checking unicode-bidi v0.3.13
[INFO] [stderr]    Compiling futures-channel v0.3.27
[INFO] [stderr]     Checking bytes v1.4.0
[INFO] [stderr]    Compiling futures-task v0.3.27
[INFO] [stderr]    Compiling bindgen v0.64.0
[INFO] [stderr]     Checking atomic-waker v1.1.0
[INFO] [stderr]     Checking blocking v1.3.0
[INFO] [stderr]    Compiling heapless v0.7.16
[INFO] [stderr]     Checking idna v0.3.0
[INFO] [stderr]     Checking rand v0.8.5
[INFO] [stderr]     Checking aes v0.6.0
[INFO] [stderr]    Compiling env_logger v0.9.3
[INFO] [stderr]     Checking hmac v0.10.1
[INFO] [stderr]     Checking rand_core v0.5.1
[INFO] [stderr]     Checking ghash v0.3.1
[INFO] [stderr]    Compiling rquickjs-sys v0.1.7
[INFO] [stderr]    Compiling bzip2-sys v0.1.11+1.0.8
[INFO] [stderr]    Compiling zstd-sys v2.0.7+zstd.1.5.4
[INFO] [stderr]     Checking async-executor v1.5.0
[INFO] [stderr]     Checking ctr v0.6.0
[INFO] [stderr]     Checking inout v0.1.3
[INFO] [stderr]     Checking aead v0.3.2
[INFO] [stderr]     Checking block-buffer v0.9.0
[INFO] [stderr]     Checking tracing-core v0.1.30
[INFO] [stderr]    Compiling num-integer v0.1.45
[INFO] [stderr]    Compiling proc-macro-error-attr v1.0.4
[INFO] [stderr]    Compiling cookie v0.14.4
[INFO] [stderr]    Compiling wasm-bindgen v0.2.84
[INFO] [stderr]    Compiling ident_case v1.0.1
[INFO] [stderr]     Checking ryu v1.0.13
[INFO] [stderr]    Compiling serde_json v1.0.94
[INFO] [stderr]     Checking base64 v0.13.1
[INFO] [stderr]    Compiling fnv v1.0.7
[INFO] [stderr]    Compiling parking_lot_core v0.9.7
[INFO] [stderr]    Compiling curl v0.4.44
[INFO] [stderr]    Compiling anyhow v1.0.70
[INFO] [stderr]    Compiling futures-util v0.3.27
[INFO] [stderr]     Checking aes-gcm v0.8.0
[INFO] [stderr]     Checking sha2 v0.9.9
[INFO] [stderr]     Checking cipher v0.4.4
[INFO] [stderr]     Checking rand_chacha v0.2.2
[INFO] [stderr]     Checking hkdf v0.10.0
[INFO] [stderr]     Checking hash32 v0.2.1
[INFO] [stderr]     Checking spinning_top v0.2.5
[INFO] [stderr]    Compiling proc-macro-error v1.0.4
[INFO] [stderr]    Compiling http-types v2.12.0
[INFO] [stderr]    Compiling winnow v0.4.1
[INFO] [stderr]    Compiling isahc v0.9.14
[INFO] [stderr]     Checking openssl-probe v0.1.5
[INFO] [stderr]    Compiling toml_datetime v0.6.1
[INFO] [stderr]     Checking base64ct v1.6.0
[INFO] [stderr]    Compiling paste v1.0.12
[INFO] [stderr]    Compiling async-trait v0.1.68
[INFO] [stderr]     Checking stable_deref_trait v1.2.0
[INFO] [stderr]     Checking http v0.2.9
[INFO] [stderr]     Checking password-hash v0.4.2
[INFO] [stderr]     Checking flume v0.9.2
[INFO] [stderr]    Compiling mime_guess v2.0.4
[INFO] [stderr]     Checking rand v0.7.3
[INFO] [stderr]    Compiling wasm-bindgen-backend v0.2.84
[INFO] [stderr]    Compiling darling_core v0.14.4
[INFO] [stderr]     Checking sluice v0.5.5
[INFO] [stderr]    Compiling thiserror-impl v1.0.40
[INFO] [stderr]     Checking bitmaps v2.1.0
[INFO] [stderr]     Checking nanorand v0.7.0
[INFO] [stderr]    Compiling tokio v1.26.0
[INFO] [stderr]    Compiling num-bigint v0.4.3
[INFO] [stderr]     Checking bytes v0.5.6
[INFO] [stderr]     Checking ieee754 v0.2.6
[INFO] [stderr]    Compiling relative-path v1.8.0
[INFO] [stderr]     Checking infer v0.2.3
[INFO] [stderr]     Checking accurate v0.3.1
[INFO] [stderr]    Compiling wasm-bindgen-macro-support v0.2.84
[INFO] [stderr]     Checking rstar v0.9.3
[INFO] [stderr]    Compiling toml_edit v0.19.8
[INFO] [stderr]     Checking parking_lot v0.12.1
[INFO] [stderr]     Checking sized-chunks v0.6.5
[INFO] [stderr]     Checking approx v0.5.1
[INFO] [stderr]     Checking hmac v0.12.1
[INFO] [stderr]     Checking sha2 v0.10.6
[INFO] [stderr]     Checking rand_xoshiro v0.6.0
[INFO] [stderr]     Checking num_cpus v1.15.0
[INFO] [stderr]     Checking signal-hook-registry v1.4.1
[INFO] [stderr]     Checking mime v0.3.17
[INFO] [stderr]     Checking rmp v0.8.11
[INFO] [stderr]     Checking geographiclib-rs v0.2.3
[INFO] [stderr]     Checking imbl v1.0.1
[INFO] [stderr]     Checking pbkdf2 v0.11.0
[INFO] [stderr]     Checking salsa20 v0.10.2
[INFO] [stderr]    Compiling ctor v0.1.26
[INFO] [stderr]    Compiling pin-project-internal v1.0.12
[INFO] [stderr]    Compiling time-macros-impl v0.1.2
[INFO] [stderr]    Compiling tracing-attributes v0.1.23
[INFO] [stderr]    Compiling futures-macro v0.3.27
[INFO] [stderr]    Compiling wasm-bindgen-macro v0.2.84
[INFO] [stderr]    Compiling tokio-macros v1.8.2
[INFO] [stderr]     Checking blowfish v0.9.1
[INFO] [stderr]    Compiling proc-macro-crate v1.3.1
[INFO] [stderr]    Compiling darling_macro v0.14.4
[INFO] [stderr]     Checking float_next_after v0.1.5
[INFO] [stderr]     Checking blake2 v0.10.6
[INFO] [stderr]     Checking time-macros v0.1.1
[INFO] [stderr]     Checking thread_local v1.1.7
[INFO] [stderr]     Checking time v0.1.45
[INFO] [stderr]     Checking encoding_rs v0.8.32
[INFO] [stderr]     Checking zeroize v1.5.7
[INFO] [stderr]     Checking kv-log-macro v1.0.7
[INFO] [stderr]     Checking mio v0.8.6
[INFO] [stderr]     Checking urlencoding v2.1.2
[INFO] [stderr]     Checking psl-types v2.0.11
[INFO] [stderr]     Checking arc-swap v1.6.0
[INFO] [stderr]     Checking robust v0.2.3
[INFO] [stderr]     Checking iana-time-zone v0.1.54
[INFO] [stderr]    Compiling darling v0.14.4
[INFO] [stderr]     Checking any_ascii v0.1.7
[INFO] [stderr]     Checking addr v0.15.6
[INFO] [stderr]     Checking js-sys v0.3.61
[INFO] [stderr]     Checking async-global-executor v2.3.1
[INFO] [stderr]     Checking bcrypt v0.13.0
[INFO] [stderr]     Checking pin-project v1.0.12
[INFO] [stderr]     Checking lexical-sort v0.3.1
[INFO] [stderr]     Checking fuzzy-matcher v0.3.7
[INFO] [stderr]     Checking flume v0.10.14
[INFO] [stderr]     Checking async-std v1.12.0
[INFO] [stderr]     Checking argon2 v0.4.1
[INFO] [stderr]     Checking scrypt v0.10.0
[INFO] [stderr]     Checking dmp v0.1.3
[INFO] [stderr]    Compiling surrealdb-derive v0.4.0
[INFO] [stderr]    Compiling async-recursion v1.0.4
[INFO] [stderr]     Checking nanoid v0.4.0
[INFO] [stderr]     Checking tracing v0.1.37
[INFO] [stderr]     Checking md-5 v0.10.5
[INFO] [stderr]     Checking sha-1 v0.10.1
[INFO] [stderr]     Checking deunicode v1.3.3
[INFO] [stderr]     Checking trice v0.1.0
[INFO] [stderr]     Checking tracing-futures v0.2.5
[INFO] [stderr]    Compiling librocksdb-sys v0.8.3+7.4.4
[INFO] [stderr]     Checking web-sys v0.3.61
[INFO] [stderr]     Checking futures-executor v0.3.27
[INFO] [stderr]     Checking futures v0.3.27
[INFO] [stderr]     Checking echodb v0.3.0
[INFO] [stderr]     Checking url v2.3.1
[INFO] [stderr]     Checking serde_urlencoded v0.7.1
[INFO] [stderr]     Checking serde_qs v0.8.5
[INFO] [stderr]     Checking geo-types v0.7.9
[INFO] [stderr]     Checking bigdecimal v0.3.0
[INFO] [stderr]     Checking rmp-serde v1.1.1
[INFO] [stderr]     Checking uuid v1.3.0
[INFO] [stderr]     Checking chrono v0.4.24
[INFO] [stderr]     Checking storekey v0.3.0
[INFO] [stderr]     Checking geo v0.23.1
[INFO] [stderr]     Checking http-client v6.5.3
[INFO] [stderr]     Checking surf v2.3.2
[INFO] [stderr]    Compiling rquickjs-core v0.1.7
[INFO] [stderr] error: could not compile `rquickjs-core` (lib)
[INFO] [stderr] 
[INFO] [stderr] Caused by:
[INFO] [stderr]   process didn't exit successfully: `/opt/rustwide/rustup-home/toolchains/1.75.0-x86_64-unknown-linux-gnu/bin/rustc --crate-name rquickjs_core --edition=2018 /opt/rustwide/cargo-home/registry/src/index.crates.io-6f17d22bba15001f/rquickjs-core-0.1.7/src/lib.rs --error-format=json --json=diagnostic-rendered-ansi,artifacts,future-incompat --crate-type lib --emit=dep-info,metadata,link -C embed-bitcode=no --cfg 'feature="default"' --cfg 'feature="loader"' --cfg 'feature="relative-path"' -C metadata=911955fbeb0a63fb -C extra-filename=-911955fbeb0a63fb --out-dir /opt/rustwide/target/debug/deps -L dependency=/opt/rustwide/target/debug/deps --extern relative_path=/opt/rustwide/target/debug/deps/librelative_path-723a8759caba4d6d.rmeta --extern rquickjs_sys=/opt/rustwide/target/debug/deps/librquickjs_sys-6f3f3c769f2a3341.rmeta --cap-lints allow --cap-lints=warn -L native=/opt/rustwide/target/debug/build/rquickjs-sys-93b4b2aacf505d3a/out` (signal: 9, SIGKILL: kill)
[INFO] [stderr] warning: build failed, waiting for other jobs to finish...
[INFO] [stderr] The following warnings were emitted during compilation:
[INFO] [stderr] 
[INFO] [stderr] warning: librocksdb-sys@0.8.3+7.4.4: c++: fatal error: Killed signal terminated program cc1plus
[INFO] [stderr] warning: librocksdb-sys@0.8.3+7.4.4: compilation terminated.
[INFO] [stderr] warning: librocksdb-sys@0.8.3+7.4.4: c++: fatal error: Killed signal terminated program cc1plus
[INFO] [stderr] warning: librocksdb-sys@0.8.3+7.4.4: compilation terminated.
[INFO] [stderr] warning: librocksdb-sys@0.8.3+7.4.4: c++: fatal error: Killed signal terminated program cc1plus
[INFO] [stderr] warning: librocksdb-sys@0.8.3+7.4.4: compilation terminated.
[INFO] [stderr] warning: librocksdb-sys@0.8.3+7.4.4: c++: fatal error: Killed signal terminated program cc1plus
[INFO] [stderr] warning: librocksdb-sys@0.8.3+7.4.4: compilation terminated.
[INFO] [stderr] 
[INFO] [stderr] error: failed to run custom build command for `librocksdb-sys v0.8.3+7.4.4`
[INFO] [stderr] note: To improve backtraces for build dependencies, set the CARGO_PROFILE_DEV_BUILD_OVERRIDE_DEBUG=true environment variable to enable debug information generation.
[INFO] [stderr] 
[INFO] [stderr] Caused by:
[INFO] [stderr]   process didn't exit successfully: `/opt/rustwide/target/debug/build/librocksdb-sys-9a40a523fdb11825/build-script-build` (exit status: 1)
[INFO] [stderr]   --- stdout
[INFO] [stderr]   cargo:rerun-if-changed=rocksdb/
[INFO] [stderr]   TARGET = Some("x86_64-unknown-linux-gnu")
[INFO] [stderr]   OPT_LEVEL = Some("0")
[INFO] [stderr]   HOST = Some("x86_64-unknown-linux-gnu")
[INFO] [stderr]   cargo:rerun-if-env-changed=CXX_x86_64-unknown-linux-gnu
[INFO] [stderr]   CXX_x86_64-unknown-linux-gnu = None
[INFO] [stderr]   cargo:rerun-if-env-changed=CXX_x86_64_unknown_linux_gnu
[INFO] [stderr]   CXX_x86_64_unknown_linux_gnu = None
[INFO] [stderr]   cargo:rerun-if-env-changed=HOST_CXX
[INFO] [stderr]   HOST_CXX = None
[INFO] [stderr]   cargo:rerun-if-env-changed=CXX
[INFO] [stderr]   CXX = None
[INFO] [stderr]   cargo:rerun-if-env-changed=CXXFLAGS_x86_64-unknown-linux-gnu
[INFO] [stderr]   CXXFLAGS_x86_64-unknown-linux-gnu = None
[INFO] [stderr]   cargo:rerun-if-env-changed=CXXFLAGS_x86_64_unknown_linux_gnu
[INFO] [stderr]   CXXFLAGS_x86_64_unknown_linux_gnu = None
[INFO] [stderr]   cargo:rerun-if-env-changed=HOST_CXXFLAGS
[INFO] [stderr]   HOST_CXXFLAGS = None
[INFO] [stderr]   cargo:rerun-if-env-changed=CXXFLAGS
[INFO] [stderr]   CXXFLAGS = None
[INFO] [stderr]   cargo:rerun-if-env-changed=CRATE_CC_NO_DEFAULTS
[INFO] [stderr]   CRATE_CC_NO_DEFAULTS = None
[INFO] [stderr]   DEBUG = Some("true")
[INFO] [stderr]   CARGO_CFG_TARGET_FEATURE = Some("fxsr,sse,sse2")
[INFO] [stderr]   cargo:rerun-if-env-changed=CXX_x86_64-unknown-linux-gnu
[INFO] [stderr]   CXX_x86_64-unknown-linux-gnu = None
[INFO] [stderr]   cargo:rerun-if-env-changed=CXX_x86_64_unknown_linux_gnu
[INFO] [stderr]   CXX_x86_64_unknown_linux_gnu = None
[INFO] [stderr]   cargo:rerun-if-env-changed=HOST_CXX
[INFO] [stderr]   HOST_CXX = None
[INFO] [stderr]   cargo:rerun-if-env-changed=CXX
[INFO] [stderr]   CXX = None
[INFO] [stderr]   cargo:rerun-if-env-changed=CXXFLAGS_x86_64-unknown-linux-gnu
[INFO] [stderr]   CXXFLAGS_x86_64-unknown-linux-gnu = None
[INFO] [stderr]   cargo:rerun-if-env-changed=CXXFLAGS_x86_64_unknown_linux_gnu
[INFO] [stderr]   CXXFLAGS_x86_64_unknown_linux_gnu = None
[INFO] [stderr]   cargo:rerun-if-env-changed=HOST_CXXFLAGS
[INFO] [stderr]   HOST_CXXFLAGS = None
[INFO] [stderr]   cargo:rerun-if-env-changed=CXXFLAGS
[INFO] [stderr]   CXXFLAGS = None
[INFO] [stderr]   cargo:rerun-if-env-changed=CRATE_CC_NO_DEFAULTS
[INFO] [stderr]   CRATE_CC_NO_DEFAULTS = None
[INFO] [stderr]   CARGO_CFG_TARGET_FEATURE = Some("fxsr,sse,sse2")
[INFO] [stderr]   cargo:rerun-if-env-changed=CXX_x86_64-unknown-linux-gnu
[INFO] [stderr]   CXX_x86_64-unknown-linux-gnu = None
[INFO] [stderr]   cargo:rerun-if-env-changed=CXX_x86_64_unknown_linux_gnu
[INFO] [stderr]   CXX_x86_64_unknown_linux_gnu = None
[INFO] [stderr]   cargo:rerun-if-env-changed=HOST_CXX
[INFO] [stderr]   HOST_CXX = None
[INFO] [stderr]   cargo:rerun-if-env-changed=CXX
[INFO] [stderr]   CXX = None
[INFO] [stderr]   cargo:rerun-if-env-changed=CXXFLAGS_x86_64-unknown-linux-gnu
[INFO] [stderr]   CXXFLAGS_x86_64-unknown-linux-gnu = None
[INFO] [stderr]   cargo:rerun-if-env-changed=CXXFLAGS_x86_64_unknown_linux_gnu
[INFO] [stderr]   CXXFLAGS_x86_64_unknown_linux_gnu = None
[INFO] [stderr]   cargo:rerun-if-env-changed=HOST_CXXFLAGS
[INFO] [stderr]   HOST_CXXFLAGS = None
[INFO] [stderr]   cargo:rerun-if-env-changed=CXXFLAGS
[INFO] [stderr]   CXXFLAGS = None
[INFO] [stderr]   cargo:rerun-if-env-changed=CRATE_CC_NO_DEFAULTS
[INFO] [stderr]   CRATE_CC_NO_DEFAULTS = None
[INFO] [stderr]   CARGO_CFG_TARGET_FEATURE = Some("fxsr,sse,sse2")
[INFO] [stderr]   running: "c++" "-O0" "-ffunction-sections" "-fdata-sections" "-fPIC" "-gdwarf-4" "-fno-omit-frame-pointer" "-m64" "-I" "rocksdb/include/" "-I" "rocksdb/" "-I" "rocksdb/third-party/gtest-1.8.1/fused-src/" "-I" "snappy/" "-I" "lz4/lib/" "-I" "/opt/rustwide/cargo-home/registry/src/index.crates.io-6f17d22bba15001f/zstd-sys-2.0.7+zstd.1.5.4/zstd/lib" "-I" "/opt/rustwide/target/debug/build/libz-sys-385cb37bea22d526/out/include" "-I" "/opt/rustwide/target/debug/build/bzip2-sys-80b7a9d98b543868/out/include" "-I" "." "-Wall" "-Wextra" "-std=c++17" "-Wsign-compare" "-Wshadow" "-Wno-unused-parameter" "-Wno-unused-variable" "-Woverloaded-virtual" "-Wnon-virtual-dtor" "-Wno-missing-field-initializers" "-Wno-strict-aliasing" "-Wno-invalid-offsetof" "-msse2" "-std=c++17" "-DSNAPPY=1" "-DLZ4=1" "-DZSTD=1" "-DZLIB=1" "-DBZIP2=1" "-DNDEBUG=1" "-DOS_LINUX" "-DROCKSDB_PLATFORM_POSIX" "-DROCKSDB_LIB_IO_POSIX" "-DROCKSDB_SUPPORT_THREAD_LOCAL" "-DHAVE_UINT128_EXTENSION=1" "-DHAVE_UINT128_EXTENSION=1" "-o" "/opt/rustwide/target/debug/build/librocksdb-sys-575ad02e6e4b9771/out/rocksdb/cache/cache.o" "-c" "rocksdb/cache/cache.cc"
[INFO] [stderr]   running: "c++" "-O0" "-ffunction-sections" "-fdata-sections" "-fPIC" "-gdwarf-4" "-fno-omit-frame-pointer" "-m64" "-I" "rocksdb/include/" "-I" "rocksdb/" "-I" "rocksdb/third-party/gtest-1.8.1/fused-src/" "-I" "snappy/" "-I" "lz4/lib/" "-I" "/opt/rustwide/cargo-home/registry/src/index.crates.io-6f17d22bba15001f/zstd-sys-2.0.7+zstd.1.5.4/zstd/lib" "-I" "/opt/rustwide/target/debug/build/libz-sys-385cb37bea22d526/out/include" "-I" "/opt/rustwide/target/debug/build/bzip2-sys-80b7a9d98b543868/out/include" "-I" "." "-Wall" "-Wextra" "-std=c++17" "-Wsign-compare" "-Wshadow" "-Wno-unused-parameter" "-Wno-unused-variable" "-Woverloaded-virtual" "-Wnon-virtual-dtor" "-Wno-missing-field-initializers" "-Wno-strict-aliasing" "-Wno-invalid-offsetof" "-msse2" "-std=c++17" "-DSNAPPY=1" "-DLZ4=1" "-DZSTD=1" "-DZLIB=1" "-DBZIP2=1" "-DNDEBUG=1" "-DOS_LINUX" "-DROCKSDB_PLATFORM_POSIX" "-DROCKSDB_LIB_IO_POSIX" "-DROCKSDB_SUPPORT_THREAD_LOCAL" "-DHAVE_UINT128_EXTENSION=1" "-DHAVE_UINT128_EXTENSION=1" "-o" "/opt/rustwide/target/debug/build/librocksdb-sys-575ad02e6e4b9771/out/rocksdb/cache/clock_cache.o" "-c" "rocksdb/cache/clock_cache.cc"
[INFO] [stderr]   running: "c++" "-O0" "-ffunction-sections" "-fdata-sections" "-fPIC" "-gdwarf-4" "-fno-omit-frame-pointer" "-m64" "-I" "rocksdb/include/" "-I" "rocksdb/" "-I" "rocksdb/third-party/gtest-1.8.1/fused-src/" "-I" "snappy/" "-I" "lz4/lib/" "-I" "/opt/rustwide/cargo-home/registry/src/index.crates.io-6f17d22bba15001f/zstd-sys-2.0.7+zstd.1.5.4/zstd/lib" "-I" "/opt/rustwide/target/debug/build/libz-sys-385cb37bea22d526/out/include" "-I" "/opt/rustwide/target/debug/build/bzip2-sys-80b7a9d98b543868/out/include" "-I" "." "-Wall" "-Wextra" "-std=c++17" "-Wsign-compare" "-Wshadow" "-Wno-unused-parameter" "-Wno-unused-variable" "-Woverloaded-virtual" "-Wnon-virtual-dtor" "-Wno-missing-field-initializers" "-Wno-strict-aliasing" "-Wno-invalid-offsetof" "-msse2" "-std=c++17" "-DSNAPPY=1" "-DLZ4=1" "-DZSTD=1" "-DZLIB=1" "-DBZIP2=1" "-DNDEBUG=1" "-DOS_LINUX" "-DROCKSDB_PLATFORM_POSIX" "-DROCKSDB_LIB_IO_POSIX" "-DROCKSDB_SUPPORT_THREAD_LOCAL" "-DHAVE_UINT128_EXTENSION=1" "-DHAVE_UINT128_EXTENSION=1" "-o" "/opt/rustwide/target/debug/build/librocksdb-sys-575ad02e6e4b9771/out/rocksdb/cache/cache_key.o" "-c" "rocksdb/cache/cache_key.cc"
[INFO] [stderr]   running: "c++" "-O0" "-ffunction-sections" "-fdata-sections" "-fPIC" "-gdwarf-4" "-fno-omit-frame-pointer" "-m64" "-I" "rocksdb/include/" "-I" "rocksdb/" "-I" "rocksdb/third-party/gtest-1.8.1/fused-src/" "-I" "snappy/" "-I" "lz4/lib/" "-I" "/opt/rustwide/cargo-home/registry/src/index.crates.io-6f17d22bba15001f/zstd-sys-2.0.7+zstd.1.5.4/zstd/lib" "-I" "/opt/rustwide/target/debug/build/libz-sys-385cb37bea22d526/out/include" "-I" "/opt/rustwide/target/debug/build/bzip2-sys-80b7a9d98b543868/out/include" "-I" "." "-Wall" "-Wextra" "-std=c++17" "-Wsign-compare" "-Wshadow" "-Wno-unused-parameter" "-Wno-unused-variable" "-Woverloaded-virtual" "-Wnon-virtual-dtor" "-Wno-missing-field-initializers" "-Wno-strict-aliasing" "-Wno-invalid-offsetof" "-msse2" "-std=c++17" "-DSNAPPY=1" "-DLZ4=1" "-DZSTD=1" "-DZLIB=1" "-DBZIP2=1" "-DNDEBUG=1" "-DOS_LINUX" "-DROCKSDB_PLATFORM_POSIX" "-DROCKSDB_LIB_IO_POSIX" "-DROCKSDB_SUPPORT_THREAD_LOCAL" "-DHAVE_UINT128_EXTENSION=1" "-DHAVE_UINT128_EXTENSION=1" "-o" "/opt/rustwide/target/debug/build/librocksdb-sys-575ad02e6e4b9771/out/rocksdb/cache/cache_reservation_manager.o" "-c" "rocksdb/cache/cache_reservation_manager.cc"
[INFO] [stderr]   running: "c++" "-O0" "-ffunction-sections" "-fdata-sections" "-fPIC" "-gdwarf-4" "-fno-omit-frame-pointer" "-m64" "-I" "rocksdb/include/" "-I" "rocksdb/" "-I" "rocksdb/third-party/gtest-1.8.1/fused-src/" "-I" "snappy/" "-I" "lz4/lib/" "-I" "/opt/rustwide/cargo-home/registry/src/index.crates.io-6f17d22bba15001f/zstd-sys-2.0.7+zstd.1.5.4/zstd/lib" "-I" "/opt/rustwide/target/debug/build/libz-sys-385cb37bea22d526/out/include" "-I" "/opt/rustwide/target/debug/build/bzip2-sys-80b7a9d98b543868/out/include" "-I" "." "-Wall" "-Wextra" "-std=c++17" "-Wsign-compare" "-Wshadow" "-Wno-unused-parameter" "-Wno-unused-variable" "-Woverloaded-virtual" "-Wnon-virtual-dtor" "-Wno-missing-field-initializers" "-Wno-strict-aliasing" "-Wno-invalid-offsetof" "-msse2" "-std=c++17" "-DSNAPPY=1" "-DLZ4=1" "-DZSTD=1" "-DZLIB=1" "-DBZIP2=1" "-DNDEBUG=1" "-DOS_LINUX" "-DROCKSDB_PLATFORM_POSIX" "-DROCKSDB_LIB_IO_POSIX" "-DROCKSDB_SUPPORT_THREAD_LOCAL" "-DHAVE_UINT128_EXTENSION=1" "-DHAVE_UINT128_EXTENSION=1" "-o" "/opt/rustwide/target/debug/build/librocksdb-sys-575ad02e6e4b9771/out/rocksdb/cache/fast_lru_cache.o" "-c" "rocksdb/cache/fast_lru_cache.cc"
[INFO] [stderr]   running: "c++" "-O0" "-ffunction-sections" "-fdata-sections" "-fPIC" "-gdwarf-4" "-fno-omit-frame-pointer" "-m64" "-I" "rocksdb/include/" "-I" "rocksdb/" "-I" "rocksdb/third-party/gtest-1.8.1/fused-src/" "-I" "snappy/" "-I" "lz4/lib/" "-I" "/opt/rustwide/cargo-home/registry/src/index.crates.io-6f17d22bba15001f/zstd-sys-2.0.7+zstd.1.5.4/zstd/lib" "-I" "/opt/rustwide/target/debug/build/libz-sys-385cb37bea22d526/out/include" "-I" "/opt/rustwide/target/debug/build/bzip2-sys-80b7a9d98b543868/out/include" "-I" "." "-Wall" "-Wextra" "-std=c++17" "-Wsign-compare" "-Wshadow" "-Wno-unused-parameter" "-Wno-unused-variable" "-Woverloaded-virtual" "-Wnon-virtual-dtor" "-Wno-missing-field-initializers" "-Wno-strict-aliasing" "-Wno-invalid-offsetof" "-msse2" "-std=c++17" "-DSNAPPY=1" "-DLZ4=1" "-DZSTD=1" "-DZLIB=1" "-DBZIP2=1" "-DNDEBUG=1" "-DOS_LINUX" "-DROCKSDB_PLATFORM_POSIX" "-DROCKSDB_LIB_IO_POSIX" "-DROCKSDB_SUPPORT_THREAD_LOCAL" "-DHAVE_UINT128_EXTENSION=1" "-DHAVE_UINT128_EXTENSION=1" "-o" "/opt/rustwide/target/debug/build/librocksdb-sys-575ad02e6e4b9771/out/rocksdb/cache/lru_cache.o" "-c" "rocksdb/cache/lru_cache.cc"
[INFO] [stderr]   running: "c++" "-O0" "-ffunction-sections" "-fdata-sections" "-fPIC" "-gdwarf-4" "-fno-omit-frame-pointer" "-m64" "-I" "rocksdb/include/" "-I" "rocksdb/" "-I" "rocksdb/third-party/gtest-1.8.1/fused-src/" "-I" "snappy/" "-I" "lz4/lib/" "-I" "/opt/rustwide/cargo-home/registry/src/index.crates.io-6f17d22bba15001f/zstd-sys-2.0.7+zstd.1.5.4/zstd/lib" "-I" "/opt/rustwide/target/debug/build/libz-sys-385cb37bea22d526/out/include" "-I" "/opt/rustwide/target/debug/build/bzip2-sys-80b7a9d98b543868/out/include" "-I" "." "-Wall" "-Wextra" "-std=c++17" "-Wsign-compare" "-Wshadow" "-Wno-unused-parameter" "-Wno-unused-variable" "-Woverloaded-virtual" "-Wnon-virtual-dtor" "-Wno-missing-field-initializers" "-Wno-strict-aliasing" "-Wno-invalid-offsetof" "-msse2" "-std=c++17" "-DSNAPPY=1" "-DLZ4=1" "-DZSTD=1" "-DZLIB=1" "-DBZIP2=1" "-DNDEBUG=1" "-DOS_LINUX" "-DROCKSDB_PLATFORM_POSIX" "-DROCKSDB_LIB_IO_POSIX" "-DROCKSDB_SUPPORT_THREAD_LOCAL" "-DHAVE_UINT128_EXTENSION=1" "-DHAVE_UINT128_EXTENSION=1" "-o" "/opt/rustwide/target/debug/build/librocksdb-sys-575ad02e6e4b9771/out/rocksdb/cache/sharded_cache.o" "-c" "rocksdb/cache/sharded_cache.cc"
[INFO] [stderr]   running: "c++" "-O0" "-ffunction-sections" "-fdata-sections" "-fPIC" "-gdwarf-4" "-fno-omit-frame-pointer" "-m64" "-I" "rocksdb/include/" "-I" "rocksdb/" "-I" "rocksdb/third-party/gtest-1.8.1/fused-src/" "-I" "snappy/" "-I" "lz4/lib/" "-I" "/opt/rustwide/cargo-home/registry/src/index.crates.io-6f17d22bba15001f/zstd-sys-2.0.7+zstd.1.5.4/zstd/lib" "-I" "/opt/rustwide/target/debug/build/libz-sys-385cb37bea22d526/out/include" "-I" "/opt/rustwide/target/debug/build/bzip2-sys-80b7a9d98b543868/out/include" "-I" "." "-Wall" "-Wextra" "-std=c++17" "-Wsign-compare" "-Wshadow" "-Wno-unused-parameter" "-Wno-unused-variable" "-Woverloaded-virtual" "-Wnon-virtual-dtor" "-Wno-missing-field-initializers" "-Wno-strict-aliasing" "-Wno-invalid-offsetof" "-msse2" "-std=c++17" "-DSNAPPY=1" "-DLZ4=1" "-DZSTD=1" "-DZLIB=1" "-DBZIP2=1" "-DNDEBUG=1" "-DOS_LINUX" "-DROCKSDB_PLATFORM_POSIX" "-DROCKSDB_LIB_IO_POSIX" "-DROCKSDB_SUPPORT_THREAD_LOCAL" "-DHAVE_UINT128_EXTENSION=1" "-DHAVE_UINT128_EXTENSION=1" "-o" "/opt/rustwide/target/debug/build/librocksdb-sys-575ad02e6e4b9771/out/rocksdb/cache/compressed_secondary_cache.o" "-c" "rocksdb/cache/compressed_secondary_cache.cc"
[INFO] [stderr]   running: "c++" "-O0" "-ffunction-sections" "-fdata-sections" "-fPIC" "-gdwarf-4" "-fno-omit-frame-pointer" "-m64" "-I" "rocksdb/include/" "-I" "rocksdb/" "-I" "rocksdb/third-party/gtest-1.8.1/fused-src/" "-I" "snappy/" "-I" "lz4/lib/" "-I" "/opt/rustwide/cargo-home/registry/src/index.crates.io-6f17d22bba15001f/zstd-sys-2.0.7+zstd.1.5.4/zstd/lib" "-I" "/opt/rustwide/target/debug/build/libz-sys-385cb37bea22d526/out/include" "-I" "/opt/rustwide/target/debug/build/bzip2-sys-80b7a9d98b543868/out/include" "-I" "." "-Wall" "-Wextra" "-std=c++17" "-Wsign-compare" "-Wshadow" "-Wno-unused-parameter" "-Wno-unused-variable" "-Woverloaded-virtual" "-Wnon-virtual-dtor" "-Wno-missing-field-initializers" "-Wno-strict-aliasing" "-Wno-invalid-offsetof" "-msse2" "-std=c++17" "-DSNAPPY=1" "-DLZ4=1" "-DZSTD=1" "-DZLIB=1" "-DBZIP2=1" "-DNDEBUG=1" "-DOS_LINUX" "-DROCKSDB_PLATFORM_POSIX" "-DROCKSDB_LIB_IO_POSIX" "-DROCKSDB_SUPPORT_THREAD_LOCAL" "-DHAVE_UINT128_EXTENSION=1" "-DHAVE_UINT128_EXTENSION=1" "-o" "/opt/rustwide/target/debug/build/librocksdb-sys-575ad02e6e4b9771/out/rocksdb/db/blob/blob_file_addition.o" "-c" "rocksdb/db/blob/blob_file_addition.cc"
[INFO] [stderr]   running: "c++" "-O0" "-ffunction-sections" "-fdata-sections" "-fPIC" "-gdwarf-4" "-fno-omit-frame-pointer" "-m64" "-I" "rocksdb/include/" "-I" "rocksdb/" "-I" "rocksdb/third-party/gtest-1.8.1/fused-src/" "-I" "snappy/" "-I" "lz4/lib/" "-I" "/opt/rustwide/cargo-home/registry/src/index.crates.io-6f17d22bba15001f/zstd-sys-2.0.7+zstd.1.5.4/zstd/lib" "-I" "/opt/rustwide/target/debug/build/libz-sys-385cb37bea22d526/out/include" "-I" "/opt/rustwide/target/debug/build/bzip2-sys-80b7a9d98b543868/out/include" "-I" "." "-Wall" "-Wextra" "-std=c++17" "-Wsign-compare" "-Wshadow" "-Wno-unused-parameter" "-Wno-unused-variable" "-Woverloaded-virtual" "-Wnon-virtual-dtor" "-Wno-missing-field-initializers" "-Wno-strict-aliasing" "-Wno-invalid-offsetof" "-msse2" "-std=c++17" "-DSNAPPY=1" "-DLZ4=1" "-DZSTD=1" "-DZLIB=1" "-DBZIP2=1" "-DNDEBUG=1" "-DOS_LINUX" "-DROCKSDB_PLATFORM_POSIX" "-DROCKSDB_LIB_IO_POSIX" "-DROCKSDB_SUPPORT_THREAD_LOCAL" "-DHAVE_UINT128_EXTENSION=1" "-DHAVE_UINT128_EXTENSION=1" "-o" "/opt/rustwide/target/debug/build/librocksdb-sys-575ad02e6e4b9771/out/rocksdb/db/blob/blob_fetcher.o" "-c" "rocksdb/db/blob/blob_fetcher.cc"
[INFO] [stderr]   running: "c++" "-O0" "-ffunction-sections" "-fdata-sections" "-fPIC" "-gdwarf-4" "-fno-omit-frame-pointer" "-m64" "-I" "rocksdb/include/" "-I" "rocksdb/" "-I" "rocksdb/third-party/gtest-1.8.1/fused-src/" "-I" "snappy/" "-I" "lz4/lib/" "-I" "/opt/rustwide/cargo-home/registry/src/index.crates.io-6f17d22bba15001f/zstd-sys-2.0.7+zstd.1.5.4/zstd/lib" "-I" "/opt/rustwide/target/debug/build/libz-sys-385cb37bea22d526/out/include" "-I" "/opt/rustwide/target/debug/build/bzip2-sys-80b7a9d98b543868/out/include" "-I" "." "-Wall" "-Wextra" "-std=c++17" "-Wsign-compare" "-Wshadow" "-Wno-unused-parameter" "-Wno-unused-variable" "-Woverloaded-virtual" "-Wnon-virtual-dtor" "-Wno-missing-field-initializers" "-Wno-strict-aliasing" "-Wno-invalid-offsetof" "-msse2" "-std=c++17" "-DSNAPPY=1" "-DLZ4=1" "-DZSTD=1" "-DZLIB=1" "-DBZIP2=1" "-DNDEBUG=1" "-DOS_LINUX" "-DROCKSDB_PLATFORM_POSIX" "-DROCKSDB_LIB_IO_POSIX" "-DROCKSDB_SUPPORT_THREAD_LOCAL" "-DHAVE_UINT128_EXTENSION=1" "-DHAVE_UINT128_EXTENSION=1" "-o" "/opt/rustwide/target/debug/build/librocksdb-sys-575ad02e6e4b9771/out/rocksdb/db/blob/blob_file_builder.o" "-c" "rocksdb/db/blob/blob_file_builder.cc"
[INFO] [stderr]   running: "c++" "-O0" "-ffunction-sections" "-fdata-sections" "-fPIC" "-gdwarf-4" "-fno-omit-frame-pointer" "-m64" "-I" "rocksdb/include/" "-I" "rocksdb/" "-I" "rocksdb/third-party/gtest-1.8.1/fused-src/" "-I" "snappy/" "-I" "lz4/lib/" "-I" "/opt/rustwide/cargo-home/registry/src/index.crates.io-6f17d22bba15001f/zstd-sys-2.0.7+zstd.1.5.4/zstd/lib" "-I" "/opt/rustwide/target/debug/build/libz-sys-385cb37bea22d526/out/include" "-I" "/opt/rustwide/target/debug/build/bzip2-sys-80b7a9d98b543868/out/include" "-I" "." "-Wall" "-Wextra" "-std=c++17" "-Wsign-compare" "-Wshadow" "-Wno-unused-parameter" "-Wno-unused-variable" "-Woverloaded-virtual" "-Wnon-virtual-dtor" "-Wno-missing-field-initializers" "-Wno-strict-aliasing" "-Wno-invalid-offsetof" "-msse2" "-std=c++17" "-DSNAPPY=1" "-DLZ4=1" "-DZSTD=1" "-DZLIB=1" "-DBZIP2=1" "-DNDEBUG=1" "-DOS_LINUX" "-DROCKSDB_PLATFORM_POSIX" "-DROCKSDB_LIB_IO_POSIX" "-DROCKSDB_SUPPORT_THREAD_LOCAL" "-DHAVE_UINT128_EXTENSION=1" "-DHAVE_UINT128_EXTENSION=1" "-o" "/opt/rustwide/target/debug/build/librocksdb-sys-575ad02e6e4b9771/out/rocksdb/db/arena_wrapped_db_iter.o" "-c" "rocksdb/db/arena_wrapped_db_iter.cc"
[INFO] [stderr]   running: "c++" "-O0" "-ffunction-sections" "-fdata-sections" "-fPIC" "-gdwarf-4" "-fno-omit-frame-pointer" "-m64" "-I" "rocksdb/include/" "-I" "rocksdb/" "-I" "rocksdb/third-party/gtest-1.8.1/fused-src/" "-I" "snappy/" "-I" "lz4/lib/" "-I" "/opt/rustwide/cargo-home/registry/src/index.crates.io-6f17d22bba15001f/zstd-sys-2.0.7+zstd.1.5.4/zstd/lib" "-I" "/opt/rustwide/target/debug/build/libz-sys-385cb37bea22d526/out/include" "-I" "/opt/rustwide/target/debug/build/bzip2-sys-80b7a9d98b543868/out/include" "-I" "." "-Wall" "-Wextra" "-std=c++17" "-Wsign-compare" "-Wshadow" "-Wno-unused-parameter" "-Wno-unused-variable" "-Woverloaded-virtual" "-Wnon-virtual-dtor" "-Wno-missing-field-initializers" "-Wno-strict-aliasing" "-Wno-invalid-offsetof" "-msse2" "-std=c++17" "-DSNAPPY=1" "-DLZ4=1" "-DZSTD=1" "-DZLIB=1" "-DBZIP2=1" "-DNDEBUG=1" "-DOS_LINUX" "-DROCKSDB_PLATFORM_POSIX" "-DROCKSDB_LIB_IO_POSIX" "-DROCKSDB_SUPPORT_THREAD_LOCAL" "-DHAVE_UINT128_EXTENSION=1" "-DHAVE_UINT128_EXTENSION=1" "-o" "/opt/rustwide/target/debug/build/librocksdb-sys-575ad02e6e4b9771/out/rocksdb/cache/cache_entry_roles.o" "-c" "rocksdb/cache/cache_entry_roles.cc"
[INFO] [stderr]   running: "c++" "-O0" "-ffunction-sections" "-fdata-sections" "-fPIC" "-gdwarf-4" "-fno-omit-frame-pointer" "-m64" "-I" "rocksdb/include/" "-I" "rocksdb/" "-I" "rocksdb/third-party/gtest-1.8.1/fused-src/" "-I" "snappy/" "-I" "lz4/lib/" "-I" "/opt/rustwide/cargo-home/registry/src/index.crates.io-6f17d22bba15001f/zstd-sys-2.0.7+zstd.1.5.4/zstd/lib" "-I" "/opt/rustwide/target/debug/build/libz-sys-385cb37bea22d526/out/include" "-I" "/opt/rustwide/target/debug/build/bzip2-sys-80b7a9d98b543868/out/include" "-I" "." "-Wall" "-Wextra" "-std=c++17" "-Wsign-compare" "-Wshadow" "-Wno-unused-parameter" "-Wno-unused-variable" "-Woverloaded-virtual" "-Wnon-virtual-dtor" "-Wno-missing-field-initializers" "-Wno-strict-aliasing" "-Wno-invalid-offsetof" "-msse2" "-std=c++17" "-DSNAPPY=1" "-DLZ4=1" "-DZSTD=1" "-DZLIB=1" "-DBZIP2=1" "-DNDEBUG=1" "-DOS_LINUX" "-DROCKSDB_PLATFORM_POSIX" "-DROCKSDB_LIB_IO_POSIX" "-DROCKSDB_SUPPORT_THREAD_LOCAL" "-DHAVE_UINT128_EXTENSION=1" "-DHAVE_UINT128_EXTENSION=1" "-o" "/opt/rustwide/target/debug/build/librocksdb-sys-575ad02e6e4b9771/out/rocksdb/db/blob/blob_file_cache.o" "-c" "rocksdb/db/blob/blob_file_cache.cc"
[INFO] [stderr]   exit status: 0
[INFO] [stderr]   running: "c++" "-O0" "-ffunction-sections" "-fdata-sections" "-fPIC" "-gdwarf-4" "-fno-omit-frame-pointer" "-m64" "-I" "rocksdb/include/" "-I" "rocksdb/" "-I" "rocksdb/third-party/gtest-1.8.1/fused-src/" "-I" "snappy/" "-I" "lz4/lib/" "-I" "/opt/rustwide/cargo-home/registry/src/index.crates.io-6f17d22bba15001f/zstd-sys-2.0.7+zstd.1.5.4/zstd/lib" "-I" "/opt/rustwide/target/debug/build/libz-sys-385cb37bea22d526/out/include" "-I" "/opt/rustwide/target/debug/build/bzip2-sys-80b7a9d98b543868/out/include" "-I" "." "-Wall" "-Wextra" "-std=c++17" "-Wsign-compare" "-Wshadow" "-Wno-unused-parameter" "-Wno-unused-variable" "-Woverloaded-virtual" "-Wnon-virtual-dtor" "-Wno-missing-field-initializers" "-Wno-strict-aliasing" "-Wno-invalid-offsetof" "-msse2" "-std=c++17" "-DSNAPPY=1" "-DLZ4=1" "-DZSTD=1" "-DZLIB=1" "-DBZIP2=1" "-DNDEBUG=1" "-DOS_LINUX" "-DROCKSDB_PLATFORM_POSIX" "-DROCKSDB_LIB_IO_POSIX" "-DROCKSDB_SUPPORT_THREAD_LOCAL" "-DHAVE_UINT128_EXTENSION=1" "-DHAVE_UINT128_EXTENSION=1" "-o" "/opt/rustwide/target/debug/build/librocksdb-sys-575ad02e6e4b9771/out/rocksdb/db/blob/blob_file_garbage.o" "-c" "rocksdb/db/blob/blob_file_garbage.cc"
[INFO] [stderr]   exit status: 0
[INFO] [stderr]   running: "c++" "-O0" "-ffunction-sections" "-fdata-sections" "-fPIC" "-gdwarf-4" "-fno-omit-frame-pointer" "-m64" "-I" "rocksdb/include/" "-I" "rocksdb/" "-I" "rocksdb/third-party/gtest-1.8.1/fused-src/" "-I" "snappy/" "-I" "lz4/lib/" "-I" "/opt/rustwide/cargo-home/registry/src/index.crates.io-6f17d22bba15001f/zstd-sys-2.0.7+zstd.1.5.4/zstd/lib" "-I" "/opt/rustwide/target/debug/build/libz-sys-385cb37bea22d526/out/include" "-I" "/opt/rustwide/target/debug/build/bzip2-sys-80b7a9d98b543868/out/include" "-I" "." "-Wall" "-Wextra" "-std=c++17" "-Wsign-compare" "-Wshadow" "-Wno-unused-parameter" "-Wno-unused-variable" "-Woverloaded-virtual" "-Wnon-virtual-dtor" "-Wno-missing-field-initializers" "-Wno-strict-aliasing" "-Wno-invalid-offsetof" "-msse2" "-std=c++17" "-DSNAPPY=1" "-DLZ4=1" "-DZSTD=1" "-DZLIB=1" "-DBZIP2=1" "-DNDEBUG=1" "-DOS_LINUX" "-DROCKSDB_PLATFORM_POSIX" "-DROCKSDB_LIB_IO_POSIX" "-DROCKSDB_SUPPORT_THREAD_LOCAL" "-DHAVE_UINT128_EXTENSION=1" "-DHAVE_UINT128_EXTENSION=1" "-o" "/opt/rustwide/target/debug/build/librocksdb-sys-575ad02e6e4b9771/out/rocksdb/db/blob/blob_file_meta.o" "-c" "rocksdb/db/blob/blob_file_meta.cc"
[INFO] [stderr]   running: "c++" "-O0" "-ffunction-sections" "-fdata-sections" "-fPIC" "-gdwarf-4" "-fno-omit-frame-pointer" "-m64" "-I" "rocksdb/include/" "-I" "rocksdb/" "-I" "rocksdb/third-party/gtest-1.8.1/fused-src/" "-I" "snappy/" "-I" "lz4/lib/" "-I" "/opt/rustwide/cargo-home/registry/src/index.crates.io-6f17d22bba15001f/zstd-sys-2.0.7+zstd.1.5.4/zstd/lib" "-I" "/opt/rustwide/target/debug/build/libz-sys-385cb37bea22d526/out/include" "-I" "/opt/rustwide/target/debug/build/bzip2-sys-80b7a9d98b543868/out/include" "-I" "." "-Wall" "-Wextra" "-std=c++17" "-Wsign-compare" "-Wshadow" "-Wno-unused-parameter" "-Wno-unused-variable" "-Woverloaded-virtual" "-Wnon-virtual-dtor" "-Wno-missing-field-initializers" "-Wno-strict-aliasing" "-Wno-invalid-offsetof" "-msse2" "-std=c++17" "-DSNAPPY=1" "-DLZ4=1" "-DZSTD=1" "-DZLIB=1" "-DBZIP2=1" "-DNDEBUG=1" "-DOS_LINUX" "-DROCKSDB_PLATFORM_POSIX" "-DROCKSDB_LIB_IO_POSIX" "-DROCKSDB_SUPPORT_THREAD_LOCAL" "-DHAVE_UINT128_EXTENSION=1" "-DHAVE_UINT128_EXTENSION=1" "-o" "/opt/rustwide/target/debug/build/librocksdb-sys-575ad02e6e4b9771/out/rocksdb/db/blob/blob_file_reader.o" "-c" "rocksdb/db/blob/blob_file_reader.cc"
[INFO] [stderr]   cargo:warning=c++: fatal error: Killed signal terminated program cc1plus
[INFO] [stderr]   cargo:warning=compilation terminated.
[INFO] [stderr]   exit status: 1
[INFO] [stderr]   running: "c++" "-O0" "-ffunction-sections" "-fdata-sections" "-fPIC" "-gdwarf-4" "-fno-omit-frame-pointer" "-m64" "-I" "rocksdb/include/" "-I" "rocksdb/" "-I" "rocksdb/third-party/gtest-1.8.1/fused-src/" "-I" "snappy/" "-I" "lz4/lib/" "-I" "/opt/rustwide/cargo-home/registry/src/index.crates.io-6f17d22bba15001f/zstd-sys-2.0.7+zstd.1.5.4/zstd/lib" "-I" "/opt/rustwide/target/debug/build/libz-sys-385cb37bea22d526/out/include" "-I" "/opt/rustwide/target/debug/build/bzip2-sys-80b7a9d98b543868/out/include" "-I" "." "-Wall" "-Wextra" "-std=c++17" "-Wsign-compare" "-Wshadow" "-Wno-unused-parameter" "-Wno-unused-variable" "-Woverloaded-virtual" "-Wnon-virtual-dtor" "-Wno-missing-field-initializers" "-Wno-strict-aliasing" "-Wno-invalid-offsetof" "-msse2" "-std=c++17" "-DSNAPPY=1" "-DLZ4=1" "-DZSTD=1" "-DZLIB=1" "-DBZIP2=1" "-DNDEBUG=1" "-DOS_LINUX" "-DROCKSDB_PLATFORM_POSIX" "-DROCKSDB_LIB_IO_POSIX" "-DROCKSDB_SUPPORT_THREAD_LOCAL" "-DHAVE_UINT128_EXTENSION=1" "-DHAVE_UINT128_EXTENSION=1" "-o" "/opt/rustwide/target/debug/build/librocksdb-sys-575ad02e6e4b9771/out/rocksdb/db/blob/blob_garbage_meter.o" "-c" "rocksdb/db/blob/blob_garbage_meter.cc"
[INFO] [stderr]   cargo:warning=c++: fatal error: Killed signal terminated program cc1plus
[INFO] [stderr]   cargo:warning=compilation terminated.
[INFO] [stderr]   exit status: 1
[INFO] [stderr]   cargo:warning=c++: fatal error: Killed signal terminated program cc1plus
[INFO] [stderr]   cargo:warning=compilation terminated.
[INFO] [stderr]   exit status: 1
[INFO] [stderr]   exit status: 0
[INFO] [stderr]   cargo:warning=c++: fatal error: Killed signal terminated program cc1plus
[INFO] [stderr]   cargo:warning=compilation terminated.
[INFO] [stderr]   exit status: 1
[INFO] [stderr]   exit status: 0
[INFO] [stderr]   exit status: 0
[INFO] [stderr]   exit status: 0
[INFO] [stderr]   exit status: 0
[INFO] [stderr]   exit status: 0
[INFO] [stderr]   exit status: 0
[INFO] [stderr]   exit status: 0
[INFO] [stderr]   exit status: 0
[INFO] [stderr]   exit status: 0
[INFO] [stderr]   exit status: 0
[INFO] [stderr]   exit status: 0
[INFO] [stderr] 
[INFO] [stderr]   --- stderr
[INFO] [stderr]   error: 'rustfmt' is not installed for the toolchain '1.75.0-x86_64-unknown-linux-gnu'
[INFO] [stderr]   To install, run `rustup component add rustfmt --toolchain 1.75.0-x86_64-unknown-linux-gnu`
[INFO] [stderr]   Failed to run rustfmt: Internal rustfmt error (non-fatal, continuing)
[INFO] [stderr] 
[INFO] [stderr] 
[INFO] [stderr]   error occurred: Command "c++" "-O0" "-ffunction-sections" "-fdata-sections" "-fPIC" "-gdwarf-4" "-fno-omit-frame-pointer" "-m64" "-I" "rocksdb/include/" "-I" "rocksdb/" "-I" "rocksdb/third-party/gtest-1.8.1/fused-src/" "-I" "snappy/" "-I" "lz4/lib/" "-I" "/opt/rustwide/cargo-home/registry/src/index.crates.io-6f17d22bba15001f/zstd-sys-2.0.7+zstd.1.5.4/zstd/lib" "-I" "/opt/rustwide/target/debug/build/libz-sys-385cb37bea22d526/out/include" "-I" "/opt/rustwide/target/debug/build/bzip2-sys-80b7a9d98b543868/out/include" "-I" "." "-Wall" "-Wextra" "-std=c++17" "-Wsign-compare" "-Wshadow" "-Wno-unused-parameter" "-Wno-unused-variable" "-Woverloaded-virtual" "-Wnon-virtual-dtor" "-Wno-missing-field-initializers" "-Wno-strict-aliasing" "-Wno-invalid-offsetof" "-msse2" "-std=c++17" "-DSNAPPY=1" "-DLZ4=1" "-DZSTD=1" "-DZLIB=1" "-DBZIP2=1" "-DNDEBUG=1" "-DOS_LINUX" "-DROCKSDB_PLATFORM_POSIX" "-DROCKSDB_LIB_IO_POSIX" "-DROCKSDB_SUPPORT_THREAD_LOCAL" "-DHAVE_UINT128_EXTENSION=1" "-DHAVE_UINT128_EXTENSION=1" "-o" "/opt/rustwide/target/debug/build/librocksdb-sys-575ad02e6e4b9771/out/rocksdb/cache/cache.o" "-c" "rocksdb/cache/cache.cc" with args "c++" did not execute successfully (status code exit status: 1).
[INFO] [stderr] 
[INFO] [stderr] 
[INFO] running `Command { std: "docker" "inspect" "c475ab0a9e37730c99692e3a03b91af2cf7f46b8dabbeb53cc65ef1f81293af7", kill_on_drop: false }`
[INFO] running `Command { std: "docker" "rm" "-f" "c475ab0a9e37730c99692e3a03b91af2cf7f46b8dabbeb53cc65ef1f81293af7", kill_on_drop: false }`
[INFO] [stdout] c475ab0a9e37730c99692e3a03b91af2cf7f46b8dabbeb53cc65ef1f81293af7
