[INFO] cloning repository https://github.com/SifraiHQ/lighthouse-quick-start
[INFO] running `Command { std: "git" "-c" "credential.helper=" "-c" "credential.helper=/workspace/cargo-home/bin/git-credential-null" "clone" "--bare" "https://github.com/SifraiHQ/lighthouse-quick-start" "/workspace/cache/git-repos/https%3A%2F%2Fgithub.com%2FSifraiHQ%2Flighthouse-quick-start", kill_on_drop: false }`
[INFO] [stderr] Cloning into bare repository '/workspace/cache/git-repos/https%3A%2F%2Fgithub.com%2FSifraiHQ%2Flighthouse-quick-start'...
[INFO] running `Command { std: "git" "rev-parse" "HEAD", kill_on_drop: false }`
[INFO] [stdout] df2a5d1846cd2070891f15efc7769ddcd6f24948
[INFO] documenting SifraiHQ/lighthouse-quick-start against 1.75.0 for beta-1.76-rustdoc-1
[INFO] running `Command { std: "git" "clone" "/workspace/cache/git-repos/https%3A%2F%2Fgithub.com%2FSifraiHQ%2Flighthouse-quick-start" "/workspace/builds/worker-4-tc1/source", kill_on_drop: false }`
[INFO] [stderr] Cloning into '/workspace/builds/worker-4-tc1/source'...
[INFO] [stderr] done.
[INFO] validating manifest of git repo https://github.com/SifraiHQ/lighthouse-quick-start on toolchain 1.75.0
[INFO] running `Command { std: CARGO_HOME="/workspace/cargo-home" RUSTUP_HOME="/workspace/rustup-home" "/workspace/cargo-home/bin/cargo" "+1.75.0" "metadata" "--manifest-path" "Cargo.toml" "--no-deps", kill_on_drop: false }`
[INFO] started tweaking git repo https://github.com/SifraiHQ/lighthouse-quick-start
[INFO] finished tweaking git repo https://github.com/SifraiHQ/lighthouse-quick-start
[INFO] tweaked toml for git repo https://github.com/SifraiHQ/lighthouse-quick-start written to /workspace/builds/worker-4-tc1/source/Cargo.toml
[INFO] crate git repo https://github.com/SifraiHQ/lighthouse-quick-start already has a lockfile, it will not be regenerated
[INFO] running `Command { std: CARGO_HOME="/workspace/cargo-home" RUSTUP_HOME="/workspace/rustup-home" "/workspace/cargo-home/bin/cargo" "+1.75.0" "fetch" "--manifest-path" "Cargo.toml", kill_on_drop: false }`
[INFO] [stderr]     Updating git repository `https://github.com/michaelsproul/leveldb-sys`
[INFO] [stderr]     Updating git repository `https://github.com/sigp/milagro_bls`
[INFO] [stderr]     Updating git submodule `https://github.com/sigp/incubator-milagro-crypto-rust`
[INFO] [stderr]     Updating crates.io index
[INFO] [stderr]     Updating git repository `https://github.com/sigp/rust-libp2p`
[INFO] [stderr]     Updating git repository `https://github.com/sigp/unsigned-varint`
[INFO] [stderr]  Downloading crates ...
[INFO] [stderr]   Downloaded wasm-bindgen-test v0.3.13
[INFO] [stderr]   Downloaded clear_on_drop v0.2.4
[INFO] [stderr]   Downloaded libflate v1.0.1
[INFO] [stderr]   Downloaded prometheus v0.8.0
[INFO] [stderr]   Downloaded miow v0.3.4
[INFO] [stderr]   Downloaded target_info v0.1.0
[INFO] [stderr]   Downloaded ethbloom v0.9.2
[INFO] [stderr]   Downloaded jsonrpc-core v14.2.0
[INFO] [stderr]   Downloaded async-tls v0.7.0
[INFO] [stderr]   Downloaded trackable v1.0.0
[INFO] [stderr]   Downloaded atomic-option v0.1.2
[INFO] [stderr]   Downloaded leveldb v0.8.5
[INFO] [stderr]   Downloaded bus v2.2.3
[INFO] [stderr]   Downloaded hmac v0.8.0
[INFO] [stderr]   Downloaded poly1305 v0.5.2
[INFO] [stderr]   Downloaded sloggers v1.0.1
[INFO] [stderr]   Downloaded psutil v3.1.0
[INFO] [stderr]   Downloaded snow v0.7.0
[INFO] [stderr]   Downloaded snap v1.0.0
[INFO] [stderr]   Downloaded darwin-libproc-sys v0.1.2
[INFO] [stderr]   Downloaded protobuf v2.14.0
[INFO] [stderr]   Downloaded snafu v0.6.8
[INFO] [stderr]   Downloaded openssl-sys v0.9.57
[INFO] [stderr]   Downloaded websocket v0.21.1
[INFO] [stderr]   Downloaded arc-swap v0.4.6
[INFO] [stderr]   Downloaded tokio-io-timeout v0.4.0
[INFO] [stderr]   Downloaded darwin-libproc v0.1.2
[INFO] [stderr]   Downloaded scrypt v0.3.0
[INFO] [stderr]   Downloaded snafu-derive v0.6.8
[INFO] [stderr]   Downloaded pin-project-internal v0.4.19
[INFO] [stderr]   Downloaded ed25519-dalek v1.0.0-pre.3
[INFO] [stderr]   Downloaded parity-scale-codec v1.3.0
[INFO] [stderr]   Downloaded chacha20poly1305 v0.4.1
[INFO] [stderr]   Downloaded tokio-uds v0.1.7
[INFO] [stderr]   Downloaded slog-kvfilter v0.7.0
[INFO] [stderr]   Downloaded yamux v0.4.5
[INFO] [stderr]   Downloaded futures_codec v0.4.0
[INFO] [stderr]   Downloaded libp2p-core v0.19.1
[INFO] [stderr]   Downloaded oorandom v11.1.1
[INFO] [stderr]   Downloaded chacha20 v0.3.4
[INFO] [stderr]   Downloaded ethabi v12.0.0
[INFO] [stderr]   Downloaded ethereum-types v0.9.2
[INFO] [stderr]   Downloaded simple_logger v1.6.0
[INFO] [stderr]   Downloaded impl-rlp v0.2.1
[INFO] [stderr]   Downloaded assert_matches v1.3.0
[INFO] [stderr]   Downloaded ctrlc v3.1.4
[INFO] [stderr]   Downloaded ctr v0.3.2
[INFO] [stderr]   Downloaded aes-ctr v0.3.0
[INFO] [stderr]   Downloaded crossbeam-queue v0.2.2
[INFO] [stderr]   Downloaded enr v0.1.0
[INFO] [stderr]   Downloaded parity-multiaddr v0.9.0
[INFO] [stderr]   Downloaded libflate_lz77 v1.0.0
[INFO] [stderr]   Downloaded r2d2_sqlite v0.16.0
[INFO] [stderr]   Downloaded wasm-bindgen-test-macro v0.3.13
[INFO] [stderr]   Downloaded unescape v0.1.0
[INFO] [stderr]   Downloaded multistream-select v0.8.1
[INFO] [stderr]   Downloaded twofish v0.2.0
[INFO] [stderr]   Downloaded pin-project v0.4.19
[INFO] [stderr]   Downloaded aes-ctr v0.4.0
[INFO] [stderr]   Downloaded derive_arbitrary v0.4.4
[INFO] [stderr]   Downloaded db-key v0.0.5
[INFO] [stderr]   Downloaded lru v0.5.1
[INFO] [stderr]   Downloaded ctr v0.4.0
[INFO] [stderr]   Downloaded arbitrary v0.4.4
[INFO] [stderr]   Downloaded serde_yaml v0.8.12
[INFO] [stderr]   Downloaded web3 v0.11.0
[INFO] [stderr]   Downloaded discv5 v0.1.0-alpha.5
[INFO] running `Command { std: "docker" "create" "-v" "/var/lib/crater-agent-workspace/builds/worker-4-tc1/target:/opt/rustwide/target:rw,Z" "-v" "/var/lib/crater-agent-workspace/builds/worker-4-tc1/source:/opt/rustwide/workdir:ro,Z" "-v" "/var/lib/crater-agent-workspace/cargo-home:/opt/rustwide/cargo-home:ro,Z" "-v" "/var/lib/crater-agent-workspace/rustup-home:/opt/rustwide/rustup-home:ro,Z" "-e" "SOURCE_DIR=/opt/rustwide/workdir" "-e" "CARGO_TARGET_DIR=/opt/rustwide/target" "-e" "CARGO_HOME=/opt/rustwide/cargo-home" "-e" "RUSTUP_HOME=/opt/rustwide/rustup-home" "-w" "/opt/rustwide/workdir" "-m" "1610612736" "--user" "0:0" "--network" "none" "ghcr.io/rust-lang/crates-build-env/linux@sha256:2788e3201cd34a07e3172128adcd8b3090168a8e3bcc40d7c032b9dda1df7d1c" "/opt/rustwide/cargo-home/bin/cargo" "+1.75.0" "metadata" "--no-deps" "--format-version=1", kill_on_drop: false }`
[INFO] [stdout] a1adf3f3414b885035ce77afbc2aa9ff580a644707e5f67f6703ca4ded5bb3f3
[INFO] running `Command { std: "docker" "start" "-a" "a1adf3f3414b885035ce77afbc2aa9ff580a644707e5f67f6703ca4ded5bb3f3", kill_on_drop: false }`
[INFO] running `Command { std: "docker" "inspect" "a1adf3f3414b885035ce77afbc2aa9ff580a644707e5f67f6703ca4ded5bb3f3", kill_on_drop: false }`
[INFO] running `Command { std: "docker" "rm" "-f" "a1adf3f3414b885035ce77afbc2aa9ff580a644707e5f67f6703ca4ded5bb3f3", kill_on_drop: false }`
[INFO] [stdout] a1adf3f3414b885035ce77afbc2aa9ff580a644707e5f67f6703ca4ded5bb3f3
[INFO] running `Command { std: "docker" "create" "-v" "/var/lib/crater-agent-workspace/builds/worker-4-tc1/target:/opt/rustwide/target:rw,Z" "-v" "/var/lib/crater-agent-workspace/builds/worker-4-tc1/source:/opt/rustwide/workdir:ro,Z" "-v" "/var/lib/crater-agent-workspace/cargo-home:/opt/rustwide/cargo-home:ro,Z" "-v" "/var/lib/crater-agent-workspace/rustup-home:/opt/rustwide/rustup-home:ro,Z" "-e" "SOURCE_DIR=/opt/rustwide/workdir" "-e" "CARGO_TARGET_DIR=/opt/rustwide/target" "-e" "CARGO_INCREMENTAL=0" "-e" "RUST_BACKTRACE=full" "-e" "RUSTFLAGS=--cap-lints=warn" "-e" "RUSTDOCFLAGS=--cap-lints=warn" "-e" "CARGO_HOME=/opt/rustwide/cargo-home" "-e" "RUSTUP_HOME=/opt/rustwide/rustup-home" "-w" "/opt/rustwide/workdir" "-m" "1610612736" "--user" "0:0" "--network" "none" "ghcr.io/rust-lang/crates-build-env/linux@sha256:2788e3201cd34a07e3172128adcd8b3090168a8e3bcc40d7c032b9dda1df7d1c" "/opt/rustwide/cargo-home/bin/cargo" "+1.75.0" "doc" "--frozen" "--no-deps" "--document-private-items" "--message-format=json", kill_on_drop: false }`
[INFO] [stdout] a48ae8a1b84a2e83d3630ebab770e535dc8d6f6d3755f5c34f1969a2a270b658
[INFO] running `Command { std: "docker" "start" "-a" "a48ae8a1b84a2e83d3630ebab770e535dc8d6f6d3755f5c34f1969a2a270b658", kill_on_drop: false }`
[INFO] [stderr]    Compiling libc v0.2.71
[INFO] [stderr]    Compiling proc-macro2 v1.0.18
[INFO] [stderr]    Compiling syn v1.0.30
[INFO] [stderr]     Checking cfg-if v0.1.10
[INFO] [stderr]    Compiling unicode-xid v0.2.0
[INFO] [stderr]    Compiling autocfg v1.0.0
[INFO] [stderr]     Checking spin v0.5.2
[INFO] [stderr]    Compiling cc v1.0.41
[INFO] [stderr]    Compiling log v0.4.8
[INFO] [stderr]    Compiling byteorder v1.3.4
[INFO] [stderr]    Compiling getrandom v0.1.14
[INFO] [stderr]    Compiling typenum v1.12.0
[INFO] [stderr]     Checking smallvec v1.4.0
[INFO] [stderr]    Compiling serde v1.0.111
[INFO] [stderr]     Checking scopeguard v1.1.0
[INFO] [stderr]     Checking either v1.5.3
[INFO] [stderr]    Compiling memchr v2.3.3
[INFO] [stderr]     Checking ppv-lite86 v0.2.8
[INFO] [stderr]    Compiling crunchy v0.2.2
[INFO] [stderr]     Checking lazy_static v1.4.0
[INFO] [stderr]     Checking arrayvec v0.5.1
[INFO] [stderr]     Checking static_assertions v1.1.0
[INFO] [stderr]     Checking untrusted v0.7.1
[INFO] [stderr]     Checking lock_api v0.3.4
[INFO] [stderr]    Compiling pkg-config v0.3.17
[INFO] [stderr]     Checking bytes v0.5.4
[INFO] [stderr]    Compiling proc-macro-hack v0.5.16
[INFO] [stderr]     Checking rustc-hex v2.1.0
[INFO] [stderr]    Compiling maybe-uninit v2.0.0
[INFO] [stderr]     Checking futures v0.1.29
[INFO] [stderr]    Compiling tiny-keccak v2.0.2
[INFO] [stderr]     Checking rlp v0.4.5
[INFO] [stderr]    Compiling crossbeam-utils v0.7.2
[INFO] [stderr]     Checking radium v0.3.0
[INFO] [stderr]     Checking byte-slice-cast v0.3.5
[INFO] [stderr]     Checking slab v0.4.2
[INFO] [stderr]    Compiling bitflags v1.2.1
[INFO] [stderr]     Checking impl-rlp v0.2.1
[INFO] [stderr]     Checking uint v0.8.3
[INFO] [stderr]    Compiling quote v1.0.6
[INFO] [stderr]     Checking bitvec v0.17.4
[INFO] [stderr]    Compiling version_check v0.9.2
[INFO] [stderr]    Compiling indexmap v1.4.0
[INFO] [stderr]    Compiling proc-macro-nested v0.1.4
[INFO] [stderr]    Compiling num-traits v0.2.11
[INFO] [stderr]     Checking fnv v1.0.7
[INFO] [stderr]    Compiling num-integer v0.1.42
[INFO] [stderr]    Compiling ring v0.16.12
[INFO] [stderr]     Checking hex v0.4.2
[INFO] [stderr]    Compiling memoffset v0.5.4
[INFO] [stderr]    Compiling crossbeam-epoch v0.8.2
[INFO] [stderr]     Checking opaque-debug v0.2.3
[INFO] [stderr]     Checking crossbeam-queue v0.2.2
[INFO] [stderr]     Checking hex v0.3.2
[INFO] [stderr]     Checking byte-tools v0.3.1
[INFO] [stderr]    Compiling slog v2.5.2
[INFO] [stderr]     Checking block-padding v0.1.5
[INFO] [stderr]     Checking futures-core v0.3.5
[INFO] [stderr]     Checking num_cpus v1.13.0
[INFO] [stderr]     Checking parking_lot_core v0.7.2
[INFO] [stderr]     Checking time v0.1.43
[INFO] [stderr]     Checking generic-array v0.12.3
[INFO] [stderr]     Checking rand_core v0.5.1
[INFO] [stderr]     Checking parking_lot v0.10.2
[INFO] [stderr]     Checking iovec v0.1.4
[INFO] [stderr]     Checking fake-simd v0.1.2
[INFO] [stderr]     Checking futures-sink v0.3.5
[INFO] [stderr]     Checking subtle v2.2.3
[INFO] [stderr]     Checking rand_chacha v0.2.2
[INFO] [stderr]     Checking linked-hash-map v0.5.3
[INFO] [stderr]     Checking dirs-sys v0.3.4
[INFO] [stderr]     Checking futures-io v0.3.5
[INFO] [stderr]     Checking dtoa v0.4.5
[INFO] [stderr]     Checking futures-channel v0.3.5
[INFO] [stderr]     Checking amcl v0.2.0 (https://github.com/sigp/milagro_bls?tag=v1.1.0#32c9f938)
[INFO] [stderr]     Checking digest v0.8.1
[INFO] [stderr]     Checking once_cell v1.4.0
[INFO] [stderr]     Checking dirs v2.0.2
[INFO] [stderr]     Checking crossbeam-deque v0.7.3
[INFO] [stderr]    Compiling libsqlite3-sys v0.18.0
[INFO] [stderr]    Compiling num-bigint v0.2.6
[INFO] [stderr]     Checking pin-utils v0.1.0
[INFO] [stderr]     Checking yaml-rust v0.4.4
[INFO] [stderr]    Compiling rayon-core v1.7.0
[INFO] [stderr]     Checking lru-cache v0.1.2
[INFO] [stderr]     Checking rand v0.7.3
[INFO] [stderr]    Compiling openssl-sys v0.9.57
[INFO] [stderr]     Checking fallible-iterator v0.2.0
[INFO] [stderr]     Checking futures-task v0.3.5
[INFO] [stderr]     Checking remove_dir_all v0.5.2
[INFO] [stderr]     Checking fallible-streaming-iterator v0.1.9
[INFO] [stderr]     Checking safe_arith v0.1.0 (/opt/rustwide/workdir/consensus/safe_arith)
[INFO] [stderr]     Checking block-buffer v0.7.3
[INFO] [stderr]     Checking unicode-normalization v0.1.12
[INFO] [stderr]     Checking rand_xorshift v0.2.0
[INFO] [stderr]     Checking int_to_bytes v0.2.0 (/opt/rustwide/workdir/consensus/int_to_bytes)
[INFO] [stderr]    Compiling httparse v1.3.4
[INFO] [stderr]     Checking compare_fields v0.2.0 (/opt/rustwide/workdir/common/compare_fields)
[INFO] [stderr]     Checking net2 v0.2.34
[INFO] [stderr]    Compiling anyhow v1.0.31
[INFO] [stderr]    Compiling ryu v1.0.5
[INFO] [stderr]     Checking subtle v1.0.0
[INFO] [stderr]    Compiling openssl v0.10.29
[INFO] [stderr]     Checking mio v0.6.22
[INFO] [stderr]    Compiling itertools v0.8.2
[INFO] [stderr]     Checking crypto-mac v0.7.0
[INFO] [stderr]     Checking rayon v1.3.0
[INFO] [stderr]     Checking itoa v0.4.5
[INFO] [stderr]     Checking matches v0.1.8
[INFO] [stderr]     Checking sha2 v0.8.2
[INFO] [stderr]     Checking unicode-bidi v0.3.4
[INFO] [stderr]     Checking fixed-hash v0.6.1
[INFO] [stderr] The following warnings were emitted during compilation:
[INFO] [stderr] 
[INFO] [stderr] warning: openssl-sys@0.9.57: build/expando.c:4:24: error: pasting "RUST_VERSION_OPENSSL_" and "(" does not give a valid preprocessing token
[INFO] [stderr] warning: openssl-sys@0.9.57:     4 | #define VERSION2(n, v) RUST_VERSION_##n##_##v
[INFO] [stderr] warning: openssl-sys@0.9.57:       |                        ^~~~~~~~~~~~~
[INFO] [stderr] warning: openssl-sys@0.9.57: build/expando.c:5:23: note: in expansion of macro 'VERSION2'
[INFO] [stderr] warning: openssl-sys@0.9.57:     5 | #define VERSION(n, v) VERSION2(n, v)
[INFO] [stderr] warning: openssl-sys@0.9.57:       |                       ^~~~~~~~
[INFO] [stderr] warning: openssl-sys@0.9.57: build/expando.c:10:1: note: in expansion of macro 'VERSION'
[INFO] [stderr] warning: openssl-sys@0.9.57:    10 | VERSION(OPENSSL, OPENSSL_VERSION_NUMBER)
[INFO] [stderr] warning: openssl-sys@0.9.57:       | ^~~~~~~
[INFO] [stderr] 
[INFO] [stderr] error: failed to run custom build command for `openssl-sys v0.9.57`
[INFO] [stderr] note: To improve backtraces for build dependencies, set the CARGO_PROFILE_DEV_BUILD_OVERRIDE_DEBUG=true environment variable to enable debug information generation.
[INFO] [stderr] 
[INFO] [stderr] Caused by:
[INFO] [stderr]   process didn't exit successfully: `/opt/rustwide/target/debug/build/openssl-sys-6327c39775d8adea/build-script-main` (exit status: 101)
[INFO] [stderr]   --- stdout
[INFO] [stderr]   cargo:rustc-cfg=const_fn
[INFO] [stderr]   cargo:rerun-if-env-changed=X86_64_UNKNOWN_LINUX_GNU_OPENSSL_LIB_DIR
[INFO] [stderr]   X86_64_UNKNOWN_LINUX_GNU_OPENSSL_LIB_DIR unset
[INFO] [stderr]   cargo:rerun-if-env-changed=OPENSSL_LIB_DIR
[INFO] [stderr]   OPENSSL_LIB_DIR unset
[INFO] [stderr]   cargo:rerun-if-env-changed=X86_64_UNKNOWN_LINUX_GNU_OPENSSL_INCLUDE_DIR
[INFO] [stderr]   X86_64_UNKNOWN_LINUX_GNU_OPENSSL_INCLUDE_DIR unset
[INFO] [stderr]   cargo:rerun-if-env-changed=OPENSSL_INCLUDE_DIR
[INFO] [stderr]   OPENSSL_INCLUDE_DIR unset
[INFO] [stderr]   cargo:rerun-if-env-changed=X86_64_UNKNOWN_LINUX_GNU_OPENSSL_DIR
[INFO] [stderr]   X86_64_UNKNOWN_LINUX_GNU_OPENSSL_DIR unset
[INFO] [stderr]   cargo:rerun-if-env-changed=OPENSSL_DIR
[INFO] [stderr]   OPENSSL_DIR unset
[INFO] [stderr]   cargo:rustc-link-lib=ssl
[INFO] [stderr]   cargo:rustc-link-lib=crypto
[INFO] [stderr]   OPT_LEVEL = Some("0")
[INFO] [stderr]   TARGET = Some("x86_64-unknown-linux-gnu")
[INFO] [stderr]   HOST = Some("x86_64-unknown-linux-gnu")
[INFO] [stderr]   CC_x86_64-unknown-linux-gnu = None
[INFO] [stderr]   CC_x86_64_unknown_linux_gnu = None
[INFO] [stderr]   HOST_CC = None
[INFO] [stderr]   CC = None
[INFO] [stderr]   CFLAGS_x86_64-unknown-linux-gnu = None
[INFO] [stderr]   CFLAGS_x86_64_unknown_linux_gnu = None
[INFO] [stderr]   HOST_CFLAGS = None
[INFO] [stderr]   CFLAGS = None
[INFO] [stderr]   CRATE_CC_NO_DEFAULTS = None
[INFO] [stderr]   DEBUG = Some("true")
[INFO] [stderr]   CARGO_CFG_TARGET_FEATURE = Some("fxsr,sse,sse2")
[INFO] [stderr]   running: "cc" "-O0" "-ffunction-sections" "-fdata-sections" "-fPIC" "-g" "-fno-omit-frame-pointer" "-m64" "-I" "/usr/include" "-Wall" "-Wextra" "-E" "build/expando.c"
[INFO] [stderr]   cargo:warning=build/expando.c:4:24: error: pasting "RUST_VERSION_OPENSSL_" and "(" does not give a valid preprocessing token
[INFO] [stderr]   cargo:warning=    4 | #define VERSION2(n, v) RUST_VERSION_##n##_##v
[INFO] [stderr]   cargo:warning=      |                        ^~~~~~~~~~~~~
[INFO] [stderr]   cargo:warning=build/expando.c:5:23: note: in expansion of macro 'VERSION2'
[INFO] [stderr]   cargo:warning=    5 | #define VERSION(n, v) VERSION2(n, v)
[INFO] [stderr]   cargo:warning=      |                       ^~~~~~~~
[INFO] [stderr]   cargo:warning=build/expando.c:10:1: note: in expansion of macro 'VERSION'
[INFO] [stderr]   cargo:warning=   10 | VERSION(OPENSSL, OPENSSL_VERSION_NUMBER)
[INFO] [stderr]   cargo:warning=      | ^~~~~~~
[INFO] [stderr]   exit status: 1
[INFO] [stderr] 
[INFO] [stderr]   --- stderr
[INFO] [stderr]   thread 'main' panicked at /opt/rustwide/cargo-home/registry/src/index.crates.io-6f17d22bba15001f/openssl-sys-0.9.57/build/main.rs:138:13:
[INFO] [stderr] 
[INFO] [stderr]   Header expansion error:
[INFO] [stderr]   Error { kind: ToolExecError, message: "Command \"cc\" \"-O0\" \"-ffunction-sections\" \"-fdata-sections\" \"-fPIC\" \"-g\" \"-fno-omit-frame-pointer\" \"-m64\" \"-I\" \"/usr/include\" \"-Wall\" \"-Wextra\" \"-E\" \"build/expando.c\" with args \"cc\" did not execute successfully (status code exit status: 1)." }
[INFO] [stderr] 
[INFO] [stderr]   Failed to find OpenSSL development headers.
[INFO] [stderr] 
[INFO] [stderr]   You can try fixing this setting the `OPENSSL_DIR` environment variable
[INFO] [stderr]   pointing to your OpenSSL installation or installing OpenSSL headers package
[INFO] [stderr]   specific to your distribution:
[INFO] [stderr] 
[INFO] [stderr]       # On Ubuntu
[INFO] [stderr]       sudo apt-get install libssl-dev
[INFO] [stderr]       # On Arch Linux
[INFO] [stderr]       sudo pacman -S openssl
[INFO] [stderr]       # On Fedora
[INFO] [stderr]       sudo dnf install openssl-devel
[INFO] [stderr] 
[INFO] [stderr]   See rust-openssl README for more information:
[INFO] [stderr] 
[INFO] [stderr]       https://github.com/sfackler/rust-openssl#linux
[INFO] [stderr] 
[INFO] [stderr]   stack backtrace:
[INFO] [stderr]      0:     0x5581a3410f2c - std::backtrace_rs::backtrace::libunwind::trace::ha637c64ce894333a
[INFO] [stderr]                                  at /rustc/82e1608dfa6e0b5569232559e3d385fea5a93112/library/std/src/../../backtrace/src/backtrace/libunwind.rs:104:5
[INFO] [stderr]      1:     0x5581a3410f2c - std::backtrace_rs::backtrace::trace_unsynchronized::h47f62dea28e0c88d
[INFO] [stderr]                                  at /rustc/82e1608dfa6e0b5569232559e3d385fea5a93112/library/std/src/../../backtrace/src/backtrace/mod.rs:66:5
[INFO] [stderr]      2:     0x5581a3410f2c - std::sys_common::backtrace::_print_fmt::h9eef0abe20ede486
[INFO] [stderr]                                  at /rustc/82e1608dfa6e0b5569232559e3d385fea5a93112/library/std/src/sys_common/backtrace.rs:67:5
[INFO] [stderr]      3:     0x5581a3410f2c - <std::sys_common::backtrace::_print::DisplayBacktrace as core::fmt::Display>::fmt::hed7f999df88cc644
[INFO] [stderr]                                  at /rustc/82e1608dfa6e0b5569232559e3d385fea5a93112/library/std/src/sys_common/backtrace.rs:44:22
[INFO] [stderr]      4:     0x5581a3437090 - core::fmt::rt::Argument::fmt::h1539a9308b8d058d
[INFO] [stderr]                                  at /rustc/82e1608dfa6e0b5569232559e3d385fea5a93112/library/core/src/fmt/rt.rs:142:9
[INFO] [stderr]      5:     0x5581a3437090 - core::fmt::write::h3a39390d8560d9c9
[INFO] [stderr]                                  at /rustc/82e1608dfa6e0b5569232559e3d385fea5a93112/library/core/src/fmt/mod.rs:1120:17
[INFO] [stderr]      6:     0x5581a340e92f - std::io::Write::write_fmt::h5fc9997dfe05f882
[INFO] [stderr]                                  at /rustc/82e1608dfa6e0b5569232559e3d385fea5a93112/library/std/src/io/mod.rs:1762:15
[INFO] [stderr]      7:     0x5581a3410d14 - std::sys_common::backtrace::_print::h894006fb5c6f3d45
[INFO] [stderr]                                  at /rustc/82e1608dfa6e0b5569232559e3d385fea5a93112/library/std/src/sys_common/backtrace.rs:47:5
[INFO] [stderr]      8:     0x5581a3410d14 - std::sys_common::backtrace::print::h23a2d212c6fff936
[INFO] [stderr]                                  at /rustc/82e1608dfa6e0b5569232559e3d385fea5a93112/library/std/src/sys_common/backtrace.rs:34:9
[INFO] [stderr]      9:     0x5581a3412527 - std::panicking::default_hook::{{closure}}::h8a1d2ee00185001a
[INFO] [stderr]     10:     0x5581a341228f - std::panicking::default_hook::h6038f2eba384e475
[INFO] [stderr]                                  at /rustc/82e1608dfa6e0b5569232559e3d385fea5a93112/library/std/src/panicking.rs:292:9
[INFO] [stderr]     11:     0x5581a34129a8 - std::panicking::rust_panic_with_hook::h2b5517d590cab22e
[INFO] [stderr]                                  at /rustc/82e1608dfa6e0b5569232559e3d385fea5a93112/library/std/src/panicking.rs:779:13
[INFO] [stderr]     12:     0x5581a341288e - std::panicking::begin_panic_handler::{{closure}}::h233112c06e0ef43e
[INFO] [stderr]                                  at /rustc/82e1608dfa6e0b5569232559e3d385fea5a93112/library/std/src/panicking.rs:657:13
[INFO] [stderr]     13:     0x5581a34113f6 - std::sys_common::backtrace::__rust_end_short_backtrace::h6e893f24d7ebbff8
[INFO] [stderr]                                  at /rustc/82e1608dfa6e0b5569232559e3d385fea5a93112/library/std/src/sys_common/backtrace.rs:170:18
[INFO] [stderr]     14:     0x5581a34125f2 - rust_begin_unwind
[INFO] [stderr]                                  at /rustc/82e1608dfa6e0b5569232559e3d385fea5a93112/library/std/src/panicking.rs:645:5
[INFO] [stderr]     15:     0x5581a3383685 - core::panicking::panic_fmt::hbf0e066aabfa482c
[INFO] [stderr]                                  at /rustc/82e1608dfa6e0b5569232559e3d385fea5a93112/library/core/src/panicking.rs:72:14
[INFO] [stderr]     16:     0x5581a338b3ac - build_script_main::validate_headers::hfd10fed5adc0ec71
[INFO] [stderr]     17:     0x5581a3388022 - build_script_main::find_normal::try_pkg_config::hf5e540004adf089d
[INFO] [stderr]     18:     0x5581a3386e54 - build_script_main::find_normal::find_openssl_dir::h040f29de6cc2e8b2
[INFO] [stderr]     19:     0x5581a3386cf2 - build_script_main::find_normal::get_openssl::{{closure}}::hf356dba34957bf66
[INFO] [stderr]     20:     0x5581a338e5b9 - core::option::Option<T>::unwrap_or_else::hb734011ce209cac2
[INFO] [stderr]     21:     0x5581a3386af1 - build_script_main::find_normal::get_openssl::heb0920cd135821f8
[INFO] [stderr]     22:     0x5581a3388ced - build_script_main::find_openssl::h789f6dc0d10281d4
[INFO] [stderr]     23:     0x5581a3388dc5 - build_script_main::main::h3c9225289dfa133c
[INFO] [stderr]     24:     0x5581a338d273 - core::ops::function::FnOnce::call_once::h96b2f74a15b5892e
[INFO] [stderr]     25:     0x5581a338c946 - std::sys_common::backtrace::__rust_begin_short_backtrace::hf2f3cc646da6aece
[INFO] [stderr]     26:     0x5581a338ca89 - std::rt::lang_start::{{closure}}::h578d380b655933e8
[INFO] [stderr]     27:     0x5581a340acb7 - core::ops::function::impls::<impl core::ops::function::FnOnce<A> for &F>::call_once::hd95060ecd5e1ca24
[INFO] [stderr]                                  at /rustc/82e1608dfa6e0b5569232559e3d385fea5a93112/library/core/src/ops/function.rs:284:13
[INFO] [stderr]     28:     0x5581a340acb7 - std::panicking::try::do_call::h6e8cf51db32a6e4b
[INFO] [stderr]                                  at /rustc/82e1608dfa6e0b5569232559e3d385fea5a93112/library/std/src/panicking.rs:552:40
[INFO] [stderr]     29:     0x5581a340acb7 - std::panicking::try::h3a52eefe24fe3c29
[INFO] [stderr]                                  at /rustc/82e1608dfa6e0b5569232559e3d385fea5a93112/library/std/src/panicking.rs:516:19
[INFO] [stderr]     30:     0x5581a340acb7 - std::panic::catch_unwind::h24c28c23c02c3841
[INFO] [stderr]                                  at /rustc/82e1608dfa6e0b5569232559e3d385fea5a93112/library/std/src/panic.rs:142:14
[INFO] [stderr]     31:     0x5581a340acb7 - std::rt::lang_start_internal::{{closure}}::h705d3c9cbc06ef47
[INFO] [stderr]                                  at /rustc/82e1608dfa6e0b5569232559e3d385fea5a93112/library/std/src/rt.rs:148:48
[INFO] [stderr]     32:     0x5581a340acb7 - std::panicking::try::do_call::ha21f52ba13158470
[INFO] [stderr]                                  at /rustc/82e1608dfa6e0b5569232559e3d385fea5a93112/library/std/src/panicking.rs:552:40
[INFO] [stderr]     33:     0x5581a340acb7 - std::panicking::try::h5581346bf6aeb1f8
[INFO] [stderr]                                  at /rustc/82e1608dfa6e0b5569232559e3d385fea5a93112/library/std/src/panicking.rs:516:19
[INFO] [stderr]     34:     0x5581a340acb7 - std::panic::catch_unwind::h7919645a6b72e25b
[INFO] [stderr]                                  at /rustc/82e1608dfa6e0b5569232559e3d385fea5a93112/library/std/src/panic.rs:142:14
[INFO] [stderr]     35:     0x5581a340acb7 - std::rt::lang_start_internal::h12de51168669836e
[INFO] [stderr]                                  at /rustc/82e1608dfa6e0b5569232559e3d385fea5a93112/library/std/src/rt.rs:148:20
[INFO] [stderr]     36:     0x5581a338ca67 - std::rt::lang_start::hcba26f5e4dfc06be
[INFO] [stderr]     37:     0x5581a338c0e5 - main
[INFO] [stderr]     38:     0x7f0214e83d90 - <unknown>
[INFO] [stderr]     39:     0x7f0214e83e40 - __libc_start_main
[INFO] [stderr]     40:     0x5581a3383e95 - _start
[INFO] [stderr]     41:                0x0 - <unknown>
[INFO] [stderr] warning: build failed, waiting for other jobs to finish...
[INFO] running `Command { std: "docker" "inspect" "a48ae8a1b84a2e83d3630ebab770e535dc8d6f6d3755f5c34f1969a2a270b658", kill_on_drop: false }`
[INFO] running `Command { std: "docker" "rm" "-f" "a48ae8a1b84a2e83d3630ebab770e535dc8d6f6d3755f5c34f1969a2a270b658", kill_on_drop: false }`
[INFO] [stdout] a48ae8a1b84a2e83d3630ebab770e535dc8d6f6d3755f5c34f1969a2a270b658
[INFO] documenting SifraiHQ/lighthouse-quick-start against beta-2023-12-22 for beta-1.76-rustdoc-1
[INFO] running `Command { std: "git" "clone" "/workspace/cache/git-repos/https%3A%2F%2Fgithub.com%2FSifraiHQ%2Flighthouse-quick-start" "/workspace/builds/worker-4-tc2/source", kill_on_drop: false }`
[INFO] [stderr] Cloning into '/workspace/builds/worker-4-tc2/source'...
[INFO] [stderr] done.
[INFO] validating manifest of git repo https://github.com/SifraiHQ/lighthouse-quick-start on toolchain beta-2023-12-22
[INFO] running `Command { std: CARGO_HOME="/workspace/cargo-home" RUSTUP_HOME="/workspace/rustup-home" "/workspace/cargo-home/bin/cargo" "+beta-2023-12-22" "metadata" "--manifest-path" "Cargo.toml" "--no-deps", kill_on_drop: false }`
[INFO] started tweaking git repo https://github.com/SifraiHQ/lighthouse-quick-start
[INFO] finished tweaking git repo https://github.com/SifraiHQ/lighthouse-quick-start
[INFO] tweaked toml for git repo https://github.com/SifraiHQ/lighthouse-quick-start written to /workspace/builds/worker-4-tc2/source/Cargo.toml
[INFO] crate git repo https://github.com/SifraiHQ/lighthouse-quick-start already has a lockfile, it will not be regenerated
[INFO] running `Command { std: CARGO_HOME="/workspace/cargo-home" RUSTUP_HOME="/workspace/rustup-home" "/workspace/cargo-home/bin/cargo" "+beta-2023-12-22" "fetch" "--manifest-path" "Cargo.toml", kill_on_drop: false }`
[INFO] running `Command { std: "docker" "create" "-v" "/var/lib/crater-agent-workspace/builds/worker-4-tc2/target:/opt/rustwide/target:rw,Z" "-v" "/var/lib/crater-agent-workspace/builds/worker-4-tc2/source:/opt/rustwide/workdir:ro,Z" "-v" "/var/lib/crater-agent-workspace/cargo-home:/opt/rustwide/cargo-home:ro,Z" "-v" "/var/lib/crater-agent-workspace/rustup-home:/opt/rustwide/rustup-home:ro,Z" "-e" "SOURCE_DIR=/opt/rustwide/workdir" "-e" "CARGO_TARGET_DIR=/opt/rustwide/target" "-e" "CARGO_HOME=/opt/rustwide/cargo-home" "-e" "RUSTUP_HOME=/opt/rustwide/rustup-home" "-w" "/opt/rustwide/workdir" "-m" "1610612736" "--user" "0:0" "--network" "none" "ghcr.io/rust-lang/crates-build-env/linux@sha256:2788e3201cd34a07e3172128adcd8b3090168a8e3bcc40d7c032b9dda1df7d1c" "/opt/rustwide/cargo-home/bin/cargo" "+beta-2023-12-22" "metadata" "--no-deps" "--format-version=1", kill_on_drop: false }`
[INFO] [stdout] af78b213c6572112f11f8d482f7592194808055c8884f31fd7ddcd3b6ce348e3
[INFO] running `Command { std: "docker" "start" "-a" "af78b213c6572112f11f8d482f7592194808055c8884f31fd7ddcd3b6ce348e3", kill_on_drop: false }`
[INFO] running `Command { std: "docker" "inspect" "af78b213c6572112f11f8d482f7592194808055c8884f31fd7ddcd3b6ce348e3", kill_on_drop: false }`
[INFO] running `Command { std: "docker" "rm" "-f" "af78b213c6572112f11f8d482f7592194808055c8884f31fd7ddcd3b6ce348e3", kill_on_drop: false }`
[INFO] [stdout] af78b213c6572112f11f8d482f7592194808055c8884f31fd7ddcd3b6ce348e3
[INFO] running `Command { std: "docker" "create" "-v" "/var/lib/crater-agent-workspace/builds/worker-4-tc2/target:/opt/rustwide/target:rw,Z" "-v" "/var/lib/crater-agent-workspace/builds/worker-4-tc2/source:/opt/rustwide/workdir:ro,Z" "-v" "/var/lib/crater-agent-workspace/cargo-home:/opt/rustwide/cargo-home:ro,Z" "-v" "/var/lib/crater-agent-workspace/rustup-home:/opt/rustwide/rustup-home:ro,Z" "-e" "SOURCE_DIR=/opt/rustwide/workdir" "-e" "CARGO_TARGET_DIR=/opt/rustwide/target" "-e" "CARGO_INCREMENTAL=0" "-e" "RUST_BACKTRACE=full" "-e" "RUSTFLAGS=--cap-lints=warn" "-e" "RUSTDOCFLAGS=--cap-lints=warn" "-e" "CARGO_HOME=/opt/rustwide/cargo-home" "-e" "RUSTUP_HOME=/opt/rustwide/rustup-home" "-w" "/opt/rustwide/workdir" "-m" "1610612736" "--user" "0:0" "--network" "none" "ghcr.io/rust-lang/crates-build-env/linux@sha256:2788e3201cd34a07e3172128adcd8b3090168a8e3bcc40d7c032b9dda1df7d1c" "/opt/rustwide/cargo-home/bin/cargo" "+beta-2023-12-22" "doc" "--frozen" "--no-deps" "--document-private-items" "--message-format=json", kill_on_drop: false }`
[INFO] [stdout] e56bc80710d0dbd5a4bb70c5daba4af0bc0c089dcfd318229a272c35719f0e03
[INFO] running `Command { std: "docker" "start" "-a" "e56bc80710d0dbd5a4bb70c5daba4af0bc0c089dcfd318229a272c35719f0e03", kill_on_drop: false }`
[INFO] [stderr]    Compiling libc v0.2.71
[INFO] [stderr]    Compiling proc-macro2 v1.0.18
[INFO] [stderr]    Compiling syn v1.0.30
[INFO] [stderr]     Checking cfg-if v0.1.10
[INFO] [stderr]    Compiling unicode-xid v0.2.0
[INFO] [stderr]    Compiling autocfg v1.0.0
[INFO] [stderr]     Checking spin v0.5.2
[INFO] [stderr]    Compiling cc v1.0.41
[INFO] [stderr]    Compiling log v0.4.8
[INFO] [stderr]    Compiling byteorder v1.3.4
[INFO] [stderr]    Compiling getrandom v0.1.14
[INFO] [stderr]    Compiling typenum v1.12.0
[INFO] [stderr]     Checking smallvec v1.4.0
[INFO] [stderr]    Compiling serde v1.0.111
[INFO] [stderr]     Checking scopeguard v1.1.0
[INFO] [stderr]     Checking either v1.5.3
[INFO] [stderr]    Compiling memchr v2.3.3
[INFO] [stderr]     Checking ppv-lite86 v0.2.8
[INFO] [stderr]    Compiling crunchy v0.2.2
[INFO] [stderr]     Checking lazy_static v1.4.0
[INFO] [stderr]     Checking static_assertions v1.1.0
[INFO] [stderr]     Checking arrayvec v0.5.1
[INFO] [stderr]     Checking untrusted v0.7.1
[INFO] [stderr]     Checking lock_api v0.3.4
[INFO] [stderr]    Compiling pkg-config v0.3.17
[INFO] [stderr]     Checking bytes v0.5.4
[INFO] [stderr]    Compiling proc-macro-hack v0.5.16
[INFO] [stderr]    Compiling maybe-uninit v2.0.0
[INFO] [stderr]     Checking rustc-hex v2.1.0
[INFO] [stderr]     Checking futures v0.1.29
[INFO] [stderr]    Compiling tiny-keccak v2.0.2
[INFO] [stderr]    Compiling crossbeam-utils v0.7.2
[INFO] [stderr]     Checking rlp v0.4.5
[INFO] [stderr]     Checking radium v0.3.0
[INFO] [stderr]     Checking byte-slice-cast v0.3.5
[INFO] [stderr]     Checking slab v0.4.2
[INFO] [stderr]    Compiling bitflags v1.2.1
[INFO] [stderr]     Checking impl-rlp v0.2.1
[INFO] [stderr]     Checking bitvec v0.17.4
[INFO] [stderr]     Checking uint v0.8.3
[INFO] [stderr]    Compiling quote v1.0.6
[INFO] [stderr]    Compiling version_check v0.9.2
[INFO] [stderr]    Compiling indexmap v1.4.0
[INFO] [stderr]    Compiling proc-macro-nested v0.1.4
[INFO] [stderr]    Compiling num-traits v0.2.11
[INFO] [stderr]     Checking fnv v1.0.7
[INFO] [stderr]    Compiling num-integer v0.1.42
[INFO] [stderr]     Checking hex v0.4.2
[INFO] [stderr]    Compiling memoffset v0.5.4
[INFO] [stderr]    Compiling ring v0.16.12
[INFO] [stderr]    Compiling crossbeam-epoch v0.8.2
[INFO] [stderr]     Checking opaque-debug v0.2.3
[INFO] [stderr]     Checking crossbeam-queue v0.2.2
[INFO] [stderr]     Checking hex v0.3.2
[INFO] [stderr]     Checking byte-tools v0.3.1
[INFO] [stderr]     Checking num_cpus v1.13.0
[INFO] [stderr]     Checking parking_lot_core v0.7.2
[INFO] [stderr]     Checking time v0.1.43
[INFO] [stderr]     Checking block-padding v0.1.5
[INFO] [stderr]    Compiling slog v2.5.2
[INFO] [stderr]     Checking futures-core v0.3.5
[INFO] [stderr]     Checking rand_core v0.5.1
[INFO] [stderr]     Checking generic-array v0.12.3
[INFO] [stderr]     Checking iovec v0.1.4
[INFO] [stderr]     Checking fake-simd v0.1.2
[INFO] [stderr]     Checking parking_lot v0.10.2
[INFO] [stderr]     Checking futures-sink v0.3.5
[INFO] [stderr]     Checking subtle v2.2.3
[INFO] [stderr]     Checking linked-hash-map v0.5.3
[INFO] [stderr]     Checking rand_chacha v0.2.2
[INFO] [stderr]     Checking dirs-sys v0.3.4
[INFO] [stderr]     Checking futures-io v0.3.5
[INFO] [stderr]     Checking crossbeam-deque v0.7.3
[INFO] [stderr]     Checking dtoa v0.4.5
[INFO] [stderr]     Checking digest v0.8.1
[INFO] [stderr]     Checking futures-channel v0.3.5
[INFO] [stderr]    Compiling libsqlite3-sys v0.18.0
[INFO] [stderr]     Checking dirs v2.0.2
[INFO] [stderr]    Compiling num-bigint v0.2.6
[INFO] [stderr]     Checking once_cell v1.4.0
[INFO] [stderr]     Checking pin-utils v0.1.0
[INFO] [stderr]     Checking amcl v0.2.0 (https://github.com/sigp/milagro_bls?tag=v1.1.0#32c9f938)
[INFO] [stderr]    Compiling rayon-core v1.7.0
[INFO] [stderr]     Checking yaml-rust v0.4.4
[INFO] [stderr]     Checking lru-cache v0.1.2
[INFO] [stderr]     Checking rand v0.7.3
[INFO] [stderr]    Compiling openssl-sys v0.9.57
[INFO] [stderr]     Checking fallible-iterator v0.2.0
[INFO] [stderr]     Checking remove_dir_all v0.5.2
[INFO] [stderr]     Checking futures-task v0.3.5
[INFO] [stderr]     Checking safe_arith v0.1.0 (/opt/rustwide/workdir/consensus/safe_arith)
[INFO] [stderr]     Checking fallible-streaming-iterator v0.1.9
[INFO] [stderr]     Checking block-buffer v0.7.3
[INFO] [stderr]     Checking unicode-normalization v0.1.12
[INFO] [stderr]     Checking rand_xorshift v0.2.0
[INFO] [stderr]     Checking int_to_bytes v0.2.0 (/opt/rustwide/workdir/consensus/int_to_bytes)
[INFO] [stderr]     Checking compare_fields v0.2.0 (/opt/rustwide/workdir/common/compare_fields)
[INFO] [stderr]    Compiling httparse v1.3.4
[INFO] [stderr]     Checking net2 v0.2.34
[INFO] [stderr]    Compiling ryu v1.0.5
[INFO] [stderr]    Compiling anyhow v1.0.31
[INFO] [stderr]    Compiling openssl v0.10.29
[INFO] [stderr]     Checking subtle v1.0.0
[INFO] [stderr]     Checking crypto-mac v0.7.0
[INFO] [stderr]     Checking mio v0.6.22
[INFO] [stderr]    Compiling itertools v0.8.2
[INFO] [stderr]     Checking rayon v1.3.0
[INFO] [stderr]     Checking itoa v0.4.5
[INFO] [stderr]     Checking matches v0.1.8
[INFO] [stderr]     Checking sha2 v0.8.2
[INFO] [stderr]     Checking unicode-bidi v0.3.4
[INFO] [stderr] The following warnings were emitted during compilation:
[INFO] [stderr] 
[INFO] [stderr] warning: openssl-sys@0.9.57: build/expando.c:4:24: error: pasting "RUST_VERSION_OPENSSL_" and "(" does not give a valid preprocessing token
[INFO] [stderr] warning: openssl-sys@0.9.57:     4 | #define VERSION2(n, v) RUST_VERSION_##n##_##v
[INFO] [stderr] warning: openssl-sys@0.9.57:       |                        ^~~~~~~~~~~~~
[INFO] [stderr] warning: openssl-sys@0.9.57: build/expando.c:5:23: note: in expansion of macro 'VERSION2'
[INFO] [stderr] warning: openssl-sys@0.9.57:     5 | #define VERSION(n, v) VERSION2(n, v)
[INFO] [stderr] warning: openssl-sys@0.9.57:       |                       ^~~~~~~~
[INFO] [stderr] warning: openssl-sys@0.9.57: build/expando.c:10:1: note: in expansion of macro 'VERSION'
[INFO] [stderr] warning: openssl-sys@0.9.57:    10 | VERSION(OPENSSL, OPENSSL_VERSION_NUMBER)
[INFO] [stderr] warning: openssl-sys@0.9.57:       | ^~~~~~~
[INFO] [stderr] 
[INFO] [stderr] error: failed to run custom build command for `openssl-sys v0.9.57`
[INFO] [stderr] note: To improve backtraces for build dependencies, set the CARGO_PROFILE_DEV_BUILD_OVERRIDE_DEBUG=true environment variable to enable debug information generation.
[INFO] [stderr] 
[INFO] [stderr] Caused by:
[INFO] [stderr]   process didn't exit successfully: `/opt/rustwide/target/debug/build/openssl-sys-24a09060bcc5607e/build-script-main` (exit status: 101)
[INFO] [stderr]   --- stdout
[INFO] [stderr]   cargo:rustc-cfg=const_fn
[INFO] [stderr]   cargo:rerun-if-env-changed=X86_64_UNKNOWN_LINUX_GNU_OPENSSL_LIB_DIR
[INFO] [stderr]   X86_64_UNKNOWN_LINUX_GNU_OPENSSL_LIB_DIR unset
[INFO] [stderr]   cargo:rerun-if-env-changed=OPENSSL_LIB_DIR
[INFO] [stderr]   OPENSSL_LIB_DIR unset
[INFO] [stderr]   cargo:rerun-if-env-changed=X86_64_UNKNOWN_LINUX_GNU_OPENSSL_INCLUDE_DIR
[INFO] [stderr]   X86_64_UNKNOWN_LINUX_GNU_OPENSSL_INCLUDE_DIR unset
[INFO] [stderr]   cargo:rerun-if-env-changed=OPENSSL_INCLUDE_DIR
[INFO] [stderr]   OPENSSL_INCLUDE_DIR unset
[INFO] [stderr]   cargo:rerun-if-env-changed=X86_64_UNKNOWN_LINUX_GNU_OPENSSL_DIR
[INFO] [stderr]   X86_64_UNKNOWN_LINUX_GNU_OPENSSL_DIR unset
[INFO] [stderr]   cargo:rerun-if-env-changed=OPENSSL_DIR
[INFO] [stderr]   OPENSSL_DIR unset
[INFO] [stderr]   cargo:rustc-link-lib=ssl
[INFO] [stderr]   cargo:rustc-link-lib=crypto
[INFO] [stderr]   OPT_LEVEL = Some("0")
[INFO] [stderr]   TARGET = Some("x86_64-unknown-linux-gnu")
[INFO] [stderr]   HOST = Some("x86_64-unknown-linux-gnu")
[INFO] [stderr]   CC_x86_64-unknown-linux-gnu = None
[INFO] [stderr]   CC_x86_64_unknown_linux_gnu = None
[INFO] [stderr]   HOST_CC = None
[INFO] [stderr]   CC = None
[INFO] [stderr]   CFLAGS_x86_64-unknown-linux-gnu = None
[INFO] [stderr]   CFLAGS_x86_64_unknown_linux_gnu = None
[INFO] [stderr]   HOST_CFLAGS = None
[INFO] [stderr]   CFLAGS = None
[INFO] [stderr]   CRATE_CC_NO_DEFAULTS = None
[INFO] [stderr]   DEBUG = Some("true")
[INFO] [stderr]   CARGO_CFG_TARGET_FEATURE = Some("fxsr,sse,sse2")
[INFO] [stderr]   running: "cc" "-O0" "-ffunction-sections" "-fdata-sections" "-fPIC" "-g" "-fno-omit-frame-pointer" "-m64" "-I" "/usr/include" "-Wall" "-Wextra" "-E" "build/expando.c"
[INFO] [stderr]   cargo:warning=build/expando.c:4:24: error: pasting "RUST_VERSION_OPENSSL_" and "(" does not give a valid preprocessing token
[INFO] [stderr]   cargo:warning=    4 | #define VERSION2(n, v) RUST_VERSION_##n##_##v
[INFO] [stderr]   cargo:warning=      |                        ^~~~~~~~~~~~~
[INFO] [stderr]   cargo:warning=build/expando.c:5:23: note: in expansion of macro 'VERSION2'
[INFO] [stderr]   cargo:warning=    5 | #define VERSION(n, v) VERSION2(n, v)
[INFO] [stderr]   cargo:warning=      |                       ^~~~~~~~
[INFO] [stderr]   cargo:warning=build/expando.c:10:1: note: in expansion of macro 'VERSION'
[INFO] [stderr]   cargo:warning=   10 | VERSION(OPENSSL, OPENSSL_VERSION_NUMBER)
[INFO] [stderr]   cargo:warning=      | ^~~~~~~
[INFO] [stderr]   exit status: 1
[INFO] [stderr] 
[INFO] [stderr]   --- stderr
[INFO] [stderr]   thread 'main' panicked at /opt/rustwide/cargo-home/registry/src/index.crates.io-6f17d22bba15001f/openssl-sys-0.9.57/build/main.rs:138:13:
[INFO] [stderr] 
[INFO] [stderr]   Header expansion error:
[INFO] [stderr]   Error { kind: ToolExecError, message: "Command \"cc\" \"-O0\" \"-ffunction-sections\" \"-fdata-sections\" \"-fPIC\" \"-g\" \"-fno-omit-frame-pointer\" \"-m64\" \"-I\" \"/usr/include\" \"-Wall\" \"-Wextra\" \"-E\" \"build/expando.c\" with args \"cc\" did not execute successfully (status code exit status: 1)." }
[INFO] [stderr] 
[INFO] [stderr]   Failed to find OpenSSL development headers.
[INFO] [stderr] 
[INFO] [stderr]   You can try fixing this setting the `OPENSSL_DIR` environment variable
[INFO] [stderr]   pointing to your OpenSSL installation or installing OpenSSL headers package
[INFO] [stderr]   specific to your distribution:
[INFO] [stderr] 
[INFO] [stderr]       # On Ubuntu
[INFO] [stderr]       sudo apt-get install libssl-dev
[INFO] [stderr]       # On Arch Linux
[INFO] [stderr]       sudo pacman -S openssl
[INFO] [stderr]       # On Fedora
[INFO] [stderr]       sudo dnf install openssl-devel
[INFO] [stderr] 
[INFO] [stderr]   See rust-openssl README for more information:
[INFO] [stderr] 
[INFO] [stderr]       https://github.com/sfackler/rust-openssl#linux
[INFO] [stderr] 
[INFO] [stderr]   stack backtrace:
[INFO] [stderr]      0:     0x5566a681bce6 - std::backtrace_rs::backtrace::libunwind::trace::h261606ad26a499c1
[INFO] [stderr]                                  at /rustc/0e09125c6c3c2fd70d7de961bcf0e51575235fad/library/std/src/../../backtrace/src/backtrace/libunwind.rs:104:5
[INFO] [stderr]      1:     0x5566a681bce6 - std::backtrace_rs::backtrace::trace_unsynchronized::hd183f0625477fb28
[INFO] [stderr]                                  at /rustc/0e09125c6c3c2fd70d7de961bcf0e51575235fad/library/std/src/../../backtrace/src/backtrace/mod.rs:66:5
[INFO] [stderr]      2:     0x5566a681bce6 - std::sys_common::backtrace::_print_fmt::hd7f8fef21b4eda67
[INFO] [stderr]                                  at /rustc/0e09125c6c3c2fd70d7de961bcf0e51575235fad/library/std/src/sys_common/backtrace.rs:68:5
[INFO] [stderr]      3:     0x5566a681bce6 - <std::sys_common::backtrace::_print::DisplayBacktrace as core::fmt::Display>::fmt::h623d9b51f2f453f1
[INFO] [stderr]                                  at /rustc/0e09125c6c3c2fd70d7de961bcf0e51575235fad/library/std/src/sys_common/backtrace.rs:44:22
[INFO] [stderr]      4:     0x5566a6841230 - core::fmt::rt::Argument::fmt::h9f417ac76a86f368
[INFO] [stderr]                                  at /rustc/0e09125c6c3c2fd70d7de961bcf0e51575235fad/library/core/src/fmt/rt.rs:142:9
[INFO] [stderr]      5:     0x5566a6841230 - core::fmt::write::hc9b6faf4ac2aeff7
[INFO] [stderr]                                  at /rustc/0e09125c6c3c2fd70d7de961bcf0e51575235fad/library/core/src/fmt/mod.rs:1120:17
[INFO] [stderr]      6:     0x5566a681980f - std::io::Write::write_fmt::hfead1eee52c2e65e
[INFO] [stderr]                                  at /rustc/0e09125c6c3c2fd70d7de961bcf0e51575235fad/library/std/src/io/mod.rs:1810:15
[INFO] [stderr]      7:     0x5566a681bac4 - std::sys_common::backtrace::_print::hd5d66399c7df88a2
[INFO] [stderr]                                  at /rustc/0e09125c6c3c2fd70d7de961bcf0e51575235fad/library/std/src/sys_common/backtrace.rs:47:5
[INFO] [stderr]      8:     0x5566a681bac4 - std::sys_common::backtrace::print::he81ed2da642d37e5
[INFO] [stderr]                                  at /rustc/0e09125c6c3c2fd70d7de961bcf0e51575235fad/library/std/src/sys_common/backtrace.rs:34:9
[INFO] [stderr]      9:     0x5566a681d3a7 - std::panicking::default_hook::{{closure}}::h85773f4fa117163d
[INFO] [stderr]     10:     0x5566a681d109 - std::panicking::default_hook::h6a1694a91d09b278
[INFO] [stderr]                                  at /rustc/0e09125c6c3c2fd70d7de961bcf0e51575235fad/library/std/src/panicking.rs:292:9
[INFO] [stderr]     11:     0x5566a681d838 - std::panicking::rust_panic_with_hook::h0a7ad96e90f7145b
[INFO] [stderr]                                  at /rustc/0e09125c6c3c2fd70d7de961bcf0e51575235fad/library/std/src/panicking.rs:779:13
[INFO] [stderr]     12:     0x5566a681d712 - std::panicking::begin_panic_handler::{{closure}}::h7919090525c6485e
[INFO] [stderr]                                  at /rustc/0e09125c6c3c2fd70d7de961bcf0e51575235fad/library/std/src/panicking.rs:657:13
[INFO] [stderr]     13:     0x5566a681c1e6 - std::sys_common::backtrace::__rust_end_short_backtrace::hf3289479464f7dfe
[INFO] [stderr]                                  at /rustc/0e09125c6c3c2fd70d7de961bcf0e51575235fad/library/std/src/sys_common/backtrace.rs:171:18
[INFO] [stderr]     14:     0x5566a681d470 - rust_begin_unwind
[INFO] [stderr]                                  at /rustc/0e09125c6c3c2fd70d7de961bcf0e51575235fad/library/std/src/panicking.rs:645:5
[INFO] [stderr]     15:     0x5566a678c685 - core::panicking::panic_fmt::hcc9f77c5c132af55
[INFO] [stderr]                                  at /rustc/0e09125c6c3c2fd70d7de961bcf0e51575235fad/library/core/src/panicking.rs:72:14
[INFO] [stderr]     16:     0x5566a6794a1c - build_script_main::validate_headers::he1e24ea58a719df1
[INFO] [stderr]     17:     0x5566a6791668 - build_script_main::find_normal::try_pkg_config::h2cb12619894ccb3d
[INFO] [stderr]     18:     0x5566a6790484 - build_script_main::find_normal::find_openssl_dir::hb44b4992429d0637
[INFO] [stderr]     19:     0x5566a6790322 - build_script_main::find_normal::get_openssl::{{closure}}::h56f9e8acd486d8f9
[INFO] [stderr]     20:     0x5566a67976af - core::option::Option<T>::unwrap_or_else::h7d36715ae7546e92
[INFO] [stderr]     21:     0x5566a679011f - build_script_main::find_normal::get_openssl::hf24b23ba6d13561e
[INFO] [stderr]     22:     0x5566a679235d - build_script_main::find_openssl::hdc513a71fd7155a1
[INFO] [stderr]     23:     0x5566a6792435 - build_script_main::main::h881d9e74d164544a
[INFO] [stderr]     24:     0x5566a6796673 - core::ops::function::FnOnce::call_once::hdf34f4ccfe75354b
[INFO] [stderr]     25:     0x5566a6795e86 - std::sys_common::backtrace::__rust_begin_short_backtrace::h05a627e43fd674c1
[INFO] [stderr]     26:     0x5566a6795ee9 - std::rt::lang_start::{{closure}}::h56ea2429dd5df155
[INFO] [stderr]     27:     0x5566a6815941 - core::ops::function::impls::<impl core::ops::function::FnOnce<A> for &F>::call_once::h4eb4c5e1620f29b0
[INFO] [stderr]                                  at /rustc/0e09125c6c3c2fd70d7de961bcf0e51575235fad/library/core/src/ops/function.rs:284:13
[INFO] [stderr]     28:     0x5566a6815941 - std::panicking::try::do_call::h73fd26535faffcdf
[INFO] [stderr]                                  at /rustc/0e09125c6c3c2fd70d7de961bcf0e51575235fad/library/std/src/panicking.rs:552:40
[INFO] [stderr]     29:     0x5566a6815941 - std::panicking::try::h77ff1d98f0fb9f39
[INFO] [stderr]                                  at /rustc/0e09125c6c3c2fd70d7de961bcf0e51575235fad/library/std/src/panicking.rs:516:19
[INFO] [stderr]     30:     0x5566a6815941 - std::panic::catch_unwind::hab3caf2448b95e37
[INFO] [stderr]                                  at /rustc/0e09125c6c3c2fd70d7de961bcf0e51575235fad/library/std/src/panic.rs:142:14
[INFO] [stderr]     31:     0x5566a6815941 - std::rt::lang_start_internal::{{closure}}::h8086711f9c783f78
[INFO] [stderr]                                  at /rustc/0e09125c6c3c2fd70d7de961bcf0e51575235fad/library/std/src/rt.rs:148:48
[INFO] [stderr]     32:     0x5566a6815941 - std::panicking::try::do_call::hf920d4dc291cd6ca
[INFO] [stderr]                                  at /rustc/0e09125c6c3c2fd70d7de961bcf0e51575235fad/library/std/src/panicking.rs:552:40
[INFO] [stderr]     33:     0x5566a6815941 - std::panicking::try::h2b806ccc0a85db74
[INFO] [stderr]                                  at /rustc/0e09125c6c3c2fd70d7de961bcf0e51575235fad/library/std/src/panicking.rs:516:19
[INFO] [stderr]     34:     0x5566a6815941 - std::panic::catch_unwind::h038489539c507df2
[INFO] [stderr]                                  at /rustc/0e09125c6c3c2fd70d7de961bcf0e51575235fad/library/std/src/panic.rs:142:14
[INFO] [stderr]     35:     0x5566a6815941 - std::rt::lang_start_internal::h28503b88912e8a5c
[INFO] [stderr]                                  at /rustc/0e09125c6c3c2fd70d7de961bcf0e51575235fad/library/std/src/rt.rs:148:20
[INFO] [stderr]     36:     0x5566a6795ec7 - std::rt::lang_start::hfcc92e304943ae7b
[INFO] [stderr]     37:     0x5566a6795755 - main
[INFO] [stderr]     38:     0x7fbf017f3d90 - <unknown>
[INFO] [stderr]     39:     0x7fbf017f3e40 - __libc_start_main
[INFO] [stderr]     40:     0x5566a678cea5 - _start
[INFO] [stderr]     41:                0x0 - <unknown>
[INFO] [stderr] warning: build failed, waiting for other jobs to finish...
[INFO] running `Command { std: "docker" "inspect" "e56bc80710d0dbd5a4bb70c5daba4af0bc0c089dcfd318229a272c35719f0e03", kill_on_drop: false }`
[INFO] running `Command { std: "docker" "rm" "-f" "e56bc80710d0dbd5a4bb70c5daba4af0bc0c089dcfd318229a272c35719f0e03", kill_on_drop: false }`
[INFO] [stdout] e56bc80710d0dbd5a4bb70c5daba4af0bc0c089dcfd318229a272c35719f0e03
