[INFO] cloning repository https://github.com/SiegeEngine/siege-example-client
[INFO] running `Command { std: "git" "-c" "credential.helper=" "-c" "credential.helper=/workspace/cargo-home/bin/git-credential-null" "clone" "--bare" "https://github.com/SiegeEngine/siege-example-client" "/workspace/cache/git-repos/https%3A%2F%2Fgithub.com%2FSiegeEngine%2Fsiege-example-client", kill_on_drop: false }`
[INFO] [stderr] Cloning into bare repository '/workspace/cache/git-repos/https%3A%2F%2Fgithub.com%2FSiegeEngine%2Fsiege-example-client'...
[INFO] running `Command { std: "git" "rev-parse" "HEAD", kill_on_drop: false }`
[INFO] [stdout] d63627b04dfcd43a00a0eba49d03bb96989a719f
[INFO] documenting SiegeEngine/siege-example-client against 1.75.0 for beta-1.76-rustdoc-1
[INFO] running `Command { std: "git" "clone" "/workspace/cache/git-repos/https%3A%2F%2Fgithub.com%2FSiegeEngine%2Fsiege-example-client" "/workspace/builds/worker-1-tc1/source", kill_on_drop: false }`
[INFO] [stderr] Cloning into '/workspace/builds/worker-1-tc1/source'...
[INFO] [stderr] done.
[INFO] validating manifest of git repo https://github.com/SiegeEngine/siege-example-client on toolchain 1.75.0
[INFO] running `Command { std: CARGO_HOME="/workspace/cargo-home" RUSTUP_HOME="/workspace/rustup-home" "/workspace/cargo-home/bin/cargo" "+1.75.0" "metadata" "--manifest-path" "Cargo.toml" "--no-deps", kill_on_drop: false }`
[INFO] started tweaking git repo https://github.com/SiegeEngine/siege-example-client
[INFO] finished tweaking git repo https://github.com/SiegeEngine/siege-example-client
[INFO] tweaked toml for git repo https://github.com/SiegeEngine/siege-example-client written to /workspace/builds/worker-1-tc1/source/Cargo.toml
[INFO] crate git repo https://github.com/SiegeEngine/siege-example-client already has a lockfile, it will not be regenerated
[INFO] running `Command { std: CARGO_HOME="/workspace/cargo-home" RUSTUP_HOME="/workspace/rustup-home" "/workspace/cargo-home/bin/cargo" "+1.75.0" "fetch" "--manifest-path" "Cargo.toml", kill_on_drop: false }`
[INFO] [stderr]     Updating git repository `https://gitlab.com/mikedilger/dacite.git`
[INFO] [stderr]     Updating git repository `https://github.com/SiegeEngine/siege-example-net.git`
[INFO] [stderr]     Updating git repository `https://github.com/SiegeEngine/siege-font.git`
[INFO] [stderr]     Updating git repository `https://github.com/SiegeEngine/siege-math.git`
[INFO] [stderr]     Updating git repository `https://github.com/SiegeEngine/siege-mesh.git`
[INFO] [stderr]     Updating git repository `https://github.com/SiegeEngine/siege-net.git`
[INFO] [stderr]     Updating git repository `https://github.com/SiegeEngine/siege-plugin-avatar-simple.git`
[INFO] [stderr]     Updating git repository `https://github.com/SiegeEngine/siege-render.git`
[INFO] [stderr]     Updating crates.io index
[INFO] [stderr]     Updating git repository `https://github.com/SiegeEngine/ddsfile`
[INFO] [stderr]     Updating git repository `https://github.com/SiegeEngine/font-atlas`
[INFO] [stderr]     Updating git repository `https://github.com/SiegeEngine/rusttype`
[INFO] [stderr]     Updating git repository `https://github.com/SiegeEngine/stb_truetype-rs`
[INFO] [stderr]     Blocking waiting for file lock on package cache
[INFO] [stderr]  Downloading crates ...
[INFO] [stderr]   Downloaded cmake v0.1.31
[INFO] [stderr]   Downloaded tempfile v3.0.1
[INFO] [stderr]   Downloaded backtrace v0.3.7
[INFO] [stderr]   Downloaded x11-dl v2.17.5
[INFO] [stderr]   Downloaded glsl-to-spirv v0.1.4
[INFO] [stderr]   Downloaded glsl-to-spirv-macros v0.1.1
[INFO] [stderr]   Downloaded ddsfile v0.2.3
[INFO] [stderr]   Downloaded glsl-to-spirv-macros-impl v0.1.0
[INFO] [stderr]   Downloaded zstd v0.4.18+zstd.1.3.4
[INFO] [stderr]   Downloaded zstd-safe v1.4.3+zstd.1.3.4
[INFO] [stderr]   Downloaded spiral v0.1.9
[INFO] [stderr]   Downloaded vks v0.21.0
[INFO] [stderr]   Downloaded distance-field v0.1.6
[INFO] [stderr]   Downloaded zstd-sys v1.4.3+zstd.1.3.4
[INFO] running `Command { std: "docker" "create" "-v" "/var/lib/crater-agent-workspace/builds/worker-1-tc1/target:/opt/rustwide/target:rw,Z" "-v" "/var/lib/crater-agent-workspace/builds/worker-1-tc1/source:/opt/rustwide/workdir:ro,Z" "-v" "/var/lib/crater-agent-workspace/cargo-home:/opt/rustwide/cargo-home:ro,Z" "-v" "/var/lib/crater-agent-workspace/rustup-home:/opt/rustwide/rustup-home:ro,Z" "-e" "SOURCE_DIR=/opt/rustwide/workdir" "-e" "CARGO_TARGET_DIR=/opt/rustwide/target" "-e" "CARGO_HOME=/opt/rustwide/cargo-home" "-e" "RUSTUP_HOME=/opt/rustwide/rustup-home" "-w" "/opt/rustwide/workdir" "-m" "1610612736" "--user" "0:0" "--network" "none" "ghcr.io/rust-lang/crates-build-env/linux@sha256:2788e3201cd34a07e3172128adcd8b3090168a8e3bcc40d7c032b9dda1df7d1c" "/opt/rustwide/cargo-home/bin/cargo" "+1.75.0" "metadata" "--no-deps" "--format-version=1", kill_on_drop: false }`
[INFO] [stdout] 89374f2911b725e816f0521f8e4fdb4b0d99dc61ab3663c943f4d1a273ff3ea1
[INFO] running `Command { std: "docker" "start" "-a" "89374f2911b725e816f0521f8e4fdb4b0d99dc61ab3663c943f4d1a273ff3ea1", kill_on_drop: false }`
[INFO] running `Command { std: "docker" "inspect" "89374f2911b725e816f0521f8e4fdb4b0d99dc61ab3663c943f4d1a273ff3ea1", kill_on_drop: false }`
[INFO] running `Command { std: "docker" "rm" "-f" "89374f2911b725e816f0521f8e4fdb4b0d99dc61ab3663c943f4d1a273ff3ea1", kill_on_drop: false }`
[INFO] [stdout] 89374f2911b725e816f0521f8e4fdb4b0d99dc61ab3663c943f4d1a273ff3ea1
[INFO] running `Command { std: "docker" "create" "-v" "/var/lib/crater-agent-workspace/builds/worker-1-tc1/target:/opt/rustwide/target:rw,Z" "-v" "/var/lib/crater-agent-workspace/builds/worker-1-tc1/source:/opt/rustwide/workdir:ro,Z" "-v" "/var/lib/crater-agent-workspace/cargo-home:/opt/rustwide/cargo-home:ro,Z" "-v" "/var/lib/crater-agent-workspace/rustup-home:/opt/rustwide/rustup-home:ro,Z" "-e" "SOURCE_DIR=/opt/rustwide/workdir" "-e" "CARGO_TARGET_DIR=/opt/rustwide/target" "-e" "CARGO_INCREMENTAL=0" "-e" "RUST_BACKTRACE=full" "-e" "RUSTFLAGS=--cap-lints=warn" "-e" "RUSTDOCFLAGS=--cap-lints=warn" "-e" "CARGO_HOME=/opt/rustwide/cargo-home" "-e" "RUSTUP_HOME=/opt/rustwide/rustup-home" "-w" "/opt/rustwide/workdir" "-m" "1610612736" "--user" "0:0" "--network" "none" "ghcr.io/rust-lang/crates-build-env/linux@sha256:2788e3201cd34a07e3172128adcd8b3090168a8e3bcc40d7c032b9dda1df7d1c" "/opt/rustwide/cargo-home/bin/cargo" "+1.75.0" "doc" "--frozen" "--no-deps" "--document-private-items" "--message-format=json", kill_on_drop: false }`
[INFO] [stdout] d2beadc29f423b248f2b861c732c49355a993fd2cf51fc788ce17af32ee6f404
[INFO] running `Command { std: "docker" "start" "-a" "d2beadc29f423b248f2b861c732c49355a993fd2cf51fc788ce17af32ee6f404", kill_on_drop: false }`
[INFO] [stderr]     Checking libc v0.2.40
[INFO] [stderr]    Compiling cc v1.0.15
[INFO] [stderr]     Checking cfg-if v0.1.3
[INFO] [stderr]     Checking num-traits v0.2.2
[INFO] [stderr]     Checking lazy_static v1.0.0
[INFO] [stderr]     Checking byteorder v1.2.2
[INFO] [stderr]     Checking bitflags v1.0.3
[INFO] [stderr]    Compiling rayon-core v1.4.0
[INFO] [stderr]    Compiling unicode-xid v0.1.0
[INFO] [stderr]     Checking nodrop v0.1.12
[INFO] [stderr]    Compiling gcc v0.3.54
[INFO] [stderr]     Checking serde v1.0.51
[INFO] [stderr]    Compiling xml-rs v0.7.0
[INFO] [stderr]    Compiling crossbeam-utils v0.2.2
[INFO] [stderr]    Compiling scopeguard v0.3.3
[INFO] [stderr]    Compiling arrayvec v0.4.7
[INFO] [stderr]    Compiling proc-macro2 v0.3.8
[INFO] [stderr]     Checking rustc-demangle v0.1.8
[INFO] [stderr]    Compiling memoffset v0.2.1
[INFO] [stderr]     Checking adler32 v1.0.2
[INFO] [stderr]     Checking remove_dir_all v0.5.1
[INFO] [stderr]     Checking crossbeam-epoch v0.3.1
[INFO] [stderr]     Checking token_store v0.1.2
[INFO] [stderr]    Compiling glob v0.2.11
[INFO] [stderr]    Compiling pkg-config v0.3.11
[INFO] [stderr]     Checking log v0.4.1
[INFO] [stderr]    Compiling cmake v0.1.31
[INFO] [stderr]     Checking deflate v0.7.18
[INFO] [stderr]    Compiling vks v0.21.0
[INFO] [stderr]     Checking rand v0.4.2
[INFO] [stderr]    Compiling num_cpus v1.8.0
[INFO] [stderr]    Compiling quote v0.5.2
[INFO] [stderr]    Compiling crossbeam-deque v0.2.0
[INFO] [stderr]    Compiling wayland-scanner v0.12.5
[INFO] [stderr]     Checking memmap v0.6.2
[INFO] [stderr]    Compiling libloading v0.4.3
[INFO] [stderr]     Checking either v1.5.0
[INFO] [stderr]     Checking void v1.0.2
[INFO] [stderr]    Compiling syn v0.13.7
[INFO] [stderr]     Checking unreachable v0.1.1
[INFO] [stderr]     Checking num-traits v0.1.43
[INFO] [stderr]     Checking num-integer v0.1.36
[INFO] [stderr]     Checking float-cmp v0.4.0
[INFO] [stderr]     Checking inflate v0.3.4
[INFO] [stderr]    Compiling zstd-sys v1.4.3+zstd.1.3.4
[INFO] [stderr]     Checking enum_primitive v0.1.1
[INFO] [stderr]    Compiling unicode-xid v0.0.4
[INFO] [stderr]    Compiling x11-dl v2.17.5
[INFO] [stderr]     Checking color_quant v1.0.0
[INFO] [stderr]     Checking lzw v0.10.0
[INFO] [stderr]    Compiling synom v0.11.3
[INFO] [stderr]    Compiling backtrace-sys v0.1.16
[INFO] [stderr]    Compiling libloading v0.5.0
[INFO] [stderr]    Compiling glsl-to-spirv v0.1.4
[INFO] [stderr]     Checking num-iter v0.1.35
[INFO] [stderr]     Checking tempfile v3.0.1
[INFO] [stderr]     Checking gif v0.9.2
[INFO] [stderr]    Compiling tempdir v0.3.7
[INFO] [stderr]     Checking png v0.11.0
[INFO] [stderr]     Checking num-rational v0.1.42
[INFO] [stderr]    Compiling wayland-client v0.12.5
[INFO] [stderr]    Compiling wayland-protocols v0.12.5
[INFO] [stderr]    Compiling rayon v0.8.2
[INFO] [stderr]     Checking rayon v1.0.1
[INFO] [stderr]     Checking ordered-float v0.5.0
[INFO] [stderr]     Checking stb_truetype v0.2.2 (https://github.com/SiegeEngine/stb_truetype-rs#af0d35d3)
[INFO] [stderr]     Checking smallvec v0.6.1
[INFO] [stderr]     Checking dlib v0.4.1
[INFO] [stderr]     Checking lazy_static v0.2.11
[INFO] [stderr]     Checking wayland-sys v0.12.5
[INFO] [stderr]     Checking scoped_threadpool v0.1.9
[INFO] [stderr]     Checking approx v0.1.1
[INFO] [stderr]     Checking untrusted v0.5.1
[INFO] [stderr]    Compiling quote v0.3.15
[INFO] [stderr]     Checking percent-encoding v1.0.1
[INFO] [stderr]     Checking rusttype v0.5.2 (https://github.com/SiegeEngine/rusttype#50f287e5)
[INFO] [stderr]     Checking parking_lot_core v0.2.14
[INFO] [stderr]     Checking log v0.3.9
[INFO] [stderr]     Checking thread-id v3.3.0
[INFO] [stderr]     Checking time v0.1.39
[INFO] [stderr]    Compiling syn v0.11.11
[INFO] [stderr]     Checking inflate v0.4.2
[INFO] [stderr]     Checking futures v0.1.21
[INFO] [stderr]     Checking spiral v0.1.9
[INFO] [stderr]     Checking owning_ref v0.2.4
[INFO] [stderr]     Checking net2 v0.2.32
[INFO] [stderr]     Checking parking_lot v0.3.8
[INFO] [stderr]     Checking png v0.12.0
[INFO] [stderr]    Compiling ring v0.12.1
[INFO] [stderr]     Checking iovec v0.1.2
[INFO] [stderr]     Checking glsl-to-spirv-macros v0.1.1
[INFO] [stderr]     Checking slab v0.4.0
[INFO] [stderr]     Checking lazycell v0.6.0
[INFO] [stderr]     Checking separator v0.3.1
[INFO] [stderr]     Checking chashmap v2.2.0
[INFO] [stderr]     Checking mio v0.6.14
[INFO] [stderr]     Checking bit-vec v0.4.4
[INFO] [stderr]     Checking crossbeam v0.3.2
[INFO] [stderr]     Checking bincode v1.0.0
[INFO] [stderr]     Checking dacite v0.7.0 (https://gitlab.com/mikedilger/dacite.git#0ff09d25)
[INFO] [stderr]     Checking jpeg-decoder v0.1.14
[INFO] [stderr]     Checking chrono v0.4.2
[INFO] [stderr]     Checking toml v0.4.6
[INFO] [stderr]     Checking wayland-kbd v0.13.1
[INFO] [stderr]    Compiling serde_derive v1.0.51
[INFO] [stderr]     Checking image v0.18.0
[INFO] [stderr]     Checking wayland-window v0.13.3
[INFO] [stderr]     Checking winit v0.10.0
[INFO] [stderr]     Checking distance-field v0.1.6
[INFO] [stderr]     Checking dacite-winit v0.7.0 (https://gitlab.com/mikedilger/dacite.git#0ff09d25)
[INFO] [stderr]     Checking siege-math v0.5.0 (https://github.com/SiegeEngine/siege-math.git#47f70967)
[INFO] [stderr]     Checking font-atlas v0.1.3 (https://github.com/SiegeEngine/font-atlas#6ae607f7)
[INFO] [stderr]     Checking siege-plugin-avatar-simple v0.1.0 (https://github.com/SiegeEngine/siege-plugin-avatar-simple.git#7f8d90ed)
[INFO] [stderr]     Checking backtrace v0.3.7
[INFO] [stderr]     Checking error-chain v0.11.0
[INFO] [stderr]     Checking ddsfile v0.2.3
[INFO] [stderr]     Checking siege-mesh v0.4.0 (https://github.com/SiegeEngine/siege-mesh.git#b54ce44c)
[INFO] [stderr]     Checking ddsfile v0.3.0-unstable (https://github.com/SiegeEngine/ddsfile#90fdaa21)
[INFO] [stderr]     Checking siege-net v0.3.1 (https://github.com/SiegeEngine/siege-net.git#994f0bec)
[INFO] [stderr]     Checking siege-font v0.1.0 (https://github.com/SiegeEngine/siege-font.git#398f5b28)
[INFO] [stderr]     Checking siege-example-net v0.1.0 (https://github.com/SiegeEngine/siege-example-net.git#ccbf721e)
[INFO] [stderr] error: failed to run custom build command for `glsl-to-spirv v0.1.4`
[INFO] [stderr] note: To improve backtraces for build dependencies, set the CARGO_PROFILE_DEV_BUILD_OVERRIDE_DEBUG=true environment variable to enable debug information generation.
[INFO] [stderr] 
[INFO] [stderr] Caused by:
[INFO] [stderr]   process didn't exit successfully: `/opt/rustwide/target/debug/build/glsl-to-spirv-33117e3d8324cbe3/build-script-build` (exit status: 101)
[INFO] [stderr]   --- stdout
[INFO] [stderr]   cargo:rerun-if-changed=build/glslangValidator.exe
[INFO] [stderr]   running: cd "/opt/rustwide/target/debug/build/glsl-to-spirv-7a4032562d782d25/out/build" && CMAKE_PREFIX_PATH="" "cmake" "/opt/rustwide/cargo-home/registry/src/index.crates.io-6f17d22bba15001f/glsl-to-spirv-0.1.4/glslang" "-DCMAKE_INSTALL_PREFIX=/opt/rustwide/target/debug/build/glsl-to-spirv-7a4032562d782d25/out" "-DCMAKE_C_FLAGS= -ffunction-sections -fdata-sections -fPIC -m64" "-DCMAKE_C_COMPILER=/usr/bin/cc" "-DCMAKE_CXX_FLAGS= -ffunction-sections -fdata-sections -fPIC -m64" "-DCMAKE_CXX_COMPILER=/usr/bin/c++" "-DCMAKE_BUILD_TYPE=Debug"
[INFO] [stderr]   -- The C compiler identification is GNU 11.4.0
[INFO] [stderr]   -- The CXX compiler identification is GNU 11.4.0
[INFO] [stderr]   -- Detecting C compiler ABI info
[INFO] [stderr]   -- Detecting C compiler ABI info - done
[INFO] [stderr]   -- Check for working C compiler: /usr/bin/cc - skipped
[INFO] [stderr]   -- Detecting C compile features
[INFO] [stderr]   -- Detecting C compile features - done
[INFO] [stderr]   -- Detecting CXX compiler ABI info
[INFO] [stderr]   -- Detecting CXX compiler ABI info - done
[INFO] [stderr]   -- Check for working CXX compiler: /usr/bin/c++ - skipped
[INFO] [stderr]   -- Detecting CXX compile features
[INFO] [stderr]   -- Detecting CXX compile features - done
[INFO] [stderr]   -- Google Mock was not found - tests based on that will not build
[INFO] [stderr]   -- Configuring done
[INFO] [stderr]   -- Generating done
[INFO] [stderr]   -- Build files have been written to: /opt/rustwide/target/debug/build/glsl-to-spirv-7a4032562d782d25/out/build
[INFO] [stderr]   running: cd "/opt/rustwide/target/debug/build/glsl-to-spirv-7a4032562d782d25/out/build" && MAKEFLAGS="-j --jobserver-fds=7,8 --jobserver-auth=7,8" "cmake" "--build" "." "--target" "install" "--config" "Debug" "--"
[INFO] [stderr]   [  1%] Building CXX object hlsl/CMakeFiles/HLSL.dir/hlslAttributes.cpp.o
[INFO] [stderr]   [  3%] Building CXX object hlsl/CMakeFiles/HLSL.dir/hlslParseHelper.cpp.o
[INFO] [stderr]   [  5%] Building CXX object hlsl/CMakeFiles/HLSL.dir/hlslScanContext.cpp.o
[INFO] [stderr]   [  7%] Building CXX object hlsl/CMakeFiles/HLSL.dir/hlslOpMap.cpp.o
[INFO] [stderr]   [  8%] Building CXX object hlsl/CMakeFiles/HLSL.dir/hlslTokenStream.cpp.o
[INFO] [stderr]   [ 10%] Building CXX object hlsl/CMakeFiles/HLSL.dir/hlslGrammar.cpp.o
[INFO] [stderr]   [ 12%] Building CXX object hlsl/CMakeFiles/HLSL.dir/hlslParseables.cpp.o
[INFO] [stderr]   [ 14%] Building CXX object glslang/OSDependent/Unix/CMakeFiles/OSDependent.dir/ossource.cpp.o
[INFO] [stderr]   [ 15%] Linking CXX static library libOSDependent.a
[INFO] [stderr]   [ 17%] Building CXX object OGLCompilersDLL/CMakeFiles/OGLCompiler.dir/InitializeDll.cpp.o
[INFO] [stderr]   [ 17%] Built target OSDependent
[INFO] [stderr]   [ 19%] Building CXX object StandAlone/CMakeFiles/glslang-default-resource-limits.dir/ResourceLimits.cpp.o
[INFO] [stderr]   [ 21%] Linking CXX static library libOGLCompiler.a
[INFO] [stderr]   [ 22%] Building CXX object SPIRV/CMakeFiles/SPVRemapper.dir/SPVRemapper.cpp.o
[INFO] [stderr]   [ 22%] Built target OGLCompiler
[INFO] [stderr]   [ 24%] Building CXX object SPIRV/CMakeFiles/SPVRemapper.dir/doc.cpp.o
[INFO] [stderr]   [ 26%] Linking CXX static library libglslang-default-resource-limits.a
[INFO] [stderr]   [ 26%] Built target glslang-default-resource-limits
[INFO] [stderr]   [ 28%] Linking CXX static library libSPVRemapper.a
[INFO] [stderr]   [ 28%] Built target SPVRemapper
[INFO] [stderr]   [ 29%] Linking CXX static library libHLSL.a
[INFO] [stderr]   [ 29%] Built target HLSL
[INFO] [stderr]   [ 31%] Building CXX object glslang/CMakeFiles/glslang.dir/MachineIndependent/iomapper.cpp.o
[INFO] [stderr]   [ 35%] Building CXX object glslang/CMakeFiles/glslang.dir/MachineIndependent/Constant.cpp.o
[INFO] [stderr]   [ 35%] Building CXX object glslang/CMakeFiles/glslang.dir/MachineIndependent/glslang_tab.cpp.o
[INFO] [stderr]   [ 36%] Building CXX object glslang/CMakeFiles/glslang.dir/MachineIndependent/InfoSink.cpp.o
[INFO] [stderr]   [ 40%] Building CXX object glslang/CMakeFiles/glslang.dir/MachineIndependent/Intermediate.cpp.o
[INFO] [stderr]   [ 40%] Building CXX object glslang/CMakeFiles/glslang.dir/MachineIndependent/Initialize.cpp.o
[INFO] [stderr]   [ 42%] Building CXX object glslang/CMakeFiles/glslang.dir/MachineIndependent/IntermTraverse.cpp.o
[INFO] [stderr]   [ 45%] Building CXX object glslang/CMakeFiles/glslang.dir/MachineIndependent/ParseContextBase.cpp.o
[INFO] [stderr]   [ 45%] Building CXX object glslang/CMakeFiles/glslang.dir/MachineIndependent/ParseHelper.cpp.o
[INFO] [stderr]   [ 47%] Building CXX object glslang/CMakeFiles/glslang.dir/MachineIndependent/PoolAlloc.cpp.o
[INFO] [stderr]   [ 49%] Building CXX object glslang/CMakeFiles/glslang.dir/MachineIndependent/RemoveTree.cpp.o
[INFO] [stderr]   [ 50%] Building CXX object glslang/CMakeFiles/glslang.dir/MachineIndependent/Scan.cpp.o
[INFO] [stderr]   [ 52%] Building CXX object glslang/CMakeFiles/glslang.dir/MachineIndependent/ShaderLang.cpp.o
[INFO] [stderr]   [ 54%] Building CXX object glslang/CMakeFiles/glslang.dir/MachineIndependent/SymbolTable.cpp.o
[INFO] [stderr]   [ 56%] Building CXX object glslang/CMakeFiles/glslang.dir/MachineIndependent/Versions.cpp.o
[INFO] [stderr]   [ 57%] Building CXX object glslang/CMakeFiles/glslang.dir/MachineIndependent/intermOut.cpp.o
[INFO] [stderr]   [ 59%] Building CXX object glslang/CMakeFiles/glslang.dir/MachineIndependent/limits.cpp.o
[INFO] [stderr] 
[INFO] [stderr]   --- stderr
[INFO] [stderr]   fatal: not a git repository (or any parent up to mount point /opt/rustwide)
[INFO] [stderr]   Stopping at filesystem boundary (GIT_DISCOVERY_ACROSS_FILESYSTEM not set).
[INFO] [stderr]   CMake Warning (dev) at /usr/share/cmake-3.22/Modules/GNUInstallDirs.cmake:239 (message):
[INFO] [stderr]     Unable to determine default CMAKE_INSTALL_LIBDIR directory because no
[INFO] [stderr]     target architecture is known.  Please enable at least one language before
[INFO] [stderr]     including GNUInstallDirs.
[INFO] [stderr]   Call Stack (most recent call first):
[INFO] [stderr]     CMakeLists.txt:7 (include)
[INFO] [stderr]   This warning is for project developers.  Use -Wno-dev to suppress it.
[INFO] [stderr] 
[INFO] [stderr]   c++: fatal error: Killed signal terminated program cc1plus
[INFO] [stderr]   compilation terminated.
[INFO] [stderr]   gmake[2]: *** [glslang/CMakeFiles/glslang.dir/build.make:174: glslang/CMakeFiles/glslang.dir/MachineIndependent/ParseContextBase.cpp.o] Error 1
[INFO] [stderr]   gmake[2]: *** Waiting for unfinished jobs....
[INFO] [stderr]   c++: fatal error: Killed signal terminated program cc1plus
[INFO] [stderr]   compilation terminated.
[INFO] [stderr]   gmake[2]: *** [glslang/CMakeFiles/glslang.dir/build.make:244: glslang/CMakeFiles/glslang.dir/MachineIndependent/ShaderLang.cpp.o] Error 1
[INFO] [stderr]   c++: fatal error: Killed signal terminated program cc1plus
[INFO] [stderr]   compilation terminated.
[INFO] [stderr]   gmake[2]: *** [glslang/CMakeFiles/glslang.dir/build.make:76: glslang/CMakeFiles/glslang.dir/MachineIndependent/glslang_tab.cpp.o] Error 1
[INFO] [stderr]   gmake[1]: *** [CMakeFiles/Makefile2:987: glslang/CMakeFiles/glslang.dir/all] Error 2
[INFO] [stderr]   gmake: *** [Makefile:146: all] Error 2
[INFO] [stderr]   thread 'main' panicked at /opt/rustwide/cargo-home/registry/src/index.crates.io-6f17d22bba15001f/cmake-0.1.31/src/lib.rs:643:5:
[INFO] [stderr] 
[INFO] [stderr]   command did not execute successfully, got: exit status: 2
[INFO] [stderr] 
[INFO] [stderr]   build script failed, must exit now
[INFO] [stderr]   stack backtrace:
[INFO] [stderr]      0:     0x55876e3e2dac - std::backtrace_rs::backtrace::libunwind::trace::ha637c64ce894333a
[INFO] [stderr]                                  at /rustc/82e1608dfa6e0b5569232559e3d385fea5a93112/library/std/src/../../backtrace/src/backtrace/libunwind.rs:104:5
[INFO] [stderr]      1:     0x55876e3e2dac - std::backtrace_rs::backtrace::trace_unsynchronized::h47f62dea28e0c88d
[INFO] [stderr]                                  at /rustc/82e1608dfa6e0b5569232559e3d385fea5a93112/library/std/src/../../backtrace/src/backtrace/mod.rs:66:5
[INFO] [stderr]      2:     0x55876e3e2dac - std::sys_common::backtrace::_print_fmt::h9eef0abe20ede486
[INFO] [stderr]                                  at /rustc/82e1608dfa6e0b5569232559e3d385fea5a93112/library/std/src/sys_common/backtrace.rs:67:5
[INFO] [stderr]      3:     0x55876e3e2dac - <std::sys_common::backtrace::_print::DisplayBacktrace as core::fmt::Display>::fmt::hed7f999df88cc644
[INFO] [stderr]                                  at /rustc/82e1608dfa6e0b5569232559e3d385fea5a93112/library/std/src/sys_common/backtrace.rs:44:22
[INFO] [stderr]      4:     0x55876e408e60 - core::fmt::rt::Argument::fmt::h1539a9308b8d058d
[INFO] [stderr]                                  at /rustc/82e1608dfa6e0b5569232559e3d385fea5a93112/library/core/src/fmt/rt.rs:142:9
[INFO] [stderr]      5:     0x55876e408e60 - core::fmt::write::h3a39390d8560d9c9
[INFO] [stderr]                                  at /rustc/82e1608dfa6e0b5569232559e3d385fea5a93112/library/core/src/fmt/mod.rs:1120:17
[INFO] [stderr]      6:     0x55876e3e061f - std::io::Write::write_fmt::h5fc9997dfe05f882
[INFO] [stderr]                                  at /rustc/82e1608dfa6e0b5569232559e3d385fea5a93112/library/std/src/io/mod.rs:1762:15
[INFO] [stderr]      7:     0x55876e3e2b94 - std::sys_common::backtrace::_print::h894006fb5c6f3d45
[INFO] [stderr]                                  at /rustc/82e1608dfa6e0b5569232559e3d385fea5a93112/library/std/src/sys_common/backtrace.rs:47:5
[INFO] [stderr]      8:     0x55876e3e2b94 - std::sys_common::backtrace::print::h23a2d212c6fff936
[INFO] [stderr]                                  at /rustc/82e1608dfa6e0b5569232559e3d385fea5a93112/library/std/src/sys_common/backtrace.rs:34:9
[INFO] [stderr]      9:     0x55876e3e42b7 - std::panicking::default_hook::{{closure}}::h8a1d2ee00185001a
[INFO] [stderr]     10:     0x55876e3e401f - std::panicking::default_hook::h6038f2eba384e475
[INFO] [stderr]                                  at /rustc/82e1608dfa6e0b5569232559e3d385fea5a93112/library/std/src/panicking.rs:292:9
[INFO] [stderr]     11:     0x55876e3e4738 - std::panicking::rust_panic_with_hook::h2b5517d590cab22e
[INFO] [stderr]                                  at /rustc/82e1608dfa6e0b5569232559e3d385fea5a93112/library/std/src/panicking.rs:779:13
[INFO] [stderr]     12:     0x55876e3e461e - std::panicking::begin_panic_handler::{{closure}}::h233112c06e0ef43e
[INFO] [stderr]                                  at /rustc/82e1608dfa6e0b5569232559e3d385fea5a93112/library/std/src/panicking.rs:657:13
[INFO] [stderr]     13:     0x55876e3e3276 - std::sys_common::backtrace::__rust_end_short_backtrace::h6e893f24d7ebbff8
[INFO] [stderr]                                  at /rustc/82e1608dfa6e0b5569232559e3d385fea5a93112/library/std/src/sys_common/backtrace.rs:170:18
[INFO] [stderr]     14:     0x55876e3e4382 - rust_begin_unwind
[INFO] [stderr]                                  at /rustc/82e1608dfa6e0b5569232559e3d385fea5a93112/library/std/src/panicking.rs:645:5
[INFO] [stderr]     15:     0x55876e38a5d5 - core::panicking::panic_fmt::hbf0e066aabfa482c
[INFO] [stderr]                                  at /rustc/82e1608dfa6e0b5569232559e3d385fea5a93112/library/core/src/panicking.rs:72:14
[INFO] [stderr]     16:     0x55876e393891 - cmake::fail::h4c2a6fdba9ec22fc
[INFO] [stderr]     17:     0x55876e392f97 - cmake::run::h656da4874378e24f
[INFO] [stderr]     18:     0x55876e390e5f - cmake::Config::build::h4a52aedc17aca806
[INFO] [stderr]     19:     0x55876e38b713 - cmake::build::h9ca2e5c50ddb9f59
[INFO] [stderr]     20:     0x55876e38bf99 - build_script_build::main::h6570d0e6214f6a97
[INFO] [stderr]     21:     0x55876e38b053 - core::ops::function::FnOnce::call_once::h876b3b94fb154b72
[INFO] [stderr]     22:     0x55876e38adc6 - std::sys_common::backtrace::__rust_begin_short_backtrace::h486705963ab0470a
[INFO] [stderr]     23:     0x55876e38aec9 - std::rt::lang_start::{{closure}}::h7bda9fd1d048ae5b
[INFO] [stderr]     24:     0x55876e3dcb37 - core::ops::function::impls::<impl core::ops::function::FnOnce<A> for &F>::call_once::hd95060ecd5e1ca24
[INFO] [stderr]                                  at /rustc/82e1608dfa6e0b5569232559e3d385fea5a93112/library/core/src/ops/function.rs:284:13
[INFO] [stderr]     25:     0x55876e3dcb37 - std::panicking::try::do_call::h6e8cf51db32a6e4b
[INFO] [stderr]                                  at /rustc/82e1608dfa6e0b5569232559e3d385fea5a93112/library/std/src/panicking.rs:552:40
[INFO] [stderr]     26:     0x55876e3dcb37 - std::panicking::try::h3a52eefe24fe3c29
[INFO] [stderr]                                  at /rustc/82e1608dfa6e0b5569232559e3d385fea5a93112/library/std/src/panicking.rs:516:19
[INFO] [stderr]     27:     0x55876e3dcb37 - std::panic::catch_unwind::h24c28c23c02c3841
[INFO] [stderr]                                  at /rustc/82e1608dfa6e0b5569232559e3d385fea5a93112/library/std/src/panic.rs:142:14
[INFO] [stderr]     28:     0x55876e3dcb37 - std::rt::lang_start_internal::{{closure}}::h705d3c9cbc06ef47
[INFO] [stderr]                                  at /rustc/82e1608dfa6e0b5569232559e3d385fea5a93112/library/std/src/rt.rs:148:48
[INFO] [stderr]     29:     0x55876e3dcb37 - std::panicking::try::do_call::ha21f52ba13158470
[INFO] [stderr]                                  at /rustc/82e1608dfa6e0b5569232559e3d385fea5a93112/library/std/src/panicking.rs:552:40
[INFO] [stderr]     30:     0x55876e3dcb37 - std::panicking::try::h5581346bf6aeb1f8
[INFO] [stderr]                                  at /rustc/82e1608dfa6e0b5569232559e3d385fea5a93112/library/std/src/panicking.rs:516:19
[INFO] [stderr]     31:     0x55876e3dcb37 - std::panic::catch_unwind::h7919645a6b72e25b
[INFO] [stderr]                                  at /rustc/82e1608dfa6e0b5569232559e3d385fea5a93112/library/std/src/panic.rs:142:14
[INFO] [stderr]     32:     0x55876e3dcb37 - std::rt::lang_start_internal::h12de51168669836e
[INFO] [stderr]                                  at /rustc/82e1608dfa6e0b5569232559e3d385fea5a93112/library/std/src/rt.rs:148:20
[INFO] [stderr]     33:     0x55876e38aea7 - std::rt::lang_start::h6c2d703d816cd10b
[INFO] [stderr]     34:     0x55876e38c1f5 - main
[INFO] [stderr]     35:     0x7f8c4a2dbd90 - <unknown>
[INFO] [stderr]     36:     0x7f8c4a2dbe40 - __libc_start_main
[INFO] [stderr]     37:     0x55876e38acf5 - _start
[INFO] [stderr]     38:                0x0 - <unknown>
[INFO] [stderr] warning: build failed, waiting for other jobs to finish...
[INFO] running `Command { std: "docker" "inspect" "d2beadc29f423b248f2b861c732c49355a993fd2cf51fc788ce17af32ee6f404", kill_on_drop: false }`
[INFO] running `Command { std: "docker" "rm" "-f" "d2beadc29f423b248f2b861c732c49355a993fd2cf51fc788ce17af32ee6f404", kill_on_drop: false }`
[INFO] [stdout] d2beadc29f423b248f2b861c732c49355a993fd2cf51fc788ce17af32ee6f404
[INFO] documenting SiegeEngine/siege-example-client against beta-2023-12-22 for beta-1.76-rustdoc-1
[INFO] running `Command { std: "git" "clone" "/workspace/cache/git-repos/https%3A%2F%2Fgithub.com%2FSiegeEngine%2Fsiege-example-client" "/workspace/builds/worker-1-tc2/source", kill_on_drop: false }`
[INFO] [stderr] Cloning into '/workspace/builds/worker-1-tc2/source'...
[INFO] [stderr] done.
[INFO] validating manifest of git repo https://github.com/SiegeEngine/siege-example-client on toolchain beta-2023-12-22
[INFO] running `Command { std: CARGO_HOME="/workspace/cargo-home" RUSTUP_HOME="/workspace/rustup-home" "/workspace/cargo-home/bin/cargo" "+beta-2023-12-22" "metadata" "--manifest-path" "Cargo.toml" "--no-deps", kill_on_drop: false }`
[INFO] started tweaking git repo https://github.com/SiegeEngine/siege-example-client
[INFO] finished tweaking git repo https://github.com/SiegeEngine/siege-example-client
[INFO] tweaked toml for git repo https://github.com/SiegeEngine/siege-example-client written to /workspace/builds/worker-1-tc2/source/Cargo.toml
[INFO] crate git repo https://github.com/SiegeEngine/siege-example-client already has a lockfile, it will not be regenerated
[INFO] running `Command { std: CARGO_HOME="/workspace/cargo-home" RUSTUP_HOME="/workspace/rustup-home" "/workspace/cargo-home/bin/cargo" "+beta-2023-12-22" "fetch" "--manifest-path" "Cargo.toml", kill_on_drop: false }`
[INFO] running `Command { std: "docker" "create" "-v" "/var/lib/crater-agent-workspace/builds/worker-1-tc2/target:/opt/rustwide/target:rw,Z" "-v" "/var/lib/crater-agent-workspace/builds/worker-1-tc2/source:/opt/rustwide/workdir:ro,Z" "-v" "/var/lib/crater-agent-workspace/cargo-home:/opt/rustwide/cargo-home:ro,Z" "-v" "/var/lib/crater-agent-workspace/rustup-home:/opt/rustwide/rustup-home:ro,Z" "-e" "SOURCE_DIR=/opt/rustwide/workdir" "-e" "CARGO_TARGET_DIR=/opt/rustwide/target" "-e" "CARGO_HOME=/opt/rustwide/cargo-home" "-e" "RUSTUP_HOME=/opt/rustwide/rustup-home" "-w" "/opt/rustwide/workdir" "-m" "1610612736" "--user" "0:0" "--network" "none" "ghcr.io/rust-lang/crates-build-env/linux@sha256:2788e3201cd34a07e3172128adcd8b3090168a8e3bcc40d7c032b9dda1df7d1c" "/opt/rustwide/cargo-home/bin/cargo" "+beta-2023-12-22" "metadata" "--no-deps" "--format-version=1", kill_on_drop: false }`
[INFO] [stdout] 991e72e5a31dfff10671a8faa2651dd2f409e5fe8ee4f80e477054d5d1d34a89
[INFO] running `Command { std: "docker" "start" "-a" "991e72e5a31dfff10671a8faa2651dd2f409e5fe8ee4f80e477054d5d1d34a89", kill_on_drop: false }`
[INFO] running `Command { std: "docker" "inspect" "991e72e5a31dfff10671a8faa2651dd2f409e5fe8ee4f80e477054d5d1d34a89", kill_on_drop: false }`
[INFO] running `Command { std: "docker" "rm" "-f" "991e72e5a31dfff10671a8faa2651dd2f409e5fe8ee4f80e477054d5d1d34a89", kill_on_drop: false }`
[INFO] [stdout] 991e72e5a31dfff10671a8faa2651dd2f409e5fe8ee4f80e477054d5d1d34a89
[INFO] running `Command { std: "docker" "create" "-v" "/var/lib/crater-agent-workspace/builds/worker-1-tc2/target:/opt/rustwide/target:rw,Z" "-v" "/var/lib/crater-agent-workspace/builds/worker-1-tc2/source:/opt/rustwide/workdir:ro,Z" "-v" "/var/lib/crater-agent-workspace/cargo-home:/opt/rustwide/cargo-home:ro,Z" "-v" "/var/lib/crater-agent-workspace/rustup-home:/opt/rustwide/rustup-home:ro,Z" "-e" "SOURCE_DIR=/opt/rustwide/workdir" "-e" "CARGO_TARGET_DIR=/opt/rustwide/target" "-e" "CARGO_INCREMENTAL=0" "-e" "RUST_BACKTRACE=full" "-e" "RUSTFLAGS=--cap-lints=warn" "-e" "RUSTDOCFLAGS=--cap-lints=warn" "-e" "CARGO_HOME=/opt/rustwide/cargo-home" "-e" "RUSTUP_HOME=/opt/rustwide/rustup-home" "-w" "/opt/rustwide/workdir" "-m" "1610612736" "--user" "0:0" "--network" "none" "ghcr.io/rust-lang/crates-build-env/linux@sha256:2788e3201cd34a07e3172128adcd8b3090168a8e3bcc40d7c032b9dda1df7d1c" "/opt/rustwide/cargo-home/bin/cargo" "+beta-2023-12-22" "doc" "--frozen" "--no-deps" "--document-private-items" "--message-format=json", kill_on_drop: false }`
[INFO] [stdout] cfd996c15239753bb656ac446fcf2d7a71ac171c76bfa00a7a29e77fe8ac34e6
[INFO] running `Command { std: "docker" "start" "-a" "cfd996c15239753bb656ac446fcf2d7a71ac171c76bfa00a7a29e77fe8ac34e6", kill_on_drop: false }`
[INFO] [stderr]     Checking libc v0.2.40
[INFO] [stderr]    Compiling cc v1.0.15
[INFO] [stderr]     Checking cfg-if v0.1.3
[INFO] [stderr]     Checking num-traits v0.2.2
[INFO] [stderr]     Checking lazy_static v1.0.0
[INFO] [stderr]     Checking byteorder v1.2.2
[INFO] [stderr]     Checking bitflags v1.0.3
[INFO] [stderr]    Compiling rayon-core v1.4.0
[INFO] [stderr]    Compiling unicode-xid v0.1.0
[INFO] [stderr]     Checking nodrop v0.1.12
[INFO] [stderr]     Checking serde v1.0.51
[INFO] [stderr]    Compiling gcc v0.3.54
[INFO] [stderr]    Compiling scopeguard v0.3.3
[INFO] [stderr]    Compiling xml-rs v0.7.0
[INFO] [stderr]     Checking rustc-demangle v0.1.8
[INFO] [stderr]    Compiling arrayvec v0.4.7
[INFO] [stderr]    Compiling proc-macro2 v0.3.8
[INFO] [stderr]    Compiling crossbeam-utils v0.2.2
[INFO] [stderr]    Compiling memoffset v0.2.1
[INFO] [stderr]     Checking adler32 v1.0.2
[INFO] [stderr]     Checking token_store v0.1.2
[INFO] [stderr]     Checking remove_dir_all v0.5.1
[INFO] [stderr]    Compiling pkg-config v0.3.11
[INFO] [stderr]    Compiling glob v0.2.11
[INFO] [stderr]     Checking deflate v0.7.18
[INFO] [stderr]     Checking log v0.4.1
[INFO] [stderr]    Compiling libloading v0.4.3
[INFO] [stderr]    Compiling vks v0.21.0
[INFO] [stderr]     Checking crossbeam-epoch v0.3.1
[INFO] [stderr]    Compiling rand v0.4.2
[INFO] [stderr]    Compiling num_cpus v1.8.0
[INFO] [stderr]    Compiling quote v0.5.2
[INFO] [stderr]    Compiling cmake v0.1.31
[INFO] [stderr]     Checking crossbeam-deque v0.2.0
[INFO] [stderr]     Checking num-traits v0.1.43
[INFO] [stderr]    Compiling wayland-scanner v0.12.5
[INFO] [stderr]     Checking num-integer v0.1.36
[INFO] [stderr]    Compiling syn v0.13.7
[INFO] [stderr]     Checking enum_primitive v0.1.1
[INFO] [stderr]     Checking memmap v0.6.2
[INFO] [stderr]     Checking either v1.5.0
[INFO] [stderr]     Checking void v1.0.2
[INFO] [stderr]    Compiling x11-dl v2.17.5
[INFO] [stderr]     Checking float-cmp v0.4.0
[INFO] [stderr]     Checking num-iter v0.1.35
[INFO] [stderr]     Checking inflate v0.3.4
[INFO] [stderr]     Checking lzw v0.10.0
[INFO] [stderr]     Checking color_quant v1.0.0
[INFO] [stderr]    Compiling zstd-sys v1.4.3+zstd.1.3.4
[INFO] [stderr]    Compiling unicode-xid v0.0.4
[INFO] [stderr]     Checking unreachable v0.1.1
[INFO] [stderr]    Compiling synom v0.11.3
[INFO] [stderr]     Checking ordered-float v0.5.0
[INFO] [stderr]     Checking num-rational v0.1.42
[INFO] [stderr]     Checking tempfile v3.0.1
[INFO] [stderr]     Checking png v0.11.0
[INFO] [stderr]    Compiling tempdir v0.3.7
[INFO] [stderr]     Checking gif v0.9.2
[INFO] [stderr]     Checking stb_truetype v0.2.2 (https://github.com/SiegeEngine/stb_truetype-rs#af0d35d3)
[INFO] [stderr]    Compiling libloading v0.5.0
[INFO] [stderr]    Compiling backtrace-sys v0.1.16
[INFO] [stderr]    Compiling glsl-to-spirv v0.1.4
[INFO] [stderr]    Compiling wayland-client v0.12.5
[INFO] [stderr]    Compiling wayland-protocols v0.12.5
[INFO] [stderr]     Checking scoped_threadpool v0.1.9
[INFO] [stderr]     Checking rayon v1.0.1
[INFO] [stderr]     Checking smallvec v0.6.1
[INFO] [stderr]    Compiling quote v0.3.15
[INFO] [stderr]     Checking approx v0.1.1
[INFO] [stderr]     Checking untrusted v0.5.1
[INFO] [stderr]    Compiling rayon v0.8.2
[INFO] [stderr]     Checking percent-encoding v1.0.1
[INFO] [stderr]     Checking lazy_static v0.2.11
[INFO] [stderr]    Compiling syn v0.11.11
[INFO] [stderr]     Checking parking_lot_core v0.2.14
[INFO] [stderr]     Checking rusttype v0.5.2 (https://github.com/SiegeEngine/rusttype#50f287e5)
[INFO] [stderr]     Checking dlib v0.4.1
[INFO] [stderr]     Checking wayland-sys v0.12.5
[INFO] [stderr]     Checking time v0.1.39
[INFO] [stderr]     Checking thread-id v3.3.0
[INFO] [stderr]     Checking log v0.3.9
[INFO] [stderr]     Checking inflate v0.4.2
[INFO] [stderr]     Checking owning_ref v0.2.4
[INFO] [stderr]     Checking futures v0.1.21
[INFO] [stderr]     Checking spiral v0.1.9
[INFO] [stderr]     Checking parking_lot v0.3.8
[INFO] [stderr]     Checking net2 v0.2.32
[INFO] [stderr]     Checking png v0.12.0
[INFO] [stderr]     Checking iovec v0.1.2
[INFO] [stderr]     Checking glsl-to-spirv-macros v0.1.1
[INFO] [stderr]     Checking separator v0.3.1
[INFO] [stderr]     Checking lazycell v0.6.0
[INFO] [stderr]     Checking slab v0.4.0
[INFO] [stderr]     Checking jpeg-decoder v0.1.14
[INFO] [stderr]     Checking chashmap v2.2.0
[INFO] [stderr]     Checking mio v0.6.14
[INFO] [stderr]     Checking bit-vec v0.4.4
[INFO] [stderr]     Checking crossbeam v0.3.2
[INFO] [stderr]     Checking dacite v0.7.0 (https://gitlab.com/mikedilger/dacite.git#0ff09d25)
[INFO] [stderr]    Compiling ring v0.12.1
[INFO] [stderr]     Checking image v0.18.0
[INFO] [stderr]     Checking bincode v1.0.0
[INFO] [stderr]     Checking wayland-kbd v0.13.1
[INFO] [stderr]     Checking chrono v0.4.2
[INFO] [stderr]     Checking toml v0.4.6
[INFO] [stderr]    Compiling serde_derive v1.0.51
[INFO] [stderr]     Checking distance-field v0.1.6
[INFO] [stderr]     Checking wayland-window v0.13.3
[INFO] [stderr]     Checking winit v0.10.0
[INFO] [stderr]     Checking siege-math v0.5.0 (https://github.com/SiegeEngine/siege-math.git#47f70967)
[INFO] [stderr]     Checking font-atlas v0.1.3 (https://github.com/SiegeEngine/font-atlas#6ae607f7)
[INFO] [stderr]     Checking siege-plugin-avatar-simple v0.1.0 (https://github.com/SiegeEngine/siege-plugin-avatar-simple.git#7f8d90ed)
[INFO] [stderr]     Checking dacite-winit v0.7.0 (https://gitlab.com/mikedilger/dacite.git#0ff09d25)
[INFO] [stderr]     Checking backtrace v0.3.7
[INFO] [stderr]     Checking error-chain v0.11.0
[INFO] [stderr]     Checking siege-mesh v0.4.0 (https://github.com/SiegeEngine/siege-mesh.git#b54ce44c)
[INFO] [stderr]     Checking siege-net v0.3.1 (https://github.com/SiegeEngine/siege-net.git#994f0bec)
[INFO] [stderr]     Checking ddsfile v0.2.3
[INFO] [stderr]     Checking ddsfile v0.3.0-unstable (https://github.com/SiegeEngine/ddsfile#90fdaa21)
[INFO] [stderr] error: failed to run custom build command for `glsl-to-spirv v0.1.4`
[INFO] [stderr] note: To improve backtraces for build dependencies, set the CARGO_PROFILE_DEV_BUILD_OVERRIDE_DEBUG=true environment variable to enable debug information generation.
[INFO] [stderr] 
[INFO] [stderr] Caused by:
[INFO] [stderr]   process didn't exit successfully: `/opt/rustwide/target/debug/build/glsl-to-spirv-fe9db03e14d8711a/build-script-build` (exit status: 101)
[INFO] [stderr]   --- stdout
[INFO] [stderr]   cargo:rerun-if-changed=build/glslangValidator.exe
[INFO] [stderr]   running: cd "/opt/rustwide/target/debug/build/glsl-to-spirv-dda08b11bf92e2e6/out/build" && CMAKE_PREFIX_PATH="" "cmake" "/opt/rustwide/cargo-home/registry/src/index.crates.io-6f17d22bba15001f/glsl-to-spirv-0.1.4/glslang" "-DCMAKE_INSTALL_PREFIX=/opt/rustwide/target/debug/build/glsl-to-spirv-dda08b11bf92e2e6/out" "-DCMAKE_C_FLAGS= -ffunction-sections -fdata-sections -fPIC -m64" "-DCMAKE_C_COMPILER=/usr/bin/cc" "-DCMAKE_CXX_FLAGS= -ffunction-sections -fdata-sections -fPIC -m64" "-DCMAKE_CXX_COMPILER=/usr/bin/c++" "-DCMAKE_BUILD_TYPE=Debug"
[INFO] [stderr]   -- The C compiler identification is GNU 11.4.0
[INFO] [stderr]   -- The CXX compiler identification is GNU 11.4.0
[INFO] [stderr]   -- Detecting C compiler ABI info
[INFO] [stderr]   -- Detecting C compiler ABI info - done
[INFO] [stderr]   -- Check for working C compiler: /usr/bin/cc - skipped
[INFO] [stderr]   -- Detecting C compile features
[INFO] [stderr]   -- Detecting C compile features - done
[INFO] [stderr]   -- Detecting CXX compiler ABI info
[INFO] [stderr]   -- Detecting CXX compiler ABI info - done
[INFO] [stderr]   -- Check for working CXX compiler: /usr/bin/c++ - skipped
[INFO] [stderr]   -- Detecting CXX compile features
[INFO] [stderr]   -- Detecting CXX compile features - done
[INFO] [stderr]   -- Google Mock was not found - tests based on that will not build
[INFO] [stderr]   -- Configuring done
[INFO] [stderr]   -- Generating done
[INFO] [stderr]   -- Build files have been written to: /opt/rustwide/target/debug/build/glsl-to-spirv-dda08b11bf92e2e6/out/build
[INFO] [stderr]   running: cd "/opt/rustwide/target/debug/build/glsl-to-spirv-dda08b11bf92e2e6/out/build" && MAKEFLAGS="-j --jobserver-fds=7,8 --jobserver-auth=7,8" "cmake" "--build" "." "--target" "install" "--config" "Debug" "--"
[INFO] [stderr]   [  1%] Building CXX object hlsl/CMakeFiles/HLSL.dir/hlslAttributes.cpp.o
[INFO] [stderr]   [  3%] Building CXX object glslang/OSDependent/Unix/CMakeFiles/OSDependent.dir/ossource.cpp.o
[INFO] [stderr]   [  5%] Building CXX object hlsl/CMakeFiles/HLSL.dir/hlslParseHelper.cpp.o
[INFO] [stderr]   [  7%] Building CXX object hlsl/CMakeFiles/HLSL.dir/hlslScanContext.cpp.o
[INFO] [stderr]   [  8%] Linking CXX static library libOSDependent.a
[INFO] [stderr]   [ 10%] Building CXX object hlsl/CMakeFiles/HLSL.dir/hlslOpMap.cpp.o
[INFO] [stderr]   [ 12%] Building CXX object hlsl/CMakeFiles/HLSL.dir/hlslTokenStream.cpp.o
[INFO] [stderr]   [ 12%] Built target OSDependent
[INFO] [stderr]   [ 14%] Building CXX object OGLCompilersDLL/CMakeFiles/OGLCompiler.dir/InitializeDll.cpp.o
[INFO] [stderr]   [ 15%] Building CXX object StandAlone/CMakeFiles/glslang-default-resource-limits.dir/ResourceLimits.cpp.o
[INFO] [stderr]   [ 19%] Building CXX object SPIRV/CMakeFiles/SPVRemapper.dir/SPVRemapper.cpp.o
[INFO] [stderr]   [ 19%] Building CXX object hlsl/CMakeFiles/HLSL.dir/hlslGrammar.cpp.o
[INFO] [stderr]   [ 21%] Linking CXX static library libOGLCompiler.a
[INFO] [stderr]   [ 21%] Built target OGLCompiler
[INFO] [stderr]   [ 22%] Building CXX object hlsl/CMakeFiles/HLSL.dir/hlslParseables.cpp.o
[INFO] [stderr]   [ 24%] Linking CXX static library libglslang-default-resource-limits.a
[INFO] [stderr]   [ 24%] Built target glslang-default-resource-limits
[INFO] [stderr]   [ 26%] Building CXX object SPIRV/CMakeFiles/SPVRemapper.dir/doc.cpp.o
[INFO] [stderr]   [ 28%] Linking CXX static library libSPVRemapper.a
[INFO] [stderr]   [ 28%] Built target SPVRemapper
[INFO] [stderr]   [ 29%] Linking CXX static library libHLSL.a
[INFO] [stderr]   [ 29%] Built target HLSL
[INFO] [stderr]   [ 35%] Building CXX object glslang/CMakeFiles/glslang.dir/MachineIndependent/Constant.cpp.o
[INFO] [stderr]   [ 35%] Building CXX object glslang/CMakeFiles/glslang.dir/MachineIndependent/InfoSink.cpp.o
[INFO] [stderr]   [ 36%] Building CXX object glslang/CMakeFiles/glslang.dir/MachineIndependent/iomapper.cpp.o
[INFO] [stderr]   [ 36%] Building CXX object glslang/CMakeFiles/glslang.dir/MachineIndependent/Initialize.cpp.o
[INFO] [stderr]   [ 38%] Building CXX object glslang/CMakeFiles/glslang.dir/MachineIndependent/glslang_tab.cpp.o
[INFO] [stderr]   [ 40%] Building CXX object glslang/CMakeFiles/glslang.dir/MachineIndependent/Intermediate.cpp.o
[INFO] [stderr]   [ 42%] Building CXX object glslang/CMakeFiles/glslang.dir/MachineIndependent/ParseContextBase.cpp.o
[INFO] [stderr]   [ 43%] Building CXX object glslang/CMakeFiles/glslang.dir/MachineIndependent/IntermTraverse.cpp.o
[INFO] [stderr]   [ 45%] Building CXX object glslang/CMakeFiles/glslang.dir/MachineIndependent/RemoveTree.cpp.o
[INFO] [stderr]   [ 47%] Building CXX object glslang/CMakeFiles/glslang.dir/MachineIndependent/ParseHelper.cpp.o
[INFO] [stderr]   [ 49%] Building CXX object glslang/CMakeFiles/glslang.dir/MachineIndependent/PoolAlloc.cpp.o
[INFO] [stderr]   [ 50%] Building CXX object glslang/CMakeFiles/glslang.dir/MachineIndependent/Scan.cpp.o
[INFO] [stderr]   [ 52%] Building CXX object glslang/CMakeFiles/glslang.dir/MachineIndependent/ShaderLang.cpp.o
[INFO] [stderr]   [ 54%] Building CXX object glslang/CMakeFiles/glslang.dir/MachineIndependent/SymbolTable.cpp.o
[INFO] [stderr]   [ 56%] Building CXX object glslang/CMakeFiles/glslang.dir/MachineIndependent/Versions.cpp.o
[INFO] [stderr]   [ 57%] Building CXX object glslang/CMakeFiles/glslang.dir/MachineIndependent/intermOut.cpp.o
[INFO] [stderr]   [ 59%] Building CXX object glslang/CMakeFiles/glslang.dir/MachineIndependent/limits.cpp.o
[INFO] [stderr] 
[INFO] [stderr]   --- stderr
[INFO] [stderr]   fatal: not a git repository (or any parent up to mount point /opt/rustwide)
[INFO] [stderr]   Stopping at filesystem boundary (GIT_DISCOVERY_ACROSS_FILESYSTEM not set).
[INFO] [stderr]   CMake Warning (dev) at /usr/share/cmake-3.22/Modules/GNUInstallDirs.cmake:239 (message):
[INFO] [stderr]     Unable to determine default CMAKE_INSTALL_LIBDIR directory because no
[INFO] [stderr]     target architecture is known.  Please enable at least one language before
[INFO] [stderr]     including GNUInstallDirs.
[INFO] [stderr]   Call Stack (most recent call first):
[INFO] [stderr]     CMakeLists.txt:7 (include)
[INFO] [stderr]   This warning is for project developers.  Use -Wno-dev to suppress it.
[INFO] [stderr] 
[INFO] [stderr]   c++: fatal error: Killed signal terminated program cc1plus
[INFO] [stderr]   compilation terminated.
[INFO] [stderr]   gmake[2]: *** [glslang/CMakeFiles/glslang.dir/build.make:244: glslang/CMakeFiles/glslang.dir/MachineIndependent/ShaderLang.cpp.o] Error 1
[INFO] [stderr]   gmake[2]: *** Waiting for unfinished jobs....
[INFO] [stderr]   c++: fatal error: Killed signal terminated program cc1plus
[INFO] [stderr]   compilation terminated.
[INFO] [stderr]   gmake[2]: *** [glslang/CMakeFiles/glslang.dir/build.make:104: glslang/CMakeFiles/glslang.dir/MachineIndependent/iomapper.cpp.o] Error 1
[INFO] [stderr]   c++: fatal error: Killed signal terminated program cc1plus
[INFO] [stderr]   compilation terminated.
[INFO] [stderr]   gmake[2]: *** [glslang/CMakeFiles/glslang.dir/build.make:188: glslang/CMakeFiles/glslang.dir/MachineIndependent/ParseHelper.cpp.o] Error 1
[INFO] [stderr]   gmake[1]: *** [CMakeFiles/Makefile2:987: glslang/CMakeFiles/glslang.dir/all] Error 2
[INFO] [stderr]   gmake: *** [Makefile:146: all] Error 2
[INFO] [stderr]   thread 'main' panicked at /opt/rustwide/cargo-home/registry/src/index.crates.io-6f17d22bba15001f/cmake-0.1.31/src/lib.rs:643:5:
[INFO] [stderr] 
[INFO] [stderr]   command did not execute successfully, got: exit status: 2
[INFO] [stderr] 
[INFO] [stderr]   build script failed, must exit now
[INFO] [stderr]   stack backtrace:
[INFO] [stderr]      0:     0x55b5a0c8a7a6 - std::backtrace_rs::backtrace::libunwind::trace::h261606ad26a499c1
[INFO] [stderr]                                  at /rustc/0e09125c6c3c2fd70d7de961bcf0e51575235fad/library/std/src/../../backtrace/src/backtrace/libunwind.rs:104:5
[INFO] [stderr]      1:     0x55b5a0c8a7a6 - std::backtrace_rs::backtrace::trace_unsynchronized::hd183f0625477fb28
[INFO] [stderr]                                  at /rustc/0e09125c6c3c2fd70d7de961bcf0e51575235fad/library/std/src/../../backtrace/src/backtrace/mod.rs:66:5
[INFO] [stderr]      2:     0x55b5a0c8a7a6 - std::sys_common::backtrace::_print_fmt::hd7f8fef21b4eda67
[INFO] [stderr]                                  at /rustc/0e09125c6c3c2fd70d7de961bcf0e51575235fad/library/std/src/sys_common/backtrace.rs:68:5
[INFO] [stderr]      3:     0x55b5a0c8a7a6 - <std::sys_common::backtrace::_print::DisplayBacktrace as core::fmt::Display>::fmt::h623d9b51f2f453f1
[INFO] [stderr]                                  at /rustc/0e09125c6c3c2fd70d7de961bcf0e51575235fad/library/std/src/sys_common/backtrace.rs:44:22
[INFO] [stderr]      4:     0x55b5a0cafbb0 - core::fmt::rt::Argument::fmt::h9f417ac76a86f368
[INFO] [stderr]                                  at /rustc/0e09125c6c3c2fd70d7de961bcf0e51575235fad/library/core/src/fmt/rt.rs:142:9
[INFO] [stderr]      5:     0x55b5a0cafbb0 - core::fmt::write::hc9b6faf4ac2aeff7
[INFO] [stderr]                                  at /rustc/0e09125c6c3c2fd70d7de961bcf0e51575235fad/library/core/src/fmt/mod.rs:1120:17
[INFO] [stderr]      6:     0x55b5a0c8813f - std::io::Write::write_fmt::hfead1eee52c2e65e
[INFO] [stderr]                                  at /rustc/0e09125c6c3c2fd70d7de961bcf0e51575235fad/library/std/src/io/mod.rs:1810:15
[INFO] [stderr]      7:     0x55b5a0c8a584 - std::sys_common::backtrace::_print::hd5d66399c7df88a2
[INFO] [stderr]                                  at /rustc/0e09125c6c3c2fd70d7de961bcf0e51575235fad/library/std/src/sys_common/backtrace.rs:47:5
[INFO] [stderr]      8:     0x55b5a0c8a584 - std::sys_common::backtrace::print::he81ed2da642d37e5
[INFO] [stderr]                                  at /rustc/0e09125c6c3c2fd70d7de961bcf0e51575235fad/library/std/src/sys_common/backtrace.rs:34:9
[INFO] [stderr]      9:     0x55b5a0c8bcf7 - std::panicking::default_hook::{{closure}}::h85773f4fa117163d
[INFO] [stderr]     10:     0x55b5a0c8ba59 - std::panicking::default_hook::h6a1694a91d09b278
[INFO] [stderr]                                  at /rustc/0e09125c6c3c2fd70d7de961bcf0e51575235fad/library/std/src/panicking.rs:292:9
[INFO] [stderr]     11:     0x55b5a0c8c188 - std::panicking::rust_panic_with_hook::h0a7ad96e90f7145b
[INFO] [stderr]                                  at /rustc/0e09125c6c3c2fd70d7de961bcf0e51575235fad/library/std/src/panicking.rs:779:13
[INFO] [stderr]     12:     0x55b5a0c8c062 - std::panicking::begin_panic_handler::{{closure}}::h7919090525c6485e
[INFO] [stderr]                                  at /rustc/0e09125c6c3c2fd70d7de961bcf0e51575235fad/library/std/src/panicking.rs:657:13
[INFO] [stderr]     13:     0x55b5a0c8aca6 - std::sys_common::backtrace::__rust_end_short_backtrace::hf3289479464f7dfe
[INFO] [stderr]                                  at /rustc/0e09125c6c3c2fd70d7de961bcf0e51575235fad/library/std/src/sys_common/backtrace.rs:171:18
[INFO] [stderr]     14:     0x55b5a0c8bdc0 - rust_begin_unwind
[INFO] [stderr]                                  at /rustc/0e09125c6c3c2fd70d7de961bcf0e51575235fad/library/std/src/panicking.rs:645:5
[INFO] [stderr]     15:     0x55b5a0c315e5 - core::panicking::panic_fmt::hcc9f77c5c132af55
[INFO] [stderr]                                  at /rustc/0e09125c6c3c2fd70d7de961bcf0e51575235fad/library/core/src/panicking.rs:72:14
[INFO] [stderr]     16:     0x55b5a0c3a981 - cmake::fail::hfe21ba2a5e56f620
[INFO] [stderr]     17:     0x55b5a0c3a087 - cmake::run::h8744f8f7d94fa5de
[INFO] [stderr]     18:     0x55b5a0c37f3e - cmake::Config::build::hf915912dc4d79b11
[INFO] [stderr]     19:     0x55b5a0c32731 - cmake::build::h67a4f33f10c509ce
[INFO] [stderr]     20:     0x55b5a0c32fd9 - build_script_build::main::h1b414ed65a72707f
[INFO] [stderr]     21:     0x55b5a0c320b3 - core::ops::function::FnOnce::call_once::haff83292553a3eb9
[INFO] [stderr]     22:     0x55b5a0c31de6 - std::sys_common::backtrace::__rust_begin_short_backtrace::he666206e591c7e17
[INFO] [stderr]     23:     0x55b5a0c31ee9 - std::rt::lang_start::{{closure}}::h7e53f46dc898673e
[INFO] [stderr]     24:     0x55b5a0c843c1 - core::ops::function::impls::<impl core::ops::function::FnOnce<A> for &F>::call_once::h4eb4c5e1620f29b0
[INFO] [stderr]                                  at /rustc/0e09125c6c3c2fd70d7de961bcf0e51575235fad/library/core/src/ops/function.rs:284:13
[INFO] [stderr]     25:     0x55b5a0c843c1 - std::panicking::try::do_call::h73fd26535faffcdf
[INFO] [stderr]                                  at /rustc/0e09125c6c3c2fd70d7de961bcf0e51575235fad/library/std/src/panicking.rs:552:40
[INFO] [stderr]     26:     0x55b5a0c843c1 - std::panicking::try::h77ff1d98f0fb9f39
[INFO] [stderr]                                  at /rustc/0e09125c6c3c2fd70d7de961bcf0e51575235fad/library/std/src/panicking.rs:516:19
[INFO] [stderr]     27:     0x55b5a0c843c1 - std::panic::catch_unwind::hab3caf2448b95e37
[INFO] [stderr]                                  at /rustc/0e09125c6c3c2fd70d7de961bcf0e51575235fad/library/std/src/panic.rs:142:14
[INFO] [stderr]     28:     0x55b5a0c843c1 - std::rt::lang_start_internal::{{closure}}::h8086711f9c783f78
[INFO] [stderr]                                  at /rustc/0e09125c6c3c2fd70d7de961bcf0e51575235fad/library/std/src/rt.rs:148:48
[INFO] [stderr]     29:     0x55b5a0c843c1 - std::panicking::try::do_call::hf920d4dc291cd6ca
[INFO] [stderr]                                  at /rustc/0e09125c6c3c2fd70d7de961bcf0e51575235fad/library/std/src/panicking.rs:552:40
[INFO] [stderr]     30:     0x55b5a0c843c1 - std::panicking::try::h2b806ccc0a85db74
[INFO] [stderr]                                  at /rustc/0e09125c6c3c2fd70d7de961bcf0e51575235fad/library/std/src/panicking.rs:516:19
[INFO] [stderr]     31:     0x55b5a0c843c1 - std::panic::catch_unwind::h038489539c507df2
[INFO] [stderr]                                  at /rustc/0e09125c6c3c2fd70d7de961bcf0e51575235fad/library/std/src/panic.rs:142:14
[INFO] [stderr]     32:     0x55b5a0c843c1 - std::rt::lang_start_internal::h28503b88912e8a5c
[INFO] [stderr]                                  at /rustc/0e09125c6c3c2fd70d7de961bcf0e51575235fad/library/std/src/rt.rs:148:20
[INFO] [stderr]     33:     0x55b5a0c31ec7 - std::rt::lang_start::h30acd5ac6b7e3be1
[INFO] [stderr]     34:     0x55b5a0c33225 - main
[INFO] [stderr]     35:     0x7f96187d4d90 - <unknown>
[INFO] [stderr]     36:     0x7f96187d4e40 - __libc_start_main
[INFO] [stderr]     37:     0x55b5a0c31d15 - _start
[INFO] [stderr]     38:                0x0 - <unknown>
[INFO] [stderr] warning: build failed, waiting for other jobs to finish...
[INFO] running `Command { std: "docker" "inspect" "cfd996c15239753bb656ac446fcf2d7a71ac171c76bfa00a7a29e77fe8ac34e6", kill_on_drop: false }`
[INFO] running `Command { std: "docker" "rm" "-f" "cfd996c15239753bb656ac446fcf2d7a71ac171c76bfa00a7a29e77fe8ac34e6", kill_on_drop: false }`
[INFO] [stdout] cfd996c15239753bb656ac446fcf2d7a71ac171c76bfa00a7a29e77fe8ac34e6
