[INFO] cloning repository https://github.com/Si1veR123/shellshock-tracer
[INFO] running `Command { std: "git" "-c" "credential.helper=" "-c" "credential.helper=/workspace/cargo-home/bin/git-credential-null" "clone" "--bare" "https://github.com/Si1veR123/shellshock-tracer" "/workspace/cache/git-repos/https%3A%2F%2Fgithub.com%2FSi1veR123%2Fshellshock-tracer", kill_on_drop: false }`
[INFO] [stderr] Cloning into bare repository '/workspace/cache/git-repos/https%3A%2F%2Fgithub.com%2FSi1veR123%2Fshellshock-tracer'...
[INFO] running `Command { std: "git" "rev-parse" "HEAD", kill_on_drop: false }`
[INFO] [stdout] dabc71b5932ec45e34f702ad3605aff05c4ecae0
[INFO] documenting Si1veR123/shellshock-tracer against 1.75.0 for beta-1.76-rustdoc-1
[INFO] running `Command { std: "git" "clone" "/workspace/cache/git-repos/https%3A%2F%2Fgithub.com%2FSi1veR123%2Fshellshock-tracer" "/workspace/builds/worker-6-tc1/source", kill_on_drop: false }`
[INFO] [stderr] Cloning into '/workspace/builds/worker-6-tc1/source'...
[INFO] [stderr] done.
[INFO] validating manifest of git repo https://github.com/Si1veR123/shellshock-tracer on toolchain 1.75.0
[INFO] running `Command { std: CARGO_HOME="/workspace/cargo-home" RUSTUP_HOME="/workspace/rustup-home" "/workspace/cargo-home/bin/cargo" "+1.75.0" "metadata" "--manifest-path" "Cargo.toml" "--no-deps", kill_on_drop: false }`
[INFO] started tweaking git repo https://github.com/Si1veR123/shellshock-tracer
[INFO] finished tweaking git repo https://github.com/Si1veR123/shellshock-tracer
[INFO] tweaked toml for git repo https://github.com/Si1veR123/shellshock-tracer written to /workspace/builds/worker-6-tc1/source/Cargo.toml
[INFO] crate git repo https://github.com/Si1veR123/shellshock-tracer already has a lockfile, it will not be regenerated
[INFO] running `Command { std: CARGO_HOME="/workspace/cargo-home" RUSTUP_HOME="/workspace/rustup-home" "/workspace/cargo-home/bin/cargo" "+1.75.0" "fetch" "--manifest-path" "Cargo.toml", kill_on_drop: false }`
[INFO] running `Command { std: "docker" "create" "-v" "/var/lib/crater-agent-workspace/builds/worker-6-tc1/target:/opt/rustwide/target:rw,Z" "-v" "/var/lib/crater-agent-workspace/builds/worker-6-tc1/source:/opt/rustwide/workdir:ro,Z" "-v" "/var/lib/crater-agent-workspace/cargo-home:/opt/rustwide/cargo-home:ro,Z" "-v" "/var/lib/crater-agent-workspace/rustup-home:/opt/rustwide/rustup-home:ro,Z" "-e" "SOURCE_DIR=/opt/rustwide/workdir" "-e" "CARGO_TARGET_DIR=/opt/rustwide/target" "-e" "CARGO_HOME=/opt/rustwide/cargo-home" "-e" "RUSTUP_HOME=/opt/rustwide/rustup-home" "-w" "/opt/rustwide/workdir" "-m" "1610612736" "--user" "0:0" "--network" "none" "ghcr.io/rust-lang/crates-build-env/linux@sha256:2788e3201cd34a07e3172128adcd8b3090168a8e3bcc40d7c032b9dda1df7d1c" "/opt/rustwide/cargo-home/bin/cargo" "+1.75.0" "metadata" "--no-deps" "--format-version=1", kill_on_drop: false }`
[INFO] [stdout] 0444a9da0ad2e60655c596245d089b1b0fdd300a5ac2c66aa4193400449d27e3
[INFO] running `Command { std: "docker" "start" "-a" "0444a9da0ad2e60655c596245d089b1b0fdd300a5ac2c66aa4193400449d27e3", kill_on_drop: false }`
[INFO] running `Command { std: "docker" "inspect" "0444a9da0ad2e60655c596245d089b1b0fdd300a5ac2c66aa4193400449d27e3", kill_on_drop: false }`
[INFO] running `Command { std: "docker" "rm" "-f" "0444a9da0ad2e60655c596245d089b1b0fdd300a5ac2c66aa4193400449d27e3", kill_on_drop: false }`
[INFO] [stdout] 0444a9da0ad2e60655c596245d089b1b0fdd300a5ac2c66aa4193400449d27e3
[INFO] running `Command { std: "docker" "create" "-v" "/var/lib/crater-agent-workspace/builds/worker-6-tc1/target:/opt/rustwide/target:rw,Z" "-v" "/var/lib/crater-agent-workspace/builds/worker-6-tc1/source:/opt/rustwide/workdir:ro,Z" "-v" "/var/lib/crater-agent-workspace/cargo-home:/opt/rustwide/cargo-home:ro,Z" "-v" "/var/lib/crater-agent-workspace/rustup-home:/opt/rustwide/rustup-home:ro,Z" "-e" "SOURCE_DIR=/opt/rustwide/workdir" "-e" "CARGO_TARGET_DIR=/opt/rustwide/target" "-e" "CARGO_INCREMENTAL=0" "-e" "RUST_BACKTRACE=full" "-e" "RUSTFLAGS=--cap-lints=warn" "-e" "RUSTDOCFLAGS=--cap-lints=warn" "-e" "CARGO_HOME=/opt/rustwide/cargo-home" "-e" "RUSTUP_HOME=/opt/rustwide/rustup-home" "-w" "/opt/rustwide/workdir" "-m" "1610612736" "--user" "0:0" "--network" "none" "ghcr.io/rust-lang/crates-build-env/linux@sha256:2788e3201cd34a07e3172128adcd8b3090168a8e3bcc40d7c032b9dda1df7d1c" "/opt/rustwide/cargo-home/bin/cargo" "+1.75.0" "doc" "--frozen" "--no-deps" "--document-private-items" "--message-format=json", kill_on_drop: false }`
[INFO] [stdout] ce5b640a58f918ce78b9bc1d9b2c75dde027d9eaf85275109d7403da2b7b0fc5
[INFO] running `Command { std: "docker" "start" "-a" "ce5b640a58f918ce78b9bc1d9b2c75dde027d9eaf85275109d7403da2b7b0fc5", kill_on_drop: false }`
[INFO] [stderr] warning: output filename collision.
[INFO] [stderr] The bin target `shellshock-tracer` in package `shellshock-tracer v0.1.0 (/opt/rustwide/workdir)` has the same output filename as the lib target `shellshock_tracer` in package `shellshock-tracer v0.1.0 (/opt/rustwide/workdir)`.
[INFO] [stderr] Colliding filename is: /opt/rustwide/target/doc/shellshock_tracer/index.html
[INFO] [stderr] The output filenames should be unique.
[INFO] [stderr] This is a known bug where multiple crates with the same name use
[INFO] [stderr] the same path; see <https://github.com/rust-lang/cargo/issues/6313>.
[INFO] [stderr] If this looks unexpected, it may be a bug in Cargo. Please file a bug report at
[INFO] [stderr] https://github.com/rust-lang/cargo/issues/ with as much information as you
[INFO] [stderr] can provide.
[INFO] [stderr] cargo 1.75.0 (1d8b05cdd 2023-11-20) running on `x86_64-unknown-linux-gnu` target `x86_64-unknown-linux-gnu`
[INFO] [stderr] First unit: Unit { pkg: Package { id: PackageId { name: "shellshock-tracer", version: "0.1.0", source: "/opt/rustwide/workdir" }, ..: ".." }, target: TargetInner { name: "shellshock-tracer", doc: true, ..: with_path("/opt/rustwide/workdir/src/main.rs", Edition2021) }, profile: Profile { incremental: false, ..: default_dev() }, kind: Host, mode: Doc { deps: false }, features: [], artifact: false, artifact_target_for_features: None, is_std: false, dep_hash: 15906231301741236544 }
[INFO] [stderr] Second unit: Unit { pkg: Package { id: PackageId { name: "shellshock-tracer", version: "0.1.0", source: "/opt/rustwide/workdir" }, ..: ".." }, target: TargetInner { ..: lib_target("shellshock_tracer", ["lib"], "/opt/rustwide/workdir/src/lib.rs", Edition2021) }, profile: Profile { incremental: false, ..: default_dev() }, kind: Host, mode: Doc { deps: false }, features: [], artifact: false, artifact_target_for_features: None, is_std: false, dep_hash: 4407954097999438167 }
[INFO] [stderr]    Compiling proc-macro2 v1.0.66
[INFO] [stderr]    Compiling unicode-ident v1.0.11
[INFO] [stderr]    Compiling thiserror v1.0.44
[INFO] [stderr]    Compiling winapi v0.3.9
[INFO] [stderr]    Compiling quote v1.0.32
[INFO] [stderr]    Compiling syn v2.0.28
[INFO] [stderr]    Compiling thiserror-impl v1.0.44
[INFO] [stderr]     Checking shellshock-tracer v0.1.0 (/opt/rustwide/workdir)
[INFO] [stderr]  Documenting shellshock-tracer v0.1.0 (/opt/rustwide/workdir)
[INFO] [stdout] error[E0433]: failed to resolve: could not find `shared` in `winapi`
[INFO] [stdout]  --> src/event_loop.rs:8:13
[INFO] [stdout]   |
[INFO] [stdout] 8 | use winapi::shared::windef::{HWND, HBITMAP, HPEN};
[INFO] [stdout]   |             ^^^^^^ could not find `shared` in `winapi`
[INFO] [stdout] 
[INFO] [stdout] 
[INFO] [stdout] error[E0433]: failed to resolve: could not find `shared` in `winapi`
[INFO] [stdout]  --> src/event_loop.rs:8:13
[INFO] [stdout]   |
[INFO] [stdout] 8 | use winapi::shared::windef::{HWND, HBITMAP, HPEN};
[INFO] [stdout]   |             ^^^^^^ could not find `shared` in `winapi`
[INFO] [stdout] 
[INFO] [stdout] 
[INFO] [stdout] error[E0433]: failed to resolve: could not find `windows` in `os`
[INFO] [stdout]  --> src/window_winapi.rs:3:14
[INFO] [stdout]   |
[INFO] [stdout] 3 | use std::os::windows::ffi::OsStrExt;
[INFO] [stdout]   |              ^^^^^^^ could not find `windows` in `os`
[INFO] [stdout] 
[INFO] [stdout] 
[INFO] [stdout] error[E0433]: failed to resolve: could not find `shared` in `winapi`
[INFO] [stdout]   --> src/window_winapi.rs:10:13
[INFO] [stdout]    |
[INFO] [stdout] 10 | use winapi::shared::minwindef::{LPARAM, LRESULT, UINT, WPARAM};
[INFO] [stdout]    |             ^^^^^^ could not find `shared` in `winapi`
[INFO] [stdout] 
[INFO] [stdout] 
[INFO] [stdout] error[E0433]: failed to resolve: could not find `shared` in `winapi`
[INFO] [stdout]   --> src/window_winapi.rs:11:13
[INFO] [stdout]    |
[INFO] [stdout] 11 | use winapi::shared::windef::{HWND, HBITMAP, RECT, POINT, SIZE, HDC, HPEN, HBRUSH};
[INFO] [stdout]    |             ^^^^^^ could not find `shared` in `winapi`
[INFO] [stdout] 
[INFO] [stdout] 
[INFO] [stdout] error[E0433]: failed to resolve: could not find `windows` in `os`
[INFO] [stdout]  --> src/window_winapi.rs:3:14
[INFO] [stdout]   |
[INFO] [stdout] 3 | use std::os::windows::ffi::OsStrExt;
[INFO] [stdout]   |              ^^^^^^^ could not find `windows` in `os`
[INFO] [stdout] 
[INFO] [stdout] 
[INFO] [stdout] error[E0433]: failed to resolve: could not find `um` in `winapi`
[INFO] [stdout]   --> src/window_winapi.rs:12:13
[INFO] [stdout]    |
[INFO] [stdout] 12 | use winapi::um::errhandlingapi::GetLastError;
[INFO] [stdout]    |             ^^ could not find `um` in `winapi`
[INFO] [stdout] 
[INFO] [stdout] 
[INFO] [stdout] error[E0433]: failed to resolve: could not find `um` in `winapi`
[INFO] [stdout]   --> src/window_winapi.rs:13:13
[INFO] [stdout]    |
[INFO] [stdout] 13 | use winapi::um::libloaderapi::GetModuleHandleW;
[INFO] [stdout]    |             ^^ could not find `um` in `winapi`
[INFO] [stdout] 
[INFO] [stdout] 
[INFO] [stdout] error[E0433]: failed to resolve: could not find `um` in `winapi`
[INFO] [stdout]   --> src/window_winapi.rs:14:13
[INFO] [stdout]    |
[INFO] [stdout] 14 | use winapi::um::wingdi::{
[INFO] [stdout]    |             ^^ could not find `um` in `winapi`
[INFO] [stdout] 
[INFO] [stdout] 
[INFO] [stdout] error[E0433]: failed to resolve: could not find `shared` in `winapi`
[INFO] [stdout]   --> src/window_winapi.rs:10:13
[INFO] [stdout]    |
[INFO] [stdout] 10 | use winapi::shared::minwindef::{LPARAM, LRESULT, UINT, WPARAM};
[INFO] [stdout]    |             ^^^^^^ could not find `shared` in `winapi`
[INFO] [stdout] 
[INFO] [stdout] 
[INFO] [stdout] error[E0433]: failed to resolve: could not find `um` in `winapi`
[INFO] [stdout]   --> src/window_winapi.rs:18:13
[INFO] [stdout]    |
[INFO] [stdout] 18 | use winapi::um::winuser::{
[INFO] [stdout]    |             ^^ could not find `um` in `winapi`
[INFO] [stdout] 
[INFO] [stdout] 
[INFO] [stdout] error[E0433]: failed to resolve: could not find `shared` in `winapi`
[INFO] [stdout]   --> src/window_winapi.rs:11:13
[INFO] [stdout]    |
[INFO] [stdout] 11 | use winapi::shared::windef::{HWND, HBITMAP, RECT, POINT, SIZE, HDC, HPEN, HBRUSH};
[INFO] [stdout]    |             ^^^^^^ could not find `shared` in `winapi`
[INFO] [stdout] 
[INFO] [stdout] 
[INFO] [stdout] error[E0433]: failed to resolve: could not find `um` in `winapi`
[INFO] [stdout]    --> src/window_winapi.rs:68:21
[INFO] [stdout]     |
[INFO] [stdout] 68  |           use winapi::um::winuser::{
[INFO] [stdout]     |                       ^^ could not find `um` in `winapi`
[INFO] [stdout]     |
[INFO] [stdout]    ::: src/event_loop.rs:91:5
[INFO] [stdout]     |
[INFO] [stdout] 91  | /     WindowsMessageLoop!(own_hwnd, LOOP_DURATION, {
[INFO] [stdout] 92  | |         if let Ok(new_tank) = tank_receiver.try_recv() {
[INFO] [stdout] 93  | |             tank = new_tank
[INFO] [stdout] 94  | |         }
[INFO] [stdout] ...   |
[INFO] [stdout] 107 | |         clear_bitmap(cfg.window_handle, cfg.windows_objects.bitmap, cfg.dimensions)?;
[INFO] [stdout] 108 | |     });
[INFO] [stdout]     | |______- in this macro invocation
[INFO] [stdout]     |
[INFO] [stdout]     = note: this error originates in the macro `WindowsMessageLoop` (in Nightly builds, run with -Z macro-backtrace for more info)
[INFO] [stdout] 
[INFO] [stdout] 
[INFO] [stdout] error[E0433]: failed to resolve: could not find `um` in `winapi`
[INFO] [stdout]   --> src/window_winapi.rs:12:13
[INFO] [stdout]    |
[INFO] [stdout] 12 | use winapi::um::errhandlingapi::GetLastError;
[INFO] [stdout]    |             ^^ could not find `um` in `winapi`
[INFO] [stdout] 
[INFO] [stdout] 
[INFO] [stdout] error[E0433]: failed to resolve: could not find `um` in `winapi`
[INFO] [stdout]   --> src/window_winapi.rs:13:13
[INFO] [stdout]    |
[INFO] [stdout] 13 | use winapi::um::libloaderapi::GetModuleHandleW;
[INFO] [stdout]    |             ^^ could not find `um` in `winapi`
[INFO] [stdout] 
[INFO] [stdout] 
[INFO] [stdout] error[E0433]: failed to resolve: could not find `um` in `winapi`
[INFO] [stdout]   --> src/window_winapi.rs:14:13
[INFO] [stdout]    |
[INFO] [stdout] 14 | use winapi::um::wingdi::{
[INFO] [stdout]    |             ^^ could not find `um` in `winapi`
[INFO] [stdout] 
[INFO] [stdout] 
[INFO] [stdout] error[E0433]: failed to resolve: could not find `shared` in `winapi`
[INFO] [stdout]    --> src/window_winapi.rs:71:21
[INFO] [stdout]     |
[INFO] [stdout] 71  |           use winapi::shared::windef::POINT;
[INFO] [stdout]     |                       ^^^^^^ could not find `shared` in `winapi`
[INFO] [stdout]     |
[INFO] [stdout]    ::: src/event_loop.rs:91:5
[INFO] [stdout]     |
[INFO] [stdout] 91  | /     WindowsMessageLoop!(own_hwnd, LOOP_DURATION, {
[INFO] [stdout] 92  | |         if let Ok(new_tank) = tank_receiver.try_recv() {
[INFO] [stdout] 93  | |             tank = new_tank
[INFO] [stdout] 94  | |         }
[INFO] [stdout] ...   |
[INFO] [stdout] 107 | |         clear_bitmap(cfg.window_handle, cfg.windows_objects.bitmap, cfg.dimensions)?;
[INFO] [stdout] 108 | |     });
[INFO] [stdout]     | |______- in this macro invocation
[INFO] [stdout]     |
[INFO] [stdout]     = note: this error originates in the macro `WindowsMessageLoop` (in Nightly builds, run with -Z macro-backtrace for more info)
[INFO] [stdout] 
[INFO] [stdout] 
[INFO] [stdout] error[E0433]: failed to resolve: could not find `um` in `winapi`
[INFO] [stdout]   --> src/window_winapi.rs:18:13
[INFO] [stdout]    |
[INFO] [stdout] 18 | use winapi::um::winuser::{
[INFO] [stdout]    |             ^^ could not find `um` in `winapi`
[INFO] [stdout] 
[INFO] [stdout] 
[INFO] [stdout] error[E0432]: unresolved import `winapi::ctypes`
[INFO] [stdout]  --> src/window_winapi.rs:9:13
[INFO] [stdout]   |
[INFO] [stdout] 9 | use winapi::ctypes::c_void;
[INFO] [stdout]   |             ^^^^^^ could not find `ctypes` in `winapi`
[INFO] [stdout] 
[INFO] [stdout] 
[INFO] [stdout] error[E0433]: failed to resolve: could not find `um` in `winapi`
[INFO] [stdout]    --> src/window_winapi.rs:68:21
[INFO] [stdout]     |
[INFO] [stdout] 68  |           use winapi::um::winuser::{
[INFO] [stdout]     |                       ^^ could not find `um` in `winapi`
[INFO] [stdout]     |
[INFO] [stdout]    ::: src/event_loop.rs:91:5
[INFO] [stdout]     |
[INFO] [stdout] 91  | /     WindowsMessageLoop!(own_hwnd, LOOP_DURATION, {
[INFO] [stdout] 92  | |         if let Ok(new_tank) = tank_receiver.try_recv() {
[INFO] [stdout] 93  | |             tank = new_tank
[INFO] [stdout] 94  | |         }
[INFO] [stdout] ...   |
[INFO] [stdout] 107 | |         clear_bitmap(cfg.window_handle, cfg.windows_objects.bitmap, cfg.dimensions)?;
[INFO] [stdout] 108 | |     });
[INFO] [stdout]     | |______- in this macro invocation
[INFO] [stdout]     |
[INFO] [stdout]     = note: this error originates in the macro `WindowsMessageLoop` (in Nightly builds, run with -Z macro-backtrace for more info)
[INFO] [stdout] 
[INFO] [stdout] 
[INFO] [stdout] error[E0433]: failed to resolve: could not find `shared` in `winapi`
[INFO] [stdout]    --> src/window_winapi.rs:71:21
[INFO] [stdout]     |
[INFO] [stdout] 71  |           use winapi::shared::windef::POINT;
[INFO] [stdout]     |                       ^^^^^^ could not find `shared` in `winapi`
[INFO] [stdout]     |
[INFO] [stdout]    ::: src/event_loop.rs:91:5
[INFO] [stdout]     |
[INFO] [stdout] 91  | /     WindowsMessageLoop!(own_hwnd, LOOP_DURATION, {
[INFO] [stdout] 92  | |         if let Ok(new_tank) = tank_receiver.try_recv() {
[INFO] [stdout] 93  | |             tank = new_tank
[INFO] [stdout] 94  | |         }
[INFO] [stdout] ...   |
[INFO] [stdout] 107 | |         clear_bitmap(cfg.window_handle, cfg.windows_objects.bitmap, cfg.dimensions)?;
[INFO] [stdout] 108 | |     });
[INFO] [stdout]     | |______- in this macro invocation
[INFO] [stdout]     |
[INFO] [stdout]     = note: this error originates in the macro `WindowsMessageLoop` (in Nightly builds, run with -Z macro-backtrace for more info)
[INFO] [stdout] 
[INFO] [stdout] 
[INFO] [stdout] error[E0432]: unresolved import `winapi::ctypes`
[INFO] [stdout]  --> src/window_winapi.rs:9:13
[INFO] [stdout]   |
[INFO] [stdout] 9 | use winapi::ctypes::c_void;
[INFO] [stdout]   |             ^^^^^^ could not find `ctypes` in `winapi`
[INFO] [stdout] 
[INFO] [stdout] 
[INFO] [stdout] error: aborting due to 11 previous errors
[INFO] [stdout] 
[INFO] [stdout] 
[INFO] [stdout] Some errors have detailed explanations: E0432, E0433.
[INFO] [stdout] 
[INFO] [stdout] For more information about an error, try `rustc --explain E0432`.
[INFO] [stdout] 
[INFO] [stderr] error: could not document `shellshock-tracer`
[INFO] [stderr] 
[INFO] [stderr] Caused by:
[INFO] [stderr]   process didn't exit successfully: `/opt/rustwide/rustup-home/toolchains/1.75.0-x86_64-unknown-linux-gnu/bin/rustdoc --edition=2021 --crate-type lib --crate-name shellshock_tracer src/lib.rs -o /opt/rustwide/target/doc --error-format=json --json=diagnostic-rendered-ansi,artifacts,future-incompat --document-private-items -C metadata=e8814f7d2c2a28f9 -L dependency=/opt/rustwide/target/debug/deps --extern thiserror=/opt/rustwide/target/debug/deps/libthiserror-b1a5bb9214ab7110.rmeta --extern winapi=/opt/rustwide/target/debug/deps/libwinapi-c5da05712c6e3c47.rmeta --cap-lints=warn --crate-version 0.1.0` (exit status: 1)
[INFO] [stderr] warning: build failed, waiting for other jobs to finish...
[INFO] [stdout] error[E0599]: no method named `encode_wide` found for reference `&OsStr` in the current scope
[INFO] [stdout]    --> src/window_winapi.rs:101:10
[INFO] [stdout]     |
[INFO] [stdout] 100 | /     OsStr::new(s)
[INFO] [stdout] 101 | |         .encode_wide()
[INFO] [stdout]     | |         -^^^^^^^^^^^ method not found in `&OsStr`
[INFO] [stdout]     | |_________|
[INFO] [stdout]     | 
[INFO] [stdout] 
[INFO] [stdout] 
[INFO] [stdout] error: aborting due to 12 previous errors
[INFO] [stdout] 
[INFO] [stdout] 
[INFO] [stdout] Some errors have detailed explanations: E0432, E0433, E0599.
[INFO] [stdout] 
[INFO] [stdout] For more information about an error, try `rustc --explain E0432`.
[INFO] [stdout] 
[INFO] [stderr] error: could not compile `shellshock-tracer` (lib) due to 13 previous errors
[INFO] running `Command { std: "docker" "inspect" "ce5b640a58f918ce78b9bc1d9b2c75dde027d9eaf85275109d7403da2b7b0fc5", kill_on_drop: false }`
[INFO] running `Command { std: "docker" "rm" "-f" "ce5b640a58f918ce78b9bc1d9b2c75dde027d9eaf85275109d7403da2b7b0fc5", kill_on_drop: false }`
[INFO] [stdout] ce5b640a58f918ce78b9bc1d9b2c75dde027d9eaf85275109d7403da2b7b0fc5
