[INFO] cloning repository https://github.com/Si1veR123/rs-simd-matrix
[INFO] running `Command { std: "git" "-c" "credential.helper=" "-c" "credential.helper=/workspace/cargo-home/bin/git-credential-null" "clone" "--bare" "https://github.com/Si1veR123/rs-simd-matrix" "/workspace/cache/git-repos/https%3A%2F%2Fgithub.com%2FSi1veR123%2Frs-simd-matrix", kill_on_drop: false }`
[INFO] [stderr] Cloning into bare repository '/workspace/cache/git-repos/https%3A%2F%2Fgithub.com%2FSi1veR123%2Frs-simd-matrix'...
[INFO] running `Command { std: "git" "rev-parse" "HEAD", kill_on_drop: false }`
[INFO] [stdout] 2b442a49351c7aba43db6ffacdd803d9665cca89
[INFO] documenting Si1veR123/rs-simd-matrix against 1.75.0 for beta-1.76-rustdoc-1
[INFO] running `Command { std: "git" "clone" "/workspace/cache/git-repos/https%3A%2F%2Fgithub.com%2FSi1veR123%2Frs-simd-matrix" "/workspace/builds/worker-3-tc1/source", kill_on_drop: false }`
[INFO] [stderr] Cloning into '/workspace/builds/worker-3-tc1/source'...
[INFO] [stderr] done.
[INFO] validating manifest of git repo https://github.com/Si1veR123/rs-simd-matrix on toolchain 1.75.0
[INFO] running `Command { std: CARGO_HOME="/workspace/cargo-home" RUSTUP_HOME="/workspace/rustup-home" "/workspace/cargo-home/bin/cargo" "+1.75.0" "metadata" "--manifest-path" "Cargo.toml" "--no-deps", kill_on_drop: false }`
[INFO] removed /workspace/builds/worker-3-tc1/source/rust-toolchain.toml
[INFO] started tweaking git repo https://github.com/Si1veR123/rs-simd-matrix
[INFO] finished tweaking git repo https://github.com/Si1veR123/rs-simd-matrix
[INFO] tweaked toml for git repo https://github.com/Si1veR123/rs-simd-matrix written to /workspace/builds/worker-3-tc1/source/Cargo.toml
[INFO] crate git repo https://github.com/Si1veR123/rs-simd-matrix already has a lockfile, it will not be regenerated
[INFO] running `Command { std: CARGO_HOME="/workspace/cargo-home" RUSTUP_HOME="/workspace/rustup-home" "/workspace/cargo-home/bin/cargo" "+1.75.0" "fetch" "--manifest-path" "Cargo.toml", kill_on_drop: false }`
[INFO] running `Command { std: "docker" "create" "-v" "/var/lib/crater-agent-workspace/builds/worker-3-tc1/target:/opt/rustwide/target:rw,Z" "-v" "/var/lib/crater-agent-workspace/builds/worker-3-tc1/source:/opt/rustwide/workdir:ro,Z" "-v" "/var/lib/crater-agent-workspace/cargo-home:/opt/rustwide/cargo-home:ro,Z" "-v" "/var/lib/crater-agent-workspace/rustup-home:/opt/rustwide/rustup-home:ro,Z" "-e" "SOURCE_DIR=/opt/rustwide/workdir" "-e" "CARGO_TARGET_DIR=/opt/rustwide/target" "-e" "CARGO_HOME=/opt/rustwide/cargo-home" "-e" "RUSTUP_HOME=/opt/rustwide/rustup-home" "-w" "/opt/rustwide/workdir" "-m" "1610612736" "--user" "0:0" "--network" "none" "ghcr.io/rust-lang/crates-build-env/linux@sha256:2788e3201cd34a07e3172128adcd8b3090168a8e3bcc40d7c032b9dda1df7d1c" "/opt/rustwide/cargo-home/bin/cargo" "+1.75.0" "metadata" "--no-deps" "--format-version=1", kill_on_drop: false }`
[INFO] [stdout] f8baf15b9f72d80bce747594b70fc745fd4ed28f562e76158a1adf3c315c3833
[INFO] running `Command { std: "docker" "start" "-a" "f8baf15b9f72d80bce747594b70fc745fd4ed28f562e76158a1adf3c315c3833", kill_on_drop: false }`
[INFO] running `Command { std: "docker" "inspect" "f8baf15b9f72d80bce747594b70fc745fd4ed28f562e76158a1adf3c315c3833", kill_on_drop: false }`
[INFO] running `Command { std: "docker" "rm" "-f" "f8baf15b9f72d80bce747594b70fc745fd4ed28f562e76158a1adf3c315c3833", kill_on_drop: false }`
[INFO] [stdout] f8baf15b9f72d80bce747594b70fc745fd4ed28f562e76158a1adf3c315c3833
[INFO] running `Command { std: "docker" "create" "-v" "/var/lib/crater-agent-workspace/builds/worker-3-tc1/target:/opt/rustwide/target:rw,Z" "-v" "/var/lib/crater-agent-workspace/builds/worker-3-tc1/source:/opt/rustwide/workdir:ro,Z" "-v" "/var/lib/crater-agent-workspace/cargo-home:/opt/rustwide/cargo-home:ro,Z" "-v" "/var/lib/crater-agent-workspace/rustup-home:/opt/rustwide/rustup-home:ro,Z" "-e" "SOURCE_DIR=/opt/rustwide/workdir" "-e" "CARGO_TARGET_DIR=/opt/rustwide/target" "-e" "CARGO_INCREMENTAL=0" "-e" "RUST_BACKTRACE=full" "-e" "RUSTFLAGS=--cap-lints=warn" "-e" "RUSTDOCFLAGS=--cap-lints=warn" "-e" "CARGO_HOME=/opt/rustwide/cargo-home" "-e" "RUSTUP_HOME=/opt/rustwide/rustup-home" "-w" "/opt/rustwide/workdir" "-m" "1610612736" "--user" "0:0" "--network" "none" "ghcr.io/rust-lang/crates-build-env/linux@sha256:2788e3201cd34a07e3172128adcd8b3090168a8e3bcc40d7c032b9dda1df7d1c" "/opt/rustwide/cargo-home/bin/cargo" "+1.75.0" "doc" "--frozen" "--no-deps" "--document-private-items" "--message-format=json", kill_on_drop: false }`
[INFO] [stdout] 51da478ca9b82d496df1ca12c32c7eb98c03c58b9698e92c367da805f5b2ce12
[INFO] running `Command { std: "docker" "start" "-a" "51da478ca9b82d496df1ca12c32c7eb98c03c58b9698e92c367da805f5b2ce12", kill_on_drop: false }`
[INFO] [stderr]  Documenting rs-matrix-multiplication v0.1.0 (/opt/rustwide/workdir)
[INFO] [stderr]     Checking rs-matrix-multiplication v0.1.0 (/opt/rustwide/workdir)
[INFO] [stdout] error[E0554]: `#![feature]` may not be used on the stable release channel
[INFO] [stdout]  --> src/lib.rs:1:12
[INFO] [stdout]   |
[INFO] [stdout] 1 | #![feature(portable_simd)]
[INFO] [stdout]   |            ^^^^^^^^^^^^^
[INFO] [stdout] 
[INFO] [stdout] 
[INFO] [stdout] error[E0554]: `#![feature]` may not be used on the stable release channel
[INFO] [stdout]  --> src/lib.rs:1:12
[INFO] [stdout]   |
[INFO] [stdout] 1 | #![feature(portable_simd)]
[INFO] [stdout]   |            ^^^^^^^^^^^^^
[INFO] [stdout] 
[INFO] [stdout] 
[INFO] [stdout] error: aborting due to previous error
[INFO] [stdout] 
[INFO] [stdout] 
[INFO] [stdout] For more information about this error, try `rustc --explain E0554`.
[INFO] [stdout] 
[INFO] [stdout] error: aborting due to previous error
[INFO] [stdout] 
[INFO] [stdout] 
[INFO] [stdout] For more information about this error, try `rustc --explain E0554`.
[INFO] [stdout] 
[INFO] [stderr] error: could not compile `rs-matrix-multiplication` (lib) due to 2 previous errors
[INFO] [stderr] warning: build failed, waiting for other jobs to finish...
[INFO] [stderr] error: could not document `rs-matrix-multiplication`
[INFO] [stderr] 
[INFO] [stderr] Caused by:
[INFO] [stderr]   process didn't exit successfully: `/opt/rustwide/rustup-home/toolchains/1.75.0-x86_64-unknown-linux-gnu/bin/rustdoc --edition=2021 --crate-type lib --crate-name mat_mult src/lib.rs -o /opt/rustwide/target/doc --error-format=json --json=diagnostic-rendered-ansi,artifacts,future-incompat --document-private-items -C metadata=f279247b01d68096 -L dependency=/opt/rustwide/target/debug/deps --cap-lints=warn --crate-version 0.1.0` (exit status: 1)
[INFO] running `Command { std: "docker" "inspect" "51da478ca9b82d496df1ca12c32c7eb98c03c58b9698e92c367da805f5b2ce12", kill_on_drop: false }`
[INFO] running `Command { std: "docker" "rm" "-f" "51da478ca9b82d496df1ca12c32c7eb98c03c58b9698e92c367da805f5b2ce12", kill_on_drop: false }`
[INFO] [stdout] 51da478ca9b82d496df1ca12c32c7eb98c03c58b9698e92c367da805f5b2ce12
[INFO] documenting Si1veR123/rs-simd-matrix against beta-2023-12-22 for beta-1.76-rustdoc-1
[INFO] running `Command { std: "git" "clone" "/workspace/cache/git-repos/https%3A%2F%2Fgithub.com%2FSi1veR123%2Frs-simd-matrix" "/workspace/builds/worker-3-tc2/source", kill_on_drop: false }`
[INFO] [stderr] Cloning into '/workspace/builds/worker-3-tc2/source'...
[INFO] [stderr] done.
[INFO] validating manifest of git repo https://github.com/Si1veR123/rs-simd-matrix on toolchain beta-2023-12-22
[INFO] running `Command { std: CARGO_HOME="/workspace/cargo-home" RUSTUP_HOME="/workspace/rustup-home" "/workspace/cargo-home/bin/cargo" "+beta-2023-12-22" "metadata" "--manifest-path" "Cargo.toml" "--no-deps", kill_on_drop: false }`
[INFO] removed /workspace/builds/worker-3-tc2/source/rust-toolchain.toml
[INFO] started tweaking git repo https://github.com/Si1veR123/rs-simd-matrix
[INFO] finished tweaking git repo https://github.com/Si1veR123/rs-simd-matrix
[INFO] tweaked toml for git repo https://github.com/Si1veR123/rs-simd-matrix written to /workspace/builds/worker-3-tc2/source/Cargo.toml
[INFO] crate git repo https://github.com/Si1veR123/rs-simd-matrix already has a lockfile, it will not be regenerated
[INFO] running `Command { std: CARGO_HOME="/workspace/cargo-home" RUSTUP_HOME="/workspace/rustup-home" "/workspace/cargo-home/bin/cargo" "+beta-2023-12-22" "fetch" "--manifest-path" "Cargo.toml", kill_on_drop: false }`
[INFO] running `Command { std: "docker" "create" "-v" "/var/lib/crater-agent-workspace/builds/worker-3-tc2/target:/opt/rustwide/target:rw,Z" "-v" "/var/lib/crater-agent-workspace/builds/worker-3-tc2/source:/opt/rustwide/workdir:ro,Z" "-v" "/var/lib/crater-agent-workspace/cargo-home:/opt/rustwide/cargo-home:ro,Z" "-v" "/var/lib/crater-agent-workspace/rustup-home:/opt/rustwide/rustup-home:ro,Z" "-e" "SOURCE_DIR=/opt/rustwide/workdir" "-e" "CARGO_TARGET_DIR=/opt/rustwide/target" "-e" "CARGO_HOME=/opt/rustwide/cargo-home" "-e" "RUSTUP_HOME=/opt/rustwide/rustup-home" "-w" "/opt/rustwide/workdir" "-m" "1610612736" "--user" "0:0" "--network" "none" "ghcr.io/rust-lang/crates-build-env/linux@sha256:2788e3201cd34a07e3172128adcd8b3090168a8e3bcc40d7c032b9dda1df7d1c" "/opt/rustwide/cargo-home/bin/cargo" "+beta-2023-12-22" "metadata" "--no-deps" "--format-version=1", kill_on_drop: false }`
[INFO] [stdout] d43419b10a4bd48e8ca6497d0307905dbbafd4e01c421a4eb42f577e1d0db039
[INFO] running `Command { std: "docker" "start" "-a" "d43419b10a4bd48e8ca6497d0307905dbbafd4e01c421a4eb42f577e1d0db039", kill_on_drop: false }`
[INFO] running `Command { std: "docker" "inspect" "d43419b10a4bd48e8ca6497d0307905dbbafd4e01c421a4eb42f577e1d0db039", kill_on_drop: false }`
[INFO] running `Command { std: "docker" "rm" "-f" "d43419b10a4bd48e8ca6497d0307905dbbafd4e01c421a4eb42f577e1d0db039", kill_on_drop: false }`
[INFO] [stdout] d43419b10a4bd48e8ca6497d0307905dbbafd4e01c421a4eb42f577e1d0db039
[INFO] running `Command { std: "docker" "create" "-v" "/var/lib/crater-agent-workspace/builds/worker-3-tc2/target:/opt/rustwide/target:rw,Z" "-v" "/var/lib/crater-agent-workspace/builds/worker-3-tc2/source:/opt/rustwide/workdir:ro,Z" "-v" "/var/lib/crater-agent-workspace/cargo-home:/opt/rustwide/cargo-home:ro,Z" "-v" "/var/lib/crater-agent-workspace/rustup-home:/opt/rustwide/rustup-home:ro,Z" "-e" "SOURCE_DIR=/opt/rustwide/workdir" "-e" "CARGO_TARGET_DIR=/opt/rustwide/target" "-e" "CARGO_INCREMENTAL=0" "-e" "RUST_BACKTRACE=full" "-e" "RUSTFLAGS=--cap-lints=warn" "-e" "RUSTDOCFLAGS=--cap-lints=warn" "-e" "CARGO_HOME=/opt/rustwide/cargo-home" "-e" "RUSTUP_HOME=/opt/rustwide/rustup-home" "-w" "/opt/rustwide/workdir" "-m" "1610612736" "--user" "0:0" "--network" "none" "ghcr.io/rust-lang/crates-build-env/linux@sha256:2788e3201cd34a07e3172128adcd8b3090168a8e3bcc40d7c032b9dda1df7d1c" "/opt/rustwide/cargo-home/bin/cargo" "+beta-2023-12-22" "doc" "--frozen" "--no-deps" "--document-private-items" "--message-format=json", kill_on_drop: false }`
[INFO] [stdout] 0a1f1d591dc866360941a9e9716481991cb2830eac1a1cd38d67a6d3056973ce
[INFO] running `Command { std: "docker" "start" "-a" "0a1f1d591dc866360941a9e9716481991cb2830eac1a1cd38d67a6d3056973ce", kill_on_drop: false }`
[INFO] [stderr]  Documenting rs-matrix-multiplication v0.1.0 (/opt/rustwide/workdir)
[INFO] [stderr]     Checking rs-matrix-multiplication v0.1.0 (/opt/rustwide/workdir)
[INFO] [stdout] error[E0432]: unresolved import `std::simd::SimdFloat`
[INFO] [stdout]  --> src/matrix.rs:4:5
[INFO] [stdout]   |
[INFO] [stdout] 4 | use std::simd::SimdFloat;
[INFO] [stdout]   |     ^^^^^^^^^^^^^^^^^^^^ no `SimdFloat` in `simd`
[INFO] [stdout]   |
[INFO] [stdout] help: a similar name exists in the module
[INFO] [stdout]   |
[INFO] [stdout] 4 | use std::simd::StdFloat;
[INFO] [stdout]   |                ~~~~~~~~
[INFO] [stdout] help: consider importing one of these items instead
[INFO] [stdout]   |
[INFO] [stdout] 4 | use core::simd::prelude::SimdFloat;
[INFO] [stdout]   |     ~~~~~~~~~~~~~~~~~~~~~~~~~~~~~~
[INFO] [stdout] 4 | use crate::matrix::simd::prelude::SimdFloat;
[INFO] [stdout]   |     ~~~~~~~~~~~~~~~~~~~~~~~~~~~~~~~~~~~~~~~
[INFO] [stdout] 4 | use std::simd::prelude::SimdFloat;
[INFO] [stdout]   |     ~~~~~~~~~~~~~~~~~~~~~~~~~~~~~
[INFO] [stdout] 
[INFO] [stdout] 
[INFO] [stdout] error[E0432]: unresolved import `std::simd::SimdFloat`
[INFO] [stdout]  --> src/matrix.rs:4:5
[INFO] [stdout]   |
[INFO] [stdout] 4 | use std::simd::SimdFloat;
[INFO] [stdout]   |     ^^^^^^^^^^^^^^^^^^^^ no `SimdFloat` in `simd`
[INFO] [stdout]   |
[INFO] [stdout] help: a similar name exists in the module
[INFO] [stdout]   |
[INFO] [stdout] 4 | use std::simd::StdFloat;
[INFO] [stdout]   |                ~~~~~~~~
[INFO] [stdout] help: consider importing one of these items instead
[INFO] [stdout]   |
[INFO] [stdout] 4 | use core::simd::prelude::SimdFloat;
[INFO] [stdout]   |     ~~~~~~~~~~~~~~~~~~~~~~~~~~~~~~
[INFO] [stdout] 4 | use crate::matrix::simd::prelude::SimdFloat;
[INFO] [stdout]   |     ~~~~~~~~~~~~~~~~~~~~~~~~~~~~~~~~~~~~~~~
[INFO] [stdout] 4 | use std::simd::prelude::SimdFloat;
[INFO] [stdout]   |     ~~~~~~~~~~~~~~~~~~~~~~~~~~~~~
[INFO] [stdout] 
[INFO] [stdout] 
[INFO] [stdout] error[E0554]: `#![feature]` may not be used on the beta release channel
[INFO] [stdout]  --> src/lib.rs:1:12
[INFO] [stdout]   |
[INFO] [stdout] 1 | #![feature(portable_simd)]
[INFO] [stdout]   |            ^^^^^^^^^^^^^
[INFO] [stdout] 
[INFO] [stdout] 
[INFO] [stdout] error: aborting due to 1 previous error
[INFO] [stdout] 
[INFO] [stdout] 
[INFO] [stdout] For more information about this error, try `rustc --explain E0432`.
[INFO] [stdout] 
[INFO] [stderr] error: could not document `rs-matrix-multiplication`
[INFO] [stderr] 
[INFO] [stderr] Caused by:
[INFO] [stderr]   process didn't exit successfully: `/opt/rustwide/rustup-home/toolchains/beta-2023-12-22-x86_64-unknown-linux-gnu/bin/rustdoc --edition=2021 --crate-type lib --crate-name mat_mult src/lib.rs -o /opt/rustwide/target/doc --error-format=json --json=diagnostic-rendered-ansi,artifacts,future-incompat --document-private-items -C metadata=27b14f601069fa4f -L dependency=/opt/rustwide/target/debug/deps --cap-lints=warn --crate-version 0.1.0` (exit status: 1)
[INFO] [stderr] warning: build failed, waiting for other jobs to finish...
[INFO] [stdout] error[E0599]: no method named `reduce_sum` found for struct `Simd` in the current scope
[INFO] [stdout]   --> src/matrix.rs:63:28
[INFO] [stdout]    |
[INFO] [stdout] 63 |             $sum += result.reduce_sum();
[INFO] [stdout]    |                            ^^^^^^^^^^ method not found in `Simd<f64, 64>`
[INFO] [stdout] ...
[INFO] [stdout] 77 |         lane_size_mult!(remaining_length, sum, vector1, vector2, 64);
[INFO] [stdout]    |         ------------------------------------------------------------ in this macro invocation
[INFO] [stdout]   --> /rustc/0e09125c6c3c2fd70d7de961bcf0e51575235fad/library/core/src/../../portable-simd/crates/core_simd/src/simd/num/float.rs:169:8
[INFO] [stdout]    |
[INFO] [stdout]    = note: the method is available for `Simd<f64, 64>` here
[INFO] [stdout]    |
[INFO] [stdout]    = help: items from traits can only be used if the trait is in scope
[INFO] [stdout]    = note: this error originates in the macro `lane_size_mult` (in Nightly builds, run with -Z macro-backtrace for more info)
[INFO] [stdout] help: the following trait is implemented but not in scope; perhaps add a `use` for it:
[INFO] [stdout]    |
[INFO] [stdout] 1  + use std::simd::num::SimdFloat;
[INFO] [stdout]    |
[INFO] [stdout] 
[INFO] [stdout] 
[INFO] [stdout] error[E0599]: no method named `reduce_sum` found for struct `Simd` in the current scope
[INFO] [stdout]   --> src/matrix.rs:63:28
[INFO] [stdout]    |
[INFO] [stdout] 63 |             $sum += result.reduce_sum();
[INFO] [stdout]    |                            ^^^^^^^^^^ method not found in `Simd<f64, 32>`
[INFO] [stdout] ...
[INFO] [stdout] 78 |         lane_size_mult!(remaining_length, sum, vector1, vector2, 32);
[INFO] [stdout]    |         ------------------------------------------------------------ in this macro invocation
[INFO] [stdout]   --> /rustc/0e09125c6c3c2fd70d7de961bcf0e51575235fad/library/core/src/../../portable-simd/crates/core_simd/src/simd/num/float.rs:169:8
[INFO] [stdout]    |
[INFO] [stdout]    = note: the method is available for `Simd<f64, 32>` here
[INFO] [stdout]    |
[INFO] [stdout]    = help: items from traits can only be used if the trait is in scope
[INFO] [stdout]    = note: this error originates in the macro `lane_size_mult` (in Nightly builds, run with -Z macro-backtrace for more info)
[INFO] [stdout] help: the following trait is implemented but not in scope; perhaps add a `use` for it:
[INFO] [stdout]    |
[INFO] [stdout] 1  + use std::simd::num::SimdFloat;
[INFO] [stdout]    |
[INFO] [stdout] 
[INFO] [stdout] 
[INFO] [stdout] error[E0599]: no method named `reduce_sum` found for struct `Simd` in the current scope
[INFO] [stdout]   --> src/matrix.rs:63:28
[INFO] [stdout]    |
[INFO] [stdout] 63 |             $sum += result.reduce_sum();
[INFO] [stdout]    |                            ^^^^^^^^^^ method not found in `Simd<f64, 16>`
[INFO] [stdout] ...
[INFO] [stdout] 79 |         lane_size_mult!(remaining_length, sum, vector1, vector2, 16);
[INFO] [stdout]    |         ------------------------------------------------------------ in this macro invocation
[INFO] [stdout]   --> /rustc/0e09125c6c3c2fd70d7de961bcf0e51575235fad/library/core/src/../../portable-simd/crates/core_simd/src/simd/num/float.rs:169:8
[INFO] [stdout]    |
[INFO] [stdout]    = note: the method is available for `Simd<f64, 16>` here
[INFO] [stdout]    |
[INFO] [stdout]    = help: items from traits can only be used if the trait is in scope
[INFO] [stdout]    = note: this error originates in the macro `lane_size_mult` (in Nightly builds, run with -Z macro-backtrace for more info)
[INFO] [stdout] help: the following trait is implemented but not in scope; perhaps add a `use` for it:
[INFO] [stdout]    |
[INFO] [stdout] 1  + use std::simd::num::SimdFloat;
[INFO] [stdout]    |
[INFO] [stdout] 
[INFO] [stdout] 
[INFO] [stdout] error[E0599]: no method named `reduce_sum` found for struct `Simd` in the current scope
[INFO] [stdout]   --> src/matrix.rs:63:28
[INFO] [stdout]    |
[INFO] [stdout] 63 |             $sum += result.reduce_sum();
[INFO] [stdout]    |                            ^^^^^^^^^^ method not found in `Simd<f64, 8>`
[INFO] [stdout] ...
[INFO] [stdout] 80 |         lane_size_mult!(remaining_length, sum, vector1, vector2, 8);
[INFO] [stdout]    |         ----------------------------------------------------------- in this macro invocation
[INFO] [stdout]   --> /rustc/0e09125c6c3c2fd70d7de961bcf0e51575235fad/library/core/src/../../portable-simd/crates/core_simd/src/simd/num/float.rs:169:8
[INFO] [stdout]    |
[INFO] [stdout]    = note: the method is available for `Simd<f64, 8>` here
[INFO] [stdout]    |
[INFO] [stdout]    = help: items from traits can only be used if the trait is in scope
[INFO] [stdout]    = note: this error originates in the macro `lane_size_mult` (in Nightly builds, run with -Z macro-backtrace for more info)
[INFO] [stdout] help: the following trait is implemented but not in scope; perhaps add a `use` for it:
[INFO] [stdout]    |
[INFO] [stdout] 1  + use std::simd::num::SimdFloat;
[INFO] [stdout]    |
[INFO] [stdout] 
[INFO] [stdout] 
[INFO] [stdout] error[E0599]: no method named `reduce_sum` found for struct `Simd` in the current scope
[INFO] [stdout]   --> src/matrix.rs:63:28
[INFO] [stdout]    |
[INFO] [stdout] 63 |             $sum += result.reduce_sum();
[INFO] [stdout]    |                            ^^^^^^^^^^ method not found in `Simd<f64, 4>`
[INFO] [stdout] ...
[INFO] [stdout] 81 |         lane_size_mult!(remaining_length, sum, vector1, vector2, 4);
[INFO] [stdout]    |         ----------------------------------------------------------- in this macro invocation
[INFO] [stdout]   --> /rustc/0e09125c6c3c2fd70d7de961bcf0e51575235fad/library/core/src/../../portable-simd/crates/core_simd/src/simd/num/float.rs:169:8
[INFO] [stdout]    |
[INFO] [stdout]    = note: the method is available for `Simd<f64, 4>` here
[INFO] [stdout]    |
[INFO] [stdout]    = help: items from traits can only be used if the trait is in scope
[INFO] [stdout]    = note: this error originates in the macro `lane_size_mult` (in Nightly builds, run with -Z macro-backtrace for more info)
[INFO] [stdout] help: the following trait is implemented but not in scope; perhaps add a `use` for it:
[INFO] [stdout]    |
[INFO] [stdout] 1  + use std::simd::num::SimdFloat;
[INFO] [stdout]    |
[INFO] [stdout] 
[INFO] [stdout] 
[INFO] [stdout] error[E0599]: no method named `reduce_sum` found for struct `Simd` in the current scope
[INFO] [stdout]   --> src/matrix.rs:63:28
[INFO] [stdout]    |
[INFO] [stdout] 63 |             $sum += result.reduce_sum();
[INFO] [stdout]    |                            ^^^^^^^^^^ method not found in `Simd<f64, 2>`
[INFO] [stdout] ...
[INFO] [stdout] 82 |         lane_size_mult!(remaining_length, sum, vector1, vector2, 2);
[INFO] [stdout]    |         ----------------------------------------------------------- in this macro invocation
[INFO] [stdout]   --> /rustc/0e09125c6c3c2fd70d7de961bcf0e51575235fad/library/core/src/../../portable-simd/crates/core_simd/src/simd/num/float.rs:169:8
[INFO] [stdout]    |
[INFO] [stdout]    = note: the method is available for `Simd<f64, 2>` here
[INFO] [stdout]    |
[INFO] [stdout]    = help: items from traits can only be used if the trait is in scope
[INFO] [stdout]    = note: this error originates in the macro `lane_size_mult` (in Nightly builds, run with -Z macro-backtrace for more info)
[INFO] [stdout] help: the following trait is implemented but not in scope; perhaps add a `use` for it:
[INFO] [stdout]    |
[INFO] [stdout] 1  + use std::simd::num::SimdFloat;
[INFO] [stdout]    |
[INFO] [stdout] 
[INFO] [stdout] 
[INFO] [stdout] error: aborting due to 8 previous errors
[INFO] [stdout] 
[INFO] [stdout] 
[INFO] [stdout] Some errors have detailed explanations: E0432, E0554, E0599.
[INFO] [stdout] 
[INFO] [stdout] For more information about an error, try `rustc --explain E0432`.
[INFO] [stdout] 
[INFO] [stderr] error: could not compile `rs-matrix-multiplication` (lib) due to 9 previous errors
[INFO] running `Command { std: "docker" "inspect" "0a1f1d591dc866360941a9e9716481991cb2830eac1a1cd38d67a6d3056973ce", kill_on_drop: false }`
[INFO] running `Command { std: "docker" "rm" "-f" "0a1f1d591dc866360941a9e9716481991cb2830eac1a1cd38d67a6d3056973ce", kill_on_drop: false }`
[INFO] [stdout] 0a1f1d591dc866360941a9e9716481991cb2830eac1a1cd38d67a6d3056973ce
