[INFO] cloning repository https://github.com/ShuttlePub/Satellite
[INFO] running `Command { std: "git" "-c" "credential.helper=" "-c" "credential.helper=/workspace/cargo-home/bin/git-credential-null" "clone" "--bare" "https://github.com/ShuttlePub/Satellite" "/workspace/cache/git-repos/https%3A%2F%2Fgithub.com%2FShuttlePub%2FSatellite", kill_on_drop: false }`
[INFO] [stderr] Cloning into bare repository '/workspace/cache/git-repos/https%3A%2F%2Fgithub.com%2FShuttlePub%2FSatellite'...
[INFO] running `Command { std: "git" "rev-parse" "HEAD", kill_on_drop: false }`
[INFO] [stdout] 6d6437b21d59ea067ea9a0254ce2ba82f7597940
[INFO] documenting ShuttlePub/Satellite against 1.75.0 for beta-1.76-rustdoc-1
[INFO] running `Command { std: "git" "clone" "/workspace/cache/git-repos/https%3A%2F%2Fgithub.com%2FShuttlePub%2FSatellite" "/workspace/builds/worker-0-tc1/source", kill_on_drop: false }`
[INFO] [stderr] Cloning into '/workspace/builds/worker-0-tc1/source'...
[INFO] [stderr] done.
[INFO] validating manifest of git repo https://github.com/ShuttlePub/Satellite on toolchain 1.75.0
[INFO] running `Command { std: CARGO_HOME="/workspace/cargo-home" RUSTUP_HOME="/workspace/rustup-home" "/workspace/cargo-home/bin/cargo" "+1.75.0" "metadata" "--manifest-path" "Cargo.toml" "--no-deps", kill_on_drop: false }`
[INFO] started tweaking git repo https://github.com/ShuttlePub/Satellite
[INFO] finished tweaking git repo https://github.com/ShuttlePub/Satellite
[INFO] tweaked toml for git repo https://github.com/ShuttlePub/Satellite written to /workspace/builds/worker-0-tc1/source/Cargo.toml
[INFO] crate git repo https://github.com/ShuttlePub/Satellite already has a lockfile, it will not be regenerated
[INFO] running `Command { std: CARGO_HOME="/workspace/cargo-home" RUSTUP_HOME="/workspace/rustup-home" "/workspace/cargo-home/bin/cargo" "+1.75.0" "fetch" "--manifest-path" "Cargo.toml", kill_on_drop: false }`
[INFO] [stderr] warning: virtual workspace defaulting to `resolver = "1"` despite one or more workspace members being on edition 2021 which implies `resolver = "2"`
[INFO] [stderr] note: to keep the current resolver, specify `workspace.resolver = "1"` in the workspace root's manifest
[INFO] [stderr] note: to use the edition 2021 resolver, specify `workspace.resolver = "2"` in the workspace root's manifest
[INFO] [stderr] note: for more details see https://doc.rust-lang.org/cargo/reference/resolver.html#resolver-versions
[INFO] [stderr]     Updating crates.io index
[INFO] [stderr]  Downloading crates ...
[INFO] [stderr]   Downloaded rustix v0.37.21
[INFO] [stderr]   Downloaded orbital v0.1.0
[INFO] running `Command { std: "docker" "create" "-v" "/var/lib/crater-agent-workspace/builds/worker-0-tc1/target:/opt/rustwide/target:rw,Z" "-v" "/var/lib/crater-agent-workspace/builds/worker-0-tc1/source:/opt/rustwide/workdir:ro,Z" "-v" "/var/lib/crater-agent-workspace/cargo-home:/opt/rustwide/cargo-home:ro,Z" "-v" "/var/lib/crater-agent-workspace/rustup-home:/opt/rustwide/rustup-home:ro,Z" "-e" "SOURCE_DIR=/opt/rustwide/workdir" "-e" "CARGO_TARGET_DIR=/opt/rustwide/target" "-e" "CARGO_HOME=/opt/rustwide/cargo-home" "-e" "RUSTUP_HOME=/opt/rustwide/rustup-home" "-w" "/opt/rustwide/workdir" "-m" "1610612736" "--user" "0:0" "--network" "none" "ghcr.io/rust-lang/crates-build-env/linux@sha256:2788e3201cd34a07e3172128adcd8b3090168a8e3bcc40d7c032b9dda1df7d1c" "/opt/rustwide/cargo-home/bin/cargo" "+1.75.0" "metadata" "--no-deps" "--format-version=1", kill_on_drop: false }`
[INFO] [stdout] d01ba73eca40660fe44a94bc99b2e66187ead9a9470381bb17adbc32f536aaf5
[INFO] running `Command { std: "docker" "start" "-a" "d01ba73eca40660fe44a94bc99b2e66187ead9a9470381bb17adbc32f536aaf5", kill_on_drop: false }`
[INFO] running `Command { std: "docker" "inspect" "d01ba73eca40660fe44a94bc99b2e66187ead9a9470381bb17adbc32f536aaf5", kill_on_drop: false }`
[INFO] running `Command { std: "docker" "rm" "-f" "d01ba73eca40660fe44a94bc99b2e66187ead9a9470381bb17adbc32f536aaf5", kill_on_drop: false }`
[INFO] [stdout] d01ba73eca40660fe44a94bc99b2e66187ead9a9470381bb17adbc32f536aaf5
[INFO] running `Command { std: "docker" "create" "-v" "/var/lib/crater-agent-workspace/builds/worker-0-tc1/target:/opt/rustwide/target:rw,Z" "-v" "/var/lib/crater-agent-workspace/builds/worker-0-tc1/source:/opt/rustwide/workdir:ro,Z" "-v" "/var/lib/crater-agent-workspace/cargo-home:/opt/rustwide/cargo-home:ro,Z" "-v" "/var/lib/crater-agent-workspace/rustup-home:/opt/rustwide/rustup-home:ro,Z" "-e" "SOURCE_DIR=/opt/rustwide/workdir" "-e" "CARGO_TARGET_DIR=/opt/rustwide/target" "-e" "CARGO_INCREMENTAL=0" "-e" "RUST_BACKTRACE=full" "-e" "RUSTFLAGS=--cap-lints=warn" "-e" "RUSTDOCFLAGS=--cap-lints=warn" "-e" "CARGO_HOME=/opt/rustwide/cargo-home" "-e" "RUSTUP_HOME=/opt/rustwide/rustup-home" "-w" "/opt/rustwide/workdir" "-m" "1610612736" "--user" "0:0" "--network" "none" "ghcr.io/rust-lang/crates-build-env/linux@sha256:2788e3201cd34a07e3172128adcd8b3090168a8e3bcc40d7c032b9dda1df7d1c" "/opt/rustwide/cargo-home/bin/cargo" "+1.75.0" "doc" "--frozen" "--no-deps" "--document-private-items" "--message-format=json", kill_on_drop: false }`
[INFO] [stdout] 142f34e07758b1fc12cbb2218a8759cb76d9fa5cf6292de24426c31459f0805d
[INFO] running `Command { std: "docker" "start" "-a" "142f34e07758b1fc12cbb2218a8759cb76d9fa5cf6292de24426c31459f0805d", kill_on_drop: false }`
[INFO] [stderr] warning: virtual workspace defaulting to `resolver = "1"` despite one or more workspace members being on edition 2021 which implies `resolver = "2"`
[INFO] [stderr] note: to keep the current resolver, specify `workspace.resolver = "1"` in the workspace root's manifest
[INFO] [stderr] note: to use the edition 2021 resolver, specify `workspace.resolver = "2"` in the workspace root's manifest
[INFO] [stderr] note: for more details see https://doc.rust-lang.org/cargo/reference/resolver.html#resolver-versions
[INFO] [stderr]    Compiling proc-macro2 v1.0.60
[INFO] [stderr]    Compiling quote v1.0.28
[INFO] [stderr]    Compiling unicode-ident v1.0.9
[INFO] [stderr]    Compiling libc v0.2.146
[INFO] [stderr]    Compiling wasm-bindgen-shared v0.2.87
[INFO] [stderr]    Compiling once_cell v1.18.0
[INFO] [stderr]    Compiling log v0.4.19
[INFO] [stderr]    Compiling bumpalo v3.13.0
[INFO] [stderr]    Compiling serde v1.0.164
[INFO] [stderr]    Compiling wasm-bindgen v0.2.87
[INFO] [stderr]     Checking itoa v1.0.6
[INFO] [stderr]    Compiling thiserror v1.0.40
[INFO] [stderr]     Checking smallvec v1.10.0
[INFO] [stderr]    Compiling tokio v1.28.2
[INFO] [stderr]    Compiling serde_json v1.0.97
[INFO] [stderr]     Checking ryu v1.0.13
[INFO] [stderr]    Compiling openssl-sys v0.9.90
[INFO] [stderr]     Checking http v0.2.9
[INFO] [stderr]    Compiling async-trait v0.1.68
[INFO] [stderr]    Compiling anyhow v1.0.71
[INFO] [stderr]    Compiling openssl v0.10.55
[INFO] [stderr]    Compiling syn v1.0.109
[INFO] [stderr]    Compiling rustversion v1.0.12
[INFO] [stderr]    Compiling prettyplease v0.1.25
[INFO] [stderr]     Checking anymap2 v0.13.0
[INFO] [stderr]     Checking url v2.4.0
[INFO] [stderr]    Compiling boolinator v2.4.0
[INFO] [stderr]     Checking implicit-clone v0.3.5
[INFO] [stderr]     Checking route-recognizer v0.3.1
[INFO] [stderr]    Compiling native-tls v0.2.11
[INFO] [stderr]     Checking http-body v0.4.5
[INFO] [stderr]    Compiling syn v2.0.18
[INFO] [stderr]    Compiling proc-macro-error-attr v1.0.4
[INFO] [stderr]     Checking parking_lot_core v0.9.8
[INFO] [stderr]     Checking num_cpus v1.15.0
[INFO] [stderr]     Checking socket2 v0.4.9
[INFO] [stderr]     Checking mio v0.8.8
[INFO] [stderr]     Checking signal-hook-registry v1.4.1
[INFO] [stderr]     Checking getrandom v0.2.10
[INFO] [stderr]     Checking parking_lot v0.12.1
[INFO] [stderr]    Compiling proc-macro-error v1.0.4
[INFO] [stderr]    Compiling wasm-bindgen-backend v0.2.87
[INFO] [stderr]    Compiling yew-macro v0.20.0
[INFO] [stderr]    Compiling yew-router-macro v0.17.0
[INFO] [stderr]    Compiling serde_derive v1.0.164
[INFO] [stderr]    Compiling thiserror-impl v1.0.40
[INFO] [stderr]    Compiling tokio-macros v2.1.0
[INFO] [stderr]    Compiling futures-macro v0.3.28
[INFO] [stderr]    Compiling tracing-attributes v0.1.24
[INFO] [stderr]    Compiling openssl-macros v0.1.1
[INFO] [stderr]    Compiling orbital v0.1.0
[INFO] [stderr]    Compiling pin-project-internal v1.1.0
[INFO] [stderr]    Compiling wasm-bindgen-macro-support v0.2.87
[INFO] [stderr]    Compiling wasm-bindgen-macro v0.2.87
[INFO] [stderr]     Checking futures-util v0.3.28
[INFO] [stderr]     Checking pin-project v1.1.0
[INFO] [stderr]     Checking tracing v0.1.37
[INFO] [stderr]     Checking js-sys v0.3.64
[INFO] [stderr]     Checking console_error_panic_hook v0.1.7
[INFO] [stderr]     Checking futures-executor v0.3.28
[INFO] [stderr]     Checking futures v0.3.28
[INFO] [stderr]     Checking pinned v0.1.0
[INFO] [stderr]     Checking web-sys v0.3.64
[INFO] [stderr]     Checking wasm-bindgen-futures v0.4.37
[INFO] [stderr]     Checking gloo-timers v0.2.6
[INFO] [stderr]     Checking tokio-util v0.7.8
[INFO] [stderr]     Checking tokio-native-tls v0.3.1
[INFO] [stderr]     Checking tokio-stream v0.1.14
[INFO] [stderr]     Checking prokio v0.1.0
[INFO] [stderr]     Checking h2 v0.3.20
[INFO] [stderr]     Checking serde_urlencoded v0.7.1
[INFO] [stderr]     Checking uuid v1.4.0
[INFO] [stderr]     Checking bincode v1.3.3
[INFO] [stderr]     Checking serde-wasm-bindgen v0.5.0
[INFO] [stderr]     Checking kernel v0.1.0 (/opt/rustwide/workdir/kernel)
[INFO] [stderr]  Documenting kernel v0.1.0 (/opt/rustwide/workdir/kernel)
[INFO] [stdout] warning: unused import: `crate::repository::*`
[INFO] [stdout]   --> kernel/src/lib.rs:14:34
[INFO] [stdout]    |
[INFO] [stdout] 14 |     pub mod repository { pub use crate::repository::*; }
[INFO] [stdout]    |                                  ^^^^^^^^^^^^^^^^^^^^
[INFO] [stdout]    |
[INFO] [stdout]    = note: `#[warn(unused_imports)]` on by default
[INFO] [stdout] 
[INFO] [stdout] 
[INFO] [stdout] warning: 1 warning emitted
[INFO] [stdout] 
[INFO] [stdout] 
[INFO] [stderr]     Checking application v0.1.0 (/opt/rustwide/workdir/application)
[INFO] [stderr]  Documenting application v0.1.0 (/opt/rustwide/workdir/application)
[INFO] [stdout] warning: unused import: `account::*`
[INFO] [stdout]  --> application/src/impls.rs:4:5
[INFO] [stdout]   |
[INFO] [stdout] 4 |     account::*
[INFO] [stdout]   |     ^^^^^^^^^^
[INFO] [stdout]   |
[INFO] [stdout]   = note: `#[warn(unused_imports)]` on by default
[INFO] [stdout] 
[INFO] [stdout] 
[INFO] [stdout] warning: 1 warning emitted
[INFO] [stdout] 
[INFO] [stdout] 
[INFO] [stderr]     Checking hyper v0.14.27
[INFO] [stderr]     Checking gloo-utils v0.1.7
[INFO] [stderr]     Checking gloo-events v0.1.2
[INFO] [stderr]     Checking gloo-dialogs v0.1.1
[INFO] [stderr]     Checking gloo-render v0.1.1
[INFO] [stderr]     Checking wasm-logger v0.2.0
[INFO] [stderr]     Checking gloo-console v0.2.3
[INFO] [stderr]     Checking gloo-storage v0.2.2
[INFO] [stderr]     Checking gloo-net v0.3.0
[INFO] [stderr]     Checking gloo-history v0.1.4
[INFO] [stderr]     Checking gloo-file v0.2.3
[INFO] [stderr]     Checking gloo-worker v0.2.1
[INFO] [stderr]     Checking hyper-tls v0.5.0
[INFO] [stderr]     Checking gloo v0.8.1
[INFO] [stderr]     Checking yew v0.20.0
[INFO] [stderr]     Checking reqwest v0.11.18
[INFO] [stderr]     Checking driver v0.1.0 (/opt/rustwide/workdir/driver)
[INFO] [stderr]  Documenting driver v0.1.0 (/opt/rustwide/workdir/driver)
[INFO] [stdout] error[E0432]: unresolved import `reqwest_wasm`
[INFO] [stdout]  --> driver/src/transport/signup.rs:2:5
[INFO] [stdout]   |
[INFO] [stdout] 2 | use reqwest_wasm::Client;
[INFO] [stdout]   |     ^^^^^^^^^^^^ use of undeclared crate or module `reqwest_wasm`
[INFO] [stdout] 
[INFO] [stdout] 
[INFO] [stdout] error[E0432]: unresolved import `reqwest_wasm`
[INFO] [stdout]  --> driver/src/transport/signup.rs:2:5
[INFO] [stdout]   |
[INFO] [stdout] 2 | use reqwest_wasm::Client;
[INFO] [stdout]   |     ^^^^^^^^^^^^ use of undeclared crate or module `reqwest_wasm`
[INFO] [stdout] 
[INFO] [stdout] 
[INFO] [stdout] error[E0432]: unresolved import `reqwest_wasm`
[INFO] [stdout]  --> driver/src/transport/verify.rs:2:5
[INFO] [stdout]   |
[INFO] [stdout] 2 | use reqwest_wasm::Client;
[INFO] [stdout]   |     ^^^^^^^^^^^^ use of undeclared crate or module `reqwest_wasm`
[INFO] [stdout] 
[INFO] [stdout] 
[INFO] [stdout] error[E0432]: unresolved import `reqwest_wasm`
[INFO] [stdout]  --> driver/src/transport/verify.rs:2:5
[INFO] [stdout]   |
[INFO] [stdout] 2 | use reqwest_wasm::Client;
[INFO] [stdout]   |     ^^^^^^^^^^^^ use of undeclared crate or module `reqwest_wasm`
[INFO] [stdout] 
[INFO] [stdout] 
[INFO] [stdout] error[E0433]: failed to resolve: use of undeclared crate or module `reqwest_wasm`
[INFO] [stdout]  --> driver/src/driver.rs:5:9
[INFO] [stdout]   |
[INFO] [stdout] 5 |         reqwest_wasm::Client::new()
[INFO] [stdout]   |         ^^^^^^^^^^^^ use of undeclared crate or module `reqwest_wasm`
[INFO] [stdout]   |
[INFO] [stdout] help: consider importing this struct
[INFO] [stdout]   |
[INFO] [stdout] 1 + use reqwest::Client;
[INFO] [stdout]   |
[INFO] [stdout] help: if you import `Client`, refer to it directly
[INFO] [stdout]   |
[INFO] [stdout] 5 -         reqwest_wasm::Client::new()
[INFO] [stdout] 5 +         Client::new()
[INFO] [stdout]   |
[INFO] [stdout] 
[INFO] [stdout] 
[INFO] [stdout] error[E0433]: failed to resolve: use of undeclared crate or module `reqwest_wasm`
[INFO] [stdout]  --> driver/src/error.rs:4:13
[INFO] [stdout]   |
[INFO] [stdout] 4 |     Reqwest(reqwest_wasm::Error),
[INFO] [stdout]   |             ^^^^^^^^^^^^ use of undeclared crate or module `reqwest_wasm`
[INFO] [stdout] 
[INFO] [stdout] 
[INFO] [stdout] error[E0433]: failed to resolve: use of undeclared crate or module `reqwest_wasm`
[INFO] [stdout]  --> driver/src/error.rs:9:11
[INFO] [stdout]   |
[INFO] [stdout] 9 | impl From<reqwest_wasm::Error> for DriverError {
[INFO] [stdout]   |           ^^^^^^^^^^^^ use of undeclared crate or module `reqwest_wasm`
[INFO] [stdout] 
[INFO] [stdout] 
[INFO] [stdout] error[E0433]: failed to resolve: use of undeclared crate or module `reqwest_wasm`
[INFO] [stdout]   --> driver/src/error.rs:10:20
[INFO] [stdout]    |
[INFO] [stdout] 10 |     fn from(error: reqwest_wasm::Error) -> Self {
[INFO] [stdout]    |                    ^^^^^^^^^^^^ use of undeclared crate or module `reqwest_wasm`
[INFO] [stdout] 
[INFO] [stdout] 
[INFO] [stdout] error[E0433]: failed to resolve: use of undeclared crate or module `reqwest_wasm`
[INFO] [stdout]  --> driver/src/driver.rs:4:29
[INFO] [stdout]   |
[INFO] [stdout] 4 |     pub fn http_client() -> reqwest_wasm::Client {
[INFO] [stdout]   |                             ^^^^^^^^^^^^ use of undeclared crate or module `reqwest_wasm`
[INFO] [stdout] 
[INFO] [stdout] 
[INFO] [stdout] error: aborting due to 6 previous errors
[INFO] [stdout] 
[INFO] [stdout] 
[INFO] [stdout] Some errors have detailed explanations: E0432, E0433.
[INFO] [stdout] 
[INFO] [stdout] For more information about an error, try `rustc --explain E0432`.
[INFO] [stdout] 
[INFO] [stderr] error: could not document `driver`
[INFO] [stderr] 
[INFO] [stderr] Caused by:
[INFO] [stderr]   process didn't exit successfully: `/opt/rustwide/rustup-home/toolchains/1.75.0-x86_64-unknown-linux-gnu/bin/rustdoc --edition=2021 --crate-type lib --crate-name driver driver/src/lib.rs -o /opt/rustwide/target/doc --error-format=json --json=diagnostic-rendered-ansi,artifacts,future-incompat --document-private-items -C metadata=fffae1430acd39e6 -L dependency=/opt/rustwide/target/debug/deps --extern anyhow=/opt/rustwide/target/debug/deps/libanyhow-23167f3535e7ba8b.rmeta --extern async_trait=/opt/rustwide/target/debug/deps/libasync_trait-7f7417e9dae338e7.so --extern dotenvy=/opt/rustwide/target/debug/deps/libdotenvy-410c71b8d9bcdf70.rmeta --extern getrandom=/opt/rustwide/target/debug/deps/libgetrandom-232ac7377c804315.rmeta --extern kernel=/opt/rustwide/target/debug/deps/libkernel-faa2a52f94aaf346.rmeta --extern once_cell=/opt/rustwide/target/debug/deps/libonce_cell-5022bfb9325dfd1a.rmeta --extern reqwest=/opt/rustwide/target/debug/deps/libreqwest-c9f56a333ea28750.rmeta --extern serde=/opt/rustwide/target/debug/deps/libserde-f70067a1b955aaa5.rmeta --extern thiserror=/opt/rustwide/target/debug/deps/libthiserror-25d39139806f2e6e.rmeta --cap-lints=warn --crate-version 0.1.0` (exit status: 1)
[INFO] [stderr] warning: build failed, waiting for other jobs to finish...
[INFO] [stdout] error[E0433]: failed to resolve: use of undeclared crate or module `reqwest_wasm`
[INFO] [stdout]  --> driver/src/error.rs:4:13
[INFO] [stdout]   |
[INFO] [stdout] 4 |     Reqwest(reqwest_wasm::Error),
[INFO] [stdout]   |             ^^^^^^^^^^^^ use of undeclared crate or module `reqwest_wasm`
[INFO] [stdout] 
[INFO] [stdout] 
[INFO] [stdout] error[E0433]: failed to resolve: use of undeclared crate or module `reqwest_wasm`
[INFO] [stdout]  --> driver/src/error.rs:9:11
[INFO] [stdout]   |
[INFO] [stdout] 9 | impl From<reqwest_wasm::Error> for DriverError {
[INFO] [stdout]   |           ^^^^^^^^^^^^ use of undeclared crate or module `reqwest_wasm`
[INFO] [stdout] 
[INFO] [stdout] 
[INFO] [stdout] error[E0433]: failed to resolve: use of undeclared crate or module `reqwest_wasm`
[INFO] [stdout]   --> driver/src/error.rs:10:20
[INFO] [stdout]    |
[INFO] [stdout] 10 |     fn from(error: reqwest_wasm::Error) -> Self {
[INFO] [stdout]    |                    ^^^^^^^^^^^^ use of undeclared crate or module `reqwest_wasm`
[INFO] [stdout] 
[INFO] [stdout] 
[INFO] [stdout] error[E0433]: failed to resolve: use of undeclared crate or module `reqwest_wasm`
[INFO] [stdout]  --> driver/src/driver.rs:4:29
[INFO] [stdout]   |
[INFO] [stdout] 4 |     pub fn http_client() -> reqwest_wasm::Client {
[INFO] [stdout]   |                             ^^^^^^^^^^^^ use of undeclared crate or module `reqwest_wasm`
[INFO] [stdout] 
[INFO] [stdout] 
[INFO] [stdout] error: aborting due to 7 previous errors
[INFO] [stdout] 
[INFO] [stdout] 
[INFO] [stdout] Some errors have detailed explanations: E0432, E0433.
[INFO] [stdout] 
[INFO] [stdout] For more information about an error, try `rustc --explain E0432`.
[INFO] [stdout] 
[INFO] [stderr] error: could not compile `driver` (lib) due to 8 previous errors
[INFO] running `Command { std: "docker" "inspect" "142f34e07758b1fc12cbb2218a8759cb76d9fa5cf6292de24426c31459f0805d", kill_on_drop: false }`
[INFO] running `Command { std: "docker" "rm" "-f" "142f34e07758b1fc12cbb2218a8759cb76d9fa5cf6292de24426c31459f0805d", kill_on_drop: false }`
[INFO] [stdout] 142f34e07758b1fc12cbb2218a8759cb76d9fa5cf6292de24426c31459f0805d
